[INFO] cloning repository https://github.com/rajputrajat/advent_of_code_2021
[INFO] running `Command { std: "git" "-c" "credential.helper=" "-c" "credential.helper=/workspace/cargo-home/bin/git-credential-null" "clone" "--bare" "https://github.com/rajputrajat/advent_of_code_2021" "/workspace/cache/git-repos/https%3A%2F%2Fgithub.com%2Frajputrajat%2Fadvent_of_code_2021", kill_on_drop: false }`
[INFO] [stderr] Cloning into bare repository '/workspace/cache/git-repos/https%3A%2F%2Fgithub.com%2Frajputrajat%2Fadvent_of_code_2021'...
[INFO] running `Command { std: "git" "rev-parse" "HEAD", kill_on_drop: false }`
[INFO] [stdout] 65f139fef160b9bf28094da250afd5a499a1187f
[INFO] testing rajputrajat/advent_of_code_2021 against 1.83.0 for beta-1.84.0-4-retry
[INFO] running `Command { std: "git" "clone" "/workspace/cache/git-repos/https%3A%2F%2Fgithub.com%2Frajputrajat%2Fadvent_of_code_2021" "/workspace/builds/worker-7-tc1/source", kill_on_drop: false }`
[INFO] [stderr] Cloning into '/workspace/builds/worker-7-tc1/source'...
[INFO] [stderr] done.
[INFO] validating manifest of git repo https://github.com/rajputrajat/advent_of_code_2021 on toolchain 1.83.0
[INFO] running `Command { std: CARGO_HOME="/workspace/cargo-home" RUSTUP_HOME="/workspace/rustup-home" "/workspace/cargo-home/bin/cargo" "+1.83.0" "metadata" "--manifest-path" "Cargo.toml" "--no-deps", kill_on_drop: false }`
[INFO] started tweaking git repo https://github.com/rajputrajat/advent_of_code_2021
[INFO] finished tweaking git repo https://github.com/rajputrajat/advent_of_code_2021
[INFO] tweaked toml for git repo https://github.com/rajputrajat/advent_of_code_2021 written to /workspace/builds/worker-7-tc1/source/Cargo.toml
[INFO] crate git repo https://github.com/rajputrajat/advent_of_code_2021 already has a lockfile, it will not be regenerated
[INFO] running `Command { std: CARGO_HOME="/workspace/cargo-home" RUSTUP_HOME="/workspace/rustup-home" "/workspace/cargo-home/bin/cargo" "+1.83.0" "fetch" "--manifest-path" "Cargo.toml", kill_on_drop: false }`
[INFO] [stderr] warning: virtual workspace defaulting to `resolver = "1"` despite one or more workspace members being on edition 2021 which implies `resolver = "2"`
[INFO] [stderr] note: to keep the current resolver, specify `workspace.resolver = "1"` in the workspace root's manifest
[INFO] [stderr] note: to use the edition 2021 resolver, specify `workspace.resolver = "2"` in the workspace root's manifest
[INFO] [stderr] note: for more details see https://doc.rust-lang.org/cargo/reference/resolver.html#resolver-versions
[INFO] running `Command { std: "docker" "create" "-v" "/var/lib/crater-agent-workspace/builds/worker-7-tc1/target:/opt/rustwide/target:rw,Z" "-v" "/var/lib/crater-agent-workspace/builds/worker-7-tc1/source:/opt/rustwide/workdir:ro,Z" "-v" "/var/lib/crater-agent-workspace/cargo-home:/opt/rustwide/cargo-home:ro,Z" "-v" "/var/lib/crater-agent-workspace/rustup-home:/opt/rustwide/rustup-home:ro,Z" "-e" "SOURCE_DIR=/opt/rustwide/workdir" "-e" "CARGO_TARGET_DIR=/opt/rustwide/target" "-e" "CARGO_HOME=/opt/rustwide/cargo-home" "-e" "RUSTUP_HOME=/opt/rustwide/rustup-home" "-w" "/opt/rustwide/workdir" "-m" "1610612736" "--user" "0:0" "--network" "none" "ghcr.io/rust-lang/crates-build-env/linux@sha256:f3a9d4ad9d972b27faf3965f35b62e55ba32bbce8f20bc8fe909558a86702fde" "/opt/rustwide/cargo-home/bin/cargo" "+1.83.0" "metadata" "--no-deps" "--format-version=1", kill_on_drop: false }`
[INFO] [stdout] d3e35e32ab9d610031721f39f31dd3dc645e4cfe4a26adfee95400829f97deb2
[INFO] running `Command { std: "docker" "start" "-a" "d3e35e32ab9d610031721f39f31dd3dc645e4cfe4a26adfee95400829f97deb2", kill_on_drop: false }`
[INFO] running `Command { std: "docker" "inspect" "d3e35e32ab9d610031721f39f31dd3dc645e4cfe4a26adfee95400829f97deb2", kill_on_drop: false }`
[INFO] running `Command { std: "docker" "rm" "-f" "d3e35e32ab9d610031721f39f31dd3dc645e4cfe4a26adfee95400829f97deb2", kill_on_drop: false }`
[INFO] [stdout] d3e35e32ab9d610031721f39f31dd3dc645e4cfe4a26adfee95400829f97deb2
[INFO] running `Command { std: "docker" "create" "-v" "/var/lib/crater-agent-workspace/builds/worker-7-tc1/target:/opt/rustwide/target:rw,Z" "-v" "/var/lib/crater-agent-workspace/builds/worker-7-tc1/source:/opt/rustwide/workdir:ro,Z" "-v" "/var/lib/crater-agent-workspace/cargo-home:/opt/rustwide/cargo-home:ro,Z" "-v" "/var/lib/crater-agent-workspace/rustup-home:/opt/rustwide/rustup-home:ro,Z" "-e" "SOURCE_DIR=/opt/rustwide/workdir" "-e" "CARGO_TARGET_DIR=/opt/rustwide/target" "-e" "CARGO_INCREMENTAL=0" "-e" "RUST_BACKTRACE=full" "-e" "RUSTFLAGS=--cap-lints=warn" "-e" "RUSTDOCFLAGS=--cap-lints=warn" "-e" "CARGO_HOME=/opt/rustwide/cargo-home" "-e" "RUSTUP_HOME=/opt/rustwide/rustup-home" "-w" "/opt/rustwide/workdir" "-m" "1610612736" "--user" "0:0" "--network" "none" "ghcr.io/rust-lang/crates-build-env/linux@sha256:f3a9d4ad9d972b27faf3965f35b62e55ba32bbce8f20bc8fe909558a86702fde" "/opt/rustwide/cargo-home/bin/cargo" "+1.83.0" "build" "--frozen" "--message-format=json", kill_on_drop: false }`
[INFO] [stdout] 726dbfd5124837433c81e94ef60d38fb442f99114e00a5aac1f80825813cf522
[INFO] running `Command { std: "docker" "start" "-a" "726dbfd5124837433c81e94ef60d38fb442f99114e00a5aac1f80825813cf522", kill_on_drop: false }`
[INFO] [stderr] warning: virtual workspace defaulting to `resolver = "1"` despite one or more workspace members being on edition 2021 which implies `resolver = "2"`
[INFO] [stderr] note: to keep the current resolver, specify `workspace.resolver = "1"` in the workspace root's manifest
[INFO] [stderr] note: to use the edition 2021 resolver, specify `workspace.resolver = "2"` in the workspace root's manifest
[INFO] [stderr] note: for more details see https://doc.rust-lang.org/cargo/reference/resolver.html#resolver-versions
[INFO] [stderr]    Compiling anyhow v1.0.51
[INFO] [stderr]    Compiling day10 v0.1.0 (/opt/rustwide/workdir/day10)
[INFO] [stderr]    Compiling day1 v0.1.0 (/opt/rustwide/workdir/day1)
[INFO] [stderr]    Compiling day8 v0.1.0 (/opt/rustwide/workdir/day8)
[INFO] [stderr]    Compiling day5 v0.1.0 (/opt/rustwide/workdir/day5)
[INFO] [stderr]    Compiling day2 v0.1.0 (/opt/rustwide/workdir/day2)
[INFO] [stderr]    Compiling day3 v0.1.0 (/opt/rustwide/workdir/day3)
[INFO] [stderr]    Compiling day7 v0.1.0 (/opt/rustwide/workdir/day7)
[INFO] [stderr]    Compiling day11 v0.1.0 (/opt/rustwide/workdir/day11)
[INFO] [stderr]    Compiling day9 v0.1.0 (/opt/rustwide/workdir/day9)
[INFO] [stdout] warning: variants `Two`, `Three`, `Five`, `Six`, and `Nine` are never constructed
[INFO] [stdout]   --> day8/src/main.rs:26:5
[INFO] [stdout]    |
[INFO] [stdout] 24 | enum Digit {
[INFO] [stdout]    |      ----- variants in this enum
[INFO] [stdout] 25 |     One,
[INFO] [stdout] 26 |     Two,
[INFO] [stdout]    |     ^^^
[INFO] [stdout] 27 |     Three,
[INFO] [stdout]    |     ^^^^^
[INFO] [stdout] 28 |     Four,
[INFO] [stdout] 29 |     Five,
[INFO] [stdout]    |     ^^^^
[INFO] [stdout] 30 |     Six,
[INFO] [stdout]    |     ^^^
[INFO] [stdout] ...
[INFO] [stdout] 33 |     Nine,
[INFO] [stdout]    |     ^^^^
[INFO] [stdout]    |
[INFO] [stdout]    = note: `#[warn(dead_code)]` on by default
[INFO] [stdout] 
[INFO] [stdout] 
[INFO] [stdout] warning: variant `Closing` is never constructed
[INFO] [stdout]   --> day10/src/main.rs:18:5
[INFO] [stdout]    |
[INFO] [stdout] 16 | enum SymbolType {
[INFO] [stdout]    |      ---------- variant in this enum
[INFO] [stdout] 17 |     Opening(char),
[INFO] [stdout] 18 |     Closing(char),
[INFO] [stdout]    |     ^^^^^^^
[INFO] [stdout]    |
[INFO] [stdout]    = note: `SymbolType` has a derived impl for the trait `Debug`, but this is intentionally ignored during dead code analysis
[INFO] [stdout]    = note: `#[warn(dead_code)]` on by default
[INFO] [stdout] 
[INFO] [stdout] 
[INFO] [stdout] warning: unused variable: `lines`
[INFO] [stdout]  --> day5/src/main.rs:8:9
[INFO] [stdout]   |
[INFO] [stdout] 8 |     let lines = parse_input(&text);
[INFO] [stdout]   |         ^^^^^ help: if this is intentional, prefix it with an underscore: `_lines`
[INFO] [stdout]   |
[INFO] [stdout]   = note: `#[warn(unused_variables)]` on by default
[INFO] [stdout] 
[INFO] [stdout] 
[INFO] [stdout] warning: struct `Row` is never constructed
[INFO] [stdout]    --> day5/src/main.rs:113:8
[INFO] [stdout]     |
[INFO] [stdout] 113 | struct Row<'r> {
[INFO] [stdout]     |        ^^^
[INFO] [stdout]     |
[INFO] [stdout]     = note: `#[warn(dead_code)]` on by default
[INFO] [stdout] 
[INFO] [stdout] 
[INFO] [stdout] warning: struct `Column` is never constructed
[INFO] [stdout]    --> day5/src/main.rs:131:8
[INFO] [stdout]     |
[INFO] [stdout] 131 | struct Column<'c> {
[INFO] [stdout]     |        ^^^^^^
[INFO] [stdout] 
[INFO] [stdout] 
[INFO] [stdout] warning: methods `row` and `column` are never used
[INFO] [stdout]    --> day5/src/main.rs:165:8
[INFO] [stdout]     |
[INFO] [stdout] 149 | impl Canvas {
[INFO] [stdout]     | ----------- methods in this implementation
[INFO] [stdout] ...
[INFO] [stdout] 165 |     fn row(&self, row_index: usize) -> Row {
[INFO] [stdout]     |        ^^^
[INFO] [stdout] ...
[INFO] [stdout] 173 |     fn column(&self, column_index: usize) -> Column {
[INFO] [stdout]     |        ^^^^^^
[INFO] [stdout] 
[INFO] [stdout] 
[INFO] [stderr]    Compiling day6 v0.1.0 (/opt/rustwide/workdir/day6)
[INFO] [stderr]    Compiling day4 v0.1.0 (/opt/rustwide/workdir/day4)
[INFO] [stderr]     Finished `dev` profile [unoptimized + debuginfo] target(s) in 2.60s
[INFO] running `Command { std: "docker" "inspect" "726dbfd5124837433c81e94ef60d38fb442f99114e00a5aac1f80825813cf522", kill_on_drop: false }`
[INFO] running `Command { std: "docker" "rm" "-f" "726dbfd5124837433c81e94ef60d38fb442f99114e00a5aac1f80825813cf522", kill_on_drop: false }`
[INFO] [stdout] 726dbfd5124837433c81e94ef60d38fb442f99114e00a5aac1f80825813cf522
[INFO] running `Command { std: "docker" "create" "-v" "/var/lib/crater-agent-workspace/builds/worker-7-tc1/target:/opt/rustwide/target:rw,Z" "-v" "/var/lib/crater-agent-workspace/builds/worker-7-tc1/source:/opt/rustwide/workdir:ro,Z" "-v" "/var/lib/crater-agent-workspace/cargo-home:/opt/rustwide/cargo-home:ro,Z" "-v" "/var/lib/crater-agent-workspace/rustup-home:/opt/rustwide/rustup-home:ro,Z" "-e" "SOURCE_DIR=/opt/rustwide/workdir" "-e" "CARGO_TARGET_DIR=/opt/rustwide/target" "-e" "CARGO_INCREMENTAL=0" "-e" "RUST_BACKTRACE=full" "-e" "RUSTFLAGS=--cap-lints=warn" "-e" "RUSTDOCFLAGS=--cap-lints=warn" "-e" "CARGO_HOME=/opt/rustwide/cargo-home" "-e" "RUSTUP_HOME=/opt/rustwide/rustup-home" "-w" "/opt/rustwide/workdir" "-m" "1610612736" "--user" "0:0" "--network" "none" "ghcr.io/rust-lang/crates-build-env/linux@sha256:f3a9d4ad9d972b27faf3965f35b62e55ba32bbce8f20bc8fe909558a86702fde" "/opt/rustwide/cargo-home/bin/cargo" "+1.83.0" "test" "--frozen" "--no-run" "--message-format=json", kill_on_drop: false }`
[INFO] [stdout] 35216a711076c13a9fe4ca0f25676e34aa694915a69875108cb2e058c5814e5f
[INFO] running `Command { std: "docker" "start" "-a" "35216a711076c13a9fe4ca0f25676e34aa694915a69875108cb2e058c5814e5f", kill_on_drop: false }`
[INFO] [stderr] warning: virtual workspace defaulting to `resolver = "1"` despite one or more workspace members being on edition 2021 which implies `resolver = "2"`
[INFO] [stderr] note: to keep the current resolver, specify `workspace.resolver = "1"` in the workspace root's manifest
[INFO] [stderr] note: to use the edition 2021 resolver, specify `workspace.resolver = "2"` in the workspace root's manifest
[INFO] [stderr] note: for more details see https://doc.rust-lang.org/cargo/reference/resolver.html#resolver-versions
[INFO] [stderr]    Compiling day5 v0.1.0 (/opt/rustwide/workdir/day5)
[INFO] [stderr]    Compiling day11 v0.1.0 (/opt/rustwide/workdir/day11)
[INFO] [stderr]    Compiling day3 v0.1.0 (/opt/rustwide/workdir/day3)
[INFO] [stderr]    Compiling day2 v0.1.0 (/opt/rustwide/workdir/day2)
[INFO] [stderr]    Compiling day1 v0.1.0 (/opt/rustwide/workdir/day1)
[INFO] [stderr]    Compiling day7 v0.1.0 (/opt/rustwide/workdir/day7)
[INFO] [stderr]    Compiling day9 v0.1.0 (/opt/rustwide/workdir/day9)
[INFO] [stderr]    Compiling day8 v0.1.0 (/opt/rustwide/workdir/day8)
[INFO] [stderr]    Compiling day10 v0.1.0 (/opt/rustwide/workdir/day10)
[INFO] [stderr]    Compiling day4 v0.1.0 (/opt/rustwide/workdir/day4)
[INFO] [stderr]    Compiling day6 v0.1.0 (/opt/rustwide/workdir/day6)
[INFO] [stdout] warning: variant `Closing` is never constructed
[INFO] [stdout]   --> day10/src/main.rs:18:5
[INFO] [stdout]    |
[INFO] [stdout] 16 | enum SymbolType {
[INFO] [stdout]    |      ---------- variant in this enum
[INFO] [stdout] 17 |     Opening(char),
[INFO] [stdout] 18 |     Closing(char),
[INFO] [stdout]    |     ^^^^^^^
[INFO] [stdout]    |
[INFO] [stdout]    = note: `SymbolType` has a derived impl for the trait `Debug`, but this is intentionally ignored during dead code analysis
[INFO] [stdout]    = note: `#[warn(dead_code)]` on by default
[INFO] [stdout] 
[INFO] [stdout] 
[INFO] [stdout] warning: variants `Two`, `Three`, `Five`, `Six`, and `Nine` are never constructed
[INFO] [stdout]   --> day8/src/main.rs:26:5
[INFO] [stdout]    |
[INFO] [stdout] 24 | enum Digit {
[INFO] [stdout]    |      ----- variants in this enum
[INFO] [stdout] 25 |     One,
[INFO] [stdout] 26 |     Two,
[INFO] [stdout]    |     ^^^
[INFO] [stdout] 27 |     Three,
[INFO] [stdout]    |     ^^^^^
[INFO] [stdout] 28 |     Four,
[INFO] [stdout] 29 |     Five,
[INFO] [stdout]    |     ^^^^
[INFO] [stdout] 30 |     Six,
[INFO] [stdout]    |     ^^^
[INFO] [stdout] ...
[INFO] [stdout] 33 |     Nine,
[INFO] [stdout]    |     ^^^^
[INFO] [stdout]    |
[INFO] [stdout]    = note: `#[warn(dead_code)]` on by default
[INFO] [stdout] 
[INFO] [stdout] 
[INFO] [stdout] warning: unused variable: `lines`
[INFO] [stdout]  --> day5/src/main.rs:8:9
[INFO] [stdout]   |
[INFO] [stdout] 8 |     let lines = parse_input(&text);
[INFO] [stdout]   |         ^^^^^ help: if this is intentional, prefix it with an underscore: `_lines`
[INFO] [stdout]   |
[INFO] [stdout]   = note: `#[warn(unused_variables)]` on by default
[INFO] [stdout] 
[INFO] [stdout] 
[INFO] [stdout] warning: struct `Row` is never constructed
[INFO] [stdout]    --> day5/src/main.rs:113:8
[INFO] [stdout]     |
[INFO] [stdout] 113 | struct Row<'r> {
[INFO] [stdout]     |        ^^^
[INFO] [stdout]     |
[INFO] [stdout]     = note: `#[warn(dead_code)]` on by default
[INFO] [stdout] 
[INFO] [stdout] 
[INFO] [stdout] warning: struct `Column` is never constructed
[INFO] [stdout]    --> day5/src/main.rs:131:8
[INFO] [stdout]     |
[INFO] [stdout] 131 | struct Column<'c> {
[INFO] [stdout]     |        ^^^^^^
[INFO] [stdout] 
[INFO] [stdout] 
[INFO] [stdout] warning: methods `row` and `column` are never used
[INFO] [stdout]    --> day5/src/main.rs:165:8
[INFO] [stdout]     |
[INFO] [stdout] 149 | impl Canvas {
[INFO] [stdout]     | ----------- methods in this implementation
[INFO] [stdout] ...
[INFO] [stdout] 165 |     fn row(&self, row_index: usize) -> Row {
[INFO] [stdout]     |        ^^^
[INFO] [stdout] ...
[INFO] [stdout] 173 |     fn column(&self, column_index: usize) -> Column {
[INFO] [stdout]     |        ^^^^^^
[INFO] [stdout] 
[INFO] [stdout] 
[INFO] [stderr]     Finished `test` profile [unoptimized + debuginfo] target(s) in 2.06s
[INFO] running `Command { std: "docker" "inspect" "35216a711076c13a9fe4ca0f25676e34aa694915a69875108cb2e058c5814e5f", kill_on_drop: false }`
[INFO] running `Command { std: "docker" "rm" "-f" "35216a711076c13a9fe4ca0f25676e34aa694915a69875108cb2e058c5814e5f", kill_on_drop: false }`
[INFO] [stdout] 35216a711076c13a9fe4ca0f25676e34aa694915a69875108cb2e058c5814e5f
[INFO] running `Command { std: "docker" "create" "-v" "/var/lib/crater-agent-workspace/builds/worker-7-tc1/target:/opt/rustwide/target:rw,Z" "-v" "/var/lib/crater-agent-workspace/builds/worker-7-tc1/source:/opt/rustwide/workdir:ro,Z" "-v" "/var/lib/crater-agent-workspace/cargo-home:/opt/rustwide/cargo-home:ro,Z" "-v" "/var/lib/crater-agent-workspace/rustup-home:/opt/rustwide/rustup-home:ro,Z" "-e" "SOURCE_DIR=/opt/rustwide/workdir" "-e" "CARGO_TARGET_DIR=/opt/rustwide/target" "-e" "CARGO_INCREMENTAL=0" "-e" "RUST_BACKTRACE=full" "-e" "RUSTFLAGS=--cap-lints=warn" "-e" "RUSTDOCFLAGS=--cap-lints=warn" "-e" "CARGO_HOME=/opt/rustwide/cargo-home" "-e" "RUSTUP_HOME=/opt/rustwide/rustup-home" "-w" "/opt/rustwide/workdir" "-m" "1610612736" "--user" "0:0" "--network" "none" "ghcr.io/rust-lang/crates-build-env/linux@sha256:f3a9d4ad9d972b27faf3965f35b62e55ba32bbce8f20bc8fe909558a86702fde" "/opt/rustwide/cargo-home/bin/cargo" "+1.83.0" "test" "--frozen", kill_on_drop: false }`
[INFO] [stdout] cf9027ad4f556f2ba7e11c210254ac25cee33605e455fd2ca6778d5a828502c6
[INFO] running `Command { std: "docker" "start" "-a" "cf9027ad4f556f2ba7e11c210254ac25cee33605e455fd2ca6778d5a828502c6", kill_on_drop: false }`
[INFO] [stderr] warning: virtual workspace defaulting to `resolver = "1"` despite one or more workspace members being on edition 2021 which implies `resolver = "2"`
[INFO] [stderr] note: to keep the current resolver, specify `workspace.resolver = "1"` in the workspace root's manifest
[INFO] [stderr] note: to use the edition 2021 resolver, specify `workspace.resolver = "2"` in the workspace root's manifest
[INFO] [stderr] note: for more details see https://doc.rust-lang.org/cargo/reference/resolver.html#resolver-versions
[INFO] [stderr] warning: variants `Two`, `Three`, `Five`, `Six`, and `Nine` are never constructed
[INFO] [stderr]   --> day8/src/main.rs:26:5
[INFO] [stderr]    |
[INFO] [stderr] 24 | enum Digit {
[INFO] [stderr]    |      ----- variants in this enum
[INFO] [stderr] 25 |     One,
[INFO] [stderr] 26 |     Two,
[INFO] [stderr]    |     ^^^
[INFO] [stderr] 27 |     Three,
[INFO] [stderr]    |     ^^^^^
[INFO] [stderr] 28 |     Four,
[INFO] [stderr] 29 |     Five,
[INFO] [stderr]    |     ^^^^
[INFO] [stderr] 30 |     Six,
[INFO] [stderr]    |     ^^^
[INFO] [stderr] ...
[INFO] [stderr] 33 |     Nine,
[INFO] [stderr]    |     ^^^^
[INFO] [stderr]    |
[INFO] [stderr]    = note: `#[warn(dead_code)]` on by default
[INFO] [stderr] 
[INFO] [stderr] warning: variant `Closing` is never constructed
[INFO] [stderr]   --> day10/src/main.rs:18:5
[INFO] [stderr]    |
[INFO] [stderr] 16 | enum SymbolType {
[INFO] [stderr]    |      ---------- variant in this enum
[INFO] [stderr] 17 |     Opening(char),
[INFO] [stderr] 18 |     Closing(char),
[INFO] [stderr]    |     ^^^^^^^
[INFO] [stderr]    |
[INFO] [stderr]    = note: `SymbolType` has a derived impl for the trait `Debug`, but this is intentionally ignored during dead code analysis
[INFO] [stderr]    = note: `#[warn(dead_code)]` on by default
[INFO] [stderr] 
[INFO] [stderr] warning: `day8` (bin "day8" test) generated 1 warning
[INFO] [stderr] warning: `day10` (bin "day10" test) generated 1 warning
[INFO] [stderr] warning: unused variable: `lines`
[INFO] [stderr]  --> day5/src/main.rs:8:9
[INFO] [stderr]   |
[INFO] [stderr] 8 |     let lines = parse_input(&text);
[INFO] [stderr]   |         ^^^^^ help: if this is intentional, prefix it with an underscore: `_lines`
[INFO] [stderr]   |
[INFO] [stderr]   = note: `#[warn(unused_variables)]` on by default
[INFO] [stderr] 
[INFO] [stderr] warning: struct `Row` is never constructed
[INFO] [stderr]    --> day5/src/main.rs:113:8
[INFO] [stderr]     |
[INFO] [stderr] 113 | struct Row<'r> {
[INFO] [stderr]     |        ^^^
[INFO] [stderr]     |
[INFO] [stderr]     = note: `#[warn(dead_code)]` on by default
[INFO] [stderr] 
[INFO] [stderr] warning: struct `Column` is never constructed
[INFO] [stderr]    --> day5/src/main.rs:131:8
[INFO] [stderr]     |
[INFO] [stderr] 131 | struct Column<'c> {
[INFO] [stderr]     |        ^^^^^^
[INFO] [stderr] 
[INFO] [stderr] warning: methods `row` and `column` are never used
[INFO] [stderr]    --> day5/src/main.rs:165:8
[INFO] [stderr]     |
[INFO] [stderr] 149 | impl Canvas {
[INFO] [stderr]     | ----------- methods in this implementation
[INFO] [stderr] ...
[INFO] [stderr] 165 |     fn row(&self, row_index: usize) -> Row {
[INFO] [stderr]     |        ^^^
[INFO] [stderr] ...
[INFO] [stderr] 173 |     fn column(&self, column_index: usize) -> Column {
[INFO] [stderr]     |        ^^^^^^
[INFO] [stderr] 
[INFO] [stderr] warning: `day5` (bin "day5" test) generated 4 warnings
[INFO] [stderr]     Finished `test` profile [unoptimized + debuginfo] target(s) in 0.01s
[INFO] [stderr]      Running unittests src/main.rs (/opt/rustwide/target/debug/deps/day1-7def47cc83413dad)
[INFO] [stdout] 
[INFO] [stdout] running 2 tests
[INFO] [stdout] test part2::sample ... ok
[INFO] [stdout] test part1::sample ... ok
[INFO] [stdout] 
[INFO] [stdout] test result: ok. 2 passed; 0 failed; 0 ignored; 0 measured; 0 filtered out; finished in 0.00s
[INFO] [stdout] 
[INFO] [stderr]      Running unittests src/main.rs (/opt/rustwide/target/debug/deps/day10-78ca6aa5459b2b4e)
[INFO] [stdout] 
[INFO] [stdout] running 2 tests
[INFO] [stdout] test tests::day10_part1 ... ok
[INFO] [stdout] test tests::day10_part2 ... ok
[INFO] [stdout] 
[INFO] [stdout] test result: ok. 2 passed; 0 failed; 0 ignored; 0 measured; 0 filtered out; finished in 0.01s
[INFO] [stdout] 
[INFO] [stderr]      Running unittests src/main.rs (/opt/rustwide/target/debug/deps/day11-1fe6c261ebfddb39)
[INFO] [stdout] 
[INFO] [stdout] running 2 tests
[INFO] [stdout] test tests::day11_part1 ... ok
[INFO] [stdout] test tests::day11_part2 ... ok
[INFO] [stdout] 
[INFO] [stdout] test result: ok. 2 passed; 0 failed; 0 ignored; 0 measured; 0 filtered out; finished in 0.03s
[INFO] [stdout] 
[INFO] [stderr]      Running unittests src/main.rs (/opt/rustwide/target/debug/deps/day2-959e3a0550958c82)
[INFO] [stdout] 
[INFO] [stdout] running 2 tests
[INFO] [stdout] test part1::pos_mul ... ok
[INFO] [stdout] test part2::pos_mul ... ok
[INFO] [stdout] 
[INFO] [stdout] test result: ok. 2 passed; 0 failed; 0 ignored; 0 measured; 0 filtered out; finished in 0.00s
[INFO] [stdout] 
[INFO] [stderr]      Running unittests src/main.rs (/opt/rustwide/target/debug/deps/day3-c06506a60c9db2e8)
[INFO] [stdout] 
[INFO] [stdout] running 6 tests
[INFO] [stdout] test tests::sample_str_to_num_vecs ... ok
[INFO] [stdout] test part1::parse_bstr ... ok
[INFO] [stdout] test tests::life_support_rating ... ok
[INFO] [stdout] test part2::tests::vec_to_num ... ok
[INFO] [stdout] test tests::power_consumption ... ok
[INFO] [stdout] test part1::to_bits ... ok
[INFO] [stdout] 
[INFO] [stdout] test result: ok. 6 passed; 0 failed; 0 ignored; 0 measured; 0 filtered out; finished in 0.00s
[INFO] [stdout] 
[INFO] [stderr]      Running unittests src/main.rs (/opt/rustwide/target/debug/deps/day4-f49c3872165f1a44)
[INFO] [stdout] 
[INFO] [stdout] running 5 tests
[INFO] [stdout] test tests::check_balls ... ok
[INFO] [stdout] test tests::first_card_2nd_row ... ok
[INFO] [stdout] test tests::test_sample_input ... ok
[INFO] [stdout] test tests::part2_with_sample ... ok
[INFO] [stdout] test tests::third_card_last_column ... ok
[INFO] [stdout] 
[INFO] [stdout] test result: ok. 5 passed; 0 failed; 0 ignored; 0 measured; 0 filtered out; finished in 0.01s
[INFO] [stdout] 
[INFO] [stderr]      Running unittests src/main.rs (/opt/rustwide/target/debug/deps/day5-011bd2edbcf5c1db)
[INFO] [stdout] 
[INFO] [stdout] running 2 tests
[INFO] [stdout] test tests::part1_line_crosses ... ok
[INFO] [stdout] test tests::part2_line_crosses ... FAILED
[INFO] [stdout] 
[INFO] [stdout] failures:
[INFO] [stdout] 
[INFO] [stdout] ---- tests::part2_line_crosses stdout ----
[INFO] [stdout] [day5/src/main.rs:297:9] line = Line {
[INFO] [stdout]     a: Point {
[INFO] [stdout]         x: 0,
[INFO] [stdout]         y: 9,
[INFO] [stdout]     },
[INFO] [stdout]     b: Point {
[INFO] [stdout]         x: 5,
[INFO] [stdout]         y: 9,
[INFO] [stdout]     },
[INFO] [stdout]     typ: Horizontal,
[INFO] [stdout] }
[INFO] [stdout] [day5/src/main.rs:297:9] line = Line {
[INFO] [stdout]     a: Point {
[INFO] [stdout]         x: 0,
[INFO] [stdout]         y: 8,
[INFO] [stdout]     },
[INFO] [stdout]     b: Point {
[INFO] [stdout]         x: 8,
[INFO] [stdout]         y: 0,
[INFO] [stdout]     },
[INFO] [stdout]     typ: At45,
[INFO] [stdout] }
[INFO] [stdout] [day5/src/main.rs:297:9] line = Line {
[INFO] [stdout]     a: Point {
[INFO] [stdout]         x: 3,
[INFO] [stdout]         y: 4,
[INFO] [stdout]     },
[INFO] [stdout]     b: Point {
[INFO] [stdout]         x: 9,
[INFO] [stdout]         y: 4,
[INFO] [stdout]     },
[INFO] [stdout]     typ: Horizontal,
[INFO] [stdout] }
[INFO] [stdout] [day5/src/main.rs:297:9] line = Line {
[INFO] [stdout]     a: Point {
[INFO] [stdout]         x: 2,
[INFO] [stdout]         y: 1,
[INFO] [stdout]     },
[INFO] [stdout]     b: Point {
[INFO] [stdout]         x: 2,
[INFO] [stdout]         y: 2,
[INFO] [stdout]     },
[INFO] [stdout]     typ: Vertical,
[INFO] [stdout] }
[INFO] [stdout] [day5/src/main.rs:297:9] line = Line {
[INFO] [stdout]     a: Point {
[INFO] [stdout]         x: 7,
[INFO] [stdout]         y: 0,
[INFO] [stdout]     },
[INFO] [stdout]     b: Point {
[INFO] [stdout]         x: 7,
[INFO] [stdout]         y: 4,
[INFO] [stdout]     },
[INFO] [stdout]     typ: Vertical,
[INFO] [stdout] }
[INFO] [stdout] [day5/src/main.rs:297:9] line = Line {
[INFO] [stdout]     a: Point {
[INFO] [stdout]         x: 2,
[INFO] [stdout]         y: 0,
[INFO] [stdout]     },
[INFO] [stdout]     b: Point {
[INFO] [stdout]         x: 6,
[INFO] [stdout]         y: 4,
[INFO] [stdout]     },
[INFO] [stdout]     typ: At45,
[INFO] [stdout] }
[INFO] [stdout] [day5/src/main.rs:297:9] line = Line {
[INFO] [stdout]     a: Point {
[INFO] [stdout]         x: 0,
[INFO] [stdout]         y: 9,
[INFO] [stdout]     },
[INFO] [stdout]     b: Point {
[INFO] [stdout]         x: 2,
[INFO] [stdout]         y: 9,
[INFO] [stdout]     },
[INFO] [stdout]     typ: Horizontal,
[INFO] [stdout] }
[INFO] [stdout] [day5/src/main.rs:297:9] line = Line {
[INFO] [stdout]     a: Point {
[INFO] [stdout]         x: 1,
[INFO] [stdout]         y: 4,
[INFO] [stdout]     },
[INFO] [stdout]     b: Point {
[INFO] [stdout]         x: 3,
[INFO] [stdout]         y: 4,
[INFO] [stdout]     },
[INFO] [stdout]     typ: Horizontal,
[INFO] [stdout] }
[INFO] [stdout] [day5/src/main.rs:297:9] line = Line {
[INFO] [stdout]     a: Point {
[INFO] [stdout]         x: 0,
[INFO] [stdout]         y: 0,
[INFO] [stdout]     },
[INFO] [stdout]     b: Point {
[INFO] [stdout]         x: 8,
[INFO] [stdout]         y: 8,
[INFO] [stdout]     },
[INFO] [stdout]     typ: At45,
[INFO] [stdout] }
[INFO] [stdout] [day5/src/main.rs:297:9] line = Line {
[INFO] [stdout]     a: Point {
[INFO] [stdout]         x: 5,
[INFO] [stdout]         y: 5,
[INFO] [stdout]     },
[INFO] [stdout]     b: Point {
[INFO] [stdout]         x: 8,
[INFO] [stdout]         y: 2,
[INFO] [stdout]     },
[INFO] [stdout]     typ: At45,
[INFO] [stdout] }
[INFO] [stdout] thread 'tests::part2_line_crosses' panicked at day5/src/main.rs:320:9:
[INFO] [stdout] assertion `left == right` failed
[INFO] [stdout]   left: 12
[INFO] [stdout]  right: 5
[INFO] [stdout] stack backtrace:
[INFO] [stdout]    0:     0x63998855693a - std::backtrace_rs::backtrace::libunwind::trace::h5a5b8284f2d0c266
[INFO] [stdout]                                at /rustc/90b35a6239c3d8bdabc530a6a0816f7ff89a0aaf/library/std/src/../../backtrace/src/backtrace/libunwind.rs:116:5
[INFO] [stdout]    1:     0x63998855693a - std::backtrace_rs::backtrace::trace_unsynchronized::h76d4f1c9b0b875e3
[INFO] [stdout]                                at /rustc/90b35a6239c3d8bdabc530a6a0816f7ff89a0aaf/library/std/src/../../backtrace/src/backtrace/mod.rs:66:5
[INFO] [stdout]    2:     0x63998855693a - std::sys::backtrace::_print_fmt::hc4546b8364a537c6
[INFO] [stdout]                                at /rustc/90b35a6239c3d8bdabc530a6a0816f7ff89a0aaf/library/std/src/sys/backtrace.rs:66:9
[INFO] [stdout]    3:     0x63998855693a - <std::sys::backtrace::BacktraceLock::print::DisplayBacktrace as core::fmt::Display>::fmt::h5b6bd5631a6d1f6b
[INFO] [stdout]                                at /rustc/90b35a6239c3d8bdabc530a6a0816f7ff89a0aaf/library/std/src/sys/backtrace.rs:39:26
[INFO] [stdout]    4:     0x63998857bd33 - core::fmt::rt::Argument::fmt::h270f6602a2b96f62
[INFO] [stdout]                                at /rustc/90b35a6239c3d8bdabc530a6a0816f7ff89a0aaf/library/core/src/fmt/rt.rs:177:76
[INFO] [stdout]    5:     0x63998857bd33 - core::fmt::write::h7550c97b06c86515
[INFO] [stdout]                                at /rustc/90b35a6239c3d8bdabc530a6a0816f7ff89a0aaf/library/core/src/fmt/mod.rs:1186:21
[INFO] [stdout]    6:     0x639988553b03 - std::io::Write::write_fmt::h509ff860e5956e5e
[INFO] [stdout]                                at /rustc/90b35a6239c3d8bdabc530a6a0816f7ff89a0aaf/library/std/src/io/mod.rs:1839:15
[INFO] [stdout]    7:     0x639988556782 - std::sys::backtrace::BacktraceLock::print::h2395ccd2c84ba3aa
[INFO] [stdout]                                at /rustc/90b35a6239c3d8bdabc530a6a0816f7ff89a0aaf/library/std/src/sys/backtrace.rs:42:9
[INFO] [stdout]    8:     0x639988557d9a - std::panicking::default_hook::{{closure}}::he19d4c7230e07961
[INFO] [stdout]                                at /rustc/90b35a6239c3d8bdabc530a6a0816f7ff89a0aaf/library/std/src/panicking.rs:268:22
[INFO] [stdout]    9:     0x639988557ba4 - std::panicking::default_hook::hf614597d3c67bbdb
[INFO] [stdout]                                at /rustc/90b35a6239c3d8bdabc530a6a0816f7ff89a0aaf/library/std/src/panicking.rs:292:9
[INFO] [stdout]   10:     0x639988523489 - <alloc::boxed::Box<F,A> as core::ops::function::Fn<Args>>::call::h39b51ce4599c23d1
[INFO] [stdout]                                at /rustc/90b35a6239c3d8bdabc530a6a0816f7ff89a0aaf/library/alloc/src/boxed.rs:2468:9
[INFO] [stdout]   11:     0x639988523489 - test::test_main::{{closure}}::he977ae839a582784
[INFO] [stdout]                                at /rustc/90b35a6239c3d8bdabc530a6a0816f7ff89a0aaf/library/test/src/lib.rs:133:21
[INFO] [stdout]   12:     0x639988558438 - <alloc::boxed::Box<F,A> as core::ops::function::Fn<Args>>::call::h9455091b6b06f9fb
[INFO] [stdout]                                at /rustc/90b35a6239c3d8bdabc530a6a0816f7ff89a0aaf/library/alloc/src/boxed.rs:2468:9
[INFO] [stdout]   13:     0x639988558438 - std::panicking::rust_panic_with_hook::h8942133a8b252070
[INFO] [stdout]                                at /rustc/90b35a6239c3d8bdabc530a6a0816f7ff89a0aaf/library/std/src/panicking.rs:809:13
[INFO] [stdout]   14:     0x6399885581fa - std::panicking::begin_panic_handler::{{closure}}::hb5f5963570096b29
[INFO] [stdout]                                at /rustc/90b35a6239c3d8bdabc530a6a0816f7ff89a0aaf/library/std/src/panicking.rs:674:13
[INFO] [stdout]   15:     0x639988556e19 - std::sys::backtrace::__rust_end_short_backtrace::h6208cedc1922feda
[INFO] [stdout]                                at /rustc/90b35a6239c3d8bdabc530a6a0816f7ff89a0aaf/library/std/src/sys/backtrace.rs:170:18
[INFO] [stdout]   16:     0x639988557e8c - rust_begin_unwind
[INFO] [stdout]                                at /rustc/90b35a6239c3d8bdabc530a6a0816f7ff89a0aaf/library/std/src/panicking.rs:665:5
[INFO] [stdout]   17:     0x6399884e2a60 - core::panicking::panic_fmt::h0c3082644d1bf418
[INFO] [stdout]                                at /rustc/90b35a6239c3d8bdabc530a6a0816f7ff89a0aaf/library/core/src/panicking.rs:74:14
[INFO] [stdout]   18:     0x6399884e2d8b - core::panicking::assert_failed_inner::h2ddf1fcc067fa858
[INFO] [stdout]   19:     0x6399884e547a - core::panicking::assert_failed::hedeb4b8bf602eebe
[INFO] [stdout]                                at /rustc/90b35a6239c3d8bdabc530a6a0816f7ff89a0aaf/library/core/src/panicking.rs:367:5
[INFO] [stdout]   20:     0x6399884e75be - day5::tests::part2_line_crosses::h1afda4ffc867a420
[INFO] [stdout]                                at /opt/rustwide/workdir/day5/src/main.rs:320:9
[INFO] [stdout]   21:     0x6399884e74c7 - day5::tests::part2_line_crosses::{{closure}}::h9714b86f0fc35ea3
[INFO] [stdout]                                at /opt/rustwide/workdir/day5/src/main.rs:317:28
[INFO] [stdout]   22:     0x6399884e4326 - core::ops::function::FnOnce::call_once::hc31c88dd12b8cd29
[INFO] [stdout]                                at /rustc/90b35a6239c3d8bdabc530a6a0816f7ff89a0aaf/library/core/src/ops/function.rs:250:5
[INFO] [stdout]   23:     0x639988527e4b - core::ops::function::FnOnce::call_once::h109cf8051a59b34e
[INFO] [stdout]                                at /rustc/90b35a6239c3d8bdabc530a6a0816f7ff89a0aaf/library/core/src/ops/function.rs:250:5
[INFO] [stdout]   24:     0x639988527e4b - test::__rust_begin_short_backtrace::hf4fff89d377446ba
[INFO] [stdout]                                at /rustc/90b35a6239c3d8bdabc530a6a0816f7ff89a0aaf/library/test/src/lib.rs:621:18
[INFO] [stdout]   25:     0x639988527687 - test::run_test_in_process::{{closure}}::h0e39181dd7ee5a43
[INFO] [stdout]                                at /rustc/90b35a6239c3d8bdabc530a6a0816f7ff89a0aaf/library/test/src/lib.rs:644:60
[INFO] [stdout]   26:     0x639988527687 - <core::panic::unwind_safe::AssertUnwindSafe<F> as core::ops::function::FnOnce<()>>::call_once::hc5a66a30f0bdfd1f
[INFO] [stdout]                                at /rustc/90b35a6239c3d8bdabc530a6a0816f7ff89a0aaf/library/core/src/panic/unwind_safe.rs:272:9
[INFO] [stdout]   27:     0x639988527687 - std::panicking::try::do_call::h873b7cf639554a5e
[INFO] [stdout]                                at /rustc/90b35a6239c3d8bdabc530a6a0816f7ff89a0aaf/library/std/src/panicking.rs:557:40
[INFO] [stdout]   28:     0x639988527687 - std::panicking::try::hdb19862fad9c8bd1
[INFO] [stdout]                                at /rustc/90b35a6239c3d8bdabc530a6a0816f7ff89a0aaf/library/std/src/panicking.rs:520:19
[INFO] [stdout]   29:     0x639988527687 - std::panic::catch_unwind::h281fe732d236d260
[INFO] [stdout]                                at /rustc/90b35a6239c3d8bdabc530a6a0816f7ff89a0aaf/library/std/src/panic.rs:358:14
[INFO] [stdout]   30:     0x639988527687 - test::run_test_in_process::h949b6df8457ed338
[INFO] [stdout]                                at /rustc/90b35a6239c3d8bdabc530a6a0816f7ff89a0aaf/library/test/src/lib.rs:644:27
[INFO] [stdout]   31:     0x639988527687 - test::run_test::{{closure}}::h52c556a6d4740e10
[INFO] [stdout]                                at /rustc/90b35a6239c3d8bdabc530a6a0816f7ff89a0aaf/library/test/src/lib.rs:565:43
[INFO] [stdout]   32:     0x6399884ec964 - test::run_test::{{closure}}::h4237f6381c45ccb9
[INFO] [stdout]                                at /rustc/90b35a6239c3d8bdabc530a6a0816f7ff89a0aaf/library/test/src/lib.rs:595:41
[INFO] [stdout]   33:     0x6399884ec964 - std::sys::backtrace::__rust_begin_short_backtrace::h505c97a579eca628
[INFO] [stdout]                                at /rustc/90b35a6239c3d8bdabc530a6a0816f7ff89a0aaf/library/std/src/sys/backtrace.rs:154:18
[INFO] [stdout]   34:     0x6399884f002e - std::thread::Builder::spawn_unchecked_::{{closure}}::{{closure}}::h9e86b2e2bc107ea3
[INFO] [stdout]                                at /rustc/90b35a6239c3d8bdabc530a6a0816f7ff89a0aaf/library/std/src/thread/mod.rs:538:17
[INFO] [stdout]   35:     0x6399884f002e - <core::panic::unwind_safe::AssertUnwindSafe<F> as core::ops::function::FnOnce<()>>::call_once::h8b06ddb275ff4a25
[INFO] [stdout]                                at /rustc/90b35a6239c3d8bdabc530a6a0816f7ff89a0aaf/library/core/src/panic/unwind_safe.rs:272:9
[INFO] [stdout]   36:     0x6399884f002e - std::panicking::try::do_call::hb26ecd7cd9a9355d
[INFO] [stdout]                                at /rustc/90b35a6239c3d8bdabc530a6a0816f7ff89a0aaf/library/std/src/panicking.rs:557:40
[INFO] [stdout]   37:     0x6399884f002e - std::panicking::try::h8ddeca9d705f9069
[INFO] [stdout]                                at /rustc/90b35a6239c3d8bdabc530a6a0816f7ff89a0aaf/library/std/src/panicking.rs:520:19
[INFO] [stdout]   38:     0x6399884f002e - std::panic::catch_unwind::h49e1c33078844c46
[INFO] [stdout]                                at /rustc/90b35a6239c3d8bdabc530a6a0816f7ff89a0aaf/library/std/src/panic.rs:358:14
[INFO] [stdout]   39:     0x6399884f002e - std::thread::Builder::spawn_unchecked_::{{closure}}::h6073db6ff56ad35d
[INFO] [stdout]                                at /rustc/90b35a6239c3d8bdabc530a6a0816f7ff89a0aaf/library/std/src/thread/mod.rs:537:30
[INFO] [stdout]   40:     0x6399884f002e - core::ops::function::FnOnce::call_once{{vtable.shim}}::h2c5a5f3779c774f1
[INFO] [stdout]                                at /rustc/90b35a6239c3d8bdabc530a6a0816f7ff89a0aaf/library/core/src/ops/function.rs:250:5
[INFO] [stdout]   41:     0x63998855c18b - <alloc::boxed::Box<F,A> as core::ops::function::FnOnce<Args>>::call_once::hf75717d9f28faebf
[INFO] [stdout]                                at /rustc/90b35a6239c3d8bdabc530a6a0816f7ff89a0aaf/library/alloc/src/boxed.rs:2454:9
[INFO] [stdout]   42:     0x63998855c18b - <alloc::boxed::Box<F,A> as core::ops::function::FnOnce<Args>>::call_once::h7bd883a5f3c5f3c1
[INFO] [stdout]                                at /rustc/90b35a6239c3d8bdabc530a6a0816f7ff89a0aaf/library/alloc/src/boxed.rs:2454:9
[INFO] [stdout]   43:     0x63998855c18b - std::sys::pal::unix::thread::Thread::new::thread_start::hcc78f3943333fa94
[INFO] [stdout]                                at /rustc/90b35a6239c3d8bdabc530a6a0816f7ff89a0aaf/library/std/src/sys/pal/unix/thread.rs:105:17
[INFO] [stdout]   44:     0x7b5f6d2b2ac3 - <unknown>
[INFO] [stdout]   45:     0x7b5f6d343a04 - clone
[INFO] [stdout]   46:                0x0 - <unknown>
[INFO] [stdout] 
[INFO] [stdout] 
[INFO] [stdout] failures:
[INFO] [stdout]     tests::part2_line_crosses
[INFO] [stdout] 
[INFO] [stdout] test result: FAILED. 1 passed; 1 failed; 0 ignored; 0 measured; 0 filtered out; finished in 0.03s
[INFO] [stdout] 
[INFO] [stderr] error: test failed, to rerun pass `-p day5 --bin day5`
[INFO] running `Command { std: "docker" "inspect" "cf9027ad4f556f2ba7e11c210254ac25cee33605e455fd2ca6778d5a828502c6", kill_on_drop: false }`
[INFO] running `Command { std: "docker" "rm" "-f" "cf9027ad4f556f2ba7e11c210254ac25cee33605e455fd2ca6778d5a828502c6", kill_on_drop: false }`
[INFO] [stdout] cf9027ad4f556f2ba7e11c210254ac25cee33605e455fd2ca6778d5a828502c6
