[INFO] cloning repository https://github.com/rafaeltab/rafaeltab_cli
[INFO] running `Command { std: "git" "-c" "credential.helper=" "-c" "credential.helper=/workspace/cargo-home/bin/git-credential-null" "clone" "--bare" "https://github.com/rafaeltab/rafaeltab_cli" "/workspace/cache/git-repos/https%3A%2F%2Fgithub.com%2Frafaeltab%2Frafaeltab_cli", kill_on_drop: false }`
[INFO] [stderr] Cloning into bare repository '/workspace/cache/git-repos/https%3A%2F%2Fgithub.com%2Frafaeltab%2Frafaeltab_cli'...
[INFO] running `Command { std: "git" "rev-parse" "HEAD", kill_on_drop: false }`
[INFO] [stdout] fbeee084fad94e37ada3a2c8c4f3075a6dba66b9
[INFO] testing rafaeltab/rafaeltab_cli against 1.83.0 for beta-1.84.0-4-retry
[INFO] running `Command { std: "git" "clone" "/workspace/cache/git-repos/https%3A%2F%2Fgithub.com%2Frafaeltab%2Frafaeltab_cli" "/workspace/builds/worker-1-tc1/source", kill_on_drop: false }`
[INFO] [stderr] Cloning into '/workspace/builds/worker-1-tc1/source'...
[INFO] [stderr] done.
[INFO] validating manifest of git repo https://github.com/rafaeltab/rafaeltab_cli on toolchain 1.83.0
[INFO] running `Command { std: CARGO_HOME="/workspace/cargo-home" RUSTUP_HOME="/workspace/rustup-home" "/workspace/cargo-home/bin/cargo" "+1.83.0" "metadata" "--manifest-path" "Cargo.toml" "--no-deps", kill_on_drop: false }`
[INFO] started tweaking git repo https://github.com/rafaeltab/rafaeltab_cli
[INFO] finished tweaking git repo https://github.com/rafaeltab/rafaeltab_cli
[INFO] tweaked toml for git repo https://github.com/rafaeltab/rafaeltab_cli written to /workspace/builds/worker-1-tc1/source/Cargo.toml
[INFO] crate git repo https://github.com/rafaeltab/rafaeltab_cli already has a lockfile, it will not be regenerated
[INFO] running `Command { std: CARGO_HOME="/workspace/cargo-home" RUSTUP_HOME="/workspace/rustup-home" "/workspace/cargo-home/bin/cargo" "+1.83.0" "fetch" "--manifest-path" "Cargo.toml", kill_on_drop: false }`
[INFO] [stderr]     Blocking waiting for file lock on package cache
[INFO] [stderr]     Blocking waiting for file lock on package cache
[INFO] [stderr]  Downloading crates ...
[INFO] [stderr]   Downloaded os_pipe v1.1.5
[INFO] running `Command { std: "docker" "create" "-v" "/var/lib/crater-agent-workspace/builds/worker-1-tc1/target:/opt/rustwide/target:rw,Z" "-v" "/var/lib/crater-agent-workspace/builds/worker-1-tc1/source:/opt/rustwide/workdir:ro,Z" "-v" "/var/lib/crater-agent-workspace/cargo-home:/opt/rustwide/cargo-home:ro,Z" "-v" "/var/lib/crater-agent-workspace/rustup-home:/opt/rustwide/rustup-home:ro,Z" "-e" "SOURCE_DIR=/opt/rustwide/workdir" "-e" "CARGO_TARGET_DIR=/opt/rustwide/target" "-e" "CARGO_HOME=/opt/rustwide/cargo-home" "-e" "RUSTUP_HOME=/opt/rustwide/rustup-home" "-w" "/opt/rustwide/workdir" "-m" "1610612736" "--user" "0:0" "--network" "none" "ghcr.io/rust-lang/crates-build-env/linux@sha256:f3a9d4ad9d972b27faf3965f35b62e55ba32bbce8f20bc8fe909558a86702fde" "/opt/rustwide/cargo-home/bin/cargo" "+1.83.0" "metadata" "--no-deps" "--format-version=1", kill_on_drop: false }`
[INFO] [stdout] 0e613fe5511d0aa4c651d3cbd79214894c46c7c8f8a0a37764f468b8307d10e9
[INFO] running `Command { std: "docker" "start" "-a" "0e613fe5511d0aa4c651d3cbd79214894c46c7c8f8a0a37764f468b8307d10e9", kill_on_drop: false }`
[INFO] running `Command { std: "docker" "inspect" "0e613fe5511d0aa4c651d3cbd79214894c46c7c8f8a0a37764f468b8307d10e9", kill_on_drop: false }`
[INFO] running `Command { std: "docker" "rm" "-f" "0e613fe5511d0aa4c651d3cbd79214894c46c7c8f8a0a37764f468b8307d10e9", kill_on_drop: false }`
[INFO] [stdout] 0e613fe5511d0aa4c651d3cbd79214894c46c7c8f8a0a37764f468b8307d10e9
[INFO] running `Command { std: "docker" "create" "-v" "/var/lib/crater-agent-workspace/builds/worker-1-tc1/target:/opt/rustwide/target:rw,Z" "-v" "/var/lib/crater-agent-workspace/builds/worker-1-tc1/source:/opt/rustwide/workdir:ro,Z" "-v" "/var/lib/crater-agent-workspace/cargo-home:/opt/rustwide/cargo-home:ro,Z" "-v" "/var/lib/crater-agent-workspace/rustup-home:/opt/rustwide/rustup-home:ro,Z" "-e" "SOURCE_DIR=/opt/rustwide/workdir" "-e" "CARGO_TARGET_DIR=/opt/rustwide/target" "-e" "CARGO_INCREMENTAL=0" "-e" "RUST_BACKTRACE=full" "-e" "RUSTFLAGS=--cap-lints=warn" "-e" "RUSTDOCFLAGS=--cap-lints=warn" "-e" "CARGO_HOME=/opt/rustwide/cargo-home" "-e" "RUSTUP_HOME=/opt/rustwide/rustup-home" "-w" "/opt/rustwide/workdir" "-m" "1610612736" "--user" "0:0" "--network" "none" "ghcr.io/rust-lang/crates-build-env/linux@sha256:f3a9d4ad9d972b27faf3965f35b62e55ba32bbce8f20bc8fe909558a86702fde" "/opt/rustwide/cargo-home/bin/cargo" "+1.83.0" "build" "--frozen" "--message-format=json", kill_on_drop: false }`
[INFO] [stdout] 2536dcd11a70f8193ea2954edfd3dff0950bf463f9ca8c9d0e04079f87c65aab
[INFO] running `Command { std: "docker" "start" "-a" "2536dcd11a70f8193ea2954edfd3dff0950bf463f9ca8c9d0e04079f87c65aab", kill_on_drop: false }`
[INFO] [stderr]    Compiling libc v0.2.155
[INFO] [stderr]    Compiling proc-macro2 v1.0.82
[INFO] [stderr]    Compiling unicode-ident v1.0.12
[INFO] [stderr]    Compiling cfg-if v1.0.0
[INFO] [stderr]    Compiling autocfg v1.3.0
[INFO] [stderr]    Compiling parking_lot_core v0.9.10
[INFO] [stderr]    Compiling signal-hook v0.3.17
[INFO] [stderr]    Compiling utf8parse v0.2.1
[INFO] [stderr]    Compiling log v0.4.22
[INFO] [stderr]    Compiling smallvec v1.13.2
[INFO] [stderr]    Compiling once_cell v1.19.0
[INFO] [stderr]    Compiling scopeguard v1.2.0
[INFO] [stderr]    Compiling anstyle-parse v0.2.4
[INFO] [stderr]    Compiling colorchoice v1.0.1
[INFO] [stderr]    Compiling option-ext v0.2.0
[INFO] [stderr]    Compiling anstyle-query v1.0.3
[INFO] [stderr]    Compiling serde v1.0.203
[INFO] [stderr]    Compiling is_terminal_polyfill v1.70.0
[INFO] [stderr]    Compiling anstyle v1.0.7
[INFO] [stderr]    Compiling thread_local v1.1.8
[INFO] [stderr]    Compiling strsim v0.11.1
[INFO] [stderr]    Compiling lock_api v0.4.12
[INFO] [stderr]    Compiling heck v0.5.0
[INFO] [stderr]    Compiling byteorder v1.5.0
[INFO] [stderr]    Compiling anstream v0.6.14
[INFO] [stderr]    Compiling unicode-segmentation v1.11.0
[INFO] [stderr]    Compiling quote v1.0.36
[INFO] [stderr]    Compiling serde_json v1.0.117
[INFO] [stderr]    Compiling clap_lex v0.7.0
[INFO] [stderr]    Compiling syn v2.0.61
[INFO] [stderr]    Compiling bitflags v1.3.2
[INFO] [stderr]    Compiling clap_builder v4.5.2
[INFO] [stderr]    Compiling fxhash v0.2.1
[INFO] [stderr]    Compiling newline-converter v0.3.0
[INFO] [stderr]    Compiling fuzzy-matcher v0.3.7
[INFO] [stderr]    Compiling bitflags v2.5.0
[INFO] [stderr]    Compiling dyn-clone v1.0.17
[INFO] [stderr]    Compiling itoa v1.0.11
[INFO] [stderr]    Compiling unicode-width v0.1.13
[INFO] [stderr]    Compiling signal-hook-registry v1.4.2
[INFO] [stderr]    Compiling mio v0.8.11
[INFO] [stderr]    Compiling dirs-sys v0.4.1
[INFO] [stderr]    Compiling os_pipe v1.1.5
[INFO] [stderr]    Compiling dirs v5.0.1
[INFO] [stderr]    Compiling parking_lot v0.12.3
[INFO] [stderr]    Compiling shared_child v1.0.0
[INFO] [stderr]    Compiling sha1_smol v1.0.0
[INFO] [stderr]    Compiling ryu v1.0.18
[INFO] [stderr]    Compiling duct v0.13.7
[INFO] [stderr]    Compiling signal-hook-mio v0.2.4
[INFO] [stderr]    Compiling uuid v1.8.0
[INFO] [stderr]    Compiling crossterm v0.25.0
[INFO] [stderr]    Compiling shellexpand v3.1.0
[INFO] [stderr]    Compiling atty v0.2.14
[INFO] [stderr]    Compiling inquire v0.7.5
[INFO] [stderr]    Compiling serde_derive v1.0.203
[INFO] [stderr]    Compiling clap_derive v4.5.4
[INFO] [stderr]    Compiling clap v4.5.4
[INFO] [stderr]    Compiling rafaeltab v0.1.0 (/opt/rustwide/workdir)
[INFO] [stdout] warning: field `attached_to` is never read
[INFO] [stdout]  --> src/domain/aggregates/tmux/client.rs:6:9
[INFO] [stdout]   |
[INFO] [stdout] 4 | pub struct TmuxClient {
[INFO] [stdout]   |            ---------- field in this struct
[INFO] [stdout] 5 |     pub name: String,
[INFO] [stdout] 6 |     pub attached_to: Option<TmuxSession>,
[INFO] [stdout]   |         ^^^^^^^^^^^
[INFO] [stdout]   |
[INFO] [stdout]   = note: `TmuxClient` has derived impls for the traits `Clone` and `Debug`, but these are intentionally ignored during dead code analysis
[INFO] [stdout]   = note: `#[warn(dead_code)]` on by default
[INFO] [stdout] 
[INFO] [stdout] 
[INFO] [stdout] warning: field `include_fields` is never read
[INFO] [stdout]   --> src/domain/aggregates/tmux/window.rs:13:9
[INFO] [stdout]    |
[INFO] [stdout] 8  | pub struct TmuxWindow {
[INFO] [stdout]    |            ---------- field in this struct
[INFO] [stdout] ...
[INFO] [stdout] 13 |     pub include_fields: WindowIncludeFields,
[INFO] [stdout]    |         ^^^^^^^^^^^^^^
[INFO] [stdout]    |
[INFO] [stdout]    = note: `TmuxWindow` has derived impls for the traits `Clone` and `Debug`, but these are intentionally ignored during dead code analysis
[INFO] [stdout] 
[INFO] [stdout] 
[INFO] [stdout] warning: field `include_fields` is never read
[INFO] [stdout]   --> src/domain/aggregates/tmux/session.rs:14:9
[INFO] [stdout]    |
[INFO] [stdout] 8  | pub struct TmuxSession {
[INFO] [stdout]    |            ----------- field in this struct
[INFO] [stdout] ...
[INFO] [stdout] 14 |     pub include_fields: SessionIncludeFields,
[INFO] [stdout]    |         ^^^^^^^^^^^^^^
[INFO] [stdout]    |
[INFO] [stdout]    = note: `TmuxSession` has derived impls for the traits `Clone` and `Debug`, but these are intentionally ignored during dead code analysis
[INFO] [stdout] 
[INFO] [stdout] 
[INFO] [stdout] warning: method `switch_client` is never used
[INFO] [stdout]   --> src/domain/repositories/tmux/client_repository.rs:14:8
[INFO] [stdout]    |
[INFO] [stdout] 12 | pub trait TmuxClientRepository {
[INFO] [stdout]    |           -------------------- method in this trait
[INFO] [stdout] 13 |     fn get_clients(&self, filter: Option<TmuxFilterNode>, include: ClientIncludeFields) -> Vec<TmuxClient>;
[INFO] [stdout] 14 |     fn switch_client(&self, client: &TmuxClient, target: SwitchClientTarget) -> TmuxClient;
[INFO] [stdout]    |        ^^^^^^^^^^^^^
[INFO] [stdout] 
[INFO] [stdout] 
[INFO] [stdout] warning: methods `kill_pane` and `split_window` are never used
[INFO] [stdout]   --> src/domain/repositories/tmux/pane_repository.rs:22:8
[INFO] [stdout]    |
[INFO] [stdout] 20 | pub trait TmuxPaneRepository {
[INFO] [stdout]    |           ------------------ methods in this trait
[INFO] [stdout] 21 |     fn get_panes(&self, filter: Option<TmuxFilterNode>, target: GetPanesTarget) -> Vec<TmuxPane>;
[INFO] [stdout] 22 |     fn kill_pane(&self, pane: Option<&TmuxPane>);
[INFO] [stdout]    |        ^^^^^^^^^
[INFO] [stdout] 23 |     fn split_window(
[INFO] [stdout]    |        ^^^^^^^^^^^^
[INFO] [stdout] 
[INFO] [stdout] 
[INFO] [stdout] warning: method `delete_window` is never used
[INFO] [stdout]   --> src/domain/repositories/tmux/window_repository.rs:18:8
[INFO] [stdout]    |
[INFO] [stdout] 16 | pub trait TmuxWindowRepository {
[INFO] [stdout]    |           -------------------- method in this trait
[INFO] [stdout] 17 |     fn new_window(&self, new_widow: &NewWindowBuilder) -> TmuxWindow;
[INFO] [stdout] 18 |     fn delete_window(&self, session: Option<&TmuxWindow>);
[INFO] [stdout]    |        ^^^^^^^^^^^^^
[INFO] [stdout] 
[INFO] [stdout] 
[INFO] [stdout] warning: method `kill_session` is never used
[INFO] [stdout]   --> src/domain/repositories/tmux/session_repository.rs:11:8
[INFO] [stdout]    |
[INFO] [stdout] 9  | pub trait TmuxSessionRepository {
[INFO] [stdout]    |           --------------------- method in this trait
[INFO] [stdout] 10 |     fn new_session(&self, description: &SessionDescription) -> TmuxSession;
[INFO] [stdout] 11 |     fn kill_session(&self, session: Option<&TmuxSession>);
[INFO] [stdout]    |        ^^^^^^^^^^^^
[INFO] [stdout] 
[INFO] [stdout] 
[INFO] [stdout] warning: field `tmux_storage` is never read
[INFO] [stdout]  --> src/infrastructure/repositories/tmux/tmux_client.rs:4:9
[INFO] [stdout]   |
[INFO] [stdout] 3 | pub struct TmuxRepository<'a, TTmuxStorage: TmuxStorage> {
[INFO] [stdout]   |            -------------- field in this struct
[INFO] [stdout] 4 |     pub tmux_storage: &'a TTmuxStorage,
[INFO] [stdout]   |         ^^^^^^^^^^^^
[INFO] [stdout] 
[INFO] [stdout] 
[INFO] [stderr]     Finished `dev` profile [unoptimized + debuginfo] target(s) in 38.18s
[INFO] running `Command { std: "docker" "inspect" "2536dcd11a70f8193ea2954edfd3dff0950bf463f9ca8c9d0e04079f87c65aab", kill_on_drop: false }`
[INFO] running `Command { std: "docker" "rm" "-f" "2536dcd11a70f8193ea2954edfd3dff0950bf463f9ca8c9d0e04079f87c65aab", kill_on_drop: false }`
[INFO] [stdout] 2536dcd11a70f8193ea2954edfd3dff0950bf463f9ca8c9d0e04079f87c65aab
[INFO] running `Command { std: "docker" "create" "-v" "/var/lib/crater-agent-workspace/builds/worker-1-tc1/target:/opt/rustwide/target:rw,Z" "-v" "/var/lib/crater-agent-workspace/builds/worker-1-tc1/source:/opt/rustwide/workdir:ro,Z" "-v" "/var/lib/crater-agent-workspace/cargo-home:/opt/rustwide/cargo-home:ro,Z" "-v" "/var/lib/crater-agent-workspace/rustup-home:/opt/rustwide/rustup-home:ro,Z" "-e" "SOURCE_DIR=/opt/rustwide/workdir" "-e" "CARGO_TARGET_DIR=/opt/rustwide/target" "-e" "CARGO_INCREMENTAL=0" "-e" "RUST_BACKTRACE=full" "-e" "RUSTFLAGS=--cap-lints=warn" "-e" "RUSTDOCFLAGS=--cap-lints=warn" "-e" "CARGO_HOME=/opt/rustwide/cargo-home" "-e" "RUSTUP_HOME=/opt/rustwide/rustup-home" "-w" "/opt/rustwide/workdir" "-m" "1610612736" "--user" "0:0" "--network" "none" "ghcr.io/rust-lang/crates-build-env/linux@sha256:f3a9d4ad9d972b27faf3965f35b62e55ba32bbce8f20bc8fe909558a86702fde" "/opt/rustwide/cargo-home/bin/cargo" "+1.83.0" "test" "--frozen" "--no-run" "--message-format=json", kill_on_drop: false }`
[INFO] [stdout] b719bfcf75ee98d8eef13871e070fe034bf8d2854c64a78fad61d6e38b99fe9d
[INFO] running `Command { std: "docker" "start" "-a" "b719bfcf75ee98d8eef13871e070fe034bf8d2854c64a78fad61d6e38b99fe9d", kill_on_drop: false }`
[INFO] [stdout] warning: field `attached_to` is never read
[INFO] [stdout]  --> src/domain/aggregates/tmux/client.rs:6:9
[INFO] [stdout]   |
[INFO] [stdout] 4 | pub struct TmuxClient {
[INFO] [stdout]   |            ---------- field in this struct
[INFO] [stdout] 5 |     pub name: String,
[INFO] [stdout] 6 |     pub attached_to: Option<TmuxSession>,
[INFO] [stdout]   |         ^^^^^^^^^^^
[INFO] [stdout]   |
[INFO] [stdout]   = note: `TmuxClient` has derived impls for the traits `Clone` and `Debug`, but these are intentionally ignored during dead code analysis
[INFO] [stdout]   = note: `#[warn(dead_code)]` on by default
[INFO] [stdout] 
[INFO] [stdout] 
[INFO] [stdout] warning: field `include_fields` is never read
[INFO] [stdout]   --> src/domain/aggregates/tmux/window.rs:13:9
[INFO] [stdout]    |
[INFO] [stdout] 8  | pub struct TmuxWindow {
[INFO] [stdout]    |            ---------- field in this struct
[INFO] [stdout] ...
[INFO] [stdout] 13 |     pub include_fields: WindowIncludeFields,
[INFO] [stdout]    |         ^^^^^^^^^^^^^^
[INFO] [stdout]    |
[INFO] [stdout]    = note: `TmuxWindow` has derived impls for the traits `Clone` and `Debug`, but these are intentionally ignored during dead code analysis
[INFO] [stdout] 
[INFO] [stdout] 
[INFO] [stdout] warning: field `include_fields` is never read
[INFO] [stdout]   --> src/domain/aggregates/tmux/session.rs:14:9
[INFO] [stdout]    |
[INFO] [stdout] 8  | pub struct TmuxSession {
[INFO] [stdout]    |            ----------- field in this struct
[INFO] [stdout] ...
[INFO] [stdout] 14 |     pub include_fields: SessionIncludeFields,
[INFO] [stdout]    |         ^^^^^^^^^^^^^^
[INFO] [stdout]    |
[INFO] [stdout]    = note: `TmuxSession` has derived impls for the traits `Clone` and `Debug`, but these are intentionally ignored during dead code analysis
[INFO] [stdout] 
[INFO] [stdout] 
[INFO] [stdout] warning: method `switch_client` is never used
[INFO] [stdout]   --> src/domain/repositories/tmux/client_repository.rs:14:8
[INFO] [stdout]    |
[INFO] [stdout] 12 | pub trait TmuxClientRepository {
[INFO] [stdout]    |           -------------------- method in this trait
[INFO] [stdout] 13 |     fn get_clients(&self, filter: Option<TmuxFilterNode>, include: ClientIncludeFields) -> Vec<TmuxClient>;
[INFO] [stdout] 14 |     fn switch_client(&self, client: &TmuxClient, target: SwitchClientTarget) -> TmuxClient;
[INFO] [stdout]    |        ^^^^^^^^^^^^^
[INFO] [stdout] 
[INFO] [stdout] 
[INFO] [stderr]    Compiling rafaeltab v0.1.0 (/opt/rustwide/workdir)
[INFO] [stdout] warning: methods `kill_pane` and `split_window` are never used
[INFO] [stdout]   --> src/domain/repositories/tmux/pane_repository.rs:22:8
[INFO] [stdout]    |
[INFO] [stdout] 20 | pub trait TmuxPaneRepository {
[INFO] [stdout]    |           ------------------ methods in this trait
[INFO] [stdout] 21 |     fn get_panes(&self, filter: Option<TmuxFilterNode>, target: GetPanesTarget) -> Vec<TmuxPane>;
[INFO] [stdout] 22 |     fn kill_pane(&self, pane: Option<&TmuxPane>);
[INFO] [stdout]    |        ^^^^^^^^^
[INFO] [stdout] 23 |     fn split_window(
[INFO] [stdout]    |        ^^^^^^^^^^^^
[INFO] [stdout] 
[INFO] [stdout] 
[INFO] [stdout] warning: method `delete_window` is never used
[INFO] [stdout]   --> src/domain/repositories/tmux/window_repository.rs:18:8
[INFO] [stdout]    |
[INFO] [stdout] 16 | pub trait TmuxWindowRepository {
[INFO] [stdout]    |           -------------------- method in this trait
[INFO] [stdout] 17 |     fn new_window(&self, new_widow: &NewWindowBuilder) -> TmuxWindow;
[INFO] [stdout] 18 |     fn delete_window(&self, session: Option<&TmuxWindow>);
[INFO] [stdout]    |        ^^^^^^^^^^^^^
[INFO] [stdout] 
[INFO] [stdout] 
[INFO] [stdout] warning: method `kill_session` is never used
[INFO] [stdout]   --> src/domain/repositories/tmux/session_repository.rs:11:8
[INFO] [stdout]    |
[INFO] [stdout] 9  | pub trait TmuxSessionRepository {
[INFO] [stdout]    |           --------------------- method in this trait
[INFO] [stdout] 10 |     fn new_session(&self, description: &SessionDescription) -> TmuxSession;
[INFO] [stdout] 11 |     fn kill_session(&self, session: Option<&TmuxSession>);
[INFO] [stdout]    |        ^^^^^^^^^^^^
[INFO] [stdout] 
[INFO] [stdout] 
[INFO] [stdout] warning: field `tmux_storage` is never read
[INFO] [stdout]  --> src/infrastructure/repositories/tmux/tmux_client.rs:4:9
[INFO] [stdout]   |
[INFO] [stdout] 3 | pub struct TmuxRepository<'a, TTmuxStorage: TmuxStorage> {
[INFO] [stdout]   |            -------------- field in this struct
[INFO] [stdout] 4 |     pub tmux_storage: &'a TTmuxStorage,
[INFO] [stdout]   |         ^^^^^^^^^^^^
[INFO] [stdout] 
[INFO] [stdout] 
[INFO] [stdout] warning: function `run_cli_command` is never used
[INFO] [stdout]   --> tests/common/helpers.rs:28:8
[INFO] [stdout]    |
[INFO] [stdout] 28 | pub fn run_cli_command(args: &[&str]) -> (String, String) {
[INFO] [stdout]    |        ^^^^^^^^^^^^^^^
[INFO] [stdout]    |
[INFO] [stdout]    = note: `#[warn(dead_code)]` on by default
[INFO] [stdout] 
[INFO] [stdout] 
[INFO] [stdout] warning: function `verify_file_contents` is never used
[INFO] [stdout]   --> tests/common/helpers.rs:68:8
[INFO] [stdout]    |
[INFO] [stdout] 68 | pub fn verify_file_contents(expected_content: &str) {
[INFO] [stdout]    |        ^^^^^^^^^^^^^^^^^^^^
[INFO] [stdout] 
[INFO] [stdout] 
[INFO] [stdout] warning: function `cleanup` is never used
[INFO] [stdout]   --> tests/common/helpers.rs:73:8
[INFO] [stdout]    |
[INFO] [stdout] 73 | pub fn cleanup() {
[INFO] [stdout]    |        ^^^^^^^
[INFO] [stdout] 
[INFO] [stdout] 
[INFO] [stdout] warning: field `attached_to` is never read
[INFO] [stdout]  --> src/domain/aggregates/tmux/client.rs:6:9
[INFO] [stdout]   |
[INFO] [stdout] 4 | pub struct TmuxClient {
[INFO] [stdout]   |            ---------- field in this struct
[INFO] [stdout] 5 |     pub name: String,
[INFO] [stdout] 6 |     pub attached_to: Option<TmuxSession>,
[INFO] [stdout]   |         ^^^^^^^^^^^
[INFO] [stdout]   |
[INFO] [stdout]   = note: `TmuxClient` has derived impls for the traits `Clone` and `Debug`, but these are intentionally ignored during dead code analysis
[INFO] [stdout]   = note: `#[warn(dead_code)]` on by default
[INFO] [stdout] 
[INFO] [stdout] 
[INFO] [stdout] warning: field `include_fields` is never read
[INFO] [stdout]   --> src/domain/aggregates/tmux/window.rs:13:9
[INFO] [stdout]    |
[INFO] [stdout] 8  | pub struct TmuxWindow {
[INFO] [stdout]    |            ---------- field in this struct
[INFO] [stdout] ...
[INFO] [stdout] 13 |     pub include_fields: WindowIncludeFields,
[INFO] [stdout]    |         ^^^^^^^^^^^^^^
[INFO] [stdout]    |
[INFO] [stdout]    = note: `TmuxWindow` has derived impls for the traits `Clone` and `Debug`, but these are intentionally ignored during dead code analysis
[INFO] [stdout] 
[INFO] [stdout] 
[INFO] [stdout] warning: field `include_fields` is never read
[INFO] [stdout]   --> src/domain/aggregates/tmux/session.rs:14:9
[INFO] [stdout]    |
[INFO] [stdout] 8  | pub struct TmuxSession {
[INFO] [stdout]    |            ----------- field in this struct
[INFO] [stdout] ...
[INFO] [stdout] 14 |     pub include_fields: SessionIncludeFields,
[INFO] [stdout]    |         ^^^^^^^^^^^^^^
[INFO] [stdout]    |
[INFO] [stdout]    = note: `TmuxSession` has derived impls for the traits `Clone` and `Debug`, but these are intentionally ignored during dead code analysis
[INFO] [stdout] 
[INFO] [stdout] 
[INFO] [stdout] warning: method `switch_client` is never used
[INFO] [stdout]   --> src/domain/repositories/tmux/client_repository.rs:14:8
[INFO] [stdout]    |
[INFO] [stdout] 12 | pub trait TmuxClientRepository {
[INFO] [stdout]    |           -------------------- method in this trait
[INFO] [stdout] 13 |     fn get_clients(&self, filter: Option<TmuxFilterNode>, include: ClientIncludeFields) -> Vec<TmuxClient>;
[INFO] [stdout] 14 |     fn switch_client(&self, client: &TmuxClient, target: SwitchClientTarget) -> TmuxClient;
[INFO] [stdout]    |        ^^^^^^^^^^^^^
[INFO] [stdout] 
[INFO] [stdout] 
[INFO] [stdout] warning: methods `kill_pane` and `split_window` are never used
[INFO] [stdout]   --> src/domain/repositories/tmux/pane_repository.rs:22:8
[INFO] [stdout]    |
[INFO] [stdout] 20 | pub trait TmuxPaneRepository {
[INFO] [stdout]    |           ------------------ methods in this trait
[INFO] [stdout] 21 |     fn get_panes(&self, filter: Option<TmuxFilterNode>, target: GetPanesTarget) -> Vec<TmuxPane>;
[INFO] [stdout] 22 |     fn kill_pane(&self, pane: Option<&TmuxPane>);
[INFO] [stdout]    |        ^^^^^^^^^
[INFO] [stdout] 23 |     fn split_window(
[INFO] [stdout]    |        ^^^^^^^^^^^^
[INFO] [stdout] 
[INFO] [stdout] 
[INFO] [stdout] warning: method `delete_window` is never used
[INFO] [stdout]   --> src/domain/repositories/tmux/window_repository.rs:18:8
[INFO] [stdout]    |
[INFO] [stdout] 16 | pub trait TmuxWindowRepository {
[INFO] [stdout]    |           -------------------- method in this trait
[INFO] [stdout] 17 |     fn new_window(&self, new_widow: &NewWindowBuilder) -> TmuxWindow;
[INFO] [stdout] 18 |     fn delete_window(&self, session: Option<&TmuxWindow>);
[INFO] [stdout]    |        ^^^^^^^^^^^^^
[INFO] [stdout] 
[INFO] [stdout] 
[INFO] [stdout] warning: method `kill_session` is never used
[INFO] [stdout]   --> src/domain/repositories/tmux/session_repository.rs:11:8
[INFO] [stdout]    |
[INFO] [stdout] 9  | pub trait TmuxSessionRepository {
[INFO] [stdout]    |           --------------------- method in this trait
[INFO] [stdout] 10 |     fn new_session(&self, description: &SessionDescription) -> TmuxSession;
[INFO] [stdout] 11 |     fn kill_session(&self, session: Option<&TmuxSession>);
[INFO] [stdout]    |        ^^^^^^^^^^^^
[INFO] [stdout] 
[INFO] [stdout] 
[INFO] [stdout] warning: field `tmux_storage` is never read
[INFO] [stdout]  --> src/infrastructure/repositories/tmux/tmux_client.rs:4:9
[INFO] [stdout]   |
[INFO] [stdout] 3 | pub struct TmuxRepository<'a, TTmuxStorage: TmuxStorage> {
[INFO] [stdout]   |            -------------- field in this struct
[INFO] [stdout] 4 |     pub tmux_storage: &'a TTmuxStorage,
[INFO] [stdout]   |         ^^^^^^^^^^^^
[INFO] [stdout] 
[INFO] [stdout] 
[INFO] [stderr]     Finished `test` profile [unoptimized + debuginfo] target(s) in 3.18s
[INFO] running `Command { std: "docker" "inspect" "b719bfcf75ee98d8eef13871e070fe034bf8d2854c64a78fad61d6e38b99fe9d", kill_on_drop: false }`
[INFO] running `Command { std: "docker" "rm" "-f" "b719bfcf75ee98d8eef13871e070fe034bf8d2854c64a78fad61d6e38b99fe9d", kill_on_drop: false }`
[INFO] [stdout] b719bfcf75ee98d8eef13871e070fe034bf8d2854c64a78fad61d6e38b99fe9d
[INFO] running `Command { std: "docker" "create" "-v" "/var/lib/crater-agent-workspace/builds/worker-1-tc1/target:/opt/rustwide/target:rw,Z" "-v" "/var/lib/crater-agent-workspace/builds/worker-1-tc1/source:/opt/rustwide/workdir:ro,Z" "-v" "/var/lib/crater-agent-workspace/cargo-home:/opt/rustwide/cargo-home:ro,Z" "-v" "/var/lib/crater-agent-workspace/rustup-home:/opt/rustwide/rustup-home:ro,Z" "-e" "SOURCE_DIR=/opt/rustwide/workdir" "-e" "CARGO_TARGET_DIR=/opt/rustwide/target" "-e" "CARGO_INCREMENTAL=0" "-e" "RUST_BACKTRACE=full" "-e" "RUSTFLAGS=--cap-lints=warn" "-e" "RUSTDOCFLAGS=--cap-lints=warn" "-e" "CARGO_HOME=/opt/rustwide/cargo-home" "-e" "RUSTUP_HOME=/opt/rustwide/rustup-home" "-w" "/opt/rustwide/workdir" "-m" "1610612736" "--user" "0:0" "--network" "none" "ghcr.io/rust-lang/crates-build-env/linux@sha256:f3a9d4ad9d972b27faf3965f35b62e55ba32bbce8f20bc8fe909558a86702fde" "/opt/rustwide/cargo-home/bin/cargo" "+1.83.0" "test" "--frozen", kill_on_drop: false }`
[INFO] [stdout] 7e10df7fb82e9a70878bb59584923d7294b42593edea9e2f884550dd1a7d6911
[INFO] running `Command { std: "docker" "start" "-a" "7e10df7fb82e9a70878bb59584923d7294b42593edea9e2f884550dd1a7d6911", kill_on_drop: false }`
[INFO] [stderr] warning: function `run_cli_command` is never used
[INFO] [stderr]   --> tests/common/helpers.rs:28:8
[INFO] [stderr]    |
[INFO] [stderr] 28 | pub fn run_cli_command(args: &[&str]) -> (String, String) {
[INFO] [stderr]    |        ^^^^^^^^^^^^^^^
[INFO] [stderr]    |
[INFO] [stderr]    = note: `#[warn(dead_code)]` on by default
[INFO] [stderr] 
[INFO] [stderr] warning: function `verify_file_contents` is never used
[INFO] [stderr]   --> tests/common/helpers.rs:68:8
[INFO] [stderr]    |
[INFO] [stderr] 68 | pub fn verify_file_contents(expected_content: &str) {
[INFO] [stderr]    |        ^^^^^^^^^^^^^^^^^^^^
[INFO] [stderr] 
[INFO] [stderr] warning: function `cleanup` is never used
[INFO] [stderr]   --> tests/common/helpers.rs:73:8
[INFO] [stderr]    |
[INFO] [stderr] 73 | pub fn cleanup() {
[INFO] [stderr]    |        ^^^^^^^
[INFO] [stderr] 
[INFO] [stderr] warning: field `attached_to` is never read
[INFO] [stderr]  --> src/domain/aggregates/tmux/client.rs:6:9
[INFO] [stderr]   |
[INFO] [stderr] 4 | pub struct TmuxClient {
[INFO] [stderr]   |            ---------- field in this struct
[INFO] [stderr] 5 |     pub name: String,
[INFO] [stderr] 6 |     pub attached_to: Option<TmuxSession>,
[INFO] [stderr]   |         ^^^^^^^^^^^
[INFO] [stderr]   |
[INFO] [stderr]   = note: `TmuxClient` has derived impls for the traits `Clone` and `Debug`, but these are intentionally ignored during dead code analysis
[INFO] [stderr]   = note: `#[warn(dead_code)]` on by default
[INFO] [stderr] 
[INFO] [stderr] warning: field `include_fields` is never read
[INFO] [stderr]   --> src/domain/aggregates/tmux/window.rs:13:9
[INFO] [stderr]    |
[INFO] [stderr] 8  | pub struct TmuxWindow {
[INFO] [stderr]    |            ---------- field in this struct
[INFO] [stderr] ...
[INFO] [stderr] 13 |     pub include_fields: WindowIncludeFields,
[INFO] [stderr]    |         ^^^^^^^^^^^^^^
[INFO] [stderr]    |
[INFO] [stderr]    = note: `TmuxWindow` has derived impls for the traits `Clone` and `Debug`, but these are intentionally ignored during dead code analysis
[INFO] [stderr] 
[INFO] [stderr] warning: field `include_fields` is never read
[INFO] [stderr]   --> src/domain/aggregates/tmux/session.rs:14:9
[INFO] [stderr]    |
[INFO] [stderr] 8  | pub struct TmuxSession {
[INFO] [stderr]    |            ----------- field in this struct
[INFO] [stderr] ...
[INFO] [stderr] 14 |     pub include_fields: SessionIncludeFields,
[INFO] [stderr]    |         ^^^^^^^^^^^^^^
[INFO] [stderr]    |
[INFO] [stderr]    = note: `TmuxSession` has derived impls for the traits `Clone` and `Debug`, but these are intentionally ignored during dead code analysis
[INFO] [stderr] 
[INFO] [stderr] warning: method `switch_client` is never used
[INFO] [stderr]   --> src/domain/repositories/tmux/client_repository.rs:14:8
[INFO] [stderr]    |
[INFO] [stderr] 12 | pub trait TmuxClientRepository {
[INFO] [stderr]    |           -------------------- method in this trait
[INFO] [stderr] 13 |     fn get_clients(&self, filter: Option<TmuxFilterNode>, include: ClientIncludeFields) -> Vec<TmuxClient>;
[INFO] [stderr] 14 |     fn switch_client(&self, client: &TmuxClient, target: SwitchClientTarget) -> TmuxClient;
[INFO] [stderr]    |        ^^^^^^^^^^^^^
[INFO] [stderr] 
[INFO] [stderr] warning: methods `kill_pane` and `split_window` are never used
[INFO] [stderr]   --> src/domain/repositories/tmux/pane_repository.rs:22:8
[INFO] [stderr]    |
[INFO] [stderr] 20 | pub trait TmuxPaneRepository {
[INFO] [stderr]    |           ------------------ methods in this trait
[INFO] [stderr] 21 |     fn get_panes(&self, filter: Option<TmuxFilterNode>, target: GetPanesTarget) -> Vec<TmuxPane>;
[INFO] [stderr] 22 |     fn kill_pane(&self, pane: Option<&TmuxPane>);
[INFO] [stderr]    |        ^^^^^^^^^
[INFO] [stderr] 23 |     fn split_window(
[INFO] [stderr]    |        ^^^^^^^^^^^^
[INFO] [stderr] 
[INFO] [stderr] warning: method `delete_window` is never used
[INFO] [stderr]   --> src/domain/repositories/tmux/window_repository.rs:18:8
[INFO] [stderr]    |
[INFO] [stderr] 16 | pub trait TmuxWindowRepository {
[INFO] [stderr]    |           -------------------- method in this trait
[INFO] [stderr] 17 |     fn new_window(&self, new_widow: &NewWindowBuilder) -> TmuxWindow;
[INFO] [stderr] 18 |     fn delete_window(&self, session: Option<&TmuxWindow>);
[INFO] [stderr]    |        ^^^^^^^^^^^^^
[INFO] [stderr] 
[INFO] [stderr] warning: method `kill_session` is never used
[INFO] [stderr]   --> src/domain/repositories/tmux/session_repository.rs:11:8
[INFO] [stderr]    |
[INFO] [stderr] 9  | pub trait TmuxSessionRepository {
[INFO] [stderr]    |           --------------------- method in this trait
[INFO] [stderr] 10 |     fn new_session(&self, description: &SessionDescription) -> TmuxSession;
[INFO] [stderr] 11 |     fn kill_session(&self, session: Option<&TmuxSession>);
[INFO] [stderr]    |        ^^^^^^^^^^^^
[INFO] [stderr] 
[INFO] [stderr] warning: field `tmux_storage` is never read
[INFO] [stderr]  --> src/infrastructure/repositories/tmux/tmux_client.rs:4:9
[INFO] [stderr]   |
[INFO] [stderr] 3 | pub struct TmuxRepository<'a, TTmuxStorage: TmuxStorage> {
[INFO] [stderr]   |            -------------- field in this struct
[INFO] [stderr] 4 |     pub tmux_storage: &'a TTmuxStorage,
[INFO] [stderr]   |         ^^^^^^^^^^^^
[INFO] [stderr] 
[INFO] [stderr] warning: `rafaeltab` (test "integration_test") generated 3 warnings
[INFO] [stderr] warning: `rafaeltab` (bin "rafaeltab") generated 8 warnings
[INFO] [stderr] warning: `rafaeltab` (bin "rafaeltab" test) generated 8 warnings (8 duplicates)
[INFO] [stderr]     Finished `test` profile [unoptimized + debuginfo] target(s) in 0.09s
[INFO] [stderr]      Running unittests src/main.rs (/opt/rustwide/target/debug/deps/rafaeltab-57f1458f3583a128)
[INFO] [stdout] 
[INFO] [stdout] running 12 tests
[INFO] [stdout] test infrastructure::repositories::tmux::description_repository::tests::should_include_all_workspaces ... ok
[INFO] [stdout] test infrastructure::repositories::tmux::description_repository::tests::should_include_all_path_sessions ... ok
[INFO] [stdout] test infrastructure::repositories::tmux::description_repository::tests::should_use_session_definition_for_workspace_sessions ... ok
[INFO] [stdout] test infrastructure::repositories::workspace::workspace_repository::test::should_map_all_workspaces ... ok
[INFO] [stdout] test infrastructure::repositories::workspace::workspace_repository::test::should_map_basic_fields ... ok
[INFO] [stdout] test infrastructure::repositories::workspace::workspace_repository::test::should_map_none_tags_to_empty_vec ... ok
[INFO] [stdout] test infrastructure::repositories::tmux::description_repository::tests::should_not_apply_workspaces_twice_when_defined_in_sessions ... ok
[INFO] [stdout] test infrastructure::repositories::workspace::workspace_repository::test::should_map_root_to_path ... ok
[INFO] [stdout] test infrastructure::repositories::workspace::workspace_repository::test::should_map_tags_to_workspace_tags ... ok
[INFO] [stdout] test infrastructure::tmux::tmux_format::test::any ... ok
[INFO] [stdout] test infrastructure::repositories::tmux::description_repository::tests::should_apply_default_windows_to_workspaces ... ok
[INFO] [stdout] test infrastructure::tmux::tmux_format::test::basic ... ok
[INFO] [stdout] 
[INFO] [stdout] test result: ok. 12 passed; 0 failed; 0 ignored; 0 measured; 0 filtered out; finished in 0.01s
[INFO] [stdout] 
[INFO] [stderr]      Running tests/integration_test.rs (/opt/rustwide/target/debug/deps/integration_test-a3a4c5c7af9ddcad)
[INFO] [stdout] 
[INFO] [stdout] running 1 test
[INFO] [stdout] test integration_tests::workspace_list::test_cli_integration ... FAILED
[INFO] [stdout] 
[INFO] [stdout] failures:
[INFO] [stdout] 
[INFO] [stdout] ---- integration_tests::workspace_list::test_cli_integration stdout ----
[INFO] [stdout] thread 'integration_tests::workspace_list::test_cli_integration' panicked at tests/common/helpers.rs:47:10:
[INFO] [stdout] failed to execute process: Os { code: 2, kind: NotFound, message: "No such file or directory" }
[INFO] [stdout] stack backtrace:
[INFO] [stdout]    0:     0x5f02f3b5cbca - std::backtrace_rs::backtrace::libunwind::trace::h5a5b8284f2d0c266
[INFO] [stdout]                                at /rustc/90b35a6239c3d8bdabc530a6a0816f7ff89a0aaf/library/std/src/../../backtrace/src/backtrace/libunwind.rs:116:5
[INFO] [stdout]    1:     0x5f02f3b5cbca - std::backtrace_rs::backtrace::trace_unsynchronized::h76d4f1c9b0b875e3
[INFO] [stdout]                                at /rustc/90b35a6239c3d8bdabc530a6a0816f7ff89a0aaf/library/std/src/../../backtrace/src/backtrace/mod.rs:66:5
[INFO] [stdout]    2:     0x5f02f3b5cbca - std::sys::backtrace::_print_fmt::hc4546b8364a537c6
[INFO] [stdout]                                at /rustc/90b35a6239c3d8bdabc530a6a0816f7ff89a0aaf/library/std/src/sys/backtrace.rs:66:9
[INFO] [stdout]    3:     0x5f02f3b5cbca - <std::sys::backtrace::BacktraceLock::print::DisplayBacktrace as core::fmt::Display>::fmt::h5b6bd5631a6d1f6b
[INFO] [stdout]                                at /rustc/90b35a6239c3d8bdabc530a6a0816f7ff89a0aaf/library/std/src/sys/backtrace.rs:39:26
[INFO] [stdout]    4:     0x5f02f3b821d3 - core::fmt::rt::Argument::fmt::h270f6602a2b96f62
[INFO] [stdout]                                at /rustc/90b35a6239c3d8bdabc530a6a0816f7ff89a0aaf/library/core/src/fmt/rt.rs:177:76
[INFO] [stdout]    5:     0x5f02f3b821d3 - core::fmt::write::h7550c97b06c86515
[INFO] [stdout]                                at /rustc/90b35a6239c3d8bdabc530a6a0816f7ff89a0aaf/library/core/src/fmt/mod.rs:1186:21
[INFO] [stdout]    6:     0x5f02f3b59a53 - std::io::Write::write_fmt::h509ff860e5956e5e
[INFO] [stdout]                                at /rustc/90b35a6239c3d8bdabc530a6a0816f7ff89a0aaf/library/std/src/io/mod.rs:1839:15
[INFO] [stdout]    7:     0x5f02f3b5ca12 - std::sys::backtrace::BacktraceLock::print::h2395ccd2c84ba3aa
[INFO] [stdout]                                at /rustc/90b35a6239c3d8bdabc530a6a0816f7ff89a0aaf/library/std/src/sys/backtrace.rs:42:9
[INFO] [stdout]    8:     0x5f02f3b5e02a - std::panicking::default_hook::{{closure}}::he19d4c7230e07961
[INFO] [stdout]                                at /rustc/90b35a6239c3d8bdabc530a6a0816f7ff89a0aaf/library/std/src/panicking.rs:268:22
[INFO] [stdout]    9:     0x5f02f3b5de34 - std::panicking::default_hook::hf614597d3c67bbdb
[INFO] [stdout]                                at /rustc/90b35a6239c3d8bdabc530a6a0816f7ff89a0aaf/library/std/src/panicking.rs:292:9
[INFO] [stdout]   10:     0x5f02f3b23bc9 - <alloc::boxed::Box<F,A> as core::ops::function::Fn<Args>>::call::h39b51ce4599c23d1
[INFO] [stdout]                                at /rustc/90b35a6239c3d8bdabc530a6a0816f7ff89a0aaf/library/alloc/src/boxed.rs:2468:9
[INFO] [stdout]   11:     0x5f02f3b23bc9 - test::test_main::{{closure}}::he977ae839a582784
[INFO] [stdout]                                at /rustc/90b35a6239c3d8bdabc530a6a0816f7ff89a0aaf/library/test/src/lib.rs:133:21
[INFO] [stdout]   12:     0x5f02f3b5e6c8 - <alloc::boxed::Box<F,A> as core::ops::function::Fn<Args>>::call::h9455091b6b06f9fb
[INFO] [stdout]                                at /rustc/90b35a6239c3d8bdabc530a6a0816f7ff89a0aaf/library/alloc/src/boxed.rs:2468:9
[INFO] [stdout]   13:     0x5f02f3b5e6c8 - std::panicking::rust_panic_with_hook::h8942133a8b252070
[INFO] [stdout]                                at /rustc/90b35a6239c3d8bdabc530a6a0816f7ff89a0aaf/library/std/src/panicking.rs:809:13
[INFO] [stdout]   14:     0x5f02f3b5e48a - std::panicking::begin_panic_handler::{{closure}}::hb5f5963570096b29
[INFO] [stdout]                                at /rustc/90b35a6239c3d8bdabc530a6a0816f7ff89a0aaf/library/std/src/panicking.rs:674:13
[INFO] [stdout]   15:     0x5f02f3b5d0a9 - std::sys::backtrace::__rust_end_short_backtrace::h6208cedc1922feda
[INFO] [stdout]                                at /rustc/90b35a6239c3d8bdabc530a6a0816f7ff89a0aaf/library/std/src/sys/backtrace.rs:170:18
[INFO] [stdout]   16:     0x5f02f3b5e11c - rust_begin_unwind
[INFO] [stdout]                                at /rustc/90b35a6239c3d8bdabc530a6a0816f7ff89a0aaf/library/std/src/panicking.rs:665:5
[INFO] [stdout]   17:     0x5f02f3ae0a60 - core::panicking::panic_fmt::h0c3082644d1bf418
[INFO] [stdout]                                at /rustc/90b35a6239c3d8bdabc530a6a0816f7ff89a0aaf/library/core/src/panicking.rs:74:14
[INFO] [stdout]   18:     0x5f02f3ae0e06 - core::result::unwrap_failed::hd20b4aa073bda1e2
[INFO] [stdout]                                at /rustc/90b35a6239c3d8bdabc530a6a0816f7ff89a0aaf/library/core/src/result.rs:1700:5
[INFO] [stdout]   19:     0x5f02f3ae4595 - core::result::Result<T,E>::expect::hd4702c68b6bc26ba
[INFO] [stdout]                                at /rustc/90b35a6239c3d8bdabc530a6a0816f7ff89a0aaf/library/core/src/result.rs:1061:23
[INFO] [stdout]   20:     0x5f02f3ae669a - integration_test::common::helpers::run_cli_with_stdin::h202c69580e983f5d
[INFO] [stdout]                                at /opt/rustwide/workdir/tests/common/helpers.rs:41:23
[INFO] [stdout]   21:     0x5f02f3ae6bb4 - integration_test::integration_tests::workspace_list::test_cli_integration::h61c0f615c7c89afe
[INFO] [stdout]                                at /opt/rustwide/workdir/tests/integration_tests/workspace_list.rs:77:29
[INFO] [stdout]   22:     0x5f02f3ae6b37 - integration_test::integration_tests::workspace_list::test_cli_integration::{{closure}}::h71cadf36523fde32
[INFO] [stdout]                                at /opt/rustwide/workdir/tests/integration_tests/workspace_list.rs:4:30
[INFO] [stdout]   23:     0x5f02f3ae23f6 - core::ops::function::FnOnce::call_once::h7aff7b5c7cbbff74
[INFO] [stdout]                                at /rustc/90b35a6239c3d8bdabc530a6a0816f7ff89a0aaf/library/core/src/ops/function.rs:250:5
[INFO] [stdout]   24:     0x5f02f3b2858b - core::ops::function::FnOnce::call_once::h109cf8051a59b34e
[INFO] [stdout]                                at /rustc/90b35a6239c3d8bdabc530a6a0816f7ff89a0aaf/library/core/src/ops/function.rs:250:5
[INFO] [stdout]   25:     0x5f02f3b2858b - test::__rust_begin_short_backtrace::hf4fff89d377446ba
[INFO] [stdout]                                at /rustc/90b35a6239c3d8bdabc530a6a0816f7ff89a0aaf/library/test/src/lib.rs:621:18
[INFO] [stdout]   26:     0x5f02f3b27dc7 - test::run_test_in_process::{{closure}}::h0e39181dd7ee5a43
[INFO] [stdout]                                at /rustc/90b35a6239c3d8bdabc530a6a0816f7ff89a0aaf/library/test/src/lib.rs:644:60
[INFO] [stdout]   27:     0x5f02f3b27dc7 - <core::panic::unwind_safe::AssertUnwindSafe<F> as core::ops::function::FnOnce<()>>::call_once::hc5a66a30f0bdfd1f
[INFO] [stdout]                                at /rustc/90b35a6239c3d8bdabc530a6a0816f7ff89a0aaf/library/core/src/panic/unwind_safe.rs:272:9
[INFO] [stdout]   28:     0x5f02f3b27dc7 - std::panicking::try::do_call::h873b7cf639554a5e
[INFO] [stdout]                                at /rustc/90b35a6239c3d8bdabc530a6a0816f7ff89a0aaf/library/std/src/panicking.rs:557:40
[INFO] [stdout]   29:     0x5f02f3b27dc7 - std::panicking::try::hdb19862fad9c8bd1
[INFO] [stdout]                                at /rustc/90b35a6239c3d8bdabc530a6a0816f7ff89a0aaf/library/std/src/panicking.rs:520:19
[INFO] [stdout]   30:     0x5f02f3b27dc7 - std::panic::catch_unwind::h281fe732d236d260
[INFO] [stdout]                                at /rustc/90b35a6239c3d8bdabc530a6a0816f7ff89a0aaf/library/std/src/panic.rs:358:14
[INFO] [stdout]   31:     0x5f02f3b27dc7 - test::run_test_in_process::h949b6df8457ed338
[INFO] [stdout]                                at /rustc/90b35a6239c3d8bdabc530a6a0816f7ff89a0aaf/library/test/src/lib.rs:644:27
[INFO] [stdout]   32:     0x5f02f3b27dc7 - test::run_test::{{closure}}::h52c556a6d4740e10
[INFO] [stdout]                                at /rustc/90b35a6239c3d8bdabc530a6a0816f7ff89a0aaf/library/test/src/lib.rs:565:43
[INFO] [stdout]   33:     0x5f02f3aed0a4 - test::run_test::{{closure}}::h4237f6381c45ccb9
[INFO] [stdout]                                at /rustc/90b35a6239c3d8bdabc530a6a0816f7ff89a0aaf/library/test/src/lib.rs:595:41
[INFO] [stdout]   34:     0x5f02f3aed0a4 - std::sys::backtrace::__rust_begin_short_backtrace::h505c97a579eca628
[INFO] [stdout]                                at /rustc/90b35a6239c3d8bdabc530a6a0816f7ff89a0aaf/library/std/src/sys/backtrace.rs:154:18
[INFO] [stdout]   35:     0x5f02f3af076e - std::thread::Builder::spawn_unchecked_::{{closure}}::{{closure}}::h9e86b2e2bc107ea3
[INFO] [stdout]                                at /rustc/90b35a6239c3d8bdabc530a6a0816f7ff89a0aaf/library/std/src/thread/mod.rs:538:17
[INFO] [stdout]   36:     0x5f02f3af076e - <core::panic::unwind_safe::AssertUnwindSafe<F> as core::ops::function::FnOnce<()>>::call_once::h8b06ddb275ff4a25
[INFO] [stdout]                                at /rustc/90b35a6239c3d8bdabc530a6a0816f7ff89a0aaf/library/core/src/panic/unwind_safe.rs:272:9
[INFO] [stdout]   37:     0x5f02f3af076e - std::panicking::try::do_call::hb26ecd7cd9a9355d
[INFO] [stdout]                                at /rustc/90b35a6239c3d8bdabc530a6a0816f7ff89a0aaf/library/std/src/panicking.rs:557:40
[INFO] [stdout]   38:     0x5f02f3af076e - std::panicking::try::h8ddeca9d705f9069
[INFO] [stdout]                                at /rustc/90b35a6239c3d8bdabc530a6a0816f7ff89a0aaf/library/std/src/panicking.rs:520:19
[INFO] [stdout]   39:     0x5f02f3af076e - std::panic::catch_unwind::h49e1c33078844c46
[INFO] [stdout]                                at /rustc/90b35a6239c3d8bdabc530a6a0816f7ff89a0aaf/library/std/src/panic.rs:358:14
[INFO] [stdout]   40:     0x5f02f3af076e - std::thread::Builder::spawn_unchecked_::{{closure}}::h6073db6ff56ad35d
[INFO] [stdout]                                at /rustc/90b35a6239c3d8bdabc530a6a0816f7ff89a0aaf/library/std/src/thread/mod.rs:537:30
[INFO] [stdout]   41:     0x5f02f3af076e - core::ops::function::FnOnce::call_once{{vtable.shim}}::h2c5a5f3779c774f1
[INFO] [stdout]                                at /rustc/90b35a6239c3d8bdabc530a6a0816f7ff89a0aaf/library/core/src/ops/function.rs:250:5
[INFO] [stdout]   42:     0x5f02f3b6254b - <alloc::boxed::Box<F,A> as core::ops::function::FnOnce<Args>>::call_once::hf75717d9f28faebf
[INFO] [stdout]                                at /rustc/90b35a6239c3d8bdabc530a6a0816f7ff89a0aaf/library/alloc/src/boxed.rs:2454:9
[INFO] [stdout]   43:     0x5f02f3b6254b - <alloc::boxed::Box<F,A> as core::ops::function::FnOnce<Args>>::call_once::h7bd883a5f3c5f3c1
[INFO] [stdout]                                at /rustc/90b35a6239c3d8bdabc530a6a0816f7ff89a0aaf/library/alloc/src/boxed.rs:2454:9
[INFO] [stdout]   44:     0x5f02f3b6254b - std::sys::pal::unix::thread::Thread::new::thread_start::hcc78f3943333fa94
[INFO] [stdout]                                at /rustc/90b35a6239c3d8bdabc530a6a0816f7ff89a0aaf/library/std/src/sys/pal/unix/thread.rs:105:17
[INFO] [stdout]   45:     0x7b0553e45ac3 - <unknown>
[INFO] [stdout]   46:     0x7b0553ed6a04 - clone
[INFO] [stdout]   47:                0x0 - <unknown>
[INFO] [stdout] 
[INFO] [stdout] 
[INFO] [stdout] failures:
[INFO] [stdout]     integration_tests::workspace_list::test_cli_integration
[INFO] [stdout] 
[INFO] [stdout] test result: FAILED. 0 passed; 1 failed; 0 ignored; 0 measured; 0 filtered out; finished in 0.06s
[INFO] [stdout] 
[INFO] [stderr] error: test failed, to rerun pass `--test integration_test`
[INFO] running `Command { std: "docker" "inspect" "7e10df7fb82e9a70878bb59584923d7294b42593edea9e2f884550dd1a7d6911", kill_on_drop: false }`
[INFO] running `Command { std: "docker" "rm" "-f" "7e10df7fb82e9a70878bb59584923d7294b42593edea9e2f884550dd1a7d6911", kill_on_drop: false }`
[INFO] [stdout] 7e10df7fb82e9a70878bb59584923d7294b42593edea9e2f884550dd1a7d6911
