[INFO] cloning repository https://github.com/r0bin-dood/confee
[INFO] running `Command { std: "git" "-c" "credential.helper=" "-c" "credential.helper=/workspace/cargo-home/bin/git-credential-null" "clone" "--bare" "https://github.com/r0bin-dood/confee" "/workspace/cache/git-repos/https%3A%2F%2Fgithub.com%2Fr0bin-dood%2Fconfee", kill_on_drop: false }`
[INFO] [stderr] Cloning into bare repository '/workspace/cache/git-repos/https%3A%2F%2Fgithub.com%2Fr0bin-dood%2Fconfee'...
[INFO] running `Command { std: "git" "rev-parse" "HEAD", kill_on_drop: false }`
[INFO] [stdout] af547e52824f311d370c097825db29ff5385ac14
[INFO] testing r0bin-dood/confee against 1.83.0 for beta-1.84.0-4-retry
[INFO] running `Command { std: "git" "clone" "/workspace/cache/git-repos/https%3A%2F%2Fgithub.com%2Fr0bin-dood%2Fconfee" "/workspace/builds/worker-4-tc1/source", kill_on_drop: false }`
[INFO] [stderr] Cloning into '/workspace/builds/worker-4-tc1/source'...
[INFO] [stderr] done.
[INFO] validating manifest of git repo https://github.com/r0bin-dood/confee on toolchain 1.83.0
[INFO] running `Command { std: CARGO_HOME="/workspace/cargo-home" RUSTUP_HOME="/workspace/rustup-home" "/workspace/cargo-home/bin/cargo" "+1.83.0" "metadata" "--manifest-path" "Cargo.toml" "--no-deps", kill_on_drop: false }`
[INFO] started tweaking git repo https://github.com/r0bin-dood/confee
[INFO] finished tweaking git repo https://github.com/r0bin-dood/confee
[INFO] tweaked toml for git repo https://github.com/r0bin-dood/confee written to /workspace/builds/worker-4-tc1/source/Cargo.toml
[INFO] crate git repo https://github.com/r0bin-dood/confee already has a lockfile, it will not be regenerated
[INFO] running `Command { std: CARGO_HOME="/workspace/cargo-home" RUSTUP_HOME="/workspace/rustup-home" "/workspace/cargo-home/bin/cargo" "+1.83.0" "fetch" "--manifest-path" "Cargo.toml", kill_on_drop: false }`
[INFO] running `Command { std: "docker" "create" "-v" "/var/lib/crater-agent-workspace/builds/worker-4-tc1/target:/opt/rustwide/target:rw,Z" "-v" "/var/lib/crater-agent-workspace/builds/worker-4-tc1/source:/opt/rustwide/workdir:ro,Z" "-v" "/var/lib/crater-agent-workspace/cargo-home:/opt/rustwide/cargo-home:ro,Z" "-v" "/var/lib/crater-agent-workspace/rustup-home:/opt/rustwide/rustup-home:ro,Z" "-e" "SOURCE_DIR=/opt/rustwide/workdir" "-e" "CARGO_TARGET_DIR=/opt/rustwide/target" "-e" "CARGO_HOME=/opt/rustwide/cargo-home" "-e" "RUSTUP_HOME=/opt/rustwide/rustup-home" "-w" "/opt/rustwide/workdir" "-m" "1610612736" "--user" "0:0" "--network" "none" "ghcr.io/rust-lang/crates-build-env/linux@sha256:f3a9d4ad9d972b27faf3965f35b62e55ba32bbce8f20bc8fe909558a86702fde" "/opt/rustwide/cargo-home/bin/cargo" "+1.83.0" "metadata" "--no-deps" "--format-version=1", kill_on_drop: false }`
[INFO] [stdout] 7577a399f019a0550d842d5b97b6f7013af383abea90d445db62e61b7995e71e
[INFO] running `Command { std: "docker" "start" "-a" "7577a399f019a0550d842d5b97b6f7013af383abea90d445db62e61b7995e71e", kill_on_drop: false }`
[INFO] running `Command { std: "docker" "inspect" "7577a399f019a0550d842d5b97b6f7013af383abea90d445db62e61b7995e71e", kill_on_drop: false }`
[INFO] running `Command { std: "docker" "rm" "-f" "7577a399f019a0550d842d5b97b6f7013af383abea90d445db62e61b7995e71e", kill_on_drop: false }`
[INFO] [stdout] 7577a399f019a0550d842d5b97b6f7013af383abea90d445db62e61b7995e71e
[INFO] running `Command { std: "docker" "create" "-v" "/var/lib/crater-agent-workspace/builds/worker-4-tc1/target:/opt/rustwide/target:rw,Z" "-v" "/var/lib/crater-agent-workspace/builds/worker-4-tc1/source:/opt/rustwide/workdir:ro,Z" "-v" "/var/lib/crater-agent-workspace/cargo-home:/opt/rustwide/cargo-home:ro,Z" "-v" "/var/lib/crater-agent-workspace/rustup-home:/opt/rustwide/rustup-home:ro,Z" "-e" "SOURCE_DIR=/opt/rustwide/workdir" "-e" "CARGO_TARGET_DIR=/opt/rustwide/target" "-e" "CARGO_INCREMENTAL=0" "-e" "RUST_BACKTRACE=full" "-e" "RUSTFLAGS=--cap-lints=warn" "-e" "RUSTDOCFLAGS=--cap-lints=warn" "-e" "CARGO_HOME=/opt/rustwide/cargo-home" "-e" "RUSTUP_HOME=/opt/rustwide/rustup-home" "-w" "/opt/rustwide/workdir" "-m" "1610612736" "--user" "0:0" "--network" "none" "ghcr.io/rust-lang/crates-build-env/linux@sha256:f3a9d4ad9d972b27faf3965f35b62e55ba32bbce8f20bc8fe909558a86702fde" "/opt/rustwide/cargo-home/bin/cargo" "+1.83.0" "build" "--frozen" "--message-format=json", kill_on_drop: false }`
[INFO] [stdout] b99185755b0b880861a2f8cd9f6e0a162f931455249f2eb34d66459bb4a7e9bc
[INFO] running `Command { std: "docker" "start" "-a" "b99185755b0b880861a2f8cd9f6e0a162f931455249f2eb34d66459bb4a7e9bc", kill_on_drop: false }`
[INFO] [stderr]    Compiling confee v0.1.3 (/opt/rustwide/workdir)
[INFO] [stderr]     Finished `dev` profile [unoptimized + debuginfo] target(s) in 0.72s
[INFO] running `Command { std: "docker" "inspect" "b99185755b0b880861a2f8cd9f6e0a162f931455249f2eb34d66459bb4a7e9bc", kill_on_drop: false }`
[INFO] running `Command { std: "docker" "rm" "-f" "b99185755b0b880861a2f8cd9f6e0a162f931455249f2eb34d66459bb4a7e9bc", kill_on_drop: false }`
[INFO] [stdout] b99185755b0b880861a2f8cd9f6e0a162f931455249f2eb34d66459bb4a7e9bc
[INFO] running `Command { std: "docker" "create" "-v" "/var/lib/crater-agent-workspace/builds/worker-4-tc1/target:/opt/rustwide/target:rw,Z" "-v" "/var/lib/crater-agent-workspace/builds/worker-4-tc1/source:/opt/rustwide/workdir:ro,Z" "-v" "/var/lib/crater-agent-workspace/cargo-home:/opt/rustwide/cargo-home:ro,Z" "-v" "/var/lib/crater-agent-workspace/rustup-home:/opt/rustwide/rustup-home:ro,Z" "-e" "SOURCE_DIR=/opt/rustwide/workdir" "-e" "CARGO_TARGET_DIR=/opt/rustwide/target" "-e" "CARGO_INCREMENTAL=0" "-e" "RUST_BACKTRACE=full" "-e" "RUSTFLAGS=--cap-lints=warn" "-e" "RUSTDOCFLAGS=--cap-lints=warn" "-e" "CARGO_HOME=/opt/rustwide/cargo-home" "-e" "RUSTUP_HOME=/opt/rustwide/rustup-home" "-w" "/opt/rustwide/workdir" "-m" "1610612736" "--user" "0:0" "--network" "none" "ghcr.io/rust-lang/crates-build-env/linux@sha256:f3a9d4ad9d972b27faf3965f35b62e55ba32bbce8f20bc8fe909558a86702fde" "/opt/rustwide/cargo-home/bin/cargo" "+1.83.0" "test" "--frozen" "--no-run" "--message-format=json", kill_on_drop: false }`
[INFO] [stdout] b74a756d96d4c5ba9871f4c515e3f07eb06c33c14e20851da62478f220617618
[INFO] running `Command { std: "docker" "start" "-a" "b74a756d96d4c5ba9871f4c515e3f07eb06c33c14e20851da62478f220617618", kill_on_drop: false }`
[INFO] [stderr]    Compiling confee v0.1.3 (/opt/rustwide/workdir)
[INFO] [stderr]     Finished `test` profile [unoptimized + debuginfo] target(s) in 0.71s
[INFO] running `Command { std: "docker" "inspect" "b74a756d96d4c5ba9871f4c515e3f07eb06c33c14e20851da62478f220617618", kill_on_drop: false }`
[INFO] running `Command { std: "docker" "rm" "-f" "b74a756d96d4c5ba9871f4c515e3f07eb06c33c14e20851da62478f220617618", kill_on_drop: false }`
[INFO] [stdout] b74a756d96d4c5ba9871f4c515e3f07eb06c33c14e20851da62478f220617618
[INFO] running `Command { std: "docker" "create" "-v" "/var/lib/crater-agent-workspace/builds/worker-4-tc1/target:/opt/rustwide/target:rw,Z" "-v" "/var/lib/crater-agent-workspace/builds/worker-4-tc1/source:/opt/rustwide/workdir:ro,Z" "-v" "/var/lib/crater-agent-workspace/cargo-home:/opt/rustwide/cargo-home:ro,Z" "-v" "/var/lib/crater-agent-workspace/rustup-home:/opt/rustwide/rustup-home:ro,Z" "-e" "SOURCE_DIR=/opt/rustwide/workdir" "-e" "CARGO_TARGET_DIR=/opt/rustwide/target" "-e" "CARGO_INCREMENTAL=0" "-e" "RUST_BACKTRACE=full" "-e" "RUSTFLAGS=--cap-lints=warn" "-e" "RUSTDOCFLAGS=--cap-lints=warn" "-e" "CARGO_HOME=/opt/rustwide/cargo-home" "-e" "RUSTUP_HOME=/opt/rustwide/rustup-home" "-w" "/opt/rustwide/workdir" "-m" "1610612736" "--user" "0:0" "--network" "none" "ghcr.io/rust-lang/crates-build-env/linux@sha256:f3a9d4ad9d972b27faf3965f35b62e55ba32bbce8f20bc8fe909558a86702fde" "/opt/rustwide/cargo-home/bin/cargo" "+1.83.0" "test" "--frozen", kill_on_drop: false }`
[INFO] [stdout] 2ebc5f9b391135db0ee86db1e712013b97e6d7c7a60228f1d8433b19bf357c75
[INFO] running `Command { std: "docker" "start" "-a" "2ebc5f9b391135db0ee86db1e712013b97e6d7c7a60228f1d8433b19bf357c75", kill_on_drop: false }`
[INFO] [stderr]     Finished `test` profile [unoptimized + debuginfo] target(s) in 0.01s
[INFO] [stderr]      Running unittests src/lib.rs (/opt/rustwide/target/debug/deps/confee-97b2cbf494804955)
[INFO] [stdout] 
[INFO] [stdout] running 0 tests
[INFO] [stdout] 
[INFO] [stdout] test result: ok. 0 passed; 0 failed; 0 ignored; 0 measured; 0 filtered out; finished in 0.00s
[INFO] [stdout] 
[INFO] [stderr]    Doc-tests confee
[INFO] [stdout] 
[INFO] [stdout] running 5 tests
[INFO] [stdout] test src/conf.rs - conf::Conf (line 150) ... FAILED
[INFO] [stdout] test src/conf.rs - conf::Conf (line 131) ... FAILED
[INFO] [stdout] test src/conf.rs - conf::Conf::from (line 27) ... FAILED
[INFO] [stdout] test src/conf.rs - conf::Conf::get (line 112) ... FAILED
[INFO] [stdout] test src/conf.rs - conf::Conf::update (line 73) ... FAILED
[INFO] [stdout] 
[INFO] [stderr] error: doctest failed, to rerun pass `--doc`
[INFO] [stdout] failures:
[INFO] [stdout] 
[INFO] [stdout] ---- src/conf.rs - conf::Conf (line 150) stdout ----
[INFO] [stdout] error[E0433]: failed to resolve: use of undeclared type `Conf`
[INFO] [stdout]  --> src/conf.rs:151:16
[INFO] [stdout]   |
[INFO] [stdout] 3 | let mut conf = Conf::from([
[INFO] [stdout]   |                ^^^^ use of undeclared type `Conf`
[INFO] [stdout]   |
[INFO] [stdout] help: consider importing this struct
[INFO] [stdout]   |
[INFO] [stdout] 2 + use confee::conf::Conf;
[INFO] [stdout]   |
[INFO] [stdout] 
[INFO] [stdout] error: aborting due to 1 previous error
[INFO] [stdout] 
[INFO] [stdout] For more information about this error, try `rustc --explain E0433`.
[INFO] [stdout] Couldn't compile the test.
[INFO] [stdout] ---- src/conf.rs - conf::Conf (line 131) stdout ----
[INFO] [stdout] error[E0433]: failed to resolve: use of undeclared type `Conf`
[INFO] [stdout]  --> src/conf.rs:132:16
[INFO] [stdout]   |
[INFO] [stdout] 3 | let mut conf = Conf::from([
[INFO] [stdout]   |                ^^^^ use of undeclared type `Conf`
[INFO] [stdout]   |
[INFO] [stdout] help: consider importing this struct
[INFO] [stdout]   |
[INFO] [stdout] 2 + use confee::conf::Conf;
[INFO] [stdout]   |
[INFO] [stdout] 
[INFO] [stdout] error: aborting due to 1 previous error
[INFO] [stdout] 
[INFO] [stdout] For more information about this error, try `rustc --explain E0433`.
[INFO] [stdout] Couldn't compile the test.
[INFO] [stdout] ---- src/conf.rs - conf::Conf::from (line 27) stdout ----
[INFO] [stdout] error[E0433]: failed to resolve: use of undeclared type `Conf`
[INFO] [stdout]  --> src/conf.rs:28:16
[INFO] [stdout]   |
[INFO] [stdout] 3 | let mut conf = Conf::from([
[INFO] [stdout]   |                ^^^^ use of undeclared type `Conf`
[INFO] [stdout]   |
[INFO] [stdout] help: consider importing this struct
[INFO] [stdout]   |
[INFO] [stdout] 2 + use confee::conf::Conf;
[INFO] [stdout]   |
[INFO] [stdout] 
[INFO] [stdout] error: aborting due to 1 previous error
[INFO] [stdout] 
[INFO] [stdout] For more information about this error, try `rustc --explain E0433`.
[INFO] [stdout] Couldn't compile the test.
[INFO] [stdout] ---- src/conf.rs - conf::Conf::get (line 112) stdout ----
[INFO] [stdout] error[E0433]: failed to resolve: use of undeclared type `Conf`
[INFO] [stdout]  --> src/conf.rs:113:16
[INFO] [stdout]   |
[INFO] [stdout] 3 | let mut conf = Conf::from([
[INFO] [stdout]   |                ^^^^ use of undeclared type `Conf`
[INFO] [stdout]   |
[INFO] [stdout] help: consider importing this struct
[INFO] [stdout]   |
[INFO] [stdout] 2 + use confee::conf::Conf;
[INFO] [stdout]   |
[INFO] [stdout] 
[INFO] [stdout] error[E0412]: cannot find type `IpAddr` in this scope
[INFO] [stdout]  --> src/conf.rs:118:11
[INFO] [stdout]   |
[INFO] [stdout] 8 | let addr: IpAddr = conf.get("addr").unwrap();
[INFO] [stdout]   |           ^^^^^^ not found in this scope
[INFO] [stdout]   |
[INFO] [stdout] help: consider importing this enum
[INFO] [stdout]   |
[INFO] [stdout] 2 + use std::net::IpAddr;
[INFO] [stdout]   |
[INFO] [stdout] 
[INFO] [stdout] error: aborting due to 2 previous errors
[INFO] [stdout] 
[INFO] [stdout] Some errors have detailed explanations: E0412, E0433.
[INFO] [stdout] For more information about an error, try `rustc --explain E0412`.
[INFO] [stdout] Couldn't compile the test.
[INFO] [stdout] ---- src/conf.rs - conf::Conf::update (line 73) stdout ----
[INFO] [stdout] error[E0433]: failed to resolve: use of undeclared type `Conf`
[INFO] [stdout]  --> src/conf.rs:74:16
[INFO] [stdout]   |
[INFO] [stdout] 3 | let mut conf = Conf::from([
[INFO] [stdout]   |                ^^^^ use of undeclared type `Conf`
[INFO] [stdout]   |
[INFO] [stdout] help: consider importing this struct
[INFO] [stdout]   |
[INFO] [stdout] 2 + use confee::conf::Conf;
[INFO] [stdout]   |
[INFO] [stdout] 
[INFO] [stdout] error[E0425]: cannot find value `conf_file_name` in this scope
[INFO] [stdout]  --> src/conf.rs:78:22
[INFO] [stdout]   |
[INFO] [stdout] 7 | match conf.with_file(conf_file_name).update() {
[INFO] [stdout]   |                      ^^^^^^^^^^^^^^ not found in this scope
[INFO] [stdout] 
[INFO] [stdout] error: aborting due to 2 previous errors
[INFO] [stdout] 
[INFO] [stdout] Some errors have detailed explanations: E0425, E0433.
[INFO] [stdout] For more information about an error, try `rustc --explain E0425`.
[INFO] [stdout] Couldn't compile the test.
[INFO] [stdout] 
[INFO] [stdout] failures:
[INFO] [stdout]     src/conf.rs - conf::Conf (line 131)
[INFO] [stdout]     src/conf.rs - conf::Conf (line 150)
[INFO] [stdout]     src/conf.rs - conf::Conf::from (line 27)
[INFO] [stdout]     src/conf.rs - conf::Conf::get (line 112)
[INFO] [stdout]     src/conf.rs - conf::Conf::update (line 73)
[INFO] [stdout] 
[INFO] [stdout] test result: FAILED. 0 passed; 5 failed; 0 ignored; 0 measured; 0 filtered out; finished in 0.30s
[INFO] [stdout] 
[INFO] running `Command { std: "docker" "inspect" "2ebc5f9b391135db0ee86db1e712013b97e6d7c7a60228f1d8433b19bf357c75", kill_on_drop: false }`
[INFO] running `Command { std: "docker" "rm" "-f" "2ebc5f9b391135db0ee86db1e712013b97e6d7c7a60228f1d8433b19bf357c75", kill_on_drop: false }`
[INFO] [stdout] 2ebc5f9b391135db0ee86db1e712013b97e6d7c7a60228f1d8433b19bf357c75
