[INFO] cloning repository https://github.com/qumn/pop-launcher-chrome-history-plugin
[INFO] running `Command { std: "git" "-c" "credential.helper=" "-c" "credential.helper=/workspace/cargo-home/bin/git-credential-null" "clone" "--bare" "https://github.com/qumn/pop-launcher-chrome-history-plugin" "/workspace/cache/git-repos/https%3A%2F%2Fgithub.com%2Fqumn%2Fpop-launcher-chrome-history-plugin", kill_on_drop: false }`
[INFO] [stderr] Cloning into bare repository '/workspace/cache/git-repos/https%3A%2F%2Fgithub.com%2Fqumn%2Fpop-launcher-chrome-history-plugin'...
[INFO] running `Command { std: "git" "rev-parse" "HEAD", kill_on_drop: false }`
[INFO] [stdout] 4f895bd3d0a0199d0b3b6c062a2ebfa6bfdeb44c
[INFO] testing qumn/pop-launcher-chrome-history-plugin against beta-2024-12-08 for beta-1.84.0-4-retry
[INFO] running `Command { std: "git" "clone" "/workspace/cache/git-repos/https%3A%2F%2Fgithub.com%2Fqumn%2Fpop-launcher-chrome-history-plugin" "/workspace/builds/worker-1-tc2/source", kill_on_drop: false }`
[INFO] [stderr] Cloning into '/workspace/builds/worker-1-tc2/source'...
[INFO] [stderr] done.
[INFO] validating manifest of git repo https://github.com/qumn/pop-launcher-chrome-history-plugin on toolchain beta-2024-12-08
[INFO] running `Command { std: CARGO_HOME="/workspace/cargo-home" RUSTUP_HOME="/workspace/rustup-home" "/workspace/cargo-home/bin/cargo" "+beta-2024-12-08" "metadata" "--manifest-path" "Cargo.toml" "--no-deps", kill_on_drop: false }`
[INFO] started tweaking git repo https://github.com/qumn/pop-launcher-chrome-history-plugin
[INFO] finished tweaking git repo https://github.com/qumn/pop-launcher-chrome-history-plugin
[INFO] tweaked toml for git repo https://github.com/qumn/pop-launcher-chrome-history-plugin written to /workspace/builds/worker-1-tc2/source/Cargo.toml
[INFO] crate git repo https://github.com/qumn/pop-launcher-chrome-history-plugin already has a lockfile, it will not be regenerated
[INFO] running `Command { std: CARGO_HOME="/workspace/cargo-home" RUSTUP_HOME="/workspace/rustup-home" "/workspace/cargo-home/bin/cargo" "+beta-2024-12-08" "fetch" "--manifest-path" "Cargo.toml", kill_on_drop: false }`
[INFO] running `Command { std: "docker" "create" "-v" "/var/lib/crater-agent-workspace/builds/worker-1-tc2/target:/opt/rustwide/target:rw,Z" "-v" "/var/lib/crater-agent-workspace/builds/worker-1-tc2/source:/opt/rustwide/workdir:ro,Z" "-v" "/var/lib/crater-agent-workspace/cargo-home:/opt/rustwide/cargo-home:ro,Z" "-v" "/var/lib/crater-agent-workspace/rustup-home:/opt/rustwide/rustup-home:ro,Z" "-e" "SOURCE_DIR=/opt/rustwide/workdir" "-e" "CARGO_TARGET_DIR=/opt/rustwide/target" "-e" "CARGO_HOME=/opt/rustwide/cargo-home" "-e" "RUSTUP_HOME=/opt/rustwide/rustup-home" "-w" "/opt/rustwide/workdir" "-m" "1610612736" "--user" "0:0" "--network" "none" "ghcr.io/rust-lang/crates-build-env/linux@sha256:f3a9d4ad9d972b27faf3965f35b62e55ba32bbce8f20bc8fe909558a86702fde" "/opt/rustwide/cargo-home/bin/cargo" "+beta-2024-12-08" "metadata" "--no-deps" "--format-version=1", kill_on_drop: false }`
[INFO] [stdout] 72be290f1382b5ee9a28c9b4d09df8a23753ed6aae4af0d7c2089926892afe87
[INFO] running `Command { std: "docker" "start" "-a" "72be290f1382b5ee9a28c9b4d09df8a23753ed6aae4af0d7c2089926892afe87", kill_on_drop: false }`
[INFO] running `Command { std: "docker" "inspect" "72be290f1382b5ee9a28c9b4d09df8a23753ed6aae4af0d7c2089926892afe87", kill_on_drop: false }`
[INFO] running `Command { std: "docker" "rm" "-f" "72be290f1382b5ee9a28c9b4d09df8a23753ed6aae4af0d7c2089926892afe87", kill_on_drop: false }`
[INFO] [stdout] 72be290f1382b5ee9a28c9b4d09df8a23753ed6aae4af0d7c2089926892afe87
[INFO] running `Command { std: "docker" "create" "-v" "/var/lib/crater-agent-workspace/builds/worker-1-tc2/target:/opt/rustwide/target:rw,Z" "-v" "/var/lib/crater-agent-workspace/builds/worker-1-tc2/source:/opt/rustwide/workdir:ro,Z" "-v" "/var/lib/crater-agent-workspace/cargo-home:/opt/rustwide/cargo-home:ro,Z" "-v" "/var/lib/crater-agent-workspace/rustup-home:/opt/rustwide/rustup-home:ro,Z" "-e" "SOURCE_DIR=/opt/rustwide/workdir" "-e" "CARGO_TARGET_DIR=/opt/rustwide/target" "-e" "CARGO_INCREMENTAL=0" "-e" "RUST_BACKTRACE=full" "-e" "RUSTFLAGS=--cap-lints=warn" "-e" "RUSTDOCFLAGS=--cap-lints=warn" "-e" "CARGO_HOME=/opt/rustwide/cargo-home" "-e" "RUSTUP_HOME=/opt/rustwide/rustup-home" "-w" "/opt/rustwide/workdir" "-m" "1610612736" "--user" "0:0" "--network" "none" "ghcr.io/rust-lang/crates-build-env/linux@sha256:f3a9d4ad9d972b27faf3965f35b62e55ba32bbce8f20bc8fe909558a86702fde" "/opt/rustwide/cargo-home/bin/cargo" "+beta-2024-12-08" "build" "--frozen" "--message-format=json", kill_on_drop: false }`
[INFO] [stdout] 3b3e36a4fb35f98a00ba5feebe8d1771f71676e8f3cf2016fd62eec4b25b00bd
[INFO] running `Command { std: "docker" "start" "-a" "3b3e36a4fb35f98a00ba5feebe8d1771f71676e8f3cf2016fd62eec4b25b00bd", kill_on_drop: false }`
[INFO] [stderr]    Compiling proc-macro2 v1.0.40
[INFO] [stderr]    Compiling quote v1.0.20
[INFO] [stderr]    Compiling unicode-ident v1.0.2
[INFO] [stderr]    Compiling cfg-if v1.0.0
[INFO] [stderr]    Compiling syn v1.0.98
[INFO] [stderr]    Compiling libc v0.2.126
[INFO] [stderr]    Compiling once_cell v1.13.0
[INFO] [stderr]    Compiling autocfg v1.1.0
[INFO] [stderr]    Compiling memchr v2.5.0
[INFO] [stderr]    Compiling pin-project-lite v0.2.9
[INFO] [stderr]    Compiling futures-core v0.3.21
[INFO] [stderr]    Compiling cc v1.0.73
[INFO] [stderr]    Compiling log v0.4.17
[INFO] [stderr]    Compiling version_check v0.9.4
[INFO] [stderr]    Compiling spin v0.5.2
[INFO] [stderr]    Compiling untrusted v0.7.1
[INFO] [stderr]    Compiling bytes v1.1.0
[INFO] [stderr]    Compiling slab v0.4.6
[INFO] [stderr]    Compiling futures-task v0.3.21
[INFO] [stderr]    Compiling futures-io v0.3.21
[INFO] [stderr]    Compiling pin-utils v0.1.0
[INFO] [stderr]    Compiling serde_derive v1.0.139
[INFO] [stderr]    Compiling futures-sink v0.3.21
[INFO] [stderr]    Compiling ring v0.16.20
[INFO] [stderr]    Compiling lock_api v0.4.7
[INFO] [stderr]    Compiling futures-channel v0.3.21
[INFO] [stderr]    Compiling serde v1.0.139
[INFO] [stderr]    Compiling tokio v1.20.0
[INFO] [stderr]    Compiling futures-util v0.3.21
[INFO] [stderr]    Compiling scopeguard v1.1.0
[INFO] [stderr]    Compiling base64 v0.13.0
[INFO] [stderr]    Compiling itoa v1.0.2
[INFO] [stderr]    Compiling parking_lot_core v0.8.5
[INFO] [stderr]    Compiling fnv v1.0.7
[INFO] [stderr]    Compiling instant v0.1.12
[INFO] [stderr]    Compiling smallvec v1.9.0
[INFO] [stderr]    Compiling typenum v1.15.0
[INFO] [stderr]    Compiling generic-array v0.14.5
[INFO] [stderr]    Compiling socket2 v0.4.4
[INFO] [stderr]    Compiling signal-hook-registry v1.4.0
[INFO] [stderr]    Compiling mio v0.8.4
[INFO] [stderr]    Compiling num_cpus v1.13.1
[INFO] [stderr]    Compiling getrandom v0.2.7
[INFO] [stderr]    Compiling tinyvec_macros v0.1.0
[INFO] [stderr]    Compiling regex-syntax v0.6.27
[INFO] [stderr]    Compiling hashbrown v0.12.2
[INFO] [stderr]    Compiling tinyvec v1.6.0
[INFO] [stderr]    Compiling ahash v0.7.6
[INFO] [stderr]    Compiling tracing-core v0.1.28
[INFO] [stderr]    Compiling matches v0.1.9
[INFO] [stderr]    Compiling dirs-sys v0.3.7
[INFO] [stderr]    Compiling aho-corasick v0.7.18
[INFO] [stderr]    Compiling indexmap v1.9.1
[INFO] [stderr]    Compiling unicode-normalization v0.1.21
[INFO] [stderr]    Compiling lazy_static v1.4.0
[INFO] [stderr]    Compiling event-listener v2.5.2
[INFO] [stderr]    Compiling percent-encoding v2.1.0
[INFO] [stderr]    Compiling unicode-bidi v0.3.8
[INFO] [stderr]    Compiling form_urlencoded v1.0.1
[INFO] [stderr]    Compiling spin v0.9.4
[INFO] [stderr]    Compiling regex v1.6.0
[INFO] [stderr]    Compiling ident_case v1.0.1
[INFO] [stderr]    Compiling strsim v0.10.0
[INFO] [stderr]    Compiling block-buffer v0.10.2
[INFO] [stderr]    Compiling idna v0.2.3
[INFO] [stderr]    Compiling darling_core v0.13.4
[INFO] [stderr]    Compiling dirs v4.0.0
[INFO] [stderr]    Compiling bitflags v1.3.2
[INFO] [stderr]    Compiling cache-padded v1.2.0
[INFO] [stderr]    Compiling concurrent-queue v1.2.2
[INFO] [stderr]    Compiling parking_lot v0.11.2
[INFO] [stderr]    Compiling url v2.2.2
[INFO] [stderr]    Compiling webpki v0.21.4
[INFO] [stderr]    Compiling webpki v0.22.0
[INFO] [stderr]    Compiling http v0.2.8
[INFO] [stderr]    Compiling toml v0.5.9
[INFO] [stderr]    Compiling unicase v2.6.0
[INFO] [stderr]    Compiling num-traits v0.2.15
[INFO] [stderr]    Compiling temp-dir v0.1.11
[INFO] [stderr]    Compiling crossbeam-utils v0.8.10
[INFO] [stderr]    Compiling rustls v0.20.6
[INFO] [stderr]    Compiling hex v0.4.3
[INFO] [stderr]    Compiling byteorder v1.4.3
[INFO] [stderr]    Compiling futures-macro v0.3.21
[INFO] [stderr]    Compiling tokio-macros v1.8.0
[INFO] [stderr]    Compiling thiserror-impl v1.0.31
[INFO] [stderr]    Compiling tracing-attributes v0.1.22
[INFO] [stderr]    Compiling pin-project-internal v1.0.11
[INFO] [stderr]    Compiling darling_macro v0.13.4
[INFO] [stderr]    Compiling vcpkg v0.2.15
[INFO] [stderr]    Compiling ryu v1.0.10
[INFO] [stderr]    Compiling httparse v1.7.1
[INFO] [stderr]    Compiling thiserror v1.0.31
[INFO] [stderr]    Compiling proc-macro-crate v1.1.3
[INFO] [stderr]    Compiling pin-project v1.0.11
[INFO] [stderr]    Compiling pkg-config v0.3.25
[INFO] [stderr]    Compiling waker-fn v1.1.0
[INFO] [stderr]    Compiling tracing v0.1.35
[INFO] [stderr]    Compiling parking v2.0.0
[INFO] [stderr]    Compiling fastrand v1.7.0
[INFO] [stderr]    Compiling darling v0.13.4
[INFO] [stderr]    Compiling enumflags2_derive v0.7.4
[INFO] [stderr]    Compiling gettext-sys v0.21.3
[INFO] [stderr]    Compiling futures-lite v1.12.0
[INFO] [stderr]    Compiling libsqlite3-sys v0.24.2
[INFO] [stderr]    Compiling sct v0.6.1
[INFO] [stderr]    Compiling sct v0.7.0
[INFO] [stderr]    Compiling nanorand v0.7.0
[INFO] [stderr]    Compiling memoffset v0.6.5
[INFO] [stderr]    Compiling cpufeatures v0.2.2
[INFO] [stderr]    Compiling crossbeam-queue v0.3.5
[INFO] [stderr]    Compiling try-lock v0.2.3
[INFO] [stderr]    Compiling unicode-xid v0.2.3
[INFO] [stderr]    Compiling minimal-lexical v0.2.1
[INFO] [stderr]    Compiling serde_json v1.0.82
[INFO] [stderr]    Compiling either v1.7.0
[INFO] [stderr]    Compiling pin-project-internal v0.4.30
[INFO] [stderr]    Compiling async-trait v0.1.56
[INFO] [stderr]    Compiling nom v7.1.1
[INFO] [stderr]    Compiling itertools v0.10.3
[INFO] [stderr]    Compiling const_format_proc_macros v0.2.22
[INFO] [stderr]    Compiling want v0.3.0
[INFO] [stderr]    Compiling flume v0.10.13
[INFO] [stderr]    Compiling futures-executor v0.3.21
[INFO] [stderr]    Compiling futures v0.3.21
[INFO] [stderr]    Compiling rustls v0.19.1
[INFO] [stderr]    Compiling tokio-util v0.7.3
[INFO] [stderr]    Compiling tokio-stream v0.1.9
[INFO] [stderr]    Compiling h2 v0.3.13
[INFO] [stderr]    Compiling serde_with_macros v1.5.2
[INFO] [stderr]    Compiling enumflags2 v0.7.5
[INFO] [stderr]    Compiling zvariant_derive v3.4.1
[INFO] [stderr]    Compiling http-body v0.4.5
[INFO] [stderr]    Compiling crypto-common v0.1.6
[INFO] [stderr]    Compiling rand_core v0.6.3
[INFO] [stderr]    Compiling polling v2.2.0
[INFO] [stderr]    Compiling crc-catalog v1.1.1
[INFO] [stderr]    Compiling httpdate v1.0.2
[INFO] [stderr]    Compiling encoding_rs v0.8.31
[INFO] [stderr]    Compiling tower-service v0.3.2
[INFO] [stderr]    Compiling unicode_categories v0.1.1
[INFO] [stderr]    Compiling ppv-lite86 v0.2.16
[INFO] [stderr]    Compiling anyhow v1.0.58
[INFO] [stderr]    Compiling static_assertions v1.1.0
[INFO] [stderr]    Compiling rand_chacha v0.3.1
[INFO] [stderr]    Compiling hyper v0.14.20
[INFO] [stderr]    Compiling zvariant v3.4.1
[INFO] [stderr]    Compiling sqlformat v0.1.8
[INFO] [stderr]    Compiling crc v2.1.0
[INFO] [stderr]    Compiling async-io v1.7.0
[INFO] [stderr]    Compiling digest v0.10.3
[INFO] [stderr]    Compiling serde_with v1.14.0
[INFO] [stderr]    Compiling tokio-rustls v0.22.0
[INFO] [stderr]    Compiling tokio-rustls v0.23.4
[INFO] [stderr]    Compiling atoi v0.4.0
[INFO] [stderr]    Compiling new_mime_guess v4.0.1
[INFO] [stderr]    Compiling const_format v0.2.26
[INFO] [stderr]    Compiling hashbrown v0.11.2
[INFO] [stderr]    Compiling locale_config v0.3.0
[INFO] [stderr]    Compiling regex-automata v0.1.10
[INFO] [stderr]    Compiling stringprep v0.1.2
[INFO] [stderr]    Compiling thread_local v1.1.4
[INFO] [stderr]    Compiling xml-rs v0.8.4
[INFO] [stderr]    Compiling async-task v4.3.0
[INFO] [stderr]    Compiling easy-parallel v3.2.0
[INFO] [stderr]    Compiling paste v1.0.7
[INFO] [stderr]    Compiling sha1_smol v1.0.0
[INFO] [stderr]    Compiling mime v0.3.16
[INFO] [stderr]    Compiling sha1 v0.6.1
[INFO] [stderr]    Compiling serde-xml-rs v0.5.1
[INFO] [stderr]    Compiling pin-project v0.4.30
[INFO] [stderr]    Compiling async-broadcast v0.4.0
[INFO] [stderr]    Compiling async-executor v1.4.1
[INFO] [stderr]    Compiling matchers v0.1.0
[INFO] [stderr]    Compiling gettext-rs v0.7.0
[INFO] [stderr]    Compiling hashlink v0.7.0
[INFO] [stderr]    Compiling pop-launcher v1.2.1 (https://github.com/oknozor/launcher#7d36905d)
[INFO] [stderr]    Compiling nix v0.23.1
[INFO] [stderr]    Compiling hyper-rustls v0.23.0
[INFO] [stderr]    Compiling zbus_names v2.1.0
[INFO] [stderr]    Compiling sqlx-rt v0.5.13
[INFO] [stderr]    Compiling sha2 v0.10.2
[INFO] [stderr]    Compiling futures-intrusive v0.4.0
[INFO] [stderr]    Compiling rand v0.8.5
[INFO] [stderr]    Compiling ron v0.7.1
[INFO] [stderr]    Compiling serde_urlencoded v0.7.1
[INFO] [stderr]    Compiling zbus_macros v2.3.2
[INFO] [stderr]    Compiling serde_repr v0.1.8
[INFO] [stderr]    Compiling async-recursion v0.3.2
[INFO] [stderr]    Compiling derivative v2.2.0
[INFO] [stderr]    Compiling webpki-roots v0.22.4
[INFO] [stderr]    Compiling webpki-roots v0.21.1
[INFO] [stderr]    Compiling async-channel v1.6.1
[INFO] [stderr]    Compiling xdg v2.4.1
[INFO] [stderr]    Compiling async-lock v2.5.0
[INFO] [stderr]    Compiling sharded-slab v0.1.4
[INFO] [stderr]    Compiling dirs v3.0.2
[INFO] [stderr]    Compiling rustls-pemfile v1.0.0
[INFO] [stderr]    Compiling ordered-stream v0.0.1
[INFO] [stderr]    Compiling futures-micro v0.5.0
[INFO] [stderr]    Compiling bytes v0.5.6
[INFO] [stderr]    Compiling ipnet v2.5.0
[INFO] [stderr]    Compiling numtoa v0.2.4
[INFO] [stderr]    Compiling unicode-segmentation v1.9.0
[INFO] [stderr]    Compiling futures_codec v0.4.1
[INFO] [stderr]    Compiling tracing-subscriber v0.3.14
[INFO] [stderr]    Compiling sysfs-class v0.1.3
[INFO] [stderr]    Compiling reqwest v0.11.11
[INFO] [stderr]    Compiling heck v0.4.0
[INFO] [stderr]    Compiling sqlx-core v0.5.13
[INFO] [stderr]    Compiling async-oneshot v0.5.0
[INFO] [stderr]    Compiling freedesktop-desktop-entry v0.5.0
[INFO] [stderr]    Compiling recently-used-xbel v1.0.0
[INFO] [stderr]    Compiling async-pidfd v0.1.4
[INFO] [stderr]    Compiling gen-z v0.1.0
[INFO] [stderr]    Compiling fork v0.1.19
[INFO] [stderr]    Compiling dotenv v0.15.0
[INFO] [stderr]    Compiling urlencoding v2.1.0
[INFO] [stderr]    Compiling human-sort v0.2.2
[INFO] [stderr]    Compiling ward v2.1.0
[INFO] [stderr]    Compiling human_format v1.0.3
[INFO] [stderr]    Compiling fuzzy-matcher v0.3.7
[INFO] [stderr]    Compiling zbus v2.3.2
[INFO] [stderr]    Compiling pop-launcher-service v1.2.1 (https://github.com/oknozor/launcher#7d36905d)
[INFO] [stderr]    Compiling sqlx-macros v0.5.13
[INFO] [stderr]    Compiling pop-launcher-plugins v1.2.1 (https://github.com/oknozor/launcher#7d36905d)
[INFO] [stderr]    Compiling pop-launcher-toolkit v0.1.0 (https://github.com/oknozor/launcher#7d36905d)
[INFO] [stderr]    Compiling sqlx v0.5.13
[INFO] [stderr]    Compiling pop-launcher-chrome-history-plugin v0.1.0 (/opt/rustwide/workdir)
[INFO] [stderr]     Finished `dev` profile [unoptimized + debuginfo] target(s) in 4m 25s
[INFO] running `Command { std: "docker" "inspect" "3b3e36a4fb35f98a00ba5feebe8d1771f71676e8f3cf2016fd62eec4b25b00bd", kill_on_drop: false }`
[INFO] running `Command { std: "docker" "rm" "-f" "3b3e36a4fb35f98a00ba5feebe8d1771f71676e8f3cf2016fd62eec4b25b00bd", kill_on_drop: false }`
[INFO] [stdout] 3b3e36a4fb35f98a00ba5feebe8d1771f71676e8f3cf2016fd62eec4b25b00bd
[INFO] running `Command { std: "docker" "create" "-v" "/var/lib/crater-agent-workspace/builds/worker-1-tc2/target:/opt/rustwide/target:rw,Z" "-v" "/var/lib/crater-agent-workspace/builds/worker-1-tc2/source:/opt/rustwide/workdir:ro,Z" "-v" "/var/lib/crater-agent-workspace/cargo-home:/opt/rustwide/cargo-home:ro,Z" "-v" "/var/lib/crater-agent-workspace/rustup-home:/opt/rustwide/rustup-home:ro,Z" "-e" "SOURCE_DIR=/opt/rustwide/workdir" "-e" "CARGO_TARGET_DIR=/opt/rustwide/target" "-e" "CARGO_INCREMENTAL=0" "-e" "RUST_BACKTRACE=full" "-e" "RUSTFLAGS=--cap-lints=warn" "-e" "RUSTDOCFLAGS=--cap-lints=warn" "-e" "CARGO_HOME=/opt/rustwide/cargo-home" "-e" "RUSTUP_HOME=/opt/rustwide/rustup-home" "-w" "/opt/rustwide/workdir" "-m" "1610612736" "--user" "0:0" "--network" "none" "ghcr.io/rust-lang/crates-build-env/linux@sha256:f3a9d4ad9d972b27faf3965f35b62e55ba32bbce8f20bc8fe909558a86702fde" "/opt/rustwide/cargo-home/bin/cargo" "+beta-2024-12-08" "test" "--frozen" "--no-run" "--message-format=json", kill_on_drop: false }`
[INFO] [stdout] ea4605a47a8fd1403bd4ee0927cc97022a3832c75f34c67a889f57e5ffabd494
[INFO] running `Command { std: "docker" "start" "-a" "ea4605a47a8fd1403bd4ee0927cc97022a3832c75f34c67a889f57e5ffabd494", kill_on_drop: false }`
[INFO] [stderr]    Compiling pop-launcher-chrome-history-plugin v0.1.0 (/opt/rustwide/workdir)
[INFO] [stdout] warning: variable `historyEntrys` should have a snake case name
[INFO] [stdout]    --> src/main.rs:135:13
[INFO] [stdout]     |
[INFO] [stdout] 135 |         let historyEntrys = sqlx::query_as::<_, HistoryEntry>("select title, url from urls")
[INFO] [stdout]     |             ^^^^^^^^^^^^^ help: convert the identifier to snake case: `history_entrys`
[INFO] [stdout]     |
[INFO] [stdout]     = note: `#[warn(non_snake_case)]` on by default
[INFO] [stdout] 
[INFO] [stdout] 
[INFO] [stderr]     Finished `test` profile [unoptimized + debuginfo] target(s) in 6.86s
[INFO] running `Command { std: "docker" "inspect" "ea4605a47a8fd1403bd4ee0927cc97022a3832c75f34c67a889f57e5ffabd494", kill_on_drop: false }`
[INFO] running `Command { std: "docker" "rm" "-f" "ea4605a47a8fd1403bd4ee0927cc97022a3832c75f34c67a889f57e5ffabd494", kill_on_drop: false }`
[INFO] [stdout] ea4605a47a8fd1403bd4ee0927cc97022a3832c75f34c67a889f57e5ffabd494
[INFO] running `Command { std: "docker" "create" "-v" "/var/lib/crater-agent-workspace/builds/worker-1-tc2/target:/opt/rustwide/target:rw,Z" "-v" "/var/lib/crater-agent-workspace/builds/worker-1-tc2/source:/opt/rustwide/workdir:ro,Z" "-v" "/var/lib/crater-agent-workspace/cargo-home:/opt/rustwide/cargo-home:ro,Z" "-v" "/var/lib/crater-agent-workspace/rustup-home:/opt/rustwide/rustup-home:ro,Z" "-e" "SOURCE_DIR=/opt/rustwide/workdir" "-e" "CARGO_TARGET_DIR=/opt/rustwide/target" "-e" "CARGO_INCREMENTAL=0" "-e" "RUST_BACKTRACE=full" "-e" "RUSTFLAGS=--cap-lints=warn" "-e" "RUSTDOCFLAGS=--cap-lints=warn" "-e" "CARGO_HOME=/opt/rustwide/cargo-home" "-e" "RUSTUP_HOME=/opt/rustwide/rustup-home" "-w" "/opt/rustwide/workdir" "-m" "1610612736" "--user" "0:0" "--network" "none" "ghcr.io/rust-lang/crates-build-env/linux@sha256:f3a9d4ad9d972b27faf3965f35b62e55ba32bbce8f20bc8fe909558a86702fde" "/opt/rustwide/cargo-home/bin/cargo" "+beta-2024-12-08" "test" "--frozen", kill_on_drop: false }`
[INFO] [stdout] 05dec2e960e6deeaed568d5b822b397d21b69a9ed576727863fd44e6f902a372
[INFO] running `Command { std: "docker" "start" "-a" "05dec2e960e6deeaed568d5b822b397d21b69a9ed576727863fd44e6f902a372", kill_on_drop: false }`
[INFO] [stderr] warning: variable `historyEntrys` should have a snake case name
[INFO] [stderr]    --> src/main.rs:135:13
[INFO] [stderr]     |
[INFO] [stderr] 135 |         let historyEntrys = sqlx::query_as::<_, HistoryEntry>("select title, url from urls")
[INFO] [stderr]     |             ^^^^^^^^^^^^^ help: convert the identifier to snake case: `history_entrys`
[INFO] [stderr]     |
[INFO] [stderr]     = note: `#[warn(non_snake_case)]` on by default
[INFO] [stderr] 
[INFO] [stderr] warning: `pop-launcher-chrome-history-plugin` (bin "pop-launcher-chrome-history-plugin" test) generated 1 warning
[INFO] [stderr]     Finished `test` profile [unoptimized + debuginfo] target(s) in 0.32s
[INFO] [stderr]      Running unittests src/main.rs (/opt/rustwide/target/debug/deps/pop_launcher_chrome_history_plugin-c589c3c5b13ed7b4)
[INFO] [stdout] 
[INFO] [stdout] running 1 test
[INFO] [stdout] test test::connect_sqlite ... FAILED
[INFO] [stdout] 
[INFO] [stdout] failures:
[INFO] [stdout] 
[INFO] [stdout] ---- test::connect_sqlite stdout ----
[INFO] [stdout] Error: error returned from database: unable to open database file
[INFO] [stdout] 
[INFO] [stdout] Caused by:
[INFO] [stdout]     unable to open database file
[INFO] [stdout] 
[INFO] [stdout] 
[INFO] [stdout] failures:
[INFO] [stdout]     test::connect_sqlite
[INFO] [stdout] 
[INFO] [stdout] test result: FAILED. 0 passed; 1 failed; 0 ignored; 0 measured; 0 filtered out; finished in 0.00s
[INFO] [stdout] 
[INFO] [stderr] error: test failed, to rerun pass `--bin pop-launcher-chrome-history-plugin`
[INFO] running `Command { std: "docker" "inspect" "05dec2e960e6deeaed568d5b822b397d21b69a9ed576727863fd44e6f902a372", kill_on_drop: false }`
[INFO] running `Command { std: "docker" "rm" "-f" "05dec2e960e6deeaed568d5b822b397d21b69a9ed576727863fd44e6f902a372", kill_on_drop: false }`
[INFO] [stdout] 05dec2e960e6deeaed568d5b822b397d21b69a9ed576727863fd44e6f902a372
