[INFO] cloning repository https://github.com/pyspa/doge-shell
[INFO] running `Command { std: "git" "-c" "credential.helper=" "-c" "credential.helper=/workspace/cargo-home/bin/git-credential-null" "clone" "--bare" "https://github.com/pyspa/doge-shell" "/workspace/cache/git-repos/https%3A%2F%2Fgithub.com%2Fpyspa%2Fdoge-shell", kill_on_drop: false }`
[INFO] [stderr] Cloning into bare repository '/workspace/cache/git-repos/https%3A%2F%2Fgithub.com%2Fpyspa%2Fdoge-shell'...
[INFO] running `Command { std: "git" "rev-parse" "HEAD", kill_on_drop: false }`
[INFO] [stdout] aa3eb756e3b3b7c1b490e858f647805241e64571
[INFO] testing pyspa/doge-shell against beta-2024-12-08 for beta-1.84.0-4-retry
[INFO] running `Command { std: "git" "clone" "/workspace/cache/git-repos/https%3A%2F%2Fgithub.com%2Fpyspa%2Fdoge-shell" "/workspace/builds/worker-4-tc2/source", kill_on_drop: false }`
[INFO] [stderr] Cloning into '/workspace/builds/worker-4-tc2/source'...
[INFO] [stderr] done.
[INFO] validating manifest of git repo https://github.com/pyspa/doge-shell on toolchain beta-2024-12-08
[INFO] running `Command { std: CARGO_HOME="/workspace/cargo-home" RUSTUP_HOME="/workspace/rustup-home" "/workspace/cargo-home/bin/cargo" "+beta-2024-12-08" "metadata" "--manifest-path" "Cargo.toml" "--no-deps", kill_on_drop: false }`
[INFO] started tweaking git repo https://github.com/pyspa/doge-shell
[INFO] finished tweaking git repo https://github.com/pyspa/doge-shell
[INFO] tweaked toml for git repo https://github.com/pyspa/doge-shell written to /workspace/builds/worker-4-tc2/source/Cargo.toml
[INFO] crate git repo https://github.com/pyspa/doge-shell already has a lockfile, it will not be regenerated
[INFO] running `Command { std: CARGO_HOME="/workspace/cargo-home" RUSTUP_HOME="/workspace/rustup-home" "/workspace/cargo-home/bin/cargo" "+beta-2024-12-08" "fetch" "--manifest-path" "Cargo.toml", kill_on_drop: false }`
[INFO] [stderr] warning: profiles for the non root package will be ignored, specify profiles at the workspace root:
[INFO] [stderr] package:   /workspace/builds/worker-4-tc2/source/dsh/Cargo.toml
[INFO] [stderr] workspace: /workspace/builds/worker-4-tc2/source/Cargo.toml
[INFO] running `Command { std: "docker" "create" "-v" "/var/lib/crater-agent-workspace/builds/worker-4-tc2/target:/opt/rustwide/target:rw,Z" "-v" "/var/lib/crater-agent-workspace/builds/worker-4-tc2/source:/opt/rustwide/workdir:ro,Z" "-v" "/var/lib/crater-agent-workspace/cargo-home:/opt/rustwide/cargo-home:ro,Z" "-v" "/var/lib/crater-agent-workspace/rustup-home:/opt/rustwide/rustup-home:ro,Z" "-e" "SOURCE_DIR=/opt/rustwide/workdir" "-e" "CARGO_TARGET_DIR=/opt/rustwide/target" "-e" "CARGO_HOME=/opt/rustwide/cargo-home" "-e" "RUSTUP_HOME=/opt/rustwide/rustup-home" "-w" "/opt/rustwide/workdir" "-m" "1610612736" "--user" "0:0" "--network" "none" "ghcr.io/rust-lang/crates-build-env/linux@sha256:f3a9d4ad9d972b27faf3965f35b62e55ba32bbce8f20bc8fe909558a86702fde" "/opt/rustwide/cargo-home/bin/cargo" "+beta-2024-12-08" "metadata" "--no-deps" "--format-version=1", kill_on_drop: false }`
[INFO] [stdout] 7cedfd048c9ddeca921ece81b0bd32e17a15129834c291719ab1968d31efa712
[INFO] running `Command { std: "docker" "start" "-a" "7cedfd048c9ddeca921ece81b0bd32e17a15129834c291719ab1968d31efa712", kill_on_drop: false }`
[INFO] running `Command { std: "docker" "inspect" "7cedfd048c9ddeca921ece81b0bd32e17a15129834c291719ab1968d31efa712", kill_on_drop: false }`
[INFO] running `Command { std: "docker" "rm" "-f" "7cedfd048c9ddeca921ece81b0bd32e17a15129834c291719ab1968d31efa712", kill_on_drop: false }`
[INFO] [stdout] 7cedfd048c9ddeca921ece81b0bd32e17a15129834c291719ab1968d31efa712
[INFO] running `Command { std: "docker" "create" "-v" "/var/lib/crater-agent-workspace/builds/worker-4-tc2/target:/opt/rustwide/target:rw,Z" "-v" "/var/lib/crater-agent-workspace/builds/worker-4-tc2/source:/opt/rustwide/workdir:ro,Z" "-v" "/var/lib/crater-agent-workspace/cargo-home:/opt/rustwide/cargo-home:ro,Z" "-v" "/var/lib/crater-agent-workspace/rustup-home:/opt/rustwide/rustup-home:ro,Z" "-e" "SOURCE_DIR=/opt/rustwide/workdir" "-e" "CARGO_TARGET_DIR=/opt/rustwide/target" "-e" "CARGO_INCREMENTAL=0" "-e" "RUST_BACKTRACE=full" "-e" "RUSTFLAGS=--cap-lints=warn" "-e" "RUSTDOCFLAGS=--cap-lints=warn" "-e" "CARGO_HOME=/opt/rustwide/cargo-home" "-e" "RUSTUP_HOME=/opt/rustwide/rustup-home" "-w" "/opt/rustwide/workdir" "-m" "1610612736" "--user" "0:0" "--network" "none" "ghcr.io/rust-lang/crates-build-env/linux@sha256:f3a9d4ad9d972b27faf3965f35b62e55ba32bbce8f20bc8fe909558a86702fde" "/opt/rustwide/cargo-home/bin/cargo" "+beta-2024-12-08" "build" "--frozen" "--message-format=json", kill_on_drop: false }`
[INFO] [stdout] 09d84fbbaff0bf861318ba0b2f35bbcdd593bd23b9dad6017c9e213f7bfc23c1
[INFO] running `Command { std: "docker" "start" "-a" "09d84fbbaff0bf861318ba0b2f35bbcdd593bd23b9dad6017c9e213f7bfc23c1", kill_on_drop: false }`
[INFO] [stderr] warning: profiles for the non root package will be ignored, specify profiles at the workspace root:
[INFO] [stderr] package:   /opt/rustwide/workdir/dsh/Cargo.toml
[INFO] [stderr] workspace: /opt/rustwide/workdir/Cargo.toml
[INFO] [stderr]    Compiling proc-macro2 v1.0.66
[INFO] [stderr]    Compiling unicode-ident v1.0.11
[INFO] [stderr]    Compiling libc v0.2.147
[INFO] [stderr]    Compiling cfg-if v1.0.0
[INFO] [stderr]    Compiling version_check v0.9.4
[INFO] [stderr]    Compiling autocfg v1.1.0
[INFO] [stderr]    Compiling once_cell v1.18.0
[INFO] [stderr]    Compiling memchr v2.5.0
[INFO] [stderr]    Compiling value-bag v1.4.1
[INFO] [stderr]    Compiling syn v1.0.109
[INFO] [stderr]    Compiling log v0.4.19
[INFO] [stderr]    Compiling cc v1.0.79
[INFO] [stderr]    Compiling bitflags v1.3.2
[INFO] [stderr]    Compiling fnv v1.0.7
[INFO] [stderr]    Compiling crossbeam-utils v0.8.16
[INFO] [stderr]    Compiling pin-project-lite v0.2.10
[INFO] [stderr]    Compiling thiserror v1.0.43
[INFO] [stderr]    Compiling scopeguard v1.2.0
[INFO] [stderr]    Compiling typenum v1.16.0
[INFO] [stderr]    Compiling generic-array v0.14.7
[INFO] [stderr]    Compiling quote v1.0.31
[INFO] [stderr]    Compiling futures-core v0.3.28
[INFO] [stderr]    Compiling syn v2.0.26
[INFO] [stderr]    Compiling tracing-core v0.1.31
[INFO] [stderr]    Compiling ident_case v1.0.1
[INFO] [stderr]    Compiling tinyvec_macros v0.1.1
[INFO] [stderr]    Compiling tinyvec v1.6.0
[INFO] [stderr]    Compiling unicase v2.6.0
[INFO] [stderr]    Compiling ahash v0.7.6
[INFO] [stderr]    Compiling serde v1.0.171
[INFO] [stderr]    Compiling anyhow v1.0.72
[INFO] [stderr]    Compiling getrandom v0.2.10
[INFO] [stderr]    Compiling smallvec v1.11.0
[INFO] [stderr]    Compiling pkg-config v0.3.27
[INFO] [stderr]    Compiling unicode-normalization v0.1.22
[INFO] [stderr]    Compiling indexmap v1.9.3
[INFO] [stderr]    Compiling lazy_static v1.4.0
[INFO] [stderr]    Compiling futures-io v0.3.28
[INFO] [stderr]    Compiling hashbrown v0.12.3
[INFO] [stderr]    Compiling slab v0.4.8
[INFO] [stderr]    Compiling standback v0.2.17
[INFO] [stderr]    Compiling ppv-lite86 v0.2.17
[INFO] [stderr]    Compiling pin-utils v0.1.0
[INFO] [stderr]    Compiling event-listener v2.5.3
[INFO] [stderr]    Compiling proc-macro-hack v0.5.20+deprecated
[INFO] [stderr]    Compiling concurrent-queue v2.2.0
[INFO] [stderr]    Compiling memoffset v0.9.0
[INFO] [stderr]    Compiling subtle v2.4.1
[INFO] [stderr]    Compiling openssl-sys v0.9.90
[INFO] [stderr]    Compiling libz-sys v1.1.9
[INFO] [stderr]    Compiling rand_core v0.6.4
[INFO] [stderr]    Compiling libnghttp2-sys v0.1.7+1.45.0
[INFO] [stderr]    Compiling aho-corasick v1.0.2
[INFO] [stderr]    Compiling lock_api v0.4.10
[INFO] [stderr]    Compiling crossbeam-epoch v0.9.15
[INFO] [stderr]    Compiling target-lexicon v0.12.10
[INFO] [stderr]    Compiling waker-fn v1.1.0
[INFO] [stderr]    Compiling regex-syntax v0.7.4
[INFO] [stderr]    Compiling parking v2.1.0
[INFO] [stderr]    Compiling opaque-debug v0.3.0
[INFO] [stderr]    Compiling const_fn v0.4.9
[INFO] [stderr]    Compiling bytes v1.4.0
[INFO] [stderr]    Compiling fastrand v1.9.0
[INFO] [stderr]    Compiling unicode-width v0.1.10
[INFO] [stderr]    Compiling futures-lite v1.13.0
[INFO] [stderr]    Compiling rand_chacha v0.3.1
[INFO] [stderr]    Compiling time v0.2.27
[INFO] [stderr]    Compiling memoffset v0.6.5
[INFO] [stderr]    Compiling percent-encoding v2.3.0
[INFO] [stderr]    Compiling wasm-bindgen-shared v0.2.87
[INFO] [stderr]    Compiling pulldown-cmark v0.8.0
[INFO] [stderr]    Compiling io-lifetimes v1.0.11
[INFO] [stderr]    Compiling strsim v0.10.0
[INFO] [stderr]    Compiling cranelift-isle v0.86.1
[INFO] [stderr]    Compiling rand v0.8.5
[INFO] [stderr]    Compiling darling_core v0.20.3
[INFO] [stderr]    Compiling regex-automata v0.3.3
[INFO] [stderr]    Compiling async-channel v1.9.0
[INFO] [stderr]    Compiling async-lock v2.7.0
[INFO] [stderr]    Compiling curl-sys v0.4.63+curl-8.1.2
[INFO] [stderr]    Compiling cipher v0.2.5
[INFO] [stderr]    Compiling socket2 v0.4.9
[INFO] [stderr]    Compiling crossbeam-channel v0.5.8
[INFO] [stderr]    Compiling proc-macro-error-attr v1.0.4
[INFO] [stderr]    Compiling polling v2.8.0
[INFO] [stderr]    Compiling rkyv v0.7.42
[INFO] [stderr]    Compiling cranelift-codegen-shared v0.86.1
[INFO] [stderr]    Compiling rustix v0.37.23
[INFO] [stderr]    Compiling getrandom v0.1.16
[INFO] [stderr]    Compiling itoa v1.0.9
[INFO] [stderr]    Compiling async-trait v0.1.71
[INFO] [stderr]    Compiling futures-sink v0.3.28
[INFO] [stderr]    Compiling cranelift-codegen-meta v0.86.1
[INFO] [stderr]    Compiling thiserror-impl v1.0.43
[INFO] [stderr]    Compiling tracing-attributes v0.1.26
[INFO] [stderr]    Compiling serde_derive v1.0.171
[INFO] [stderr]    Compiling time-macros-impl v0.1.2
[INFO] [stderr]    Compiling ptr_meta_derive v0.1.4
[INFO] [stderr]    Compiling darling_macro v0.20.3
[INFO] [stderr]    Compiling ptr_meta v0.1.4
[INFO] [stderr]    Compiling regex v1.9.1
[INFO] [stderr]    Compiling time-macros v0.1.1
[INFO] [stderr]    Compiling darling v0.20.3
[INFO] [stderr]    Compiling enumset_derive v0.8.1
[INFO] [stderr]    Compiling enum-iterator-derive v0.7.0
[INFO] [stderr]    Compiling rkyv_derive v0.7.42
[INFO] [stderr]    Compiling tracing v0.1.37
[INFO] [stderr]    Compiling crossbeam-deque v0.8.3
[INFO] [stderr]    Compiling universal-hash v0.4.1
[INFO] [stderr]    Compiling digest v0.9.0
[INFO] [stderr]    Compiling backtrace v0.3.68
[INFO] [stderr]    Compiling proc-macro-error v1.0.4
[INFO] [stderr]    Compiling corosensei v0.1.3
[INFO] [stderr]    Compiling async-io v1.13.0
[INFO] [stderr]    Compiling adler v1.0.2
[INFO] [stderr]    Compiling gimli v0.27.3
[INFO] [stderr]    Compiling id-arena v2.2.1
[INFO] [stderr]    Compiling seahash v4.1.0
[INFO] [stderr]    Compiling async-task v4.4.0
[INFO] [stderr]    Compiling linux-raw-sys v0.3.8
[INFO] [stderr]    Compiling leb128 v0.2.5
[INFO] [stderr]    Compiling rayon-core v1.11.0
[INFO] [stderr]    Compiling bumpalo v3.13.0
[INFO] [stderr]    Compiling byteorder v1.4.3
[INFO] [stderr]    Compiling unicode-xid v0.2.4
[INFO] [stderr]    Compiling cpuid-bool v0.2.0
[INFO] [stderr]    Compiling wasm-bindgen-backend v0.2.87
[INFO] [stderr]    Compiling wasmer-wit-parser v0.1.1
[INFO] [stderr]    Compiling polyval v0.4.5
[INFO] [stderr]    Compiling fxhash v0.2.1
[INFO] [stderr]    Compiling miniz_oxide v0.7.1
[INFO] [stderr]    Compiling cranelift-codegen v0.86.1
[INFO] [stderr]    Compiling enum-iterator v0.7.0
[INFO] [stderr]    Compiling addr2line v0.20.0
[INFO] [stderr]    Compiling enumset v1.1.2
[INFO] [stderr]    Compiling aes-soft v0.6.4
[INFO] [stderr]    Compiling form_urlencoded v1.2.0
[INFO] [stderr]    Compiling crypto-mac v0.10.1
[INFO] [stderr]    Compiling num_cpus v1.16.0
[INFO] [stderr]    Compiling object v0.31.1
[INFO] [stderr]    Compiling thread_local v1.1.7
[INFO] [stderr]    Compiling futures-task v0.3.28
[INFO] [stderr]    Compiling ryu v1.0.15
[INFO] [stderr]    Compiling cranelift-entity v0.86.1
[INFO] [stderr]    Compiling more-asserts v0.2.2
[INFO] [stderr]    Compiling serde_json v1.0.103
[INFO] [stderr]    Compiling futures-channel v0.3.28
[INFO] [stderr]    Compiling unicode-bidi v0.3.13
[INFO] [stderr]    Compiling atomic-waker v1.1.1
[INFO] [stderr]    Compiling fallible-iterator v0.2.0
[INFO] [stderr]    Compiling unicode-segmentation v1.10.1
[INFO] [stderr]    Compiling regex-syntax v0.6.29
[INFO] [stderr]    Compiling stable_deref_trait v1.2.0
[INFO] [stderr]    Compiling slice-group-by v0.3.1
[INFO] [stderr]    Compiling rustc-demangle v0.1.23
[INFO] [stderr]    Compiling regalloc2 v0.3.2
[INFO] [stderr]    Compiling heck v0.3.3
[INFO] [stderr]    Compiling gimli v0.26.2
[INFO] [stderr]    Compiling idna v0.4.0
[INFO] [stderr]    Compiling blocking v1.3.1
[INFO] [stderr]    Compiling cranelift-bforest v0.86.1
[INFO] [stderr]    Compiling wasmer-types v3.1.1
[INFO] [stderr]    Compiling hmac v0.10.1
[INFO] [stderr]    Compiling regex-automata v0.1.10
[INFO] [stderr]    Compiling aes v0.6.0
[INFO] [stderr]    Compiling rand_core v0.5.1
[INFO] [stderr]    Compiling wasm-bindgen-macro-support v0.2.87
[INFO] [stderr]    Compiling wasmer-wit-bindgen-gen-core v0.1.1
[INFO] [stderr]    Compiling ghash v0.3.1
[INFO] [stderr]    Compiling async-executor v1.5.1
[INFO] [stderr]    Compiling pin-project-internal v1.1.2
[INFO] [stderr]    Compiling ctr v0.6.0
[INFO] [stderr]    Compiling aead v0.3.2
[INFO] [stderr]    Compiling block-buffer v0.9.0
[INFO] [stderr]    Compiling region v3.0.0
[INFO] [stderr]    Compiling cookie v0.14.4
[INFO] [stderr]    Compiling rustix v0.38.4
[INFO] [stderr]    Compiling curl v0.4.44
[INFO] [stderr]    Compiling either v1.8.1
[INFO] [stderr]    Compiling cpufeatures v0.2.9
[INFO] [stderr]    Compiling utf8parse v0.2.1
[INFO] [stderr]    Compiling futures-util v0.3.28
[INFO] [stderr]    Compiling wasmer-wit-bindgen-gen-rust-wasm v0.1.1
[INFO] [stderr]    Compiling overload v0.1.1
[INFO] [stderr]    Compiling wasm-bindgen v0.2.87
[INFO] [stderr]    Compiling nu-ansi-term v0.46.0
[INFO] [stderr]    Compiling sha2 v0.9.9
[INFO] [stderr]    Compiling rayon v1.7.0
[INFO] [stderr]    Compiling wasmer-vm v3.1.1
[INFO] [stderr]    Compiling pin-project v1.1.2
[INFO] [stderr]    Compiling aes-gcm v0.8.0
[INFO] [stderr]    Compiling wasm-bindgen-macro v0.2.87
[INFO] [stderr]    Compiling async-global-executor v2.3.1
[INFO] [stderr]    Compiling wasmer-wit-bindgen-gen-rust v0.1.1
[INFO] [stderr]    Compiling matchers v0.1.0
[INFO] [stderr]    Compiling rand_chacha v0.2.2
[INFO] [stderr]    Compiling hkdf v0.10.0
[INFO] [stderr]    Compiling url v2.4.0
[INFO] [stderr]    Compiling wasm-encoder v0.31.0
[INFO] [stderr]    Compiling futures-macro v0.3.28
[INFO] [stderr]    Compiling spinning_top v0.2.5
[INFO] [stderr]    Compiling darling_core v0.14.4
[INFO] [stderr]    Compiling sharded-slab v0.1.4
[INFO] [stderr]    Compiling tracing-log v0.1.3
[INFO] [stderr]    Compiling memmap2 v0.5.10
[INFO] [stderr]    Compiling kv-log-macro v1.0.7
[INFO] [stderr]    Compiling memoffset v0.7.1
[INFO] [stderr]    Compiling linux-raw-sys v0.4.3
[INFO] [stderr]    Compiling isahc v0.9.14
[INFO] [stderr]    Compiling signal-hook v0.3.17
[INFO] [stderr]    Compiling wasmer-compiler-cranelift v3.1.1
[INFO] [stderr]    Compiling http-types v2.12.0
[INFO] [stderr]    Compiling wasmparser v0.83.0
[INFO] [stderr]    Compiling openssl-probe v0.1.5
[INFO] [stderr]    Compiling parking_lot_core v0.9.8
[INFO] [stderr]    Compiling bitflags v2.3.3
[INFO] [stderr]    Compiling base64 v0.13.1
[INFO] [stderr]    Compiling tracing-subscriber v0.3.17
[INFO] [stderr]    Compiling async-std v1.12.0
[INFO] [stderr]    Compiling wast v62.0.0
[INFO] [stderr]    Compiling flume v0.9.2
[INFO] [stderr]    Compiling darling_macro v0.14.4
[INFO] [stderr]    Compiling wasmer-compiler v3.1.1
[INFO] [stderr]    Compiling rand v0.7.3
[INFO] [stderr]    Compiling tracing-futures v0.2.5
[INFO] [stderr]    Compiling serde_urlencoded v0.7.1
[INFO] [stderr]    Compiling serde_qs v0.8.5
[INFO] [stderr]    Compiling wasmer-vfs v3.1.1
[INFO] [stderr]    Compiling http v0.2.9
[INFO] [stderr]    Compiling sluice v0.5.5
[INFO] [stderr]    Compiling mime_guess v2.0.4
[INFO] [stderr]    Compiling signal-hook-registry v1.4.1
[INFO] [stderr]    Compiling num-traits v0.2.15
[INFO] [stderr]    Compiling heck v0.4.1
[INFO] [stderr]    Compiling infer v0.2.3
[INFO] [stderr]    Compiling bytes v0.5.6
[INFO] [stderr]    Compiling wasmer-wit-bindgen-rust-impl v0.1.1
[INFO] [stderr]    Compiling darling v0.14.4
[INFO] [stderr]    Compiling js-sys v0.3.64
[INFO] [stderr]    Compiling is-terminal v0.4.9
[INFO] [stderr]    Compiling anstyle-parse v0.2.1
[INFO] [stderr]    Compiling wasmer-derive v3.1.1
[INFO] [stderr]    Compiling dirs-sys-next v0.1.2
[INFO] [stderr]    Compiling mio v0.8.8
[INFO] [stderr]    Compiling anstyle-query v1.0.0
[INFO] [stderr]    Compiling home v0.5.5
[INFO] [stderr]    Compiling option-ext v0.2.0
[INFO] [stderr]    Compiling mime v0.3.17
[INFO] [stderr]    Compiling crossbeam-queue v0.3.8
[INFO] [stderr]    Compiling static_assertions v1.1.0
[INFO] [stderr]    Compiling ucd-trie v0.1.6
[INFO] [stderr]    Compiling wat v1.0.68
[INFO] [stderr]    Compiling colorchoice v1.0.0
[INFO] [stderr]    Compiling anstyle v1.0.1
[INFO] [stderr]    Compiling pest v2.7.1
[INFO] [stderr]    Compiling anstream v0.3.2
[INFO] [stderr]    Compiling http-client v6.5.3
[INFO] [stderr]    Compiling web-sys v0.3.64
[INFO] [stderr]    Compiling nix v0.26.2
[INFO] [stderr]    Compiling dirs-sys v0.4.1
[INFO] [stderr]    Compiling xdg v2.5.0
[INFO] [stderr]    Compiling wasmer-wit-bindgen-rust v0.1.1
[INFO] [stderr]    Compiling signal-hook-mio v0.2.3
[INFO] [stderr]    Compiling dirs-next v2.0.0
[INFO] [stderr]    Compiling parking_lot v0.12.1
[INFO] [stderr]    Compiling derive_builder_core v0.11.2
[INFO] [stderr]    Compiling wasmer-vnet v3.1.1
[INFO] [stderr]    Compiling uuid-macro-internal v1.4.1
[INFO] [stderr]    Compiling atty v0.2.14
[INFO] [stderr]    Compiling time v0.1.45
[INFO] [stderr]    Compiling encoding_rs v0.8.32
[INFO] [stderr]    Compiling os_str_bytes v6.5.1
[INFO] [stderr]    Compiling hashbrown v0.14.0
[INFO] [stderr]    Compiling iana-time-zone v0.1.57
[INFO] [stderr]    Compiling termcolor v1.2.0
[INFO] [stderr]    Compiling clap_lex v0.5.0
[INFO] [stderr]    Compiling equivalent v1.0.1
[INFO] [stderr]    Compiling crc32fast v1.3.2
[INFO] [stderr]    Compiling clap_builder v4.3.16
[INFO] [stderr]    Compiling chrono v0.4.26
[INFO] [stderr]    Compiling indexmap v2.0.0
[INFO] [stderr]    Compiling derive_builder_macro v0.11.2
[INFO] [stderr]    Compiling cranelift-frontend v0.86.1
[INFO] [stderr]    Compiling surf v2.3.2
[INFO] [stderr]    Compiling uuid v1.4.1
[INFO] [stderr]    Compiling clap_lex v0.2.4
[INFO] [stderr]    Compiling wasmer-wasi-local-networking v3.1.1
[INFO] [stderr]    Compiling crossterm v0.26.1
[INFO] [stderr]    Compiling term v0.7.0
[INFO] [stderr]    Compiling dirs v5.0.1
[INFO] [stderr]    Compiling pest_meta v2.7.1
[INFO] [stderr]    Compiling clap_derive v4.3.12
[INFO] [stderr]    Compiling wasmer v3.1.1
[INFO] [stderr]    Compiling wasmer-vbus v3.1.1
[INFO] [stderr]    Compiling bincode v1.3.3
[INFO] [stderr]    Compiling toml_datetime v0.6.3
[INFO] [stderr]    Compiling serde_spanned v0.6.3
[INFO] [stderr]    Compiling derivative v2.2.0
[INFO] [stderr]    Compiling nix v0.24.3
[INFO] [stderr]    Compiling file-lock v2.1.10
[INFO] [stderr]    Compiling vte_generate_state_changes v0.1.1
[INFO] [stderr]    Compiling bstr v1.6.0
[INFO] [stderr]    Compiling generational-arena v0.2.9
[INFO] [stderr]    Compiling humantime v2.1.0
[INFO] [stderr]    Compiling arrayvec v0.7.4
[INFO] [stderr]    Compiling match_cfg v0.1.0
[INFO] [stderr]    Compiling same-file v1.0.6
[INFO] [stderr]    Compiling time-core v0.1.1
[INFO] [stderr]    Compiling textwrap v0.16.0
[INFO] [stderr]    Compiling winnow v0.5.0
[INFO] [stderr]    Compiling bytecount v0.6.3
[INFO] [stderr]    Compiling papergrid v0.9.1
[INFO] [stderr]    Compiling clap v3.2.25
[INFO] [stderr]    Compiling vte v0.11.1
[INFO] [stderr]    Compiling walkdir v2.3.3
[INFO] [stderr]    Compiling wasmer-wasi-types v3.1.1
[INFO] [stderr]    Compiling time v0.3.23
[INFO] [stderr]    Compiling tuikit v0.5.0
[INFO] [stderr]    Compiling hostname v0.3.1
[INFO] [stderr]    Compiling clap v4.3.16
[INFO] [stderr]    Compiling env_logger v0.9.3
[INFO] [stderr]    Compiling globset v0.4.11
[INFO] [stderr]    Compiling toml_edit v0.19.14
[INFO] [stderr]    Compiling wasmer-wasi v3.1.1
[INFO] [stderr]    Compiling dsh-frecency v0.1.0 (/opt/rustwide/workdir/dsh-frecency)
[INFO] [stderr]    Compiling pest_generator v2.7.1
[INFO] [stderr]    Compiling crossbeam v0.8.2
[INFO] [stderr]    Compiling shellexpand v3.1.0
[INFO] [stderr]    Compiling dsh-types v0.0.1 (/opt/rustwide/workdir/dsh-types)
[INFO] [stderr]    Compiling timer v0.2.0
[INFO] [stderr]    Compiling dsh-chatgpt v0.1.0 (/opt/rustwide/workdir/dsh-chatgpt)
[INFO] [stderr]    Compiling derive_builder v0.11.2
[INFO] [stderr]    Compiling tabled_derive v0.6.0
[INFO] [stderr]    Compiling futures-executor v0.3.28
[INFO] [stderr]    Compiling fuzzy-matcher v0.3.7
[INFO] [stderr]    Compiling nix v0.25.1
[INFO] [stderr]    Compiling defer-drop v1.3.0
[INFO] [stderr]    Compiling getopts v0.2.21
[INFO] [stderr]    Compiling beef v0.5.2
[INFO] [stderr]    Compiling numtoa v0.1.0
[INFO] [stderr]    Compiling shlex v1.1.0
[INFO] [stderr]    Compiling md5 v0.7.0
[INFO] [stderr]    Compiling tabled v0.12.2
[INFO] [stderr]    Compiling termion v2.0.1
[INFO] [stderr]    Compiling xid v1.0.3
[INFO] [stderr]    Compiling dsh-builtin v0.1.0 (/opt/rustwide/workdir/dsh-builtin)
[INFO] [stderr]    Compiling toml v0.7.6
[INFO] [stderr]    Compiling futures v0.3.28
[INFO] [stderr]    Compiling pest_derive v2.7.1
[INFO] [stderr]    Compiling skim v0.10.4
[INFO] [stderr]    Compiling globmatch v0.2.4
[INFO] [stderr]    Compiling easy_reader v0.5.2
[INFO] [stderr]    Compiling termios v0.3.3
[INFO] [stderr]    Compiling term_size v0.3.2
[INFO] [stderr]    Compiling futures-timer v3.0.2
[INFO] [stderr]    Compiling dsh-wasm v0.0.1 (/opt/rustwide/workdir/dsh-wasm)
[INFO] [stderr]    Compiling doge-shell v0.0.1 (/opt/rustwide/workdir/dsh)
[INFO] [stdout] warning: unused import: `dirs`
[INFO] [stdout]  --> dsh/src/dirs.rs:1:9
[INFO] [stdout]   |
[INFO] [stdout] 1 | pub use dirs;
[INFO] [stdout]   |         ^^^^
[INFO] [stdout]   |
[INFO] [stdout]   = note: `#[warn(unused_imports)]` on by default
[INFO] [stdout] 
[INFO] [stdout] 
[INFO] [stdout] warning: unexpected `cfg` condition value: `bigint`
[INFO] [stdout]   --> dsh/src/lisp/default_environment.rs:13:14
[INFO] [stdout]    |
[INFO] [stdout] 13 |     if #[cfg(feature = "bigint")] {
[INFO] [stdout]    |              ^^^^^^^-----------
[INFO] [stdout]    |              |
[INFO] [stdout]    |              help: remove the condition
[INFO] [stdout]    |
[INFO] [stdout]    = note: no expected values for `feature`
[INFO] [stdout]    = help: consider adding `bigint` as a feature in `Cargo.toml`
[INFO] [stdout]    = note: see <https://doc.rust-lang.org/nightly/rustc/check-cfg/cargo-specifics.html> for more information about checking conditional configuration
[INFO] [stdout]    = note: `#[warn(unexpected_cfgs)]` on by default
[INFO] [stdout] 
[INFO] [stdout] 
[INFO] [stdout] warning: unexpected `cfg` condition value: `bigint`
[INFO] [stdout]    --> dsh/src/lisp/default_environment.rs:231:26
[INFO] [stdout]     |
[INFO] [stdout] 231 |                 if #[cfg(feature = "bigint")] {
[INFO] [stdout]     |                          ^^^^^^^-----------
[INFO] [stdout]     |                          |
[INFO] [stdout]     |                          help: remove the condition
[INFO] [stdout]     |
[INFO] [stdout]     = note: no expected values for `feature`
[INFO] [stdout]     = help: consider adding `bigint` as a feature in `Cargo.toml`
[INFO] [stdout]     = note: see <https://doc.rust-lang.org/nightly/rustc/check-cfg/cargo-specifics.html> for more information about checking conditional configuration
[INFO] [stdout] 
[INFO] [stdout] 
[INFO] [stdout] warning: unexpected `cfg` condition value: `bigint`
[INFO] [stdout]  --> dsh/src/lisp/model/mod.rs:3:14
[INFO] [stdout]   |
[INFO] [stdout] 3 |     if #[cfg(feature = "bigint")] {
[INFO] [stdout]   |              ^^^^^^^-----------
[INFO] [stdout]   |              |
[INFO] [stdout]   |              help: remove the condition
[INFO] [stdout]   |
[INFO] [stdout]   = note: no expected values for `feature`
[INFO] [stdout]   = help: consider adding `bigint` as a feature in `Cargo.toml`
[INFO] [stdout]   = note: see <https://doc.rust-lang.org/nightly/rustc/check-cfg/cargo-specifics.html> for more information about checking conditional configuration
[INFO] [stdout] 
[INFO] [stdout] 
[INFO] [stdout] warning: unexpected `cfg` condition value: `bigint`
[INFO] [stdout]  --> dsh/src/lisp/model/mod.rs:9:19
[INFO] [stdout]   |
[INFO] [stdout] 9 |     if      #[cfg(feature = "bigint")] { pub type IntType = BigInt; }
[INFO] [stdout]   |                   ^^^^^^^-----------
[INFO] [stdout]   |                   |
[INFO] [stdout]   |                   help: remove the condition
[INFO] [stdout]   |
[INFO] [stdout]   = note: no expected values for `feature`
[INFO] [stdout]   = help: consider adding `bigint` as a feature in `Cargo.toml`
[INFO] [stdout]   = note: see <https://doc.rust-lang.org/nightly/rustc/check-cfg/cargo-specifics.html> for more information about checking conditional configuration
[INFO] [stdout] 
[INFO] [stdout] 
[INFO] [stdout] warning: unexpected `cfg` condition value: `i128`
[INFO] [stdout]   --> dsh/src/lisp/model/mod.rs:10:19
[INFO] [stdout]    |
[INFO] [stdout] 10 |     else if #[cfg(feature = "i128")]   { pub type IntType = i128;   }
[INFO] [stdout]    |                   ^^^^^^^---------
[INFO] [stdout]    |                   |
[INFO] [stdout]    |                   help: remove the condition
[INFO] [stdout]    |
[INFO] [stdout]    = note: no expected values for `feature`
[INFO] [stdout]    = help: consider adding `i128` as a feature in `Cargo.toml`
[INFO] [stdout]    = note: see <https://doc.rust-lang.org/nightly/rustc/check-cfg/cargo-specifics.html> for more information about checking conditional configuration
[INFO] [stdout] 
[INFO] [stdout] 
[INFO] [stdout] warning: unexpected `cfg` condition value: `i64`
[INFO] [stdout]   --> dsh/src/lisp/model/mod.rs:11:19
[INFO] [stdout]    |
[INFO] [stdout] 11 |     else if #[cfg(feature = "i64")]    { pub type IntType = i64;    }
[INFO] [stdout]    |                   ^^^^^^^--------
[INFO] [stdout]    |                   |
[INFO] [stdout]    |                   help: remove the condition
[INFO] [stdout]    |
[INFO] [stdout]    = note: no expected values for `feature`
[INFO] [stdout]    = help: consider adding `i64` as a feature in `Cargo.toml`
[INFO] [stdout]    = note: see <https://doc.rust-lang.org/nightly/rustc/check-cfg/cargo-specifics.html> for more information about checking conditional configuration
[INFO] [stdout] 
[INFO] [stdout] 
[INFO] [stdout] warning: unexpected `cfg` condition value: `i16`
[INFO] [stdout]   --> dsh/src/lisp/model/mod.rs:12:19
[INFO] [stdout]    |
[INFO] [stdout] 12 |     else if #[cfg(feature = "i16")]    { pub type IntType = i16;    }
[INFO] [stdout]    |                   ^^^^^^^--------
[INFO] [stdout]    |                   |
[INFO] [stdout]    |                   help: remove the condition
[INFO] [stdout]    |
[INFO] [stdout]    = note: no expected values for `feature`
[INFO] [stdout]    = help: consider adding `i16` as a feature in `Cargo.toml`
[INFO] [stdout]    = note: see <https://doc.rust-lang.org/nightly/rustc/check-cfg/cargo-specifics.html> for more information about checking conditional configuration
[INFO] [stdout] 
[INFO] [stdout] 
[INFO] [stdout] warning: unexpected `cfg` condition value: `i8`
[INFO] [stdout]   --> dsh/src/lisp/model/mod.rs:13:19
[INFO] [stdout]    |
[INFO] [stdout] 13 |     else if #[cfg(feature = "i8")]     { pub type IntType = i8;     }
[INFO] [stdout]    |                   ^^^^^^^-------
[INFO] [stdout]    |                   |
[INFO] [stdout]    |                   help: remove the condition
[INFO] [stdout]    |
[INFO] [stdout]    = note: no expected values for `feature`
[INFO] [stdout]    = help: consider adding `i8` as a feature in `Cargo.toml`
[INFO] [stdout]    = note: see <https://doc.rust-lang.org/nightly/rustc/check-cfg/cargo-specifics.html> for more information about checking conditional configuration
[INFO] [stdout] 
[INFO] [stdout] 
[INFO] [stdout] warning: unexpected `cfg` condition value: `f64`
[INFO] [stdout]   --> dsh/src/lisp/model/mod.rs:21:14
[INFO] [stdout]    |
[INFO] [stdout] 21 |     if #[cfg(feature = "f64")] { pub type FloatType = f64; }
[INFO] [stdout]    |              ^^^^^^^--------
[INFO] [stdout]    |              |
[INFO] [stdout]    |              help: remove the condition
[INFO] [stdout]    |
[INFO] [stdout]    = note: no expected values for `feature`
[INFO] [stdout]    = help: consider adding `f64` as a feature in `Cargo.toml`
[INFO] [stdout]    = note: see <https://doc.rust-lang.org/nightly/rustc/check-cfg/cargo-specifics.html> for more information about checking conditional configuration
[INFO] [stdout] 
[INFO] [stdout] 
[INFO] [stdout] warning: unexpected `cfg` condition value: `bigint`
[INFO] [stdout]  --> dsh/src/lisp/model/value.rs:9:14
[INFO] [stdout]   |
[INFO] [stdout] 9 |     if #[cfg(feature = "bigint")] {
[INFO] [stdout]   |              ^^^^^^^-----------
[INFO] [stdout]   |              |
[INFO] [stdout]   |              help: remove the condition
[INFO] [stdout]   |
[INFO] [stdout]   = note: no expected values for `feature`
[INFO] [stdout]   = help: consider adding `bigint` as a feature in `Cargo.toml`
[INFO] [stdout]   = note: see <https://doc.rust-lang.org/nightly/rustc/check-cfg/cargo-specifics.html> for more information about checking conditional configuration
[INFO] [stdout] 
[INFO] [stdout] 
[INFO] [stdout] warning: unexpected `cfg` condition value: `bigint`
[INFO] [stdout]    --> dsh/src/lisp/model/value.rs:509:18
[INFO] [stdout]     |
[INFO] [stdout] 509 |         if #[cfg(feature = "bigint")] {
[INFO] [stdout]     |                  ^^^^^^^-----------
[INFO] [stdout]     |                  |
[INFO] [stdout]     |                  help: remove the condition
[INFO] [stdout]     |
[INFO] [stdout]     = note: no expected values for `feature`
[INFO] [stdout]     = help: consider adding `bigint` as a feature in `Cargo.toml`
[INFO] [stdout]     = note: see <https://doc.rust-lang.org/nightly/rustc/check-cfg/cargo-specifics.html> for more information about checking conditional configuration
[INFO] [stdout] 
[INFO] [stdout] 
[INFO] [stdout] warning: unused import: `NativeFunc`
[INFO] [stdout]   --> dsh/src/lisp/model/mod.rs:40:28
[INFO] [stdout]    |
[INFO] [stdout] 40 | pub use value::{HashMapRc, NativeFunc, Value};
[INFO] [stdout]    |                            ^^^^^^^^^^
[INFO] [stdout] 
[INFO] [stdout] 
[INFO] [stdout] warning: struct `History` is never constructed
[INFO] [stdout]   --> dsh/src/history.rs:21:12
[INFO] [stdout]    |
[INFO] [stdout] 21 | pub struct History {
[INFO] [stdout]    |            ^^^^^^^
[INFO] [stdout]    |
[INFO] [stdout]    = note: `History` has a derived impl for the trait `Debug`, but this is intentionally ignored during dead code analysis
[INFO] [stdout]    = note: `#[warn(dead_code)]` on by default
[INFO] [stdout] 
[INFO] [stdout] 
[INFO] [stdout] warning: multiple associated items are never used
[INFO] [stdout]    --> dsh/src/history.rs:31:12
[INFO] [stdout]     |
[INFO] [stdout] 30  | impl History {
[INFO] [stdout]     | ------------ associated items in this implementation
[INFO] [stdout] 31  |     pub fn new() -> Self {
[INFO] [stdout]     |            ^^^
[INFO] [stdout] ...
[INFO] [stdout] 42  |     pub fn from_file(name: &str) -> Self {
[INFO] [stdout]     |            ^^^^^^^^^
[INFO] [stdout] ...
[INFO] [stdout] 56  |     fn get(&self, index: usize) -> Option<String> {
[INFO] [stdout]     |        ^^^
[INFO] [stdout] ...
[INFO] [stdout] 65  |     pub fn back(&mut self) -> Option<String> {
[INFO] [stdout]     |            ^^^^
[INFO] [stdout] ...
[INFO] [stdout] 88  |     pub fn forward(&mut self) -> Option<String> {
[INFO] [stdout]     |            ^^^^^^^
[INFO] [stdout] ...
[INFO] [stdout] 108 |     pub fn reset_index(&mut self) {
[INFO] [stdout]     |            ^^^^^^^^^^^
[INFO] [stdout] ...
[INFO] [stdout] 112 |     pub fn load(&mut self) -> Result<usize> {
[INFO] [stdout]     |            ^^^^
[INFO] [stdout] ...
[INFO] [stdout] 130 |     fn open(&mut self) -> Result<&mut History> {
[INFO] [stdout]     |        ^^^^
[INFO] [stdout] ...
[INFO] [stdout] 146 |     fn close(&mut self) -> Result<()> {
[INFO] [stdout]     |        ^^^^^
[INFO] [stdout] ...
[INFO] [stdout] 151 |     pub fn write_history(&mut self, history: &str) -> Result<()> {
[INFO] [stdout]     |            ^^^^^^^^^^^^^
[INFO] [stdout] ...
[INFO] [stdout] 182 |     pub fn search_first(&self, word: &str) -> Option<String> {
[INFO] [stdout]     |            ^^^^^^^^^^^^
[INFO] [stdout] 
[INFO] [stdout] 
[INFO] [stdout] warning: multiple associated items are never used
[INFO] [stdout]    --> dsh/src/history.rs:214:12
[INFO] [stdout]     |
[INFO] [stdout] 213 | impl FrecencyHistory {
[INFO] [stdout]     | -------------------- associated items in this implementation
[INFO] [stdout] 214 |     pub fn new() -> Self {
[INFO] [stdout]     |            ^^^
[INFO] [stdout] ...
[INFO] [stdout] 248 |     fn is_change_search_word(&self) -> bool {
[INFO] [stdout]     |        ^^^^^^^^^^^^^^^^^^^^^
[INFO] [stdout] ...
[INFO] [stdout] 255 |     pub fn set_search_word(&mut self, word: String) {
[INFO] [stdout]     |            ^^^^^^^^^^^^^^^
[INFO] [stdout] ...
[INFO] [stdout] 266 |     fn get(&self, index: usize) -> Option<ItemStats> {
[INFO] [stdout]     |        ^^^
[INFO] [stdout] ...
[INFO] [stdout] 279 |     pub fn backward(&mut self) -> Option<ItemStats> {
[INFO] [stdout]     |            ^^^^^^^^
[INFO] [stdout] ...
[INFO] [stdout] 304 |     pub fn forward(&mut self) -> Option<ItemStats> {
[INFO] [stdout]     |            ^^^^^^^
[INFO] [stdout] ...
[INFO] [stdout] 330 |     pub fn write_history(&mut self, history: &str) -> Result<()> {
[INFO] [stdout]     |            ^^^^^^^^^^^^^
[INFO] [stdout] ...
[INFO] [stdout] 351 |     pub fn search_fuzzy_first(&self, pattern: &str) -> Option<String> {
[INFO] [stdout]     |            ^^^^^^^^^^^^^^^^^^
[INFO] [stdout] ...
[INFO] [stdout] 396 |     pub fn show_score(&self, pattern: &str) {
[INFO] [stdout]     |            ^^^^^^^^^^
[INFO] [stdout] 
[INFO] [stdout] 
[INFO] [stdout] warning: methods `fg_color`, `match_color`, and `completion_color` are never used
[INFO] [stdout]    --> dsh/src/input.rs:184:12
[INFO] [stdout]     |
[INFO] [stdout] 39  | impl Input {
[INFO] [stdout]     | ---------- methods in this implementation
[INFO] [stdout] ...
[INFO] [stdout] 184 |     pub fn fg_color(&self) -> Color {
[INFO] [stdout]     |            ^^^^^^^^
[INFO] [stdout] ...
[INFO] [stdout] 188 |     pub fn match_color(&self) -> Color {
[INFO] [stdout]     |            ^^^^^^^^^^^
[INFO] [stdout] ...
[INFO] [stdout] 192 |     pub fn completion_color(&self) -> Color {
[INFO] [stdout]     |            ^^^^^^^^^^^^^^^^
[INFO] [stdout] 
[INFO] [stdout] 
[INFO] [stdout] warning: method `has` is never used
[INFO] [stdout]   --> dsh/src/lisp/mod.rs:93:12
[INFO] [stdout]    |
[INFO] [stdout] 27 | impl LispEngine {
[INFO] [stdout]    | --------------- method in this implementation
[INFO] [stdout] ...
[INFO] [stdout] 93 |     pub fn has(&self, name: &str) -> bool {
[INFO] [stdout]    |            ^^^
[INFO] [stdout] 
[INFO] [stdout] 
[INFO] [stdout] warning: function `set_env` is never used
[INFO] [stdout]   --> dsh/src/lisp/builtin.rs:17:8
[INFO] [stdout]    |
[INFO] [stdout] 17 | pub fn set_env(env: Rc<RefCell<Env>>, args: Vec<Value>) -> Result<Value, RuntimeError> {
[INFO] [stdout]    |        ^^^^^^^
[INFO] [stdout] 
[INFO] [stdout] 
[INFO] [stdout] warning: function `eval_block` is never used
[INFO] [stdout]   --> dsh/src/lisp/interpreter.rs:18:8
[INFO] [stdout]    |
[INFO] [stdout] 18 | pub fn eval_block(
[INFO] [stdout]    |        ^^^^^^^^^^
[INFO] [stdout] 
[INFO] [stdout] 
[INFO] [stdout] warning: function `make_list` is never used
[INFO] [stdout]   --> dsh/src/lisp/utils.rs:90:8
[INFO] [stdout]    |
[INFO] [stdout] 90 | pub fn make_list(vec: Vec<String>) -> Value {
[INFO] [stdout]    |        ^^^^^^^^^
[INFO] [stdout] 
[INFO] [stdout] 
[INFO] [stdout] warning: function `unquote` is never used
[INFO] [stdout]   --> dsh/src/lisp/utils.rs:95:8
[INFO] [stdout]    |
[INFO] [stdout] 95 | pub fn unquote(s: &str) -> String {
[INFO] [stdout]    |        ^^^^^^^
[INFO] [stdout] 
[INFO] [stdout] 
[INFO] [stdout] warning: variant `Input` is never constructed
[INFO] [stdout]   --> dsh/src/process.rs:31:5
[INFO] [stdout]    |
[INFO] [stdout] 24 | pub enum Redirect {
[INFO] [stdout]    |          -------- variant in this enum
[INFO] [stdout] ...
[INFO] [stdout] 31 |     Input,
[INFO] [stdout]    |     ^^^^^
[INFO] [stdout]    |
[INFO] [stdout]    = note: `Redirect` has derived impls for the traits `Clone` and `Debug`, but these are intentionally ignored during dead code analysis
[INFO] [stdout] 
[INFO] [stdout] 
[INFO] [stdout] warning: methods `mut_next`, `get_pid`, `set_state`, `waitable`, and `cont` are never used
[INFO] [stdout]    --> dsh/src/process.rs:494:12
[INFO] [stdout]     |
[INFO] [stdout] 477 | impl JobProcess {
[INFO] [stdout]     | --------------- methods in this implementation
[INFO] [stdout] ...
[INFO] [stdout] 494 |     pub fn mut_next(&self) -> Option<Box<JobProcess>> {
[INFO] [stdout]     |            ^^^^^^^^
[INFO] [stdout] ...
[INFO] [stdout] 552 |     pub fn get_pid(&self) -> Option<Pid> {
[INFO] [stdout]     |            ^^^^^^^
[INFO] [stdout] ...
[INFO] [stdout] 566 |     pub fn set_state(&mut self, state: ProcessState) {
[INFO] [stdout]     |            ^^^^^^^^^
[INFO] [stdout] ...
[INFO] [stdout] 631 |     pub fn waitable(&self) -> bool {
[INFO] [stdout]     |            ^^^^^^^^
[INFO] [stdout] ...
[INFO] [stdout] 711 |     pub fn cont(&self) -> Result<()> {
[INFO] [stdout]     |            ^^^^
[INFO] [stdout] 
[INFO] [stdout] 
[INFO] [stdout] warning: associated items `new_with_process` and `check_background_output` are never used
[INFO] [stdout]     --> dsh/src/process.rs:763:12
[INFO] [stdout]      |
[INFO] [stdout] 762  | impl Job {
[INFO] [stdout]      | -------- associated items in this implementation
[INFO] [stdout] 763  |     pub fn new_with_process(cmd: String, path: String, argv: Vec<String>) -> Self {
[INFO] [stdout]      |            ^^^^^^^^^^^^^^^^
[INFO] [stdout] ...
[INFO] [stdout] 1094 |     pub async fn check_background_output(&mut self) -> Result<()> {
[INFO] [stdout]      |                  ^^^^^^^^^^^^^^^^^^^^^^^
[INFO] [stdout] 
[INFO] [stdout] 
[INFO] [stdout] warning: method `output` is never used
[INFO] [stdout]     --> dsh/src/process.rs:1178:18
[INFO] [stdout]      |
[INFO] [stdout] 1168 | impl OutputMonitor {
[INFO] [stdout]      | ------------------ method in this implementation
[INFO] [stdout] ...
[INFO] [stdout] 1178 |     pub async fn output(&mut self) -> Result<usize> {
[INFO] [stdout]      |                  ^^^^^^
[INFO] [stdout] 
[INFO] [stdout] 
[INFO] [stdout] warning: function `wait_any_job` is never used
[INFO] [stdout]     --> dsh/src/process.rs:1233:8
[INFO] [stdout]      |
[INFO] [stdout] 1233 | pub fn wait_any_job(no_hang: bool) -> Option<(Pid, ProcessState)> {
[INFO] [stdout]      |        ^^^^^^^^^^^^
[INFO] [stdout] 
[INFO] [stdout] 
[INFO] [stdout] warning: function `show_process_state` is never used
[INFO] [stdout]     --> dsh/src/process.rs:1269:4
[INFO] [stdout]      |
[INFO] [stdout] 1269 | fn show_process_state(process: &Option<Box<JobProcess>>) {
[INFO] [stdout]      |    ^^^^^^^^^^^^^^^^^^
[INFO] [stdout] 
[INFO] [stdout] 
[INFO] [stdout] warning: constant `BRANCH_CONFLICT` is never used
[INFO] [stdout]   --> dsh/src/prompt.rs:19:7
[INFO] [stdout]    |
[INFO] [stdout] 19 | const BRANCH_CONFLICT: &str = "🏴☠️";
[INFO] [stdout]    |       ^^^^^^^^^^^^^^^
[INFO] [stdout] 
[INFO] [stdout] 
[INFO] [stdout] warning: constant `NEW_FILE` is never used
[INFO] [stdout]   --> dsh/src/prompt.rs:22:7
[INFO] [stdout]    |
[INFO] [stdout] 22 | const NEW_FILE: &str = "+";
[INFO] [stdout]    |       ^^^^^^^^
[INFO] [stdout] 
[INFO] [stdout] 
[INFO] [stdout] warning: function `get_cwd` is never used
[INFO] [stdout]    --> dsh/src/prompt.rs:137:4
[INFO] [stdout]     |
[INFO] [stdout] 137 | fn get_cwd() -> (String, bool) {
[INFO] [stdout]     |    ^^^^^^^
[INFO] [stdout] 
[INFO] [stdout] 
[INFO] [stdout] warning: function `get_git_branch` is never used
[INFO] [stdout]    --> dsh/src/prompt.rs:157:4
[INFO] [stdout]     |
[INFO] [stdout] 157 | fn get_git_branch() -> (String, bool) {
[INFO] [stdout]     |    ^^^^^^^^^^^^^^
[INFO] [stdout] 
[INFO] [stdout] 
[INFO] [stdout] warning: variant `ScreenResized` is never constructed
[INFO] [stdout]   --> dsh/src/repl.rs:33:5
[INFO] [stdout]    |
[INFO] [stdout] 31 | pub enum ShellEvent {
[INFO] [stdout]    |          ---------- variant in this enum
[INFO] [stdout] 32 |     Input(Event),
[INFO] [stdout] 33 |     ScreenResized,
[INFO] [stdout]    |     ^^^^^^^^^^^^^
[INFO] [stdout] 
[INFO] [stdout] 
[INFO] [stderr]     Finished `dev` profile [unoptimized + debuginfo] target(s) in 6m 25s
[INFO] [stderr] warning: the following packages contain code that will be rejected by a future version of Rust: wasm-bindgen v0.2.87
[INFO] [stderr] note: to see what the problems were, use the option `--future-incompat-report`, or run `cargo report future-incompatibilities --id 1`
[INFO] running `Command { std: "docker" "inspect" "09d84fbbaff0bf861318ba0b2f35bbcdd593bd23b9dad6017c9e213f7bfc23c1", kill_on_drop: false }`
[INFO] running `Command { std: "docker" "rm" "-f" "09d84fbbaff0bf861318ba0b2f35bbcdd593bd23b9dad6017c9e213f7bfc23c1", kill_on_drop: false }`
[INFO] [stdout] 09d84fbbaff0bf861318ba0b2f35bbcdd593bd23b9dad6017c9e213f7bfc23c1
[INFO] running `Command { std: "docker" "create" "-v" "/var/lib/crater-agent-workspace/builds/worker-4-tc2/target:/opt/rustwide/target:rw,Z" "-v" "/var/lib/crater-agent-workspace/builds/worker-4-tc2/source:/opt/rustwide/workdir:ro,Z" "-v" "/var/lib/crater-agent-workspace/cargo-home:/opt/rustwide/cargo-home:ro,Z" "-v" "/var/lib/crater-agent-workspace/rustup-home:/opt/rustwide/rustup-home:ro,Z" "-e" "SOURCE_DIR=/opt/rustwide/workdir" "-e" "CARGO_TARGET_DIR=/opt/rustwide/target" "-e" "CARGO_INCREMENTAL=0" "-e" "RUST_BACKTRACE=full" "-e" "RUSTFLAGS=--cap-lints=warn" "-e" "RUSTDOCFLAGS=--cap-lints=warn" "-e" "CARGO_HOME=/opt/rustwide/cargo-home" "-e" "RUSTUP_HOME=/opt/rustwide/rustup-home" "-w" "/opt/rustwide/workdir" "-m" "1610612736" "--user" "0:0" "--network" "none" "ghcr.io/rust-lang/crates-build-env/linux@sha256:f3a9d4ad9d972b27faf3965f35b62e55ba32bbce8f20bc8fe909558a86702fde" "/opt/rustwide/cargo-home/bin/cargo" "+beta-2024-12-08" "test" "--frozen" "--no-run" "--message-format=json", kill_on_drop: false }`
[INFO] [stdout] 5bfc523ab1ed5fb53dd5793db9f84fbee94783f8b3a81aac1cb1b4cd70f6afa5
[INFO] running `Command { std: "docker" "start" "-a" "5bfc523ab1ed5fb53dd5793db9f84fbee94783f8b3a81aac1cb1b4cd70f6afa5", kill_on_drop: false }`
[INFO] [stderr] warning: profiles for the non root package will be ignored, specify profiles at the workspace root:
[INFO] [stderr] package:   /opt/rustwide/workdir/dsh/Cargo.toml
[INFO] [stderr] workspace: /opt/rustwide/workdir/Cargo.toml
[INFO] [stderr]    Compiling doge-shell v0.0.1 (/opt/rustwide/workdir/dsh)
[INFO] [stderr]    Compiling dsh-builtin v0.1.0 (/opt/rustwide/workdir/dsh-builtin)
[INFO] [stderr]    Compiling dsh-wasm v0.0.1 (/opt/rustwide/workdir/dsh-wasm)
[INFO] [stderr]    Compiling dsh-frecency v0.1.0 (/opt/rustwide/workdir/dsh-frecency)
[INFO] [stderr]    Compiling dsh-types v0.0.1 (/opt/rustwide/workdir/dsh-types)
[INFO] [stderr]    Compiling dsh-chatgpt v0.1.0 (/opt/rustwide/workdir/dsh-chatgpt)
[INFO] [stdout] warning: unused import: `dirs`
[INFO] [stdout]  --> dsh/src/dirs.rs:1:9
[INFO] [stdout]   |
[INFO] [stdout] 1 | pub use dirs;
[INFO] [stdout]   |         ^^^^
[INFO] [stdout]   |
[INFO] [stdout]   = note: `#[warn(unused_imports)]` on by default
[INFO] [stdout] 
[INFO] [stdout] 
[INFO] [stdout] warning: unexpected `cfg` condition value: `bigint`
[INFO] [stdout]   --> dsh/src/lisp/default_environment.rs:13:14
[INFO] [stdout]    |
[INFO] [stdout] 13 |     if #[cfg(feature = "bigint")] {
[INFO] [stdout]    |              ^^^^^^^-----------
[INFO] [stdout]    |              |
[INFO] [stdout]    |              help: remove the condition
[INFO] [stdout]    |
[INFO] [stdout]    = note: no expected values for `feature`
[INFO] [stdout]    = help: consider adding `bigint` as a feature in `Cargo.toml`
[INFO] [stdout]    = note: see <https://doc.rust-lang.org/nightly/rustc/check-cfg/cargo-specifics.html> for more information about checking conditional configuration
[INFO] [stdout]    = note: `#[warn(unexpected_cfgs)]` on by default
[INFO] [stdout] 
[INFO] [stdout] 
[INFO] [stdout] warning: unexpected `cfg` condition value: `bigint`
[INFO] [stdout]    --> dsh/src/lisp/default_environment.rs:231:26
[INFO] [stdout]     |
[INFO] [stdout] 231 |                 if #[cfg(feature = "bigint")] {
[INFO] [stdout]     |                          ^^^^^^^-----------
[INFO] [stdout]     |                          |
[INFO] [stdout]     |                          help: remove the condition
[INFO] [stdout]     |
[INFO] [stdout]     = note: no expected values for `feature`
[INFO] [stdout]     = help: consider adding `bigint` as a feature in `Cargo.toml`
[INFO] [stdout]     = note: see <https://doc.rust-lang.org/nightly/rustc/check-cfg/cargo-specifics.html> for more information about checking conditional configuration
[INFO] [stdout] 
[INFO] [stdout] 
[INFO] [stdout] warning: unexpected `cfg` condition value: `bigint`
[INFO] [stdout]  --> dsh/src/lisp/model/mod.rs:3:14
[INFO] [stdout]   |
[INFO] [stdout] 3 |     if #[cfg(feature = "bigint")] {
[INFO] [stdout]   |              ^^^^^^^-----------
[INFO] [stdout]   |              |
[INFO] [stdout]   |              help: remove the condition
[INFO] [stdout]   |
[INFO] [stdout]   = note: no expected values for `feature`
[INFO] [stdout]   = help: consider adding `bigint` as a feature in `Cargo.toml`
[INFO] [stdout]   = note: see <https://doc.rust-lang.org/nightly/rustc/check-cfg/cargo-specifics.html> for more information about checking conditional configuration
[INFO] [stdout] 
[INFO] [stdout] 
[INFO] [stdout] warning: unexpected `cfg` condition value: `bigint`
[INFO] [stdout]  --> dsh/src/lisp/model/mod.rs:9:19
[INFO] [stdout]   |
[INFO] [stdout] 9 |     if      #[cfg(feature = "bigint")] { pub type IntType = BigInt; }
[INFO] [stdout]   |                   ^^^^^^^-----------
[INFO] [stdout]   |                   |
[INFO] [stdout]   |                   help: remove the condition
[INFO] [stdout]   |
[INFO] [stdout]   = note: no expected values for `feature`
[INFO] [stdout]   = help: consider adding `bigint` as a feature in `Cargo.toml`
[INFO] [stdout]   = note: see <https://doc.rust-lang.org/nightly/rustc/check-cfg/cargo-specifics.html> for more information about checking conditional configuration
[INFO] [stdout] 
[INFO] [stdout] 
[INFO] [stdout] warning: unexpected `cfg` condition value: `i128`
[INFO] [stdout]   --> dsh/src/lisp/model/mod.rs:10:19
[INFO] [stdout]    |
[INFO] [stdout] 10 |     else if #[cfg(feature = "i128")]   { pub type IntType = i128;   }
[INFO] [stdout]    |                   ^^^^^^^---------
[INFO] [stdout]    |                   |
[INFO] [stdout]    |                   help: remove the condition
[INFO] [stdout]    |
[INFO] [stdout]    = note: no expected values for `feature`
[INFO] [stdout]    = help: consider adding `i128` as a feature in `Cargo.toml`
[INFO] [stdout]    = note: see <https://doc.rust-lang.org/nightly/rustc/check-cfg/cargo-specifics.html> for more information about checking conditional configuration
[INFO] [stdout] 
[INFO] [stdout] 
[INFO] [stdout] warning: unexpected `cfg` condition value: `i64`
[INFO] [stdout]   --> dsh/src/lisp/model/mod.rs:11:19
[INFO] [stdout]    |
[INFO] [stdout] 11 |     else if #[cfg(feature = "i64")]    { pub type IntType = i64;    }
[INFO] [stdout]    |                   ^^^^^^^--------
[INFO] [stdout]    |                   |
[INFO] [stdout]    |                   help: remove the condition
[INFO] [stdout]    |
[INFO] [stdout]    = note: no expected values for `feature`
[INFO] [stdout]    = help: consider adding `i64` as a feature in `Cargo.toml`
[INFO] [stdout]    = note: see <https://doc.rust-lang.org/nightly/rustc/check-cfg/cargo-specifics.html> for more information about checking conditional configuration
[INFO] [stdout] 
[INFO] [stdout] 
[INFO] [stdout] warning: unexpected `cfg` condition value: `i16`
[INFO] [stdout]   --> dsh/src/lisp/model/mod.rs:12:19
[INFO] [stdout]    |
[INFO] [stdout] 12 |     else if #[cfg(feature = "i16")]    { pub type IntType = i16;    }
[INFO] [stdout]    |                   ^^^^^^^--------
[INFO] [stdout]    |                   |
[INFO] [stdout]    |                   help: remove the condition
[INFO] [stdout]    |
[INFO] [stdout]    = note: no expected values for `feature`
[INFO] [stdout]    = help: consider adding `i16` as a feature in `Cargo.toml`
[INFO] [stdout]    = note: see <https://doc.rust-lang.org/nightly/rustc/check-cfg/cargo-specifics.html> for more information about checking conditional configuration
[INFO] [stdout] 
[INFO] [stdout] 
[INFO] [stdout] warning: unexpected `cfg` condition value: `i8`
[INFO] [stdout]   --> dsh/src/lisp/model/mod.rs:13:19
[INFO] [stdout]    |
[INFO] [stdout] 13 |     else if #[cfg(feature = "i8")]     { pub type IntType = i8;     }
[INFO] [stdout]    |                   ^^^^^^^-------
[INFO] [stdout]    |                   |
[INFO] [stdout]    |                   help: remove the condition
[INFO] [stdout]    |
[INFO] [stdout]    = note: no expected values for `feature`
[INFO] [stdout]    = help: consider adding `i8` as a feature in `Cargo.toml`
[INFO] [stdout]    = note: see <https://doc.rust-lang.org/nightly/rustc/check-cfg/cargo-specifics.html> for more information about checking conditional configuration
[INFO] [stdout] 
[INFO] [stdout] 
[INFO] [stdout] warning: unexpected `cfg` condition value: `f64`
[INFO] [stdout]   --> dsh/src/lisp/model/mod.rs:21:14
[INFO] [stdout]    |
[INFO] [stdout] 21 |     if #[cfg(feature = "f64")] { pub type FloatType = f64; }
[INFO] [stdout]    |              ^^^^^^^--------
[INFO] [stdout]    |              |
[INFO] [stdout]    |              help: remove the condition
[INFO] [stdout]    |
[INFO] [stdout]    = note: no expected values for `feature`
[INFO] [stdout]    = help: consider adding `f64` as a feature in `Cargo.toml`
[INFO] [stdout]    = note: see <https://doc.rust-lang.org/nightly/rustc/check-cfg/cargo-specifics.html> for more information about checking conditional configuration
[INFO] [stdout] 
[INFO] [stdout] 
[INFO] [stdout] warning: unexpected `cfg` condition value: `bigint`
[INFO] [stdout]  --> dsh/src/lisp/model/value.rs:9:14
[INFO] [stdout]   |
[INFO] [stdout] 9 |     if #[cfg(feature = "bigint")] {
[INFO] [stdout]   |              ^^^^^^^-----------
[INFO] [stdout]   |              |
[INFO] [stdout]   |              help: remove the condition
[INFO] [stdout]   |
[INFO] [stdout]   = note: no expected values for `feature`
[INFO] [stdout]   = help: consider adding `bigint` as a feature in `Cargo.toml`
[INFO] [stdout]   = note: see <https://doc.rust-lang.org/nightly/rustc/check-cfg/cargo-specifics.html> for more information about checking conditional configuration
[INFO] [stdout] 
[INFO] [stdout] 
[INFO] [stdout] warning: unexpected `cfg` condition value: `bigint`
[INFO] [stdout]    --> dsh/src/lisp/model/value.rs:509:18
[INFO] [stdout]     |
[INFO] [stdout] 509 |         if #[cfg(feature = "bigint")] {
[INFO] [stdout]     |                  ^^^^^^^-----------
[INFO] [stdout]     |                  |
[INFO] [stdout]     |                  help: remove the condition
[INFO] [stdout]     |
[INFO] [stdout]     = note: no expected values for `feature`
[INFO] [stdout]     = help: consider adding `bigint` as a feature in `Cargo.toml`
[INFO] [stdout]     = note: see <https://doc.rust-lang.org/nightly/rustc/check-cfg/cargo-specifics.html> for more information about checking conditional configuration
[INFO] [stdout] 
[INFO] [stdout] 
[INFO] [stdout] warning: unused import: `NativeFunc`
[INFO] [stdout]   --> dsh/src/lisp/model/mod.rs:40:28
[INFO] [stdout]    |
[INFO] [stdout] 40 | pub use value::{HashMapRc, NativeFunc, Value};
[INFO] [stdout]    |                            ^^^^^^^^^^
[INFO] [stdout] 
[INFO] [stdout] 
[INFO] [stdout] warning: field `size` is never read
[INFO] [stdout]   --> dsh/src/history.rs:25:5
[INFO] [stdout]    |
[INFO] [stdout] 21 | pub struct History {
[INFO] [stdout]    |            ------- field in this struct
[INFO] [stdout] ...
[INFO] [stdout] 25 |     size: usize,
[INFO] [stdout]    |     ^^^^
[INFO] [stdout]    |
[INFO] [stdout]    = note: `History` has a derived impl for the trait `Debug`, but this is intentionally ignored during dead code analysis
[INFO] [stdout]    = note: `#[warn(dead_code)]` on by default
[INFO] [stdout] 
[INFO] [stdout] 
[INFO] [stdout] warning: associated items `new`, `forward`, and `search_first` are never used
[INFO] [stdout]    --> dsh/src/history.rs:31:12
[INFO] [stdout]     |
[INFO] [stdout] 30  | impl History {
[INFO] [stdout]     | ------------ associated items in this implementation
[INFO] [stdout] 31  |     pub fn new() -> Self {
[INFO] [stdout]     |            ^^^
[INFO] [stdout] ...
[INFO] [stdout] 88  |     pub fn forward(&mut self) -> Option<String> {
[INFO] [stdout]     |            ^^^^^^^
[INFO] [stdout] ...
[INFO] [stdout] 182 |     pub fn search_first(&self, word: &str) -> Option<String> {
[INFO] [stdout]     |            ^^^^^^^^^^^^
[INFO] [stdout] 
[INFO] [stdout] 
[INFO] [stdout] warning: multiple associated items are never used
[INFO] [stdout]    --> dsh/src/history.rs:214:12
[INFO] [stdout]     |
[INFO] [stdout] 213 | impl FrecencyHistory {
[INFO] [stdout]     | -------------------- associated items in this implementation
[INFO] [stdout] 214 |     pub fn new() -> Self {
[INFO] [stdout]     |            ^^^
[INFO] [stdout] ...
[INFO] [stdout] 248 |     fn is_change_search_word(&self) -> bool {
[INFO] [stdout]     |        ^^^^^^^^^^^^^^^^^^^^^
[INFO] [stdout] ...
[INFO] [stdout] 255 |     pub fn set_search_word(&mut self, word: String) {
[INFO] [stdout]     |            ^^^^^^^^^^^^^^^
[INFO] [stdout] ...
[INFO] [stdout] 266 |     fn get(&self, index: usize) -> Option<ItemStats> {
[INFO] [stdout]     |        ^^^
[INFO] [stdout] ...
[INFO] [stdout] 279 |     pub fn backward(&mut self) -> Option<ItemStats> {
[INFO] [stdout]     |            ^^^^^^^^
[INFO] [stdout] ...
[INFO] [stdout] 304 |     pub fn forward(&mut self) -> Option<ItemStats> {
[INFO] [stdout]     |            ^^^^^^^
[INFO] [stdout] ...
[INFO] [stdout] 330 |     pub fn write_history(&mut self, history: &str) -> Result<()> {
[INFO] [stdout]     |            ^^^^^^^^^^^^^
[INFO] [stdout] ...
[INFO] [stdout] 351 |     pub fn search_fuzzy_first(&self, pattern: &str) -> Option<String> {
[INFO] [stdout]     |            ^^^^^^^^^^^^^^^^^^
[INFO] [stdout] 
[INFO] [stdout] 
[INFO] [stdout] warning: methods `fg_color`, `match_color`, and `completion_color` are never used
[INFO] [stdout]    --> dsh/src/input.rs:184:12
[INFO] [stdout]     |
[INFO] [stdout] 39  | impl Input {
[INFO] [stdout]     | ---------- methods in this implementation
[INFO] [stdout] ...
[INFO] [stdout] 184 |     pub fn fg_color(&self) -> Color {
[INFO] [stdout]     |            ^^^^^^^^
[INFO] [stdout] ...
[INFO] [stdout] 188 |     pub fn match_color(&self) -> Color {
[INFO] [stdout]     |            ^^^^^^^^^^^
[INFO] [stdout] ...
[INFO] [stdout] 192 |     pub fn completion_color(&self) -> Color {
[INFO] [stdout]     |            ^^^^^^^^^^^^^^^^
[INFO] [stdout] 
[INFO] [stdout] 
[INFO] [stdout] warning: method `has` is never used
[INFO] [stdout]   --> dsh/src/lisp/mod.rs:93:12
[INFO] [stdout]    |
[INFO] [stdout] 27 | impl LispEngine {
[INFO] [stdout]    | --------------- method in this implementation
[INFO] [stdout] ...
[INFO] [stdout] 93 |     pub fn has(&self, name: &str) -> bool {
[INFO] [stdout]    |            ^^^
[INFO] [stdout] 
[INFO] [stdout] 
[INFO] [stdout] warning: function `set_env` is never used
[INFO] [stdout]   --> dsh/src/lisp/builtin.rs:17:8
[INFO] [stdout]    |
[INFO] [stdout] 17 | pub fn set_env(env: Rc<RefCell<Env>>, args: Vec<Value>) -> Result<Value, RuntimeError> {
[INFO] [stdout]    |        ^^^^^^^
[INFO] [stdout] 
[INFO] [stdout] 
[INFO] [stdout] warning: function `eval_block` is never used
[INFO] [stdout]   --> dsh/src/lisp/interpreter.rs:18:8
[INFO] [stdout]    |
[INFO] [stdout] 18 | pub fn eval_block(
[INFO] [stdout]    |        ^^^^^^^^^^
[INFO] [stdout] 
[INFO] [stdout] 
[INFO] [stdout] warning: function `make_list` is never used
[INFO] [stdout]   --> dsh/src/lisp/utils.rs:90:8
[INFO] [stdout]    |
[INFO] [stdout] 90 | pub fn make_list(vec: Vec<String>) -> Value {
[INFO] [stdout]    |        ^^^^^^^^^
[INFO] [stdout] 
[INFO] [stdout] 
[INFO] [stdout] warning: function `unquote` is never used
[INFO] [stdout]   --> dsh/src/lisp/utils.rs:95:8
[INFO] [stdout]    |
[INFO] [stdout] 95 | pub fn unquote(s: &str) -> String {
[INFO] [stdout]    |        ^^^^^^^
[INFO] [stdout] 
[INFO] [stdout] 
[INFO] [stdout] warning: field `name` is never read
[INFO] [stdout]    --> dsh/src/parser.rs:590:9
[INFO] [stdout]     |
[INFO] [stdout] 589 |     pub struct Job {
[INFO] [stdout]     |                --- field in this struct
[INFO] [stdout] 590 |         name: String,
[INFO] [stdout]     |         ^^^^
[INFO] [stdout]     |
[INFO] [stdout]     = note: `Job` has a derived impl for the trait `Debug`, but this is intentionally ignored during dead code analysis
[INFO] [stdout] 
[INFO] [stdout] 
[INFO] [stdout] warning: variant `Input` is never constructed
[INFO] [stdout]   --> dsh/src/process.rs:31:5
[INFO] [stdout]    |
[INFO] [stdout] 24 | pub enum Redirect {
[INFO] [stdout]    |          -------- variant in this enum
[INFO] [stdout] ...
[INFO] [stdout] 31 |     Input,
[INFO] [stdout]    |     ^^^^^
[INFO] [stdout]    |
[INFO] [stdout]    = note: `Redirect` has derived impls for the traits `Clone` and `Debug`, but these are intentionally ignored during dead code analysis
[INFO] [stdout] 
[INFO] [stdout] 
[INFO] [stdout] warning: methods `mut_next`, `get_pid`, `set_state`, `waitable`, and `cont` are never used
[INFO] [stdout]    --> dsh/src/process.rs:494:12
[INFO] [stdout]     |
[INFO] [stdout] 477 | impl JobProcess {
[INFO] [stdout]     | --------------- methods in this implementation
[INFO] [stdout] ...
[INFO] [stdout] 494 |     pub fn mut_next(&self) -> Option<Box<JobProcess>> {
[INFO] [stdout]     |            ^^^^^^^^
[INFO] [stdout] ...
[INFO] [stdout] 552 |     pub fn get_pid(&self) -> Option<Pid> {
[INFO] [stdout]     |            ^^^^^^^
[INFO] [stdout] ...
[INFO] [stdout] 566 |     pub fn set_state(&mut self, state: ProcessState) {
[INFO] [stdout]     |            ^^^^^^^^^
[INFO] [stdout] ...
[INFO] [stdout] 631 |     pub fn waitable(&self) -> bool {
[INFO] [stdout]     |            ^^^^^^^^
[INFO] [stdout] ...
[INFO] [stdout] 711 |     pub fn cont(&self) -> Result<()> {
[INFO] [stdout]     |            ^^^^
[INFO] [stdout] 
[INFO] [stdout] 
[INFO] [stdout] warning: method `check_background_output` is never used
[INFO] [stdout]     --> dsh/src/process.rs:1094:18
[INFO] [stdout]      |
[INFO] [stdout] 762  | impl Job {
[INFO] [stdout]      | -------- method in this implementation
[INFO] [stdout] ...
[INFO] [stdout] 1094 |     pub async fn check_background_output(&mut self) -> Result<()> {
[INFO] [stdout]      |                  ^^^^^^^^^^^^^^^^^^^^^^^
[INFO] [stdout] 
[INFO] [stdout] 
[INFO] [stdout] warning: method `output` is never used
[INFO] [stdout]     --> dsh/src/process.rs:1178:18
[INFO] [stdout]      |
[INFO] [stdout] 1168 | impl OutputMonitor {
[INFO] [stdout]      | ------------------ method in this implementation
[INFO] [stdout] ...
[INFO] [stdout] 1178 |     pub async fn output(&mut self) -> Result<usize> {
[INFO] [stdout]      |                  ^^^^^^
[INFO] [stdout] 
[INFO] [stdout] 
[INFO] [stdout] warning: function `wait_any_job` is never used
[INFO] [stdout]     --> dsh/src/process.rs:1233:8
[INFO] [stdout]      |
[INFO] [stdout] 1233 | pub fn wait_any_job(no_hang: bool) -> Option<(Pid, ProcessState)> {
[INFO] [stdout]      |        ^^^^^^^^^^^^
[INFO] [stdout] 
[INFO] [stdout] 
[INFO] [stdout] warning: function `show_process_state` is never used
[INFO] [stdout]     --> dsh/src/process.rs:1269:4
[INFO] [stdout]      |
[INFO] [stdout] 1269 | fn show_process_state(process: &Option<Box<JobProcess>>) {
[INFO] [stdout]      |    ^^^^^^^^^^^^^^^^^^
[INFO] [stdout] 
[INFO] [stdout] 
[INFO] [stdout] warning: constant `BRANCH_CONFLICT` is never used
[INFO] [stdout]   --> dsh/src/prompt.rs:19:7
[INFO] [stdout]    |
[INFO] [stdout] 19 | const BRANCH_CONFLICT: &str = "🏴☠️";
[INFO] [stdout]    |       ^^^^^^^^^^^^^^^
[INFO] [stdout] 
[INFO] [stdout] 
[INFO] [stdout] warning: constant `NEW_FILE` is never used
[INFO] [stdout]   --> dsh/src/prompt.rs:22:7
[INFO] [stdout]    |
[INFO] [stdout] 22 | const NEW_FILE: &str = "+";
[INFO] [stdout]    |       ^^^^^^^^
[INFO] [stdout] 
[INFO] [stdout] 
[INFO] [stdout] warning: function `get_cwd` is never used
[INFO] [stdout]    --> dsh/src/prompt.rs:137:4
[INFO] [stdout]     |
[INFO] [stdout] 137 | fn get_cwd() -> (String, bool) {
[INFO] [stdout]     |    ^^^^^^^
[INFO] [stdout] 
[INFO] [stdout] 
[INFO] [stdout] warning: function `get_git_branch` is never used
[INFO] [stdout]    --> dsh/src/prompt.rs:157:4
[INFO] [stdout]     |
[INFO] [stdout] 157 | fn get_git_branch() -> (String, bool) {
[INFO] [stdout]     |    ^^^^^^^^^^^^^^
[INFO] [stdout] 
[INFO] [stdout] 
[INFO] [stdout] warning: variant `ScreenResized` is never constructed
[INFO] [stdout]   --> dsh/src/repl.rs:33:5
[INFO] [stdout]    |
[INFO] [stdout] 31 | pub enum ShellEvent {
[INFO] [stdout]    |          ---------- variant in this enum
[INFO] [stdout] 32 |     Input(Event),
[INFO] [stdout] 33 |     ScreenResized,
[INFO] [stdout]    |     ^^^^^^^^^^^^^
[INFO] [stdout] 
[INFO] [stdout] 
[INFO] [stderr]     Finished `test` profile [unoptimized + debuginfo] target(s) in 24.67s
[INFO] [stderr] warning: the following packages contain code that will be rejected by a future version of Rust: wasm-bindgen v0.2.87
[INFO] [stderr] note: to see what the problems were, use the option `--future-incompat-report`, or run `cargo report future-incompatibilities --id 1`
[INFO] running `Command { std: "docker" "inspect" "5bfc523ab1ed5fb53dd5793db9f84fbee94783f8b3a81aac1cb1b4cd70f6afa5", kill_on_drop: false }`
[INFO] running `Command { std: "docker" "rm" "-f" "5bfc523ab1ed5fb53dd5793db9f84fbee94783f8b3a81aac1cb1b4cd70f6afa5", kill_on_drop: false }`
[INFO] [stdout] 5bfc523ab1ed5fb53dd5793db9f84fbee94783f8b3a81aac1cb1b4cd70f6afa5
[INFO] running `Command { std: "docker" "create" "-v" "/var/lib/crater-agent-workspace/builds/worker-4-tc2/target:/opt/rustwide/target:rw,Z" "-v" "/var/lib/crater-agent-workspace/builds/worker-4-tc2/source:/opt/rustwide/workdir:ro,Z" "-v" "/var/lib/crater-agent-workspace/cargo-home:/opt/rustwide/cargo-home:ro,Z" "-v" "/var/lib/crater-agent-workspace/rustup-home:/opt/rustwide/rustup-home:ro,Z" "-e" "SOURCE_DIR=/opt/rustwide/workdir" "-e" "CARGO_TARGET_DIR=/opt/rustwide/target" "-e" "CARGO_INCREMENTAL=0" "-e" "RUST_BACKTRACE=full" "-e" "RUSTFLAGS=--cap-lints=warn" "-e" "RUSTDOCFLAGS=--cap-lints=warn" "-e" "CARGO_HOME=/opt/rustwide/cargo-home" "-e" "RUSTUP_HOME=/opt/rustwide/rustup-home" "-w" "/opt/rustwide/workdir" "-m" "1610612736" "--user" "0:0" "--network" "none" "ghcr.io/rust-lang/crates-build-env/linux@sha256:f3a9d4ad9d972b27faf3965f35b62e55ba32bbce8f20bc8fe909558a86702fde" "/opt/rustwide/cargo-home/bin/cargo" "+beta-2024-12-08" "test" "--frozen", kill_on_drop: false }`
[INFO] [stdout] 864737768c046643a0dee34f06ca854af84530d13ccee5bebaa0edc238851215
[INFO] running `Command { std: "docker" "start" "-a" "864737768c046643a0dee34f06ca854af84530d13ccee5bebaa0edc238851215", kill_on_drop: false }`
[INFO] [stderr] warning: profiles for the non root package will be ignored, specify profiles at the workspace root:
[INFO] [stderr] package:   /opt/rustwide/workdir/dsh/Cargo.toml
[INFO] [stderr] workspace: /opt/rustwide/workdir/Cargo.toml
[INFO] [stderr] warning: unused import: `dirs`
[INFO] [stderr]  --> dsh/src/dirs.rs:1:9
[INFO] [stderr]   |
[INFO] [stderr] 1 | pub use dirs;
[INFO] [stderr]   |         ^^^^
[INFO] [stderr]   |
[INFO] [stderr]   = note: `#[warn(unused_imports)]` on by default
[INFO] [stderr] 
[INFO] [stderr] warning: unexpected `cfg` condition value: `bigint`
[INFO] [stderr]   --> dsh/src/lisp/default_environment.rs:13:14
[INFO] [stderr]    |
[INFO] [stderr] 13 |     if #[cfg(feature = "bigint")] {
[INFO] [stderr]    |              ^^^^^^^-----------
[INFO] [stderr]    |              |
[INFO] [stderr]    |              help: remove the condition
[INFO] [stderr]    |
[INFO] [stderr]    = note: no expected values for `feature`
[INFO] [stderr]    = help: consider adding `bigint` as a feature in `Cargo.toml`
[INFO] [stderr]    = note: see <https://doc.rust-lang.org/nightly/rustc/check-cfg/cargo-specifics.html> for more information about checking conditional configuration
[INFO] [stderr]    = note: `#[warn(unexpected_cfgs)]` on by default
[INFO] [stderr] 
[INFO] [stderr] warning: unexpected `cfg` condition value: `bigint`
[INFO] [stderr]    --> dsh/src/lisp/default_environment.rs:231:26
[INFO] [stderr]     |
[INFO] [stderr] 231 |                 if #[cfg(feature = "bigint")] {
[INFO] [stderr]     |                          ^^^^^^^-----------
[INFO] [stderr]     |                          |
[INFO] [stderr]     |                          help: remove the condition
[INFO] [stderr]     |
[INFO] [stderr]     = note: no expected values for `feature`
[INFO] [stderr]     = help: consider adding `bigint` as a feature in `Cargo.toml`
[INFO] [stderr]     = note: see <https://doc.rust-lang.org/nightly/rustc/check-cfg/cargo-specifics.html> for more information about checking conditional configuration
[INFO] [stderr] 
[INFO] [stderr] warning: unexpected `cfg` condition value: `bigint`
[INFO] [stderr]  --> dsh/src/lisp/model/mod.rs:3:14
[INFO] [stderr]   |
[INFO] [stderr] 3 |     if #[cfg(feature = "bigint")] {
[INFO] [stderr]   |              ^^^^^^^-----------
[INFO] [stderr]   |              |
[INFO] [stderr]   |              help: remove the condition
[INFO] [stderr]   |
[INFO] [stderr]   = note: no expected values for `feature`
[INFO] [stderr]   = help: consider adding `bigint` as a feature in `Cargo.toml`
[INFO] [stderr]   = note: see <https://doc.rust-lang.org/nightly/rustc/check-cfg/cargo-specifics.html> for more information about checking conditional configuration
[INFO] [stderr] 
[INFO] [stderr] warning: unexpected `cfg` condition value: `bigint`
[INFO] [stderr]  --> dsh/src/lisp/model/mod.rs:9:19
[INFO] [stderr]   |
[INFO] [stderr] 9 |     if      #[cfg(feature = "bigint")] { pub type IntType = BigInt; }
[INFO] [stderr]   |                   ^^^^^^^-----------
[INFO] [stderr]   |                   |
[INFO] [stderr]   |                   help: remove the condition
[INFO] [stderr]   |
[INFO] [stderr]   = note: no expected values for `feature`
[INFO] [stderr]   = help: consider adding `bigint` as a feature in `Cargo.toml`
[INFO] [stderr]   = note: see <https://doc.rust-lang.org/nightly/rustc/check-cfg/cargo-specifics.html> for more information about checking conditional configuration
[INFO] [stderr] 
[INFO] [stderr] warning: unexpected `cfg` condition value: `i128`
[INFO] [stderr]   --> dsh/src/lisp/model/mod.rs:10:19
[INFO] [stderr]    |
[INFO] [stderr] 10 |     else if #[cfg(feature = "i128")]   { pub type IntType = i128;   }
[INFO] [stderr]    |                   ^^^^^^^---------
[INFO] [stderr]    |                   |
[INFO] [stderr]    |                   help: remove the condition
[INFO] [stderr]    |
[INFO] [stderr]    = note: no expected values for `feature`
[INFO] [stderr]    = help: consider adding `i128` as a feature in `Cargo.toml`
[INFO] [stderr]    = note: see <https://doc.rust-lang.org/nightly/rustc/check-cfg/cargo-specifics.html> for more information about checking conditional configuration
[INFO] [stderr] 
[INFO] [stderr] warning: unexpected `cfg` condition value: `i64`
[INFO] [stderr]   --> dsh/src/lisp/model/mod.rs:11:19
[INFO] [stderr]    |
[INFO] [stderr] 11 |     else if #[cfg(feature = "i64")]    { pub type IntType = i64;    }
[INFO] [stderr]    |                   ^^^^^^^--------
[INFO] [stderr]    |                   |
[INFO] [stderr]    |                   help: remove the condition
[INFO] [stderr]    |
[INFO] [stderr]    = note: no expected values for `feature`
[INFO] [stderr]    = help: consider adding `i64` as a feature in `Cargo.toml`
[INFO] [stderr]    = note: see <https://doc.rust-lang.org/nightly/rustc/check-cfg/cargo-specifics.html> for more information about checking conditional configuration
[INFO] [stderr] 
[INFO] [stderr] warning: unexpected `cfg` condition value: `i16`
[INFO] [stderr]   --> dsh/src/lisp/model/mod.rs:12:19
[INFO] [stderr]    |
[INFO] [stderr] 12 |     else if #[cfg(feature = "i16")]    { pub type IntType = i16;    }
[INFO] [stderr]    |                   ^^^^^^^--------
[INFO] [stderr]    |                   |
[INFO] [stderr]    |                   help: remove the condition
[INFO] [stderr]    |
[INFO] [stderr]    = note: no expected values for `feature`
[INFO] [stderr]    = help: consider adding `i16` as a feature in `Cargo.toml`
[INFO] [stderr]    = note: see <https://doc.rust-lang.org/nightly/rustc/check-cfg/cargo-specifics.html> for more information about checking conditional configuration
[INFO] [stderr] 
[INFO] [stderr] warning: unexpected `cfg` condition value: `i8`
[INFO] [stderr]   --> dsh/src/lisp/model/mod.rs:13:19
[INFO] [stderr]    |
[INFO] [stderr] 13 |     else if #[cfg(feature = "i8")]     { pub type IntType = i8;     }
[INFO] [stderr]    |                   ^^^^^^^-------
[INFO] [stderr]    |                   |
[INFO] [stderr]    |                   help: remove the condition
[INFO] [stderr]    |
[INFO] [stderr]    = note: no expected values for `feature`
[INFO] [stderr]    = help: consider adding `i8` as a feature in `Cargo.toml`
[INFO] [stderr]    = note: see <https://doc.rust-lang.org/nightly/rustc/check-cfg/cargo-specifics.html> for more information about checking conditional configuration
[INFO] [stderr] 
[INFO] [stderr] warning: unexpected `cfg` condition value: `f64`
[INFO] [stderr]   --> dsh/src/lisp/model/mod.rs:21:14
[INFO] [stderr]    |
[INFO] [stderr] 21 |     if #[cfg(feature = "f64")] { pub type FloatType = f64; }
[INFO] [stderr]    |              ^^^^^^^--------
[INFO] [stderr]    |              |
[INFO] [stderr]    |              help: remove the condition
[INFO] [stderr]    |
[INFO] [stderr]    = note: no expected values for `feature`
[INFO] [stderr]    = help: consider adding `f64` as a feature in `Cargo.toml`
[INFO] [stderr]    = note: see <https://doc.rust-lang.org/nightly/rustc/check-cfg/cargo-specifics.html> for more information about checking conditional configuration
[INFO] [stderr] 
[INFO] [stderr] warning: unexpected `cfg` condition value: `bigint`
[INFO] [stderr]  --> dsh/src/lisp/model/value.rs:9:14
[INFO] [stderr]   |
[INFO] [stderr] 9 |     if #[cfg(feature = "bigint")] {
[INFO] [stderr]   |              ^^^^^^^-----------
[INFO] [stderr]   |              |
[INFO] [stderr]   |              help: remove the condition
[INFO] [stderr]   |
[INFO] [stderr]   = note: no expected values for `feature`
[INFO] [stderr]   = help: consider adding `bigint` as a feature in `Cargo.toml`
[INFO] [stderr]   = note: see <https://doc.rust-lang.org/nightly/rustc/check-cfg/cargo-specifics.html> for more information about checking conditional configuration
[INFO] [stderr] 
[INFO] [stderr] warning: unexpected `cfg` condition value: `bigint`
[INFO] [stderr]    --> dsh/src/lisp/model/value.rs:509:18
[INFO] [stderr]     |
[INFO] [stderr] 509 |         if #[cfg(feature = "bigint")] {
[INFO] [stderr]     |                  ^^^^^^^-----------
[INFO] [stderr]     |                  |
[INFO] [stderr]     |                  help: remove the condition
[INFO] [stderr]     |
[INFO] [stderr]     = note: no expected values for `feature`
[INFO] [stderr]     = help: consider adding `bigint` as a feature in `Cargo.toml`
[INFO] [stderr]     = note: see <https://doc.rust-lang.org/nightly/rustc/check-cfg/cargo-specifics.html> for more information about checking conditional configuration
[INFO] [stderr] 
[INFO] [stderr] warning: unused import: `NativeFunc`
[INFO] [stderr]   --> dsh/src/lisp/model/mod.rs:40:28
[INFO] [stderr]    |
[INFO] [stderr] 40 | pub use value::{HashMapRc, NativeFunc, Value};
[INFO] [stderr]    |                            ^^^^^^^^^^
[INFO] [stderr] 
[INFO] [stderr] warning: field `size` is never read
[INFO] [stderr]   --> dsh/src/history.rs:25:5
[INFO] [stderr]    |
[INFO] [stderr] 21 | pub struct History {
[INFO] [stderr]    |            ------- field in this struct
[INFO] [stderr] ...
[INFO] [stderr] 25 |     size: usize,
[INFO] [stderr]    |     ^^^^
[INFO] [stderr]    |
[INFO] [stderr]    = note: `History` has a derived impl for the trait `Debug`, but this is intentionally ignored during dead code analysis
[INFO] [stderr]    = note: `#[warn(dead_code)]` on by default
[INFO] [stderr] 
[INFO] [stderr] warning: associated items `new`, `forward`, and `search_first` are never used
[INFO] [stderr]    --> dsh/src/history.rs:31:12
[INFO] [stderr]     |
[INFO] [stderr] 30  | impl History {
[INFO] [stderr]     | ------------ associated items in this implementation
[INFO] [stderr] 31  |     pub fn new() -> Self {
[INFO] [stderr]     |            ^^^
[INFO] [stderr] ...
[INFO] [stderr] 88  |     pub fn forward(&mut self) -> Option<String> {
[INFO] [stderr]     |            ^^^^^^^
[INFO] [stderr] ...
[INFO] [stderr] 182 |     pub fn search_first(&self, word: &str) -> Option<String> {
[INFO] [stderr]     |            ^^^^^^^^^^^^
[INFO] [stderr] 
[INFO] [stderr] warning: multiple associated items are never used
[INFO] [stderr]    --> dsh/src/history.rs:214:12
[INFO] [stderr]     |
[INFO] [stderr] 213 | impl FrecencyHistory {
[INFO] [stderr]     | -------------------- associated items in this implementation
[INFO] [stderr] 214 |     pub fn new() -> Self {
[INFO] [stderr]     |            ^^^
[INFO] [stderr] ...
[INFO] [stderr] 248 |     fn is_change_search_word(&self) -> bool {
[INFO] [stderr]     |        ^^^^^^^^^^^^^^^^^^^^^
[INFO] [stderr] ...
[INFO] [stderr] 255 |     pub fn set_search_word(&mut self, word: String) {
[INFO] [stderr]     |            ^^^^^^^^^^^^^^^
[INFO] [stderr] ...
[INFO] [stderr] 266 |     fn get(&self, index: usize) -> Option<ItemStats> {
[INFO] [stderr]     |        ^^^
[INFO] [stderr] ...
[INFO] [stderr] 279 |     pub fn backward(&mut self) -> Option<ItemStats> {
[INFO] [stderr]     |            ^^^^^^^^
[INFO] [stderr] ...
[INFO] [stderr] 304 |     pub fn forward(&mut self) -> Option<ItemStats> {
[INFO] [stderr]     |            ^^^^^^^
[INFO] [stderr] ...
[INFO] [stderr] 330 |     pub fn write_history(&mut self, history: &str) -> Result<()> {
[INFO] [stderr]     |            ^^^^^^^^^^^^^
[INFO] [stderr] ...
[INFO] [stderr] 351 |     pub fn search_fuzzy_first(&self, pattern: &str) -> Option<String> {
[INFO] [stderr]     |            ^^^^^^^^^^^^^^^^^^
[INFO] [stderr] 
[INFO] [stderr] warning: methods `fg_color`, `match_color`, and `completion_color` are never used
[INFO] [stderr]    --> dsh/src/input.rs:184:12
[INFO] [stderr]     |
[INFO] [stderr] 39  | impl Input {
[INFO] [stderr]     | ---------- methods in this implementation
[INFO] [stderr] ...
[INFO] [stderr] 184 |     pub fn fg_color(&self) -> Color {
[INFO] [stderr]     |            ^^^^^^^^
[INFO] [stderr] ...
[INFO] [stderr] 188 |     pub fn match_color(&self) -> Color {
[INFO] [stderr]     |            ^^^^^^^^^^^
[INFO] [stderr] ...
[INFO] [stderr] 192 |     pub fn completion_color(&self) -> Color {
[INFO] [stderr]     |            ^^^^^^^^^^^^^^^^
[INFO] [stderr] 
[INFO] [stderr] warning: method `has` is never used
[INFO] [stderr]   --> dsh/src/lisp/mod.rs:93:12
[INFO] [stderr]    |
[INFO] [stderr] 27 | impl LispEngine {
[INFO] [stderr]    | --------------- method in this implementation
[INFO] [stderr] ...
[INFO] [stderr] 93 |     pub fn has(&self, name: &str) -> bool {
[INFO] [stderr]    |            ^^^
[INFO] [stderr] 
[INFO] [stderr] warning: function `set_env` is never used
[INFO] [stderr]   --> dsh/src/lisp/builtin.rs:17:8
[INFO] [stderr]    |
[INFO] [stderr] 17 | pub fn set_env(env: Rc<RefCell<Env>>, args: Vec<Value>) -> Result<Value, RuntimeError> {
[INFO] [stderr]    |        ^^^^^^^
[INFO] [stderr] 
[INFO] [stderr] warning: function `eval_block` is never used
[INFO] [stderr]   --> dsh/src/lisp/interpreter.rs:18:8
[INFO] [stderr]    |
[INFO] [stderr] 18 | pub fn eval_block(
[INFO] [stderr]    |        ^^^^^^^^^^
[INFO] [stderr] 
[INFO] [stderr] warning: function `make_list` is never used
[INFO] [stderr]   --> dsh/src/lisp/utils.rs:90:8
[INFO] [stderr]    |
[INFO] [stderr] 90 | pub fn make_list(vec: Vec<String>) -> Value {
[INFO] [stderr]    |        ^^^^^^^^^
[INFO] [stderr] 
[INFO] [stderr] warning: function `unquote` is never used
[INFO] [stderr]   --> dsh/src/lisp/utils.rs:95:8
[INFO] [stderr]    |
[INFO] [stderr] 95 | pub fn unquote(s: &str) -> String {
[INFO] [stderr]    |        ^^^^^^^
[INFO] [stderr] 
[INFO] [stderr] warning: field `name` is never read
[INFO] [stderr]    --> dsh/src/parser.rs:590:9
[INFO] [stderr]     |
[INFO] [stderr] 589 |     pub struct Job {
[INFO] [stderr]     |                --- field in this struct
[INFO] [stderr] 590 |         name: String,
[INFO] [stderr]     |         ^^^^
[INFO] [stderr]     |
[INFO] [stderr]     = note: `Job` has a derived impl for the trait `Debug`, but this is intentionally ignored during dead code analysis
[INFO] [stderr] 
[INFO] [stderr] warning: variant `Input` is never constructed
[INFO] [stderr]   --> dsh/src/process.rs:31:5
[INFO] [stderr]    |
[INFO] [stderr] 24 | pub enum Redirect {
[INFO] [stderr]    |          -------- variant in this enum
[INFO] [stderr] ...
[INFO] [stderr] 31 |     Input,
[INFO] [stderr]    |     ^^^^^
[INFO] [stderr]    |
[INFO] [stderr]    = note: `Redirect` has derived impls for the traits `Clone` and `Debug`, but these are intentionally ignored during dead code analysis
[INFO] [stderr] 
[INFO] [stderr] warning: methods `mut_next`, `get_pid`, `set_state`, `waitable`, and `cont` are never used
[INFO] [stderr]    --> dsh/src/process.rs:494:12
[INFO] [stderr]     |
[INFO] [stderr] 477 | impl JobProcess {
[INFO] [stderr]     | --------------- methods in this implementation
[INFO] [stderr] ...
[INFO] [stderr] 494 |     pub fn mut_next(&self) -> Option<Box<JobProcess>> {
[INFO] [stderr]     |            ^^^^^^^^
[INFO] [stderr] ...
[INFO] [stderr] 552 |     pub fn get_pid(&self) -> Option<Pid> {
[INFO] [stderr]     |            ^^^^^^^
[INFO] [stderr] ...
[INFO] [stderr] 566 |     pub fn set_state(&mut self, state: ProcessState) {
[INFO] [stderr]     |            ^^^^^^^^^
[INFO] [stderr] ...
[INFO] [stderr] 631 |     pub fn waitable(&self) -> bool {
[INFO] [stderr]     |            ^^^^^^^^
[INFO] [stderr] ...
[INFO] [stderr] 711 |     pub fn cont(&self) -> Result<()> {
[INFO] [stderr]     |            ^^^^
[INFO] [stderr] 
[INFO] [stderr] warning: method `check_background_output` is never used
[INFO] [stderr]     --> dsh/src/process.rs:1094:18
[INFO] [stderr]      |
[INFO] [stderr] 762  | impl Job {
[INFO] [stderr]      | -------- method in this implementation
[INFO] [stderr] ...
[INFO] [stderr] 1094 |     pub async fn check_background_output(&mut self) -> Result<()> {
[INFO] [stderr]      |                  ^^^^^^^^^^^^^^^^^^^^^^^
[INFO] [stderr] 
[INFO] [stderr] warning: method `output` is never used
[INFO] [stderr]     --> dsh/src/process.rs:1178:18
[INFO] [stderr]      |
[INFO] [stderr] 1168 | impl OutputMonitor {
[INFO] [stderr]      | ------------------ method in this implementation
[INFO] [stderr] ...
[INFO] [stderr] 1178 |     pub async fn output(&mut self) -> Result<usize> {
[INFO] [stderr]      |                  ^^^^^^
[INFO] [stderr] 
[INFO] [stderr] warning: function `wait_any_job` is never used
[INFO] [stderr]     --> dsh/src/process.rs:1233:8
[INFO] [stderr]      |
[INFO] [stderr] 1233 | pub fn wait_any_job(no_hang: bool) -> Option<(Pid, ProcessState)> {
[INFO] [stderr]      |        ^^^^^^^^^^^^
[INFO] [stderr] 
[INFO] [stderr] warning: function `show_process_state` is never used
[INFO] [stderr]     --> dsh/src/process.rs:1269:4
[INFO] [stderr]      |
[INFO] [stderr] 1269 | fn show_process_state(process: &Option<Box<JobProcess>>) {
[INFO] [stderr]      |    ^^^^^^^^^^^^^^^^^^
[INFO] [stderr] 
[INFO] [stderr] warning: constant `BRANCH_CONFLICT` is never used
[INFO] [stderr]   --> dsh/src/prompt.rs:19:7
[INFO] [stderr]    |
[INFO] [stderr] 19 | const BRANCH_CONFLICT: &str = "🏴☠️";
[INFO] [stderr]    |       ^^^^^^^^^^^^^^^
[INFO] [stderr] 
[INFO] [stderr] warning: constant `NEW_FILE` is never used
[INFO] [stderr]   --> dsh/src/prompt.rs:22:7
[INFO] [stderr]    |
[INFO] [stderr] 22 | const NEW_FILE: &str = "+";
[INFO] [stderr]    |       ^^^^^^^^
[INFO] [stderr] 
[INFO] [stderr] warning: function `get_cwd` is never used
[INFO] [stderr]    --> dsh/src/prompt.rs:137:4
[INFO] [stderr]     |
[INFO] [stderr] 137 | fn get_cwd() -> (String, bool) {
[INFO] [stderr]     |    ^^^^^^^
[INFO] [stderr] 
[INFO] [stderr] warning: function `get_git_branch` is never used
[INFO] [stderr]    --> dsh/src/prompt.rs:157:4
[INFO] [stderr]     |
[INFO] [stderr] 157 | fn get_git_branch() -> (String, bool) {
[INFO] [stderr]     |    ^^^^^^^^^^^^^^
[INFO] [stderr] 
[INFO] [stderr] warning: variant `ScreenResized` is never constructed
[INFO] [stderr]   --> dsh/src/repl.rs:33:5
[INFO] [stderr]    |
[INFO] [stderr] 31 | pub enum ShellEvent {
[INFO] [stderr]    |          ---------- variant in this enum
[INFO] [stderr] 32 |     Input(Event),
[INFO] [stderr] 33 |     ScreenResized,
[INFO] [stderr]    |     ^^^^^^^^^^^^^
[INFO] [stderr] 
[INFO] [stderr] warning: `doge-shell` (bin "dsh" test) generated 34 warnings (run `cargo fix --bin "dsh" --tests` to apply 2 suggestions)
[INFO] [stderr]     Finished `test` profile [unoptimized + debuginfo] target(s) in 0.50s
[INFO] [stderr] warning: the following packages contain code that will be rejected by a future version of Rust: wasm-bindgen v0.2.87
[INFO] [stderr] note: to see what the problems were, use the option `--future-incompat-report`, or run `cargo report future-incompatibilities --id 1`
[INFO] [stderr]      Running unittests src/main.rs (/opt/rustwide/target/debug/deps/dsh-58a43ceb8cb21a82)
[INFO] [stdout] 
[INFO] [stdout] running 51 tests
[INFO] [stdout] test completion::tests::test_select_item ... ignored
[INFO] [stdout] test dirs::tests::test_search_file ... ignored
[INFO] [stdout] test history::tests::frecency ... ignored
[INFO] [stdout] test history::tests::test_back ... ignored
[INFO] [stdout] test history::tests::test_load ... ignored
[INFO] [stdout] test environment::tests::test_extend ... ok
[INFO] [stdout] test history::tests::test_new ... ok
[INFO] [stdout] test completion::tests::test_replace_space ... ok
[INFO] [stdout] test lisp::tests::test_apply_fn ... ok
[INFO] [stdout] [38;5;12mg[39m[38;5;15mi[39m[38;5;15mt[39m[38;5;15m [39m[38;5;12ms[39m[38;5;12mt[39m[38;5;12ma[39m[38;5;15mt[39m[38;5;15mu[39m[38;5;15ms[39mtest dirs::tests::test_is_dir ... ok
[INFO] [stdout] test history::tests::test_open ... FAILED
[INFO] [stdout] test history::tests::print_item ... ok
[INFO] [stdout] test environment::tests::test_lookup ... ok
[INFO] [stdout] test lisp::tests::test_run_lisp ... ok
[INFO] [stdout] test parser::tests::parse_args1 ... ok
[INFO] [stdout] test completion::tests::test_completion ... FAILED
[INFO] [stdout] test parser::tests::parse_command3 ... ok
[INFO] [stdout] test parser::tests::parse_command2 ... ok
[INFO] [stdout] test parser::tests::parse_argv0 ... ok
[INFO] [stdout] test parser::tests::parse_command4 ... ok
[INFO] [stdout] test parser::tests::parse_args2 ... ok
[INFO] [stdout] test parser::tests::parse_command1 ... ok
[INFO] [stdout] test parser::tests::parse_glob ... ok
[INFO] [stdout] test parser::tests::parse_proc_subst ... ok
[INFO] [stdout] test parser::tests::parse_quoted ... ok
[INFO] [stdout] test parser::tests::parse_simple_command3 ... ok
[INFO] [stdout] test parser::tests::parse_command_bg ... ok
[INFO] [stdout] test parser::tests::parse_simple_command4 ... ok
[INFO] [stdout] test parser::tests::parse_simple_command_bg1 ... ok
[INFO] [stdout] test parser::tests::parse_simple_command1 ... ok
[INFO] [stdout] test parser::tests::parse_simple_command2 ... ok
[INFO] [stdout] test parser::tests::parse_subshell ... ok
[INFO] [stdout] test parser::tests::parse_commands ... ok
[INFO] [stdout] test parser::tests::parse_command_sp ... ok
[INFO] [stdout] test parser::tests::parse_word ... ok
[INFO] [stdout] test parser::tests::parse_subshell2 ... ok
[INFO] [stdout] test parser::tests::test_get_pos_word1 ... ok
[INFO] [stdout] test parser::tests::test_get_pos_word2 ... ok
[INFO] [stdout] test parser::tests::test_redirect ... ok
[INFO] [stdout] test parser::tests::test_exec_subshell ... ok
[INFO] [stdout] test parser::tests::test_redirect2 ... ok
[INFO] [stdout] test parser::tests::test_variable ... ok
[INFO] [stdout] test process::tests::is_stopped ... ok
[INFO] [stdout] test process::tests::test_find_job ... ok
[INFO] [stdout] test process::tests::is_completed ... ok
[INFO] [stdout] test prompt::tests::test_new ... ok
[INFO] [stdout] test prompt::tests::test_set_current ... ok
[INFO] [stdout] test lisp::tests::test_call_fn ... FAILED
[INFO] [stdout] test parser::tests::test_expand_alias ... FAILED
[INFO] [stdout] test lisp::builtin::tests::test_lisp_sh ... FAILED
[INFO] [stdout] test process::tests::create_job ... FAILED
[INFO] [stdout] 
[INFO] [stdout] failures:
[INFO] [stdout] 
[INFO] [stdout] ---- history::tests::test_open stdout ----
[INFO] [stdout] Error: failed open file
[INFO] [stdout] 
[INFO] [stdout] Caused by:
[INFO] [stdout]     No such file or directory (os error 2)
[INFO] [stdout] 
[INFO] [stdout] ---- completion::tests::test_completion stdout ----
[INFO] [stdout] Error: No such file or directory (os error 2)
[INFO] [stdout] 
[INFO] [stdout] ---- lisp::tests::test_call_fn stdout ----
[INFO] [stdout] abcdefg
[INFO] [stdout] Ok(Value::Int(3))
[INFO] [stdout] failed load init lisp No such file or directory (os error 2)
[INFO] [stdout] error: ENOTTY: Not a typewriter
[INFO] [stdout] thread 'lisp::tests::test_call_fn' panicked at dsh/src/lisp/mod.rs:223:9:
[INFO] [stdout] assertion failed: res.is_ok()
[INFO] [stdout] stack backtrace:
[INFO] [stdout]    0:     0x61b86090d6ea - std::backtrace_rs::backtrace::libunwind::trace::h8810477743020387
[INFO] [stdout]                                at /rustc/202008a1b8de96d2e5b6bc02d379db03a877d34d/library/std/src/../../backtrace/src/backtrace/libunwind.rs:116:5
[INFO] [stdout]    1:     0x61b86090d6ea - std::backtrace_rs::backtrace::trace_unsynchronized::h3aa55355dd6c54a6
[INFO] [stdout]                                at /rustc/202008a1b8de96d2e5b6bc02d379db03a877d34d/library/std/src/../../backtrace/src/backtrace/mod.rs:66:5
[INFO] [stdout]    2:     0x61b86090d6ea - std::sys::backtrace::_print_fmt::h8588b0f62410823f
[INFO] [stdout]                                at /rustc/202008a1b8de96d2e5b6bc02d379db03a877d34d/library/std/src/sys/backtrace.rs:66:9
[INFO] [stdout]    3:     0x61b86090d6ea - <std::sys::backtrace::BacktraceLock::print::DisplayBacktrace as core::fmt::Display>::fmt::h98c26ac25ffe89bb
[INFO] [stdout]                                at /rustc/202008a1b8de96d2e5b6bc02d379db03a877d34d/library/std/src/sys/backtrace.rs:39:26
[INFO] [stdout]    4:     0x61b86093c9e3 - core::fmt::rt::Argument::fmt::hf95377f4aebd453b
[INFO] [stdout]                                at /rustc/202008a1b8de96d2e5b6bc02d379db03a877d34d/library/core/src/fmt/rt.rs:177:76
[INFO] [stdout]    5:     0x61b86093c9e3 - core::fmt::write::h0dd5f6e2238c7982
[INFO] [stdout]                                at /rustc/202008a1b8de96d2e5b6bc02d379db03a877d34d/library/core/src/fmt/mod.rs:1189:21
[INFO] [stdout]    6:     0x61b8609083d3 - std::io::Write::write_fmt::h03bb0ca26e6faf8c
[INFO] [stdout]                                at /rustc/202008a1b8de96d2e5b6bc02d379db03a877d34d/library/std/src/io/mod.rs:1884:15
[INFO] [stdout]    7:     0x61b86090d532 - std::sys::backtrace::BacktraceLock::print::h5c19c1c038ee186d
[INFO] [stdout]                                at /rustc/202008a1b8de96d2e5b6bc02d379db03a877d34d/library/std/src/sys/backtrace.rs:42:9
[INFO] [stdout]    8:     0x61b86090eb6d - std::panicking::default_hook::{{closure}}::h77172f079a1fcb13
[INFO] [stdout]                                at /rustc/202008a1b8de96d2e5b6bc02d379db03a877d34d/library/std/src/panicking.rs:268:22
[INFO] [stdout]    9:     0x61b86090e977 - std::panicking::default_hook::he5f8e3b203ccddba
[INFO] [stdout]                                at /rustc/202008a1b8de96d2e5b6bc02d379db03a877d34d/library/std/src/panicking.rs:292:9
[INFO] [stdout]   10:     0x61b85ee0c7d7 - <alloc::boxed::Box<F,A> as core::ops::function::Fn<Args>>::call::h7a3c7b4a1ae77f2f
[INFO] [stdout]                                at /rustc/202008a1b8de96d2e5b6bc02d379db03a877d34d/library/alloc/src/boxed.rs:1986:9
[INFO] [stdout]   11:     0x61b85ee0c7d7 - test::test_main::{{closure}}::hf0d3b69ae9b353d1
[INFO] [stdout]                                at /rustc/202008a1b8de96d2e5b6bc02d379db03a877d34d/library/test/src/lib.rs:134:21
[INFO] [stdout]   12:     0x61b86090f218 - <alloc::boxed::Box<F,A> as core::ops::function::Fn<Args>>::call::h6332e82e7b189abd
[INFO] [stdout]                                at /rustc/202008a1b8de96d2e5b6bc02d379db03a877d34d/library/alloc/src/boxed.rs:1986:9
[INFO] [stdout]   13:     0x61b86090f218 - std::panicking::rust_panic_with_hook::h53863d4e9018df39
[INFO] [stdout]                                at /rustc/202008a1b8de96d2e5b6bc02d379db03a877d34d/library/std/src/panicking.rs:809:13
[INFO] [stdout]   14:     0x61b86090efa6 - std::panicking::begin_panic_handler::{{closure}}::h67280e6fa0757873
[INFO] [stdout]                                at /rustc/202008a1b8de96d2e5b6bc02d379db03a877d34d/library/std/src/panicking.rs:667:13
[INFO] [stdout]   15:     0x61b86090dbc9 - std::sys::backtrace::__rust_end_short_backtrace::h1dac3f54d6fbbeb2
[INFO] [stdout]                                at /rustc/202008a1b8de96d2e5b6bc02d379db03a877d34d/library/std/src/sys/backtrace.rs:170:18
[INFO] [stdout]   16:     0x61b86090ec6c - rust_begin_unwind
[INFO] [stdout]                                at /rustc/202008a1b8de96d2e5b6bc02d379db03a877d34d/library/std/src/panicking.rs:665:5
[INFO] [stdout]   17:     0x61b85eacb5d0 - core::panicking::panic_fmt::h6792bd1b2bf01041
[INFO] [stdout]                                at /rustc/202008a1b8de96d2e5b6bc02d379db03a877d34d/library/core/src/panicking.rs:76:14
[INFO] [stdout]   18:     0x61b85eacb65c - core::panicking::panic::hbb5c236a846c507c
[INFO] [stdout]                                at /rustc/202008a1b8de96d2e5b6bc02d379db03a877d34d/library/core/src/panicking.rs:148:5
[INFO] [stdout]   19:     0x61b85eb2ca01 - dsh::lisp::tests::test_call_fn::h4a1360e5c5be03c3
[INFO] [stdout]                                at /opt/rustwide/workdir/dsh/src/lisp/mod.rs:223:9
[INFO] [stdout]   20:     0x61b85eb2c087 - dsh::lisp::tests::test_call_fn::{{closure}}::h77695da9ff97e854
[INFO] [stdout]                                at /opt/rustwide/workdir/dsh/src/lisp/mod.rs:194:22
[INFO] [stdout]   21:     0x61b85ec69946 - core::ops::function::FnOnce::call_once::hcee35d06455a6e9c
[INFO] [stdout]                                at /rustc/202008a1b8de96d2e5b6bc02d379db03a877d34d/library/core/src/ops/function.rs:250:5
[INFO] [stdout]   22:     0x61b85ee112fb - core::ops::function::FnOnce::call_once::h871bf86719ec9aa4
[INFO] [stdout]                                at /rustc/202008a1b8de96d2e5b6bc02d379db03a877d34d/library/core/src/ops/function.rs:250:5
[INFO] [stdout]   23:     0x61b85ee112fb - test::__rust_begin_short_backtrace::h2167df1e2b7d76fd
[INFO] [stdout]                                at /rustc/202008a1b8de96d2e5b6bc02d379db03a877d34d/library/test/src/lib.rs:632:18
[INFO] [stdout]   24:     0x61b85ee10ce8 - test::run_test_in_process::{{closure}}::h15d92f75a3adfb79
[INFO] [stdout]                                at /rustc/202008a1b8de96d2e5b6bc02d379db03a877d34d/library/test/src/lib.rs:655:60
[INFO] [stdout]   25:     0x61b85ee10ce8 - <core::panic::unwind_safe::AssertUnwindSafe<F> as core::ops::function::FnOnce<()>>::call_once::hb6c8955835a8dbbb
[INFO] [stdout]                                at /rustc/202008a1b8de96d2e5b6bc02d379db03a877d34d/library/core/src/panic/unwind_safe.rs:272:9
[INFO] [stdout]   26:     0x61b85ee10ce8 - std::panicking::try::do_call::hc79d0fc888a0bd30
[INFO] [stdout]                                at /rustc/202008a1b8de96d2e5b6bc02d379db03a877d34d/library/std/src/panicking.rs:557:40
[INFO] [stdout]   27:     0x61b85ee10ce8 - std::panicking::try::hb8a7878e3a8589d6
[INFO] [stdout]                                at /rustc/202008a1b8de96d2e5b6bc02d379db03a877d34d/library/std/src/panicking.rs:520:19
[INFO] [stdout]   28:     0x61b85ee10ce8 - std::panic::catch_unwind::hb8e4600ff0ff5cfa
[INFO] [stdout]                                at /rustc/202008a1b8de96d2e5b6bc02d379db03a877d34d/library/std/src/panic.rs:358:14
[INFO] [stdout]   29:     0x61b85ee10ce8 - test::run_test_in_process::hc2900b0b18688dd6
[INFO] [stdout]                                at /rustc/202008a1b8de96d2e5b6bc02d379db03a877d34d/library/test/src/lib.rs:655:27
[INFO] [stdout]   30:     0x61b85ee10ce8 - test::run_test::{{closure}}::hac2a9cb07be3d48d
[INFO] [stdout]                                at /rustc/202008a1b8de96d2e5b6bc02d379db03a877d34d/library/test/src/lib.rs:576:43
[INFO] [stdout]   31:     0x61b85edd478a - test::run_test::{{closure}}::h4a5b729e66a38cd8
[INFO] [stdout]                                at /rustc/202008a1b8de96d2e5b6bc02d379db03a877d34d/library/test/src/lib.rs:606:41
[INFO] [stdout]   32:     0x61b85edd478a - std::sys::backtrace::__rust_begin_short_backtrace::h0496fb742492f573
[INFO] [stdout]                                at /rustc/202008a1b8de96d2e5b6bc02d379db03a877d34d/library/std/src/sys/backtrace.rs:154:18
[INFO] [stdout]   33:     0x61b85edd8104 - std::thread::Builder::spawn_unchecked_::{{closure}}::{{closure}}::hbb6d257c550a54bd
[INFO] [stdout]                                at /rustc/202008a1b8de96d2e5b6bc02d379db03a877d34d/library/std/src/thread/mod.rs:561:17
[INFO] [stdout]   34:     0x61b85edd8104 - <core::panic::unwind_safe::AssertUnwindSafe<F> as core::ops::function::FnOnce<()>>::call_once::h46696fe4a6832328
[INFO] [stdout]                                at /rustc/202008a1b8de96d2e5b6bc02d379db03a877d34d/library/core/src/panic/unwind_safe.rs:272:9
[INFO] [stdout]   35:     0x61b85edd8104 - std::panicking::try::do_call::h2625a51b667bfb64
[INFO] [stdout]                                at /rustc/202008a1b8de96d2e5b6bc02d379db03a877d34d/library/std/src/panicking.rs:557:40
[INFO] [stdout]   36:     0x61b85edd8104 - std::panicking::try::hb956a59a1973aa4c
[INFO] [stdout]                                at /rustc/202008a1b8de96d2e5b6bc02d379db03a877d34d/library/std/src/panicking.rs:520:19
[INFO] [stdout]   37:     0x61b85edd8104 - std::panic::catch_unwind::h64f3b9d1067ef6a0
[INFO] [stdout]                                at /rustc/202008a1b8de96d2e5b6bc02d379db03a877d34d/library/std/src/panic.rs:358:14
[INFO] [stdout]   38:     0x61b85edd8104 - std::thread::Builder::spawn_unchecked_::{{closure}}::h42b2841295b6c0b2
[INFO] [stdout]                                at /rustc/202008a1b8de96d2e5b6bc02d379db03a877d34d/library/std/src/thread/mod.rs:559:30
[INFO] [stdout]   39:     0x61b85edd8104 - core::ops::function::FnOnce::call_once{{vtable.shim}}::h6127de71b8124639
[INFO] [stdout]                                at /rustc/202008a1b8de96d2e5b6bc02d379db03a877d34d/library/core/src/ops/function.rs:250:5
[INFO] [stdout]   40:     0x61b860914deb - <alloc::boxed::Box<F,A> as core::ops::function::FnOnce<Args>>::call_once::h42f0ba71002a1b2c
[INFO] [stdout]                                at /rustc/202008a1b8de96d2e5b6bc02d379db03a877d34d/library/alloc/src/boxed.rs:1972:9
[INFO] [stdout]   41:     0x61b860914deb - <alloc::boxed::Box<F,A> as core::ops::function::FnOnce<Args>>::call_once::had9e47d7a3dcecb8
[INFO] [stdout]                                at /rustc/202008a1b8de96d2e5b6bc02d379db03a877d34d/library/alloc/src/boxed.rs:1972:9
[INFO] [stdout]   42:     0x61b860914deb - std::sys::pal::unix::thread::Thread::new::thread_start::h48cf765408f6f5f2
[INFO] [stdout]                                at /rustc/202008a1b8de96d2e5b6bc02d379db03a877d34d/library/std/src/sys/pal/unix/thread.rs:105:17
[INFO] [stdout]   43:     0x735c685feac3 - <unknown>
[INFO] [stdout]   44:     0x735c6868fa04 - clone
[INFO] [stdout]   45:                0x0 - <unknown>
[INFO] [stdout] 
[INFO] [stdout] ---- parser::tests::test_expand_alias stdout ----
[INFO] [stdout] thread 'parser::tests::test_expand_alias' panicked at dsh/src/parser.rs:1016:9:
[INFO] [stdout] assertion `left == right` failed
[INFO] [stdout]   left: "echo 'test' | sk | | abc \" test\" '-vvv' --foo"
[INFO] [stdout]  right: "echo 'test' | sk | abc \" test\" '-vvv' --foo &"
[INFO] [stdout] stack backtrace:
[INFO] [stdout]    0:     0x61b86090d6ea - std::backtrace_rs::backtrace::libunwind::trace::h8810477743020387
[INFO] [stdout]                                at /rustc/202008a1b8de96d2e5b6bc02d379db03a877d34d/library/std/src/../../backtrace/src/backtrace/libunwind.rs:116:5
[INFO] [stdout]    1:     0x61b86090d6ea - std::backtrace_rs::backtrace::trace_unsynchronized::h3aa55355dd6c54a6
[INFO] [stdout]                                at /rustc/202008a1b8de96d2e5b6bc02d379db03a877d34d/library/std/src/../../backtrace/src/backtrace/mod.rs:66:5
[INFO] [stdout]    2:     0x61b86090d6ea - std::sys::backtrace::_print_fmt::h8588b0f62410823f
[INFO] [stdout]                                at /rustc/202008a1b8de96d2e5b6bc02d379db03a877d34d/library/std/src/sys/backtrace.rs:66:9
[INFO] [stdout]    3:     0x61b86090d6ea - <std::sys::backtrace::BacktraceLock::print::DisplayBacktrace as core::fmt::Display>::fmt::h98c26ac25ffe89bb
[INFO] [stdout]                                at /rustc/202008a1b8de96d2e5b6bc02d379db03a877d34d/library/std/src/sys/backtrace.rs:39:26
[INFO] [stdout]    4:     0x61b86093c9e3 - core::fmt::rt::Argument::fmt::hf95377f4aebd453b
[INFO] [stdout]                                at /rustc/202008a1b8de96d2e5b6bc02d379db03a877d34d/library/core/src/fmt/rt.rs:177:76
[INFO] [stdout]    5:     0x61b86093c9e3 - core::fmt::write::h0dd5f6e2238c7982
[INFO] [stdout]                                at /rustc/202008a1b8de96d2e5b6bc02d379db03a877d34d/library/core/src/fmt/mod.rs:1189:21
[INFO] [stdout]    6:     0x61b8609083d3 - std::io::Write::write_fmt::h03bb0ca26e6faf8c
[INFO] [stdout]                                at /rustc/202008a1b8de96d2e5b6bc02d379db03a877d34d/library/std/src/io/mod.rs:1884:15
[INFO] [stdout]    7:     0x61b86090d532 - std::sys::backtrace::BacktraceLock::print::h5c19c1c038ee186d
[INFO] [stdout]                                at /rustc/202008a1b8de96d2e5b6bc02d379db03a877d34d/library/std/src/sys/backtrace.rs:42:9
[INFO] [stdout]    8:     0x61b86090eb6d - std::panicking::default_hook::{{closure}}::h77172f079a1fcb13
[INFO] [stdout]                                at /rustc/202008a1b8de96d2e5b6bc02d379db03a877d34d/library/std/src/panicking.rs:268:22
[INFO] [stdout]    9:     0x61b86090e977 - std::panicking::default_hook::he5f8e3b203ccddba
[INFO] [stdout]                                at /rustc/202008a1b8de96d2e5b6bc02d379db03a877d34d/library/std/src/panicking.rs:292:9
[INFO] [stdout]   10:     0x61b85ee0c7d7 - <alloc::boxed::Box<F,A> as core::ops::function::Fn<Args>>::call::h7a3c7b4a1ae77f2f
[INFO] [stdout]                                at /rustc/202008a1b8de96d2e5b6bc02d379db03a877d34d/library/alloc/src/boxed.rs:1986:9
[INFO] [stdout]   11:     0x61b85ee0c7d7 - test::test_main::{{closure}}::hf0d3b69ae9b353d1
[INFO] [stdout]                                at /rustc/202008a1b8de96d2e5b6bc02d379db03a877d34d/library/test/src/lib.rs:134:21
[INFO] [stdout]   12:     0x61b86090f218 - <alloc::boxed::Box<F,A> as core::ops::function::Fn<Args>>::call::h6332e82e7b189abd
[INFO] [stdout]                                at /rustc/202008a1b8de96d2e5b6bc02d379db03a877d34d/library/alloc/src/boxed.rs:1986:9
[INFO] [stdout]   13:     0x61b86090f218 - std::panicking::rust_panic_with_hook::h53863d4e9018df39
[INFO] [stdout]                                at /rustc/202008a1b8de96d2e5b6bc02d379db03a877d34d/library/std/src/panicking.rs:809:13
[INFO] [stdout]   14:     0x61b86090efda - std::panicking::begin_panic_handler::{{closure}}::h67280e6fa0757873
[INFO] [stdout]                                at /rustc/202008a1b8de96d2e5b6bc02d379db03a877d34d/library/std/src/panicking.rs:674:13
[INFO] [stdout]   15:     0x61b86090dbc9 - std::sys::backtrace::__rust_end_short_backtrace::h1dac3f54d6fbbeb2
[INFO] [stdout]                                at /rustc/202008a1b8de96d2e5b6bc02d379db03a877d34d/library/std/src/sys/backtrace.rs:170:18
[INFO] [stdout]   16:     0x61b86090ec6c - rust_begin_unwind
[INFO] [stdout]                                at /rustc/202008a1b8de96d2e5b6bc02d379db03a877d34d/library/std/src/panicking.rs:665:5
[INFO] [stdout]   17:     0x61b85eacb5d0 - core::panicking::panic_fmt::h6792bd1b2bf01041
[INFO] [stdout]                                at /rustc/202008a1b8de96d2e5b6bc02d379db03a877d34d/library/core/src/panicking.rs:76:14
[INFO] [stdout]   18:     0x61b85eacba35 - core::panicking::assert_failed_inner::hf2c17e6d30928787
[INFO] [stdout]   19:     0x61b85ec1be27 - core::panicking::assert_failed::h111681c5203e3904
[INFO] [stdout]                                at /rustc/202008a1b8de96d2e5b6bc02d379db03a877d34d/library/core/src/panicking.rs:373:5
[INFO] [stdout]   20:     0x61b85ebda0c4 - dsh::parser::tests::test_expand_alias::h8c50975f21ac5c4c
[INFO] [stdout]                                at /opt/rustwide/workdir/dsh/src/parser.rs:1016:9
[INFO] [stdout]   21:     0x61b85ebd96a7 - dsh::parser::tests::test_expand_alias::{{closure}}::h23db42e19b13954b
[INFO] [stdout]                                at /opt/rustwide/workdir/dsh/src/parser.rs:989:31
[INFO] [stdout]   22:     0x61b85ec67b86 - core::ops::function::FnOnce::call_once::h1926dcff8e739742
[INFO] [stdout]                                at /rustc/202008a1b8de96d2e5b6bc02d379db03a877d34d/library/core/src/ops/function.rs:250:5
[INFO] [stdout]   23:     0x61b85ee112fb - core::ops::function::FnOnce::call_once::h871bf86719ec9aa4
[INFO] [stdout]                                at /rustc/202008a1b8de96d2e5b6bc02d379db03a877d34d/library/core/src/ops/function.rs:250:5
[INFO] [stdout]   24:     0x61b85ee112fb - test::__rust_begin_short_backtrace::h2167df1e2b7d76fd
[INFO] [stdout]                                at /rustc/202008a1b8de96d2e5b6bc02d379db03a877d34d/library/test/src/lib.rs:632:18
[INFO] [stdout]   25:     0x61b85ee10ce8 - test::run_test_in_process::{{closure}}::h15d92f75a3adfb79
[INFO] [stdout]                                at /rustc/202008a1b8de96d2e5b6bc02d379db03a877d34d/library/test/src/lib.rs:655:60
[INFO] [stdout]   26:     0x61b85ee10ce8 - <core::panic::unwind_safe::AssertUnwindSafe<F> as core::ops::function::FnOnce<()>>::call_once::hb6c8955835a8dbbb
[INFO] [stdout]                                at /rustc/202008a1b8de96d2e5b6bc02d379db03a877d34d/library/core/src/panic/unwind_safe.rs:272:9
[INFO] [stdout]   27:     0x61b85ee10ce8 - std::panicking::try::do_call::hc79d0fc888a0bd30
[INFO] [stdout]                                at /rustc/202008a1b8de96d2e5b6bc02d379db03a877d34d/library/std/src/panicking.rs:557:40
[INFO] [stdout]   28:     0x61b85ee10ce8 - std::panicking::try::hb8a7878e3a8589d6
[INFO] [stdout]                                at /rustc/202008a1b8de96d2e5b6bc02d379db03a877d34d/library/std/src/panicking.rs:520:19
[INFO] [stdout]   29:     0x61b85ee10ce8 - std::panic::catch_unwind::hb8e4600ff0ff5cfa
[INFO] [stdout]                                at /rustc/202008a1b8de96d2e5b6bc02d379db03a877d34d/library/std/src/panic.rs:358:14
[INFO] [stdout]   30:     0x61b85ee10ce8 - test::run_test_in_process::hc2900b0b18688dd6
[INFO] [stdout]                                at /rustc/202008a1b8de96d2e5b6bc02d379db03a877d34d/library/test/src/lib.rs:655:27
[INFO] [stdout]   31:     0x61b85ee10ce8 - test::run_test::{{closure}}::hac2a9cb07be3d48d
[INFO] [stdout]                                at /rustc/202008a1b8de96d2e5b6bc02d379db03a877d34d/library/test/src/lib.rs:576:43
[INFO] [stdout]   32:     0x61b85edd478a - test::run_test::{{closure}}::h4a5b729e66a38cd8
[INFO] [stdout]                                at /rustc/202008a1b8de96d2e5b6bc02d379db03a877d34d/library/test/src/lib.rs:606:41
[INFO] [stdout]   33:     0x61b85edd478a - std::sys::backtrace::__rust_begin_short_backtrace::h0496fb742492f573
[INFO] [stdout]                                at /rustc/202008a1b8de96d2e5b6bc02d379db03a877d34d/library/std/src/sys/backtrace.rs:154:18
[INFO] [stdout]   34:     0x61b85edd8104 - std::thread::Builder::spawn_unchecked_::{{closure}}::{{closure}}::hbb6d257c550a54bd
[INFO] [stdout]                                at /rustc/202008a1b8de96d2e5b6bc02d379db03a877d34d/library/std/src/thread/mod.rs:561:17
[INFO] [stdout]   35:     0x61b85edd8104 - <core::panic::unwind_safe::AssertUnwindSafe<F> as core::ops::function::FnOnce<()>>::call_once::h46696fe4a6832328
[INFO] [stdout]                                at /rustc/202008a1b8de96d2e5b6bc02d379db03a877d34d/library/core/src/panic/unwind_safe.rs:272:9
[INFO] [stdout]   36:     0x61b85edd8104 - std::panicking::try::do_call::h2625a51b667bfb64
[INFO] [stdout]                                at /rustc/202008a1b8de96d2e5b6bc02d379db03a877d34d/library/std/src/panicking.rs:557:40
[INFO] [stdout]   37:     0x61b85edd8104 - std::panicking::try::hb956a59a1973aa4c
[INFO] [stdout]                                at /rustc/202008a1b8de96d2e5b6bc02d379db03a877d34d/library/std/src/panicking.rs:520:19
[INFO] [stdout]   38:     0x61b85edd8104 - std::panic::catch_unwind::h64f3b9d1067ef6a0
[INFO] [stdout]                                at /rustc/202008a1b8de96d2e5b6bc02d379db03a877d34d/library/std/src/panic.rs:358:14
[INFO] [stdout]   39:     0x61b85edd8104 - std::thread::Builder::spawn_unchecked_::{{closure}}::h42b2841295b6c0b2
[INFO] [stdout]                                at /rustc/202008a1b8de96d2e5b6bc02d379db03a877d34d/library/std/src/thread/mod.rs:559:30
[INFO] [stdout]   40:     0x61b85edd8104 - core::ops::function::FnOnce::call_once{{vtable.shim}}::h6127de71b8124639
[INFO] [stdout]                                at /rustc/202008a1b8de96d2e5b6bc02d379db03a877d34d/library/core/src/ops/function.rs:250:5
[INFO] [stdout]   41:     0x61b860914deb - <alloc::boxed::Box<F,A> as core::ops::function::FnOnce<Args>>::call_once::h42f0ba71002a1b2c
[INFO] [stdout]                                at /rustc/202008a1b8de96d2e5b6bc02d379db03a877d34d/library/alloc/src/boxed.rs:1972:9
[INFO] [stdout]   42:     0x61b860914deb - <alloc::boxed::Box<F,A> as core::ops::function::FnOnce<Args>>::call_once::had9e47d7a3dcecb8
[INFO] [stdout]                                at /rustc/202008a1b8de96d2e5b6bc02d379db03a877d34d/library/alloc/src/boxed.rs:1972:9
[INFO] [stdout]   43:     0x61b860914deb - std::sys::pal::unix::thread::Thread::new::thread_start::h48cf765408f6f5f2
[INFO] [stdout]                                at /rustc/202008a1b8de96d2e5b6bc02d379db03a877d34d/library/std/src/sys/pal/unix/thread.rs:105:17
[INFO] [stdout]   44:     0x735c685feac3 - <unknown>
[INFO] [stdout]   45:     0x735c6868fa04 - clone
[INFO] [stdout]   46:                0x0 - <unknown>
[INFO] [stdout] 
[INFO] [stdout] ---- lisp::builtin::tests::test_lisp_sh stdout ----
[INFO] [stdout] failed load init lisp No such file or directory (os error 2)
[INFO] [stdout] error: ENOTTY: Not a typewriter
[INFO] [stdout] thread 'lisp::builtin::tests::test_lisp_sh' panicked at dsh/src/lisp/builtin.rs:235:9:
[INFO] [stdout] assertion failed: res.is_ok()
[INFO] [stdout] stack backtrace:
[INFO] [stdout]    0:     0x61b86090d6ea - std::backtrace_rs::backtrace::libunwind::trace::h8810477743020387
[INFO] [stdout]                                at /rustc/202008a1b8de96d2e5b6bc02d379db03a877d34d/library/std/src/../../backtrace/src/backtrace/libunwind.rs:116:5
[INFO] [stdout]    1:     0x61b86090d6ea - std::backtrace_rs::backtrace::trace_unsynchronized::h3aa55355dd6c54a6
[INFO] [stdout]                                at /rustc/202008a1b8de96d2e5b6bc02d379db03a877d34d/library/std/src/../../backtrace/src/backtrace/mod.rs:66:5
[INFO] [stdout]    2:     0x61b86090d6ea - std::sys::backtrace::_print_fmt::h8588b0f62410823f
[INFO] [stdout]                                at /rustc/202008a1b8de96d2e5b6bc02d379db03a877d34d/library/std/src/sys/backtrace.rs:66:9
[INFO] [stdout]    3:     0x61b86090d6ea - <std::sys::backtrace::BacktraceLock::print::DisplayBacktrace as core::fmt::Display>::fmt::h98c26ac25ffe89bb
[INFO] [stdout]                                at /rustc/202008a1b8de96d2e5b6bc02d379db03a877d34d/library/std/src/sys/backtrace.rs:39:26
[INFO] [stdout]    4:     0x61b86093c9e3 - core::fmt::rt::Argument::fmt::hf95377f4aebd453b
[INFO] [stdout]                                at /rustc/202008a1b8de96d2e5b6bc02d379db03a877d34d/library/core/src/fmt/rt.rs:177:76
[INFO] [stdout]    5:     0x61b86093c9e3 - core::fmt::write::h0dd5f6e2238c7982
[INFO] [stdout]                                at /rustc/202008a1b8de96d2e5b6bc02d379db03a877d34d/library/core/src/fmt/mod.rs:1189:21
[INFO] [stdout]    6:     0x61b8609083d3 - std::io::Write::write_fmt::h03bb0ca26e6faf8c
[INFO] [stdout]                                at /rustc/202008a1b8de96d2e5b6bc02d379db03a877d34d/library/std/src/io/mod.rs:1884:15
[INFO] [stdout]    7:     0x61b86090d532 - std::sys::backtrace::BacktraceLock::print::h5c19c1c038ee186d
[INFO] [stdout]                                at /rustc/202008a1b8de96d2e5b6bc02d379db03a877d34d/library/std/src/sys/backtrace.rs:42:9
[INFO] [stdout]    8:     0x61b86090eb6d - std::panicking::default_hook::{{closure}}::h77172f079a1fcb13
[INFO] [stdout]                                at /rustc/202008a1b8de96d2e5b6bc02d379db03a877d34d/library/std/src/panicking.rs:268:22
[INFO] [stdout]    9:     0x61b86090e977 - std::panicking::default_hook::he5f8e3b203ccddba
[INFO] [stdout]                                at /rustc/202008a1b8de96d2e5b6bc02d379db03a877d34d/library/std/src/panicking.rs:292:9
[INFO] [stdout]   10:     0x61b85ee0c7d7 - <alloc::boxed::Box<F,A> as core::ops::function::Fn<Args>>::call::h7a3c7b4a1ae77f2f
[INFO] [stdout]                                at /rustc/202008a1b8de96d2e5b6bc02d379db03a877d34d/library/alloc/src/boxed.rs:1986:9
[INFO] [stdout]   11:     0x61b85ee0c7d7 - test::test_main::{{closure}}::hf0d3b69ae9b353d1
[INFO] [stdout]                                at /rustc/202008a1b8de96d2e5b6bc02d379db03a877d34d/library/test/src/lib.rs:134:21
[INFO] [stdout]   12:     0x61b86090f218 - <alloc::boxed::Box<F,A> as core::ops::function::Fn<Args>>::call::h6332e82e7b189abd
[INFO] [stdout]                                at /rustc/202008a1b8de96d2e5b6bc02d379db03a877d34d/library/alloc/src/boxed.rs:1986:9
[INFO] [stdout]   13:     0x61b86090f218 - std::panicking::rust_panic_with_hook::h53863d4e9018df39
[INFO] [stdout]                                at /rustc/202008a1b8de96d2e5b6bc02d379db03a877d34d/library/std/src/panicking.rs:809:13
[INFO] [stdout]   14:     0x61b86090efa6 - std::panicking::begin_panic_handler::{{closure}}::h67280e6fa0757873
[INFO] [stdout]                                at /rustc/202008a1b8de96d2e5b6bc02d379db03a877d34d/library/std/src/panicking.rs:667:13
[INFO] [stdout]   15:     0x61b86090dbc9 - std::sys::backtrace::__rust_end_short_backtrace::h1dac3f54d6fbbeb2
[INFO] [stdout]                                at /rustc/202008a1b8de96d2e5b6bc02d379db03a877d34d/library/std/src/sys/backtrace.rs:170:18
[INFO] [stdout]   16:     0x61b86090ec6c - rust_begin_unwind
[INFO] [stdout]                                at /rustc/202008a1b8de96d2e5b6bc02d379db03a877d34d/library/std/src/panicking.rs:665:5
[INFO] [stdout]   17:     0x61b85eacb5d0 - core::panicking::panic_fmt::h6792bd1b2bf01041
[INFO] [stdout]                                at /rustc/202008a1b8de96d2e5b6bc02d379db03a877d34d/library/core/src/panicking.rs:76:14
[INFO] [stdout]   18:     0x61b85eacb65c - core::panicking::panic::hbb5c236a846c507c
[INFO] [stdout]                                at /rustc/202008a1b8de96d2e5b6bc02d379db03a877d34d/library/core/src/panicking.rs:148:5
[INFO] [stdout]   19:     0x61b85eb2b510 - dsh::lisp::builtin::tests::test_lisp_sh::h7abe34eada0d79ff
[INFO] [stdout]                                at /opt/rustwide/workdir/dsh/src/lisp/builtin.rs:235:9
[INFO] [stdout]   20:     0x61b85eb2b177 - dsh::lisp::builtin::tests::test_lisp_sh::{{closure}}::hea9c86e0c4efd0bf
[INFO] [stdout]                                at /opt/rustwide/workdir/dsh/src/lisp/builtin.rs:228:22
[INFO] [stdout]   21:     0x61b85ec69ff6 - core::ops::function::FnOnce::call_once::hfdc5952fe24915dc
[INFO] [stdout]                                at /rustc/202008a1b8de96d2e5b6bc02d379db03a877d34d/library/core/src/ops/function.rs:250:5
[INFO] [stdout]   22:     0x61b85ee112fb - core::ops::function::FnOnce::call_once::h871bf86719ec9aa4
[INFO] [stdout]                                at /rustc/202008a1b8de96d2e5b6bc02d379db03a877d34d/library/core/src/ops/function.rs:250:5
[INFO] [stdout]   23:     0x61b85ee112fb - test::__rust_begin_short_backtrace::h2167df1e2b7d76fd
[INFO] [stdout]                                at /rustc/202008a1b8de96d2e5b6bc02d379db03a877d34d/library/test/src/lib.rs:632:18
[INFO] [stdout]   24:     0x61b85ee10ce8 - test::run_test_in_process::{{closure}}::h15d92f75a3adfb79
[INFO] [stdout]                                at /rustc/202008a1b8de96d2e5b6bc02d379db03a877d34d/library/test/src/lib.rs:655:60
[INFO] [stdout]   25:     0x61b85ee10ce8 - <core::panic::unwind_safe::AssertUnwindSafe<F> as core::ops::function::FnOnce<()>>::call_once::hb6c8955835a8dbbb
[INFO] [stdout]                                at /rustc/202008a1b8de96d2e5b6bc02d379db03a877d34d/library/core/src/panic/unwind_safe.rs:272:9
[INFO] [stdout]   26:     0x61b85ee10ce8 - std::panicking::try::do_call::hc79d0fc888a0bd30
[INFO] [stdout]                                at /rustc/202008a1b8de96d2e5b6bc02d379db03a877d34d/library/std/src/panicking.rs:557:40
[INFO] [stdout]   27:     0x61b85ee10ce8 - std::panicking::try::hb8a7878e3a8589d6
[INFO] [stdout]                                at /rustc/202008a1b8de96d2e5b6bc02d379db03a877d34d/library/std/src/panicking.rs:520:19
[INFO] [stdout]   28:     0x61b85ee10ce8 - std::panic::catch_unwind::hb8e4600ff0ff5cfa
[INFO] [stdout]                                at /rustc/202008a1b8de96d2e5b6bc02d379db03a877d34d/library/std/src/panic.rs:358:14
[INFO] [stdout]   29:     0x61b85ee10ce8 - test::run_test_in_process::hc2900b0b18688dd6
[INFO] [stdout]                                at /rustc/202008a1b8de96d2e5b6bc02d379db03a877d34d/library/test/src/lib.rs:655:27
[INFO] [stdout]   30:     0x61b85ee10ce8 - test::run_test::{{closure}}::hac2a9cb07be3d48d
[INFO] [stdout]                                at /rustc/202008a1b8de96d2e5b6bc02d379db03a877d34d/library/test/src/lib.rs:576:43
[INFO] [stdout]   31:     0x61b85edd478a - test::run_test::{{closure}}::h4a5b729e66a38cd8
[INFO] [stdout]                                at /rustc/202008a1b8de96d2e5b6bc02d379db03a877d34d/library/test/src/lib.rs:606:41
[INFO] [stdout]   32:     0x61b85edd478a - std::sys::backtrace::__rust_begin_short_backtrace::h0496fb742492f573
[INFO] [stdout]                                at /rustc/202008a1b8de96d2e5b6bc02d379db03a877d34d/library/std/src/sys/backtrace.rs:154:18
[INFO] [stdout]   33:     0x61b85edd8104 - std::thread::Builder::spawn_unchecked_::{{closure}}::{{closure}}::hbb6d257c550a54bd
[INFO] [stdout]                                at /rustc/202008a1b8de96d2e5b6bc02d379db03a877d34d/library/std/src/thread/mod.rs:561:17
[INFO] [stdout]   34:     0x61b85edd8104 - <core::panic::unwind_safe::AssertUnwindSafe<F> as core::ops::function::FnOnce<()>>::call_once::h46696fe4a6832328
[INFO] [stdout]                                at /rustc/202008a1b8de96d2e5b6bc02d379db03a877d34d/library/core/src/panic/unwind_safe.rs:272:9
[INFO] [stdout]   35:     0x61b85edd8104 - std::panicking::try::do_call::h2625a51b667bfb64
[INFO] [stdout]                                at /rustc/202008a1b8de96d2e5b6bc02d379db03a877d34d/library/std/src/panicking.rs:557:40
[INFO] [stdout]   36:     0x61b85edd8104 - std::panicking::try::hb956a59a1973aa4c
[INFO] [stdout]                                at /rustc/202008a1b8de96d2e5b6bc02d379db03a877d34d/library/std/src/panicking.rs:520:19
[INFO] [stdout]   37:     0x61b85edd8104 - std::panic::catch_unwind::h64f3b9d1067ef6a0
[INFO] [stdout]                                at /rustc/202008a1b8de96d2e5b6bc02d379db03a877d34d/library/std/src/panic.rs:358:14
[INFO] [stdout]   38:     0x61b85edd8104 - std::thread::Builder::spawn_unchecked_::{{closure}}::h42b2841295b6c0b2
[INFO] [stdout]                                at /rustc/202008a1b8de96d2e5b6bc02d379db03a877d34d/library/std/src/thread/mod.rs:559:30
[INFO] [stdout]   39:     0x61b85edd8104 - core::ops::function::FnOnce::call_once{{vtable.shim}}::h6127de71b8124639
[INFO] [stdout]                                at /rustc/202008a1b8de96d2e5b6bc02d379db03a877d34d/library/core/src/ops/function.rs:250:5
[INFO] [stdout]   40:     0x61b860914deb - <alloc::boxed::Box<F,A> as core::ops::function::FnOnce<Args>>::call_once::h42f0ba71002a1b2c
[INFO] [stdout]                                at /rustc/202008a1b8de96d2e5b6bc02d379db03a877d34d/library/alloc/src/boxed.rs:1972:9
[INFO] [stdout]   41:     0x61b860914deb - <alloc::boxed::Box<F,A> as core::ops::function::FnOnce<Args>>::call_once::had9e47d7a3dcecb8
[INFO] [stdout]                                at /rustc/202008a1b8de96d2e5b6bc02d379db03a877d34d/library/alloc/src/boxed.rs:1972:9
[INFO] [stdout]   42:     0x61b860914deb - std::sys::pal::unix::thread::Thread::new::thread_start::h48cf765408f6f5f2
[INFO] [stdout]                                at /rustc/202008a1b8de96d2e5b6bc02d379db03a877d34d/library/std/src/sys/pal/unix/thread.rs:105:17
[INFO] [stdout]   43:     0x735c685feac3 - <unknown>
[INFO] [stdout]   44:     0x735c6868fa04 - clone
[INFO] [stdout]   45:                0x0 - <unknown>
[INFO] [stdout] 
[INFO] [stdout] ---- process::tests::create_job stdout ----
[INFO] [stdout] thread 'process::tests::create_job' panicked at dsh/src/process.rs:1458:47:
[INFO] [stdout] failed cgetattr: ENOTTY
[INFO] [stdout] stack backtrace:
[INFO] [stdout]    0:     0x61b86090d6ea - std::backtrace_rs::backtrace::libunwind::trace::h8810477743020387
[INFO] [stdout]                                at /rustc/202008a1b8de96d2e5b6bc02d379db03a877d34d/library/std/src/../../backtrace/src/backtrace/libunwind.rs:116:5
[INFO] [stdout]    1:     0x61b86090d6ea - std::backtrace_rs::backtrace::trace_unsynchronized::h3aa55355dd6c54a6
[INFO] [stdout]                                at /rustc/202008a1b8de96d2e5b6bc02d379db03a877d34d/library/std/src/../../backtrace/src/backtrace/mod.rs:66:5
[INFO] [stdout]    2:     0x61b86090d6ea - std::sys::backtrace::_print_fmt::h8588b0f62410823f
[INFO] [stdout]                                at /rustc/202008a1b8de96d2e5b6bc02d379db03a877d34d/library/std/src/sys/backtrace.rs:66:9
[INFO] [stdout]    3:     0x61b86090d6ea - <std::sys::backtrace::BacktraceLock::print::DisplayBacktrace as core::fmt::Display>::fmt::h98c26ac25ffe89bb
[INFO] [stdout]                                at /rustc/202008a1b8de96d2e5b6bc02d379db03a877d34d/library/std/src/sys/backtrace.rs:39:26
[INFO] [stdout]    4:     0x61b86093c9e3 - core::fmt::rt::Argument::fmt::hf95377f4aebd453b
[INFO] [stdout]                                at /rustc/202008a1b8de96d2e5b6bc02d379db03a877d34d/library/core/src/fmt/rt.rs:177:76
[INFO] [stdout]    5:     0x61b86093c9e3 - core::fmt::write::h0dd5f6e2238c7982
[INFO] [stdout]                                at /rustc/202008a1b8de96d2e5b6bc02d379db03a877d34d/library/core/src/fmt/mod.rs:1189:21
[INFO] [stdout]    6:     0x61b8609083d3 - std::io::Write::write_fmt::h03bb0ca26e6faf8c
[INFO] [stdout]                                at /rustc/202008a1b8de96d2e5b6bc02d379db03a877d34d/library/std/src/io/mod.rs:1884:15
[INFO] [stdout]    7:     0x61b86090d532 - std::sys::backtrace::BacktraceLock::print::h5c19c1c038ee186d
[INFO] [stdout]                                at /rustc/202008a1b8de96d2e5b6bc02d379db03a877d34d/library/std/src/sys/backtrace.rs:42:9
[INFO] [stdout]    8:     0x61b86090eb6d - std::panicking::default_hook::{{closure}}::h77172f079a1fcb13
[INFO] [stdout]                                at /rustc/202008a1b8de96d2e5b6bc02d379db03a877d34d/library/std/src/panicking.rs:268:22
[INFO] [stdout]    9:     0x61b86090e977 - std::panicking::default_hook::he5f8e3b203ccddba
[INFO] [stdout]                                at /rustc/202008a1b8de96d2e5b6bc02d379db03a877d34d/library/std/src/panicking.rs:292:9
[INFO] [stdout]   10:     0x61b85ee0c7d7 - <alloc::boxed::Box<F,A> as core::ops::function::Fn<Args>>::call::h7a3c7b4a1ae77f2f
[INFO] [stdout]                                at /rustc/202008a1b8de96d2e5b6bc02d379db03a877d34d/library/alloc/src/boxed.rs:1986:9
[INFO] [stdout]   11:     0x61b85ee0c7d7 - test::test_main::{{closure}}::hf0d3b69ae9b353d1
[INFO] [stdout]                                at /rustc/202008a1b8de96d2e5b6bc02d379db03a877d34d/library/test/src/lib.rs:134:21
[INFO] [stdout]   12:     0x61b86090f218 - <alloc::boxed::Box<F,A> as core::ops::function::Fn<Args>>::call::h6332e82e7b189abd
[INFO] [stdout]                                at /rustc/202008a1b8de96d2e5b6bc02d379db03a877d34d/library/alloc/src/boxed.rs:1986:9
[INFO] [stdout]   13:     0x61b86090f218 - std::panicking::rust_panic_with_hook::h53863d4e9018df39
[INFO] [stdout]                                at /rustc/202008a1b8de96d2e5b6bc02d379db03a877d34d/library/std/src/panicking.rs:809:13
[INFO] [stdout]   14:     0x61b86090efda - std::panicking::begin_panic_handler::{{closure}}::h67280e6fa0757873
[INFO] [stdout]                                at /rustc/202008a1b8de96d2e5b6bc02d379db03a877d34d/library/std/src/panicking.rs:674:13
[INFO] [stdout]   15:     0x61b86090dbc9 - std::sys::backtrace::__rust_end_short_backtrace::h1dac3f54d6fbbeb2
[INFO] [stdout]                                at /rustc/202008a1b8de96d2e5b6bc02d379db03a877d34d/library/std/src/sys/backtrace.rs:170:18
[INFO] [stdout]   16:     0x61b86090ec6c - rust_begin_unwind
[INFO] [stdout]                                at /rustc/202008a1b8de96d2e5b6bc02d379db03a877d34d/library/std/src/panicking.rs:665:5
[INFO] [stdout]   17:     0x61b85eacb5d0 - core::panicking::panic_fmt::h6792bd1b2bf01041
[INFO] [stdout]                                at /rustc/202008a1b8de96d2e5b6bc02d379db03a877d34d/library/core/src/panicking.rs:76:14
[INFO] [stdout]   18:     0x61b85eacbab6 - core::result::unwrap_failed::h05e0602ed34287c5
[INFO] [stdout]                                at /rustc/202008a1b8de96d2e5b6bc02d379db03a877d34d/library/core/src/result.rs:1699:5
[INFO] [stdout]   19:     0x61b85eb17724 - core::result::Result<T,E>::expect::ha9b2d0aaff24b847
[INFO] [stdout]                                at /rustc/202008a1b8de96d2e5b6bc02d379db03a877d34d/library/core/src/result.rs:1061:23
[INFO] [stdout]   20:     0x61b85eb9ba48 - dsh::process::tests::create_job::h29be7e37177bca21
[INFO] [stdout]                                at /opt/rustwide/workdir/dsh/src/process.rs:1458:21
[INFO] [stdout]   21:     0x61b85eb9b5d7 - dsh::process::tests::create_job::{{closure}}::he126c47892b531fd
[INFO] [stdout]                                at /opt/rustwide/workdir/dsh/src/process.rs:1444:24
[INFO] [stdout]   22:     0x61b85ec69ac6 - core::ops::function::FnOnce::call_once::hd72222bfadd9e162
[INFO] [stdout]                                at /rustc/202008a1b8de96d2e5b6bc02d379db03a877d34d/library/core/src/ops/function.rs:250:5
[INFO] [stdout]   23:     0x61b85ee112fb - core::ops::function::FnOnce::call_once::h871bf86719ec9aa4
[INFO] [stdout]                                at /rustc/202008a1b8de96d2e5b6bc02d379db03a877d34d/library/core/src/ops/function.rs:250:5
[INFO] [stdout]   24:     0x61b85ee112fb - test::__rust_begin_short_backtrace::h2167df1e2b7d76fd
[INFO] [stdout]                                at /rustc/202008a1b8de96d2e5b6bc02d379db03a877d34d/library/test/src/lib.rs:632:18
[INFO] [stdout]   25:     0x61b85ee10ce8 - test::run_test_in_process::{{closure}}::h15d92f75a3adfb79
[INFO] [stdout]                                at /rustc/202008a1b8de96d2e5b6bc02d379db03a877d34d/library/test/src/lib.rs:655:60
[INFO] [stdout]   26:     0x61b85ee10ce8 - <core::panic::unwind_safe::AssertUnwindSafe<F> as core::ops::function::FnOnce<()>>::call_once::hb6c8955835a8dbbb
[INFO] [stdout]                                at /rustc/202008a1b8de96d2e5b6bc02d379db03a877d34d/library/core/src/panic/unwind_safe.rs:272:9
[INFO] [stdout]   27:     0x61b85ee10ce8 - std::panicking::try::do_call::hc79d0fc888a0bd30
[INFO] [stdout]                                at /rustc/202008a1b8de96d2e5b6bc02d379db03a877d34d/library/std/src/panicking.rs:557:40
[INFO] [stdout]   28:     0x61b85ee10ce8 - std::panicking::try::hb8a7878e3a8589d6
[INFO] [stdout]                                at /rustc/202008a1b8de96d2e5b6bc02d379db03a877d34d/library/std/src/panicking.rs:520:19
[INFO] [stdout]   29:     0x61b85ee10ce8 - std::panic::catch_unwind::hb8e4600ff0ff5cfa
[INFO] [stdout]                                at /rustc/202008a1b8de96d2e5b6bc02d379db03a877d34d/library/std/src/panic.rs:358:14
[INFO] [stdout]   30:     0x61b85ee10ce8 - test::run_test_in_process::hc2900b0b18688dd6
[INFO] [stdout]                                at /rustc/202008a1b8de96d2e5b6bc02d379db03a877d34d/library/test/src/lib.rs:655:27
[INFO] [stdout]   31:     0x61b85ee10ce8 - test::run_test::{{closure}}::hac2a9cb07be3d48d
[INFO] [stdout]                                at /rustc/202008a1b8de96d2e5b6bc02d379db03a877d34d/library/test/src/lib.rs:576:43
[INFO] [stdout]   32:     0x61b85edd478a - test::run_test::{{closure}}::h4a5b729e66a38cd8
[INFO] [stdout]                                at /rustc/202008a1b8de96d2e5b6bc02d379db03a877d34d/library/test/src/lib.rs:606:41
[INFO] [stdout]   33:     0x61b85edd478a - std::sys::backtrace::__rust_begin_short_backtrace::h0496fb742492f573
[INFO] [stdout]                                at /rustc/202008a1b8de96d2e5b6bc02d379db03a877d34d/library/std/src/sys/backtrace.rs:154:18
[INFO] [stdout]   34:     0x61b85edd8104 - std::thread::Builder::spawn_unchecked_::{{closure}}::{{closure}}::hbb6d257c550a54bd
[INFO] [stdout]                                at /rustc/202008a1b8de96d2e5b6bc02d379db03a877d34d/library/std/src/thread/mod.rs:561:17
[INFO] [stdout]   35:     0x61b85edd8104 - <core::panic::unwind_safe::AssertUnwindSafe<F> as core::ops::function::FnOnce<()>>::call_once::h46696fe4a6832328
[INFO] [stdout]                                at /rustc/202008a1b8de96d2e5b6bc02d379db03a877d34d/library/core/src/panic/unwind_safe.rs:272:9
[INFO] [stdout]   36:     0x61b85edd8104 - std::panicking::try::do_call::h2625a51b667bfb64
[INFO] [stdout]                                at /rustc/202008a1b8de96d2e5b6bc02d379db03a877d34d/library/std/src/panicking.rs:557:40
[INFO] [stdout]   37:     0x61b85edd8104 - std::panicking::try::hb956a59a1973aa4c
[INFO] [stdout]                                at /rustc/202008a1b8de96d2e5b6bc02d379db03a877d34d/library/std/src/panicking.rs:520:19
[INFO] [stdout]   38:     0x61b85edd8104 - std::panic::catch_unwind::h64f3b9d1067ef6a0
[INFO] [stdout]                                at /rustc/202008a1b8de96d2e5b6bc02d379db03a877d34d/library/std/src/panic.rs:358:14
[INFO] [stdout]   39:     0x61b85edd8104 - std::thread::Builder::spawn_unchecked_::{{closure}}::h42b2841295b6c0b2
[INFO] [stdout]                                at /rustc/202008a1b8de96d2e5b6bc02d379db03a877d34d/library/std/src/thread/mod.rs:559:30
[INFO] [stdout]   40:     0x61b85edd8104 - core::ops::function::FnOnce::call_once{{vtable.shim}}::h6127de71b8124639
[INFO] [stdout]                                at /rustc/202008a1b8de96d2e5b6bc02d379db03a877d34d/library/core/src/ops/function.rs:250:5
[INFO] [stdout]   41:     0x61b860914deb - <alloc::boxed::Box<F,A> as core::ops::function::FnOnce<Args>>::call_once::h42f0ba71002a1b2c
[INFO] [stdout]                                at /rustc/202008a1b8de96d2e5b6bc02d379db03a877d34d/library/alloc/src/boxed.rs:1972:9
[INFO] [stdout]   42:     0x61b860914deb - <alloc::boxed::Box<F,A> as core::ops::function::FnOnce<Args>>::call_once::had9e47d7a3dcecb8
[INFO] [stdout]                                at /rustc/202008a1b8de96d2e5b6bc02d379db03a877d34d/library/alloc/src/boxed.rs:1972:9
[INFO] [stdout]   43:     0x61b860914deb - std::sys::pal::unix::thread::Thread::new::thread_start::h48cf765408f6f5f2
[INFO] [stdout]                                at /rustc/202008a1b8de96d2e5b6bc02d379db03a877d34d/library/std/src/sys/pal/unix/thread.rs:105:17
[INFO] [stdout]   44:     0x735c685feac3 - <unknown>
[INFO] [stdout]   45:     0x735c6868fa04 - clone
[INFO] [stdout]   46:                0x0 - <unknown>
[INFO] [stdout] 
[INFO] [stdout] 
[INFO] [stdout] failures:
[INFO] [stdout]     completion::tests::test_completion
[INFO] [stdout]     history::tests::test_open
[INFO] [stdout]     lisp::builtin::tests::test_lisp_sh
[INFO] [stdout]     lisp::tests::test_call_fn
[INFO] [stdout]     parser::tests::test_expand_alias
[INFO] [stdout]     process::tests::create_job
[INFO] [stdout] 
[INFO] [stdout] test result: FAILED. 40 passed; 6 failed; 5 ignored; 0 measured; 0 filtered out; finished in 0.24s
[INFO] [stdout] 
[INFO] [stderr] error: test failed, to rerun pass `-p doge-shell --bin dsh`
[INFO] running `Command { std: "docker" "inspect" "864737768c046643a0dee34f06ca854af84530d13ccee5bebaa0edc238851215", kill_on_drop: false }`
[INFO] running `Command { std: "docker" "rm" "-f" "864737768c046643a0dee34f06ca854af84530d13ccee5bebaa0edc238851215", kill_on_drop: false }`
[INFO] [stdout] 864737768c046643a0dee34f06ca854af84530d13ccee5bebaa0edc238851215
