[INFO] cloning repository https://github.com/psycho-virtual/endgame
[INFO] running `Command { std: "git" "-c" "credential.helper=" "-c" "credential.helper=/workspace/cargo-home/bin/git-credential-null" "clone" "--bare" "https://github.com/psycho-virtual/endgame" "/workspace/cache/git-repos/https%3A%2F%2Fgithub.com%2Fpsycho-virtual%2Fendgame", kill_on_drop: false }`
[INFO] [stderr] Cloning into bare repository '/workspace/cache/git-repos/https%3A%2F%2Fgithub.com%2Fpsycho-virtual%2Fendgame'...
[INFO] running `Command { std: "git" "rev-parse" "HEAD", kill_on_drop: false }`
[INFO] [stdout] 03c9c39f9caaee807d9ccd24c4cf771a8aa48bfb
[INFO] testing psycho-virtual/endgame against 1.83.0 for beta-1.84.0-4-retry
[INFO] running `Command { std: "git" "clone" "/workspace/cache/git-repos/https%3A%2F%2Fgithub.com%2Fpsycho-virtual%2Fendgame" "/workspace/builds/worker-7-tc1/source", kill_on_drop: false }`
[INFO] [stderr] Cloning into '/workspace/builds/worker-7-tc1/source'...
[INFO] [stderr] done.
[INFO] validating manifest of git repo https://github.com/psycho-virtual/endgame on toolchain 1.83.0
[INFO] running `Command { std: CARGO_HOME="/workspace/cargo-home" RUSTUP_HOME="/workspace/rustup-home" "/workspace/cargo-home/bin/cargo" "+1.83.0" "metadata" "--manifest-path" "Cargo.toml" "--no-deps", kill_on_drop: false }`
[INFO] started tweaking git repo https://github.com/psycho-virtual/endgame
[INFO] finished tweaking git repo https://github.com/psycho-virtual/endgame
[INFO] tweaked toml for git repo https://github.com/psycho-virtual/endgame written to /workspace/builds/worker-7-tc1/source/Cargo.toml
[INFO] crate git repo https://github.com/psycho-virtual/endgame already has a lockfile, it will not be regenerated
[INFO] running `Command { std: CARGO_HOME="/workspace/cargo-home" RUSTUP_HOME="/workspace/rustup-home" "/workspace/cargo-home/bin/cargo" "+1.83.0" "fetch" "--manifest-path" "Cargo.toml", kill_on_drop: false }`
[INFO] running `Command { std: "docker" "create" "-v" "/var/lib/crater-agent-workspace/builds/worker-7-tc1/target:/opt/rustwide/target:rw,Z" "-v" "/var/lib/crater-agent-workspace/builds/worker-7-tc1/source:/opt/rustwide/workdir:ro,Z" "-v" "/var/lib/crater-agent-workspace/cargo-home:/opt/rustwide/cargo-home:ro,Z" "-v" "/var/lib/crater-agent-workspace/rustup-home:/opt/rustwide/rustup-home:ro,Z" "-e" "SOURCE_DIR=/opt/rustwide/workdir" "-e" "CARGO_TARGET_DIR=/opt/rustwide/target" "-e" "CARGO_HOME=/opt/rustwide/cargo-home" "-e" "RUSTUP_HOME=/opt/rustwide/rustup-home" "-w" "/opt/rustwide/workdir" "-m" "1610612736" "--user" "0:0" "--network" "none" "ghcr.io/rust-lang/crates-build-env/linux@sha256:f3a9d4ad9d972b27faf3965f35b62e55ba32bbce8f20bc8fe909558a86702fde" "/opt/rustwide/cargo-home/bin/cargo" "+1.83.0" "metadata" "--no-deps" "--format-version=1", kill_on_drop: false }`
[INFO] [stdout] 4be64ef8ef7089c62a55745aa6a81cbd1451421c5dea364cd26cfdacfce53df2
[INFO] running `Command { std: "docker" "start" "-a" "4be64ef8ef7089c62a55745aa6a81cbd1451421c5dea364cd26cfdacfce53df2", kill_on_drop: false }`
[INFO] running `Command { std: "docker" "inspect" "4be64ef8ef7089c62a55745aa6a81cbd1451421c5dea364cd26cfdacfce53df2", kill_on_drop: false }`
[INFO] running `Command { std: "docker" "rm" "-f" "4be64ef8ef7089c62a55745aa6a81cbd1451421c5dea364cd26cfdacfce53df2", kill_on_drop: false }`
[INFO] [stdout] 4be64ef8ef7089c62a55745aa6a81cbd1451421c5dea364cd26cfdacfce53df2
[INFO] running `Command { std: "docker" "create" "-v" "/var/lib/crater-agent-workspace/builds/worker-7-tc1/target:/opt/rustwide/target:rw,Z" "-v" "/var/lib/crater-agent-workspace/builds/worker-7-tc1/source:/opt/rustwide/workdir:ro,Z" "-v" "/var/lib/crater-agent-workspace/cargo-home:/opt/rustwide/cargo-home:ro,Z" "-v" "/var/lib/crater-agent-workspace/rustup-home:/opt/rustwide/rustup-home:ro,Z" "-e" "SOURCE_DIR=/opt/rustwide/workdir" "-e" "CARGO_TARGET_DIR=/opt/rustwide/target" "-e" "CARGO_INCREMENTAL=0" "-e" "RUST_BACKTRACE=full" "-e" "RUSTFLAGS=--cap-lints=warn" "-e" "RUSTDOCFLAGS=--cap-lints=warn" "-e" "CARGO_HOME=/opt/rustwide/cargo-home" "-e" "RUSTUP_HOME=/opt/rustwide/rustup-home" "-w" "/opt/rustwide/workdir" "-m" "1610612736" "--user" "0:0" "--network" "none" "ghcr.io/rust-lang/crates-build-env/linux@sha256:f3a9d4ad9d972b27faf3965f35b62e55ba32bbce8f20bc8fe909558a86702fde" "/opt/rustwide/cargo-home/bin/cargo" "+1.83.0" "build" "--frozen" "--message-format=json", kill_on_drop: false }`
[INFO] [stdout] edf7d140021cd0916cd08bf6c3d46ff278dbf48892eed243f13be7ffc6e073fd
[INFO] running `Command { std: "docker" "start" "-a" "edf7d140021cd0916cd08bf6c3d46ff278dbf48892eed243f13be7ffc6e073fd", kill_on_drop: false }`
[INFO] [stderr]    Compiling crossbeam-utils v0.8.20
[INFO] [stderr]    Compiling libc v0.2.167
[INFO] [stderr]    Compiling rayon-core v1.12.1
[INFO] [stderr]    Compiling either v1.13.0
[INFO] [stderr]    Compiling hex v0.4.3
[INFO] [stderr]    Compiling syn v2.0.90
[INFO] [stderr]    Compiling crossbeam-epoch v0.9.18
[INFO] [stderr]    Compiling crossbeam-deque v0.8.5
[INFO] [stderr]    Compiling getrandom v0.2.15
[INFO] [stderr]    Compiling rand_core v0.6.4
[INFO] [stderr]    Compiling rayon v1.10.0
[INFO] [stderr]    Compiling zerocopy-derive v0.7.35
[INFO] [stderr]    Compiling zerocopy v0.7.35
[INFO] [stderr]    Compiling ppv-lite86 v0.2.20
[INFO] [stderr]    Compiling rand_chacha v0.3.1
[INFO] [stderr]    Compiling rand v0.8.5
[INFO] [stderr]    Compiling endgame v0.1.0 (/opt/rustwide/workdir)
[INFO] [stdout] warning: unused import: `crate::crypto::field::FieldElement`
[INFO] [stdout]  --> src/accumulator/mod.rs:5:5
[INFO] [stdout]   |
[INFO] [stdout] 5 | use crate::crypto::field::FieldElement;
[INFO] [stdout]   |     ^^^^^^^^^^^^^^^^^^^^^^^^^^^^^^^^^^
[INFO] [stdout]   |
[INFO] [stdout]   = note: `#[warn(unused_imports)]` on by default
[INFO] [stdout] 
[INFO] [stdout] 
[INFO] [stdout] warning: unused import: `crate::crypto::field::FieldElement`
[INFO] [stdout]  --> src/consensus/mod.rs:5:5
[INFO] [stdout]   |
[INFO] [stdout] 5 | use crate::crypto::field::FieldElement;
[INFO] [stdout]   |     ^^^^^^^^^^^^^^^^^^^^^^^^^^^^^^^^^^
[INFO] [stdout] 
[INFO] [stdout] 
[INFO] [stdout] warning: unused variable: `leaves`
[INFO] [stdout]    --> src/accumulator/reed_solomon.rs:144:20
[INFO] [stdout]     |
[INFO] [stdout] 144 |         let (tree, leaves) = self.build_merkle_tree();
[INFO] [stdout]     |                    ^^^^^^ help: if this is intentional, prefix it with an underscore: `_leaves`
[INFO] [stdout]     |
[INFO] [stdout]     = note: `#[warn(unused_variables)]` on by default
[INFO] [stdout] 
[INFO] [stdout] 
[INFO] [stdout] warning: unused variable: `state`
[INFO] [stdout]   --> src/consensus/density.rs:69:51
[INFO] [stdout]    |
[INFO] [stdout] 69 |     fn validate_block(&self, block: &Self::Block, state: &Self::State) -> bool {
[INFO] [stdout]    |                                                   ^^^^^ help: if this is intentional, prefix it with an underscore: `_state`
[INFO] [stdout] 
[INFO] [stdout] 
[INFO] [stderr]     Finished `dev` profile [unoptimized + debuginfo] target(s) in 8.15s
[INFO] running `Command { std: "docker" "inspect" "edf7d140021cd0916cd08bf6c3d46ff278dbf48892eed243f13be7ffc6e073fd", kill_on_drop: false }`
[INFO] running `Command { std: "docker" "rm" "-f" "edf7d140021cd0916cd08bf6c3d46ff278dbf48892eed243f13be7ffc6e073fd", kill_on_drop: false }`
[INFO] [stdout] edf7d140021cd0916cd08bf6c3d46ff278dbf48892eed243f13be7ffc6e073fd
[INFO] running `Command { std: "docker" "create" "-v" "/var/lib/crater-agent-workspace/builds/worker-7-tc1/target:/opt/rustwide/target:rw,Z" "-v" "/var/lib/crater-agent-workspace/builds/worker-7-tc1/source:/opt/rustwide/workdir:ro,Z" "-v" "/var/lib/crater-agent-workspace/cargo-home:/opt/rustwide/cargo-home:ro,Z" "-v" "/var/lib/crater-agent-workspace/rustup-home:/opt/rustwide/rustup-home:ro,Z" "-e" "SOURCE_DIR=/opt/rustwide/workdir" "-e" "CARGO_TARGET_DIR=/opt/rustwide/target" "-e" "CARGO_INCREMENTAL=0" "-e" "RUST_BACKTRACE=full" "-e" "RUSTFLAGS=--cap-lints=warn" "-e" "RUSTDOCFLAGS=--cap-lints=warn" "-e" "CARGO_HOME=/opt/rustwide/cargo-home" "-e" "RUSTUP_HOME=/opt/rustwide/rustup-home" "-w" "/opt/rustwide/workdir" "-m" "1610612736" "--user" "0:0" "--network" "none" "ghcr.io/rust-lang/crates-build-env/linux@sha256:f3a9d4ad9d972b27faf3965f35b62e55ba32bbce8f20bc8fe909558a86702fde" "/opt/rustwide/cargo-home/bin/cargo" "+1.83.0" "test" "--frozen" "--no-run" "--message-format=json", kill_on_drop: false }`
[INFO] [stdout] df3f6296806a11becc013a6b39fc8df438099ccd605feb4ae9c3ff942fb8ad77
[INFO] running `Command { std: "docker" "start" "-a" "df3f6296806a11becc013a6b39fc8df438099ccd605feb4ae9c3ff942fb8ad77", kill_on_drop: false }`
[INFO] [stderr]    Compiling endgame v0.1.0 (/opt/rustwide/workdir)
[INFO] [stdout] warning: unused import: `crate::crypto::field::FieldElement`
[INFO] [stdout]  --> src/accumulator/mod.rs:5:5
[INFO] [stdout]   |
[INFO] [stdout] 5 | use crate::crypto::field::FieldElement;
[INFO] [stdout]   |     ^^^^^^^^^^^^^^^^^^^^^^^^^^^^^^^^^^
[INFO] [stdout]   |
[INFO] [stdout]   = note: `#[warn(unused_imports)]` on by default
[INFO] [stdout] 
[INFO] [stdout] 
[INFO] [stdout] warning: unused import: `crate::crypto::field::FieldElement`
[INFO] [stdout]  --> src/consensus/mod.rs:5:5
[INFO] [stdout]   |
[INFO] [stdout] 5 | use crate::crypto::field::FieldElement;
[INFO] [stdout]   |     ^^^^^^^^^^^^^^^^^^^^^^^^^^^^^^^^^^
[INFO] [stdout] 
[INFO] [stdout] 
[INFO] [stdout] warning: unused variable: `leaves`
[INFO] [stdout]    --> src/accumulator/reed_solomon.rs:144:20
[INFO] [stdout]     |
[INFO] [stdout] 144 |         let (tree, leaves) = self.build_merkle_tree();
[INFO] [stdout]     |                    ^^^^^^ help: if this is intentional, prefix it with an underscore: `_leaves`
[INFO] [stdout]     |
[INFO] [stdout]     = note: `#[warn(unused_variables)]` on by default
[INFO] [stdout] 
[INFO] [stdout] 
[INFO] [stdout] warning: unused variable: `state`
[INFO] [stdout]   --> src/consensus/density.rs:69:51
[INFO] [stdout]    |
[INFO] [stdout] 69 |     fn validate_block(&self, block: &Self::Block, state: &Self::State) -> bool {
[INFO] [stdout]    |                                                   ^^^^^ help: if this is intentional, prefix it with an underscore: `_state`
[INFO] [stdout] 
[INFO] [stdout] 
[INFO] [stdout] warning: unused import: `crate::crypto::field::FieldElement`
[INFO] [stdout]  --> src/accumulator/mod.rs:5:5
[INFO] [stdout]   |
[INFO] [stdout] 5 | use crate::crypto::field::FieldElement;
[INFO] [stdout]   |     ^^^^^^^^^^^^^^^^^^^^^^^^^^^^^^^^^^
[INFO] [stdout]   |
[INFO] [stdout]   = note: `#[warn(unused_imports)]` on by default
[INFO] [stdout] 
[INFO] [stdout] 
[INFO] [stdout] warning: unused import: `crate::crypto::field::FieldElement`
[INFO] [stdout]  --> src/consensus/mod.rs:5:5
[INFO] [stdout]   |
[INFO] [stdout] 5 | use crate::crypto::field::FieldElement;
[INFO] [stdout]   |     ^^^^^^^^^^^^^^^^^^^^^^^^^^^^^^^^^^
[INFO] [stdout] 
[INFO] [stdout] 
[INFO] [stdout] warning: unused import: `RSProof`
[INFO] [stdout]   --> tests/integration_tests.rs:84:37
[INFO] [stdout]    |
[INFO] [stdout] 84 |         accumulator::reed_solomon::{RSProof, ReedSolomonAccumulator},
[INFO] [stdout]    |                                     ^^^^^^^
[INFO] [stdout]    |
[INFO] [stdout]    = note: `#[warn(unused_imports)]` on by default
[INFO] [stdout] 
[INFO] [stdout] 
[INFO] [stdout] warning: unused variable: `leaves`
[INFO] [stdout]    --> src/accumulator/reed_solomon.rs:144:20
[INFO] [stdout]     |
[INFO] [stdout] 144 |         let (tree, leaves) = self.build_merkle_tree();
[INFO] [stdout]     |                    ^^^^^^ help: if this is intentional, prefix it with an underscore: `_leaves`
[INFO] [stdout]     |
[INFO] [stdout]     = note: `#[warn(unused_variables)]` on by default
[INFO] [stdout] 
[INFO] [stdout] 
[INFO] [stdout] warning: unused variable: `state`
[INFO] [stdout]   --> src/consensus/density.rs:69:51
[INFO] [stdout]    |
[INFO] [stdout] 69 |     fn validate_block(&self, block: &Self::Block, state: &Self::State) -> bool {
[INFO] [stdout]    |                                                   ^^^^^ help: if this is intentional, prefix it with an underscore: `_state`
[INFO] [stdout] 
[INFO] [stdout] 
[INFO] [stderr]     Finished `test` profile [unoptimized + debuginfo] target(s) in 1.00s
[INFO] running `Command { std: "docker" "inspect" "df3f6296806a11becc013a6b39fc8df438099ccd605feb4ae9c3ff942fb8ad77", kill_on_drop: false }`
[INFO] running `Command { std: "docker" "rm" "-f" "df3f6296806a11becc013a6b39fc8df438099ccd605feb4ae9c3ff942fb8ad77", kill_on_drop: false }`
[INFO] [stdout] df3f6296806a11becc013a6b39fc8df438099ccd605feb4ae9c3ff942fb8ad77
[INFO] running `Command { std: "docker" "create" "-v" "/var/lib/crater-agent-workspace/builds/worker-7-tc1/target:/opt/rustwide/target:rw,Z" "-v" "/var/lib/crater-agent-workspace/builds/worker-7-tc1/source:/opt/rustwide/workdir:ro,Z" "-v" "/var/lib/crater-agent-workspace/cargo-home:/opt/rustwide/cargo-home:ro,Z" "-v" "/var/lib/crater-agent-workspace/rustup-home:/opt/rustwide/rustup-home:ro,Z" "-e" "SOURCE_DIR=/opt/rustwide/workdir" "-e" "CARGO_TARGET_DIR=/opt/rustwide/target" "-e" "CARGO_INCREMENTAL=0" "-e" "RUST_BACKTRACE=full" "-e" "RUSTFLAGS=--cap-lints=warn" "-e" "RUSTDOCFLAGS=--cap-lints=warn" "-e" "CARGO_HOME=/opt/rustwide/cargo-home" "-e" "RUSTUP_HOME=/opt/rustwide/rustup-home" "-w" "/opt/rustwide/workdir" "-m" "1610612736" "--user" "0:0" "--network" "none" "ghcr.io/rust-lang/crates-build-env/linux@sha256:f3a9d4ad9d972b27faf3965f35b62e55ba32bbce8f20bc8fe909558a86702fde" "/opt/rustwide/cargo-home/bin/cargo" "+1.83.0" "test" "--frozen", kill_on_drop: false }`
[INFO] [stdout] b2f306e9826daaa311bc7ffd7ae9db040279e38a195d69661d822411f6c716ba
[INFO] running `Command { std: "docker" "start" "-a" "b2f306e9826daaa311bc7ffd7ae9db040279e38a195d69661d822411f6c716ba", kill_on_drop: false }`
[INFO] [stderr] warning: unused import: `crate::crypto::field::FieldElement`
[INFO] [stderr]  --> src/accumulator/mod.rs:5:5
[INFO] [stderr]   |
[INFO] [stderr] 5 | use crate::crypto::field::FieldElement;
[INFO] [stderr]   |     ^^^^^^^^^^^^^^^^^^^^^^^^^^^^^^^^^^
[INFO] [stderr]   |
[INFO] [stderr]   = note: `#[warn(unused_imports)]` on by default
[INFO] [stderr] 
[INFO] [stderr] warning: unused import: `crate::crypto::field::FieldElement`
[INFO] [stderr]  --> src/consensus/mod.rs:5:5
[INFO] [stderr]   |
[INFO] [stderr] 5 | use crate::crypto::field::FieldElement;
[INFO] [stderr]   |     ^^^^^^^^^^^^^^^^^^^^^^^^^^^^^^^^^^
[INFO] [stderr] 
[INFO] [stderr] warning: unused variable: `leaves`
[INFO] [stderr]    --> src/accumulator/reed_solomon.rs:144:20
[INFO] [stderr]     |
[INFO] [stderr] 144 |         let (tree, leaves) = self.build_merkle_tree();
[INFO] [stderr]     |                    ^^^^^^ help: if this is intentional, prefix it with an underscore: `_leaves`
[INFO] [stderr]     |
[INFO] [stderr]     = note: `#[warn(unused_variables)]` on by default
[INFO] [stderr] 
[INFO] [stderr] warning: unused variable: `state`
[INFO] [stderr]   --> src/consensus/density.rs:69:51
[INFO] [stderr]    |
[INFO] [stderr] 69 |     fn validate_block(&self, block: &Self::Block, state: &Self::State) -> bool {
[INFO] [stderr]    |                                                   ^^^^^ help: if this is intentional, prefix it with an underscore: `_state`
[INFO] [stderr] 
[INFO] [stderr] warning: `endgame` (lib) generated 4 warnings (run `cargo fix --lib -p endgame` to apply 2 suggestions)
[INFO] [stderr] warning: `endgame` (lib test) generated 4 warnings (4 duplicates)
[INFO] [stderr] warning: unused import: `RSProof`
[INFO] [stderr]   --> tests/integration_tests.rs:84:37
[INFO] [stderr]    |
[INFO] [stderr] 84 |         accumulator::reed_solomon::{RSProof, ReedSolomonAccumulator},
[INFO] [stderr]    |                                     ^^^^^^^
[INFO] [stderr]    |
[INFO] [stderr]    = note: `#[warn(unused_imports)]` on by default
[INFO] [stderr] 
[INFO] [stderr] warning: `endgame` (test "integration_tests") generated 1 warning (run `cargo fix --test "integration_tests"` to apply 1 suggestion)
[INFO] [stderr]     Finished `test` profile [unoptimized + debuginfo] target(s) in 0.05s
[INFO] [stderr]      Running unittests src/lib.rs (/opt/rustwide/target/debug/deps/endgame-f69bbb9d1b347c67)
[INFO] [stdout] 
[INFO] [stdout] running 12 tests
[INFO] [stdout] test accumulator::reed_solomon::tests::test_accumulator_fold ... ok
[INFO] [stdout] test accumulator::reed_solomon::tests::test_merkle_tree_basic ... ok
[INFO] [stdout] test crypto::merkle::tests::test_invalid_proof ... ok
[INFO] [stdout] test crypto::merkle::tests::test_single_leaf ... ok
[INFO] [stdout] test accumulator::reed_solomon::tests::test_serialization_consistency ... ok
[INFO] [stdout] test crypto::merkle::tests::test_proof_consistency ... ok
[INFO] [stdout] test crypto::merkle::tests::test_four_leaves ... ok
[INFO] [stdout] test accumulator::reed_solomon::tests::test_merkle_proof_verification ... ok
[INFO] [stdout] test crypto::merkle::tests::test_empty_tree ... ok
[INFO] [stdout] test crypto::merkle::tests::test_two_leaves ... ok
[INFO] [stdout] test accumulator::reed_solomon::tests::test_accumulator_basic ... FAILED
[INFO] [stdout] test accumulator::reed_solomon::tests::test_accumulator_large_state ... FAILED
[INFO] [stdout] 
[INFO] [stdout] failures:
[INFO] [stdout] 
[INFO] [stdout] ---- accumulator::reed_solomon::tests::test_accumulator_basic stdout ----
[INFO] [stdout] 
[INFO] [stdout] Accumulating state of size: 3
[INFO] [stdout] 
[INFO] [stdout] Building Merkle tree:
[INFO] [stdout] Leaf for eval 1: 0100000000000000
[INFO] [stdout] Leaf for eval 2: 0200000000000000
[INFO] [stdout] Leaf for eval 3: 0300000000000000
[INFO] [stdout] Total leaves: 3
[INFO] [stdout] Tree root: 533b0fde3f5d3ded3b58bbf094ce41cf6fbe0988775472e9f3c634f7edc9cb83
[INFO] [stdout] Selected indices for proofs: [0, 1]
[INFO] [stdout] Generated proof for index 0
[INFO] [stdout] Generated proof for index 1
[INFO] [stdout] 
[INFO] [stdout] Verifying proof
[INFO] [stdout] Number of merkle proofs: 2
[INFO] [stdout] Number of evaluations: 2
[INFO] [stdout] 
[INFO] [stdout] Verifying proof 0 for eval 1 at index 0
[INFO] [stdout] 
[INFO] [stdout] Verifying Merkle proof:
[INFO] [stdout] Root: 533b0fde3f5d3ded3b58bbf094ce41cf6fbe0988775472e9f3c634f7edc9cb83
[INFO] [stdout] Leaf: 0100000000000000
[INFO] [stdout] Index: 0
[INFO] [stdout] Proof length: 1
[INFO] [stdout] Proof element 0: c9b3e35b15778715742a4899bbda46ab23793cd9109232fbebbacdbb86353f41
[INFO] [stdout] Verification result: false
[INFO] [stdout] thread 'accumulator::reed_solomon::tests::test_accumulator_basic' panicked at src/accumulator/reed_solomon.rs:315:9:
[INFO] [stdout] Basic test failed
[INFO] [stdout] stack backtrace:
[INFO] [stdout]    0:     0x63d76c6b329a - std::backtrace_rs::backtrace::libunwind::trace::h5a5b8284f2d0c266
[INFO] [stdout]                                at /rustc/90b35a6239c3d8bdabc530a6a0816f7ff89a0aaf/library/std/src/../../backtrace/src/backtrace/libunwind.rs:116:5
[INFO] [stdout]    1:     0x63d76c6b329a - std::backtrace_rs::backtrace::trace_unsynchronized::h76d4f1c9b0b875e3
[INFO] [stdout]                                at /rustc/90b35a6239c3d8bdabc530a6a0816f7ff89a0aaf/library/std/src/../../backtrace/src/backtrace/mod.rs:66:5
[INFO] [stdout]    2:     0x63d76c6b329a - std::sys::backtrace::_print_fmt::hc4546b8364a537c6
[INFO] [stdout]                                at /rustc/90b35a6239c3d8bdabc530a6a0816f7ff89a0aaf/library/std/src/sys/backtrace.rs:66:9
[INFO] [stdout]    3:     0x63d76c6b329a - <std::sys::backtrace::BacktraceLock::print::DisplayBacktrace as core::fmt::Display>::fmt::h5b6bd5631a6d1f6b
[INFO] [stdout]                                at /rustc/90b35a6239c3d8bdabc530a6a0816f7ff89a0aaf/library/std/src/sys/backtrace.rs:39:26
[INFO] [stdout]    4:     0x63d76c6d86d3 - core::fmt::rt::Argument::fmt::h270f6602a2b96f62
[INFO] [stdout]                                at /rustc/90b35a6239c3d8bdabc530a6a0816f7ff89a0aaf/library/core/src/fmt/rt.rs:177:76
[INFO] [stdout]    5:     0x63d76c6d86d3 - core::fmt::write::h7550c97b06c86515
[INFO] [stdout]                                at /rustc/90b35a6239c3d8bdabc530a6a0816f7ff89a0aaf/library/core/src/fmt/mod.rs:1186:21
[INFO] [stdout]    6:     0x63d76c6b0463 - std::io::Write::write_fmt::h509ff860e5956e5e
[INFO] [stdout]                                at /rustc/90b35a6239c3d8bdabc530a6a0816f7ff89a0aaf/library/std/src/io/mod.rs:1839:15
[INFO] [stdout]    7:     0x63d76c6b30e2 - std::sys::backtrace::BacktraceLock::print::h2395ccd2c84ba3aa
[INFO] [stdout]                                at /rustc/90b35a6239c3d8bdabc530a6a0816f7ff89a0aaf/library/std/src/sys/backtrace.rs:42:9
[INFO] [stdout]    8:     0x63d76c6b46fa - std::panicking::default_hook::{{closure}}::he19d4c7230e07961
[INFO] [stdout]                                at /rustc/90b35a6239c3d8bdabc530a6a0816f7ff89a0aaf/library/std/src/panicking.rs:268:22
[INFO] [stdout]    9:     0x63d76c6b4504 - std::panicking::default_hook::hf614597d3c67bbdb
[INFO] [stdout]                                at /rustc/90b35a6239c3d8bdabc530a6a0816f7ff89a0aaf/library/std/src/panicking.rs:292:9
[INFO] [stdout]   10:     0x63d76c63c869 - <alloc::boxed::Box<F,A> as core::ops::function::Fn<Args>>::call::h39b51ce4599c23d1
[INFO] [stdout]                                at /rustc/90b35a6239c3d8bdabc530a6a0816f7ff89a0aaf/library/alloc/src/boxed.rs:2468:9
[INFO] [stdout]   11:     0x63d76c63c869 - test::test_main::{{closure}}::he977ae839a582784
[INFO] [stdout]                                at /rustc/90b35a6239c3d8bdabc530a6a0816f7ff89a0aaf/library/test/src/lib.rs:133:21
[INFO] [stdout]   12:     0x63d76c6b4d98 - <alloc::boxed::Box<F,A> as core::ops::function::Fn<Args>>::call::h9455091b6b06f9fb
[INFO] [stdout]                                at /rustc/90b35a6239c3d8bdabc530a6a0816f7ff89a0aaf/library/alloc/src/boxed.rs:2468:9
[INFO] [stdout]   13:     0x63d76c6b4d98 - std::panicking::rust_panic_with_hook::h8942133a8b252070
[INFO] [stdout]                                at /rustc/90b35a6239c3d8bdabc530a6a0816f7ff89a0aaf/library/std/src/panicking.rs:809:13
[INFO] [stdout]   14:     0x63d76c6b4b26 - std::panicking::begin_panic_handler::{{closure}}::hb5f5963570096b29
[INFO] [stdout]                                at /rustc/90b35a6239c3d8bdabc530a6a0816f7ff89a0aaf/library/std/src/panicking.rs:667:13
[INFO] [stdout]   15:     0x63d76c6b3779 - std::sys::backtrace::__rust_end_short_backtrace::h6208cedc1922feda
[INFO] [stdout]                                at /rustc/90b35a6239c3d8bdabc530a6a0816f7ff89a0aaf/library/std/src/sys/backtrace.rs:170:18
[INFO] [stdout]   16:     0x63d76c6b47ec - rust_begin_unwind
[INFO] [stdout]                                at /rustc/90b35a6239c3d8bdabc530a6a0816f7ff89a0aaf/library/std/src/panicking.rs:665:5
[INFO] [stdout]   17:     0x63d76c5e9fe0 - core::panicking::panic_fmt::h0c3082644d1bf418
[INFO] [stdout]                                at /rustc/90b35a6239c3d8bdabc530a6a0816f7ff89a0aaf/library/core/src/panicking.rs:74:14
[INFO] [stdout]   18:     0x63d76c603e84 - endgame::accumulator::reed_solomon::tests::test_accumulator_basic::ha6cb01abe3d5d564
[INFO] [stdout]                                at /opt/rustwide/workdir/src/accumulator/reed_solomon.rs:315:9
[INFO] [stdout]   19:     0x63d76c603ca7 - endgame::accumulator::reed_solomon::tests::test_accumulator_basic::{{closure}}::h2a3ad99ecaaf2068
[INFO] [stdout]                                at /opt/rustwide/workdir/src/accumulator/reed_solomon.rs:307:32
[INFO] [stdout]   20:     0x63d76c600976 - core::ops::function::FnOnce::call_once::ha40a73d1e9d3ad87
[INFO] [stdout]                                at /rustc/90b35a6239c3d8bdabc530a6a0816f7ff89a0aaf/library/core/src/ops/function.rs:250:5
[INFO] [stdout]   21:     0x63d76c64122b - core::ops::function::FnOnce::call_once::h109cf8051a59b34e
[INFO] [stdout]                                at /rustc/90b35a6239c3d8bdabc530a6a0816f7ff89a0aaf/library/core/src/ops/function.rs:250:5
[INFO] [stdout]   22:     0x63d76c64122b - test::__rust_begin_short_backtrace::hf4fff89d377446ba
[INFO] [stdout]                                at /rustc/90b35a6239c3d8bdabc530a6a0816f7ff89a0aaf/library/test/src/lib.rs:621:18
[INFO] [stdout]   23:     0x63d76c640a67 - test::run_test_in_process::{{closure}}::h0e39181dd7ee5a43
[INFO] [stdout]                                at /rustc/90b35a6239c3d8bdabc530a6a0816f7ff89a0aaf/library/test/src/lib.rs:644:60
[INFO] [stdout]   24:     0x63d76c640a67 - <core::panic::unwind_safe::AssertUnwindSafe<F> as core::ops::function::FnOnce<()>>::call_once::hc5a66a30f0bdfd1f
[INFO] [stdout]                                at /rustc/90b35a6239c3d8bdabc530a6a0816f7ff89a0aaf/library/core/src/panic/unwind_safe.rs:272:9
[INFO] [stdout]   25:     0x63d76c640a67 - std::panicking::try::do_call::h873b7cf639554a5e
[INFO] [stdout]                                at /rustc/90b35a6239c3d8bdabc530a6a0816f7ff89a0aaf/library/std/src/panicking.rs:557:40
[INFO] [stdout]   26:     0x63d76c640a67 - std::panicking::try::hdb19862fad9c8bd1
[INFO] [stdout]                                at /rustc/90b35a6239c3d8bdabc530a6a0816f7ff89a0aaf/library/std/src/panicking.rs:520:19
[INFO] [stdout]   27:     0x63d76c640a67 - std::panic::catch_unwind::h281fe732d236d260
[INFO] [stdout]                                at /rustc/90b35a6239c3d8bdabc530a6a0816f7ff89a0aaf/library/std/src/panic.rs:358:14
[INFO] [stdout]   28:     0x63d76c640a67 - test::run_test_in_process::h949b6df8457ed338
[INFO] [stdout]                                at /rustc/90b35a6239c3d8bdabc530a6a0816f7ff89a0aaf/library/test/src/lib.rs:644:27
[INFO] [stdout]   29:     0x63d76c640a67 - test::run_test::{{closure}}::h52c556a6d4740e10
[INFO] [stdout]                                at /rustc/90b35a6239c3d8bdabc530a6a0816f7ff89a0aaf/library/test/src/lib.rs:565:43
[INFO] [stdout]   30:     0x63d76c605d44 - test::run_test::{{closure}}::h4237f6381c45ccb9
[INFO] [stdout]                                at /rustc/90b35a6239c3d8bdabc530a6a0816f7ff89a0aaf/library/test/src/lib.rs:595:41
[INFO] [stdout]   31:     0x63d76c605d44 - std::sys::backtrace::__rust_begin_short_backtrace::h505c97a579eca628
[INFO] [stdout]                                at /rustc/90b35a6239c3d8bdabc530a6a0816f7ff89a0aaf/library/std/src/sys/backtrace.rs:154:18
[INFO] [stdout]   32:     0x63d76c60940e - std::thread::Builder::spawn_unchecked_::{{closure}}::{{closure}}::h9e86b2e2bc107ea3
[INFO] [stdout]                                at /rustc/90b35a6239c3d8bdabc530a6a0816f7ff89a0aaf/library/std/src/thread/mod.rs:538:17
[INFO] [stdout]   33:     0x63d76c60940e - <core::panic::unwind_safe::AssertUnwindSafe<F> as core::ops::function::FnOnce<()>>::call_once::h8b06ddb275ff4a25
[INFO] [stdout]                                at /rustc/90b35a6239c3d8bdabc530a6a0816f7ff89a0aaf/library/core/src/panic/unwind_safe.rs:272:9
[INFO] [stdout]   34:     0x63d76c60940e - std::panicking::try::do_call::hb26ecd7cd9a9355d
[INFO] [stdout]                                at /rustc/90b35a6239c3d8bdabc530a6a0816f7ff89a0aaf/library/std/src/panicking.rs:557:40
[INFO] [stdout]   35:     0x63d76c60940e - std::panicking::try::h8ddeca9d705f9069
[INFO] [stdout]                                at /rustc/90b35a6239c3d8bdabc530a6a0816f7ff89a0aaf/library/std/src/panicking.rs:520:19
[INFO] [stdout]   36:     0x63d76c60940e - std::panic::catch_unwind::h49e1c33078844c46
[INFO] [stdout]                                at /rustc/90b35a6239c3d8bdabc530a6a0816f7ff89a0aaf/library/std/src/panic.rs:358:14
[INFO] [stdout]   37:     0x63d76c60940e - std::thread::Builder::spawn_unchecked_::{{closure}}::h6073db6ff56ad35d
[INFO] [stdout]                                at /rustc/90b35a6239c3d8bdabc530a6a0816f7ff89a0aaf/library/std/src/thread/mod.rs:537:30
[INFO] [stdout]   38:     0x63d76c60940e - core::ops::function::FnOnce::call_once{{vtable.shim}}::h2c5a5f3779c774f1
[INFO] [stdout]                                at /rustc/90b35a6239c3d8bdabc530a6a0816f7ff89a0aaf/library/core/src/ops/function.rs:250:5
[INFO] [stdout]   39:     0x63d76c6b8aeb - <alloc::boxed::Box<F,A> as core::ops::function::FnOnce<Args>>::call_once::hf75717d9f28faebf
[INFO] [stdout]                                at /rustc/90b35a6239c3d8bdabc530a6a0816f7ff89a0aaf/library/alloc/src/boxed.rs:2454:9
[INFO] [stdout]   40:     0x63d76c6b8aeb - <alloc::boxed::Box<F,A> as core::ops::function::FnOnce<Args>>::call_once::h7bd883a5f3c5f3c1
[INFO] [stdout]                                at /rustc/90b35a6239c3d8bdabc530a6a0816f7ff89a0aaf/library/alloc/src/boxed.rs:2454:9
[INFO] [stdout]   41:     0x63d76c6b8aeb - std::sys::pal::unix::thread::Thread::new::thread_start::hcc78f3943333fa94
[INFO] [stdout]                                at /rustc/90b35a6239c3d8bdabc530a6a0816f7ff89a0aaf/library/std/src/sys/pal/unix/thread.rs:105:17
[INFO] [stdout]   42:     0x71c922905ac3 - <unknown>
[INFO] [stdout]   43:     0x71c922996a04 - clone
[INFO] [stdout]   44:                0x0 - <unknown>
[INFO] [stdout] 
[INFO] [stdout] ---- accumulator::reed_solomon::tests::test_accumulator_large_state stdout ----
[INFO] [stdout] 
[INFO] [stdout] Accumulating state of size: 5
[INFO] [stdout] 
[INFO] [stdout] Building Merkle tree:
[INFO] [stdout] Leaf for eval 0: 0000000000000000
[INFO] [stdout] Leaf for eval 1: 0100000000000000
[INFO] [stdout] Leaf for eval 2: 0200000000000000
[INFO] [stdout] Leaf for eval 3: 0300000000000000
[INFO] [stdout] Leaf for eval 4: 0400000000000000
[INFO] [stdout] Total leaves: 5
[INFO] [stdout] Tree root: dc088f2084a9193dc8af4cd6c7d49c190c8ad50e1867bf7bf3226fa0b1cb4d04
[INFO] [stdout] Selected indices for proofs: [0, 1]
[INFO] [stdout] Generated proof for index 0
[INFO] [stdout] Generated proof for index 1
[INFO] [stdout] 
[INFO] [stdout] Verifying proof
[INFO] [stdout] Number of merkle proofs: 2
[INFO] [stdout] Number of evaluations: 2
[INFO] [stdout] 
[INFO] [stdout] Verifying proof 0 for eval 0 at index 0
[INFO] [stdout] 
[INFO] [stdout] Verifying Merkle proof:
[INFO] [stdout] Root: dc088f2084a9193dc8af4cd6c7d49c190c8ad50e1867bf7bf3226fa0b1cb4d04
[INFO] [stdout] Leaf: 0000000000000000
[INFO] [stdout] Index: 0
[INFO] [stdout] Proof length: 2
[INFO] [stdout] Proof element 0: 3b95ab12601f8fa42464588a735ac0ffda59c8c49e79712770229adf2b9e6ada
[INFO] [stdout] Proof element 1: c06b7afada32b8e5e3e62b0a563e632f68dcef97d8dd39de5c1b3fe4132aaea1
[INFO] [stdout] Verification result: false
[INFO] [stdout] thread 'accumulator::reed_solomon::tests::test_accumulator_large_state' panicked at src/accumulator/reed_solomon.rs:347:9:
[INFO] [stdout] Large state verification failed
[INFO] [stdout] stack backtrace:
[INFO] [stdout]    0:     0x63d76c6b329a - std::backtrace_rs::backtrace::libunwind::trace::h5a5b8284f2d0c266
[INFO] [stdout]                                at /rustc/90b35a6239c3d8bdabc530a6a0816f7ff89a0aaf/library/std/src/../../backtrace/src/backtrace/libunwind.rs:116:5
[INFO] [stdout]    1:     0x63d76c6b329a - std::backtrace_rs::backtrace::trace_unsynchronized::h76d4f1c9b0b875e3
[INFO] [stdout]                                at /rustc/90b35a6239c3d8bdabc530a6a0816f7ff89a0aaf/library/std/src/../../backtrace/src/backtrace/mod.rs:66:5
[INFO] [stdout]    2:     0x63d76c6b329a - std::sys::backtrace::_print_fmt::hc4546b8364a537c6
[INFO] [stdout]                                at /rustc/90b35a6239c3d8bdabc530a6a0816f7ff89a0aaf/library/std/src/sys/backtrace.rs:66:9
[INFO] [stdout]    3:     0x63d76c6b329a - <std::sys::backtrace::BacktraceLock::print::DisplayBacktrace as core::fmt::Display>::fmt::h5b6bd5631a6d1f6b
[INFO] [stdout]                                at /rustc/90b35a6239c3d8bdabc530a6a0816f7ff89a0aaf/library/std/src/sys/backtrace.rs:39:26
[INFO] [stdout]    4:     0x63d76c6d86d3 - core::fmt::rt::Argument::fmt::h270f6602a2b96f62
[INFO] [stdout]                                at /rustc/90b35a6239c3d8bdabc530a6a0816f7ff89a0aaf/library/core/src/fmt/rt.rs:177:76
[INFO] [stdout]    5:     0x63d76c6d86d3 - core::fmt::write::h7550c97b06c86515
[INFO] [stdout]                                at /rustc/90b35a6239c3d8bdabc530a6a0816f7ff89a0aaf/library/core/src/fmt/mod.rs:1186:21
[INFO] [stdout]    6:     0x63d76c6b0463 - std::io::Write::write_fmt::h509ff860e5956e5e
[INFO] [stdout]                                at /rustc/90b35a6239c3d8bdabc530a6a0816f7ff89a0aaf/library/std/src/io/mod.rs:1839:15
[INFO] [stdout]    7:     0x63d76c6b30e2 - std::sys::backtrace::BacktraceLock::print::h2395ccd2c84ba3aa
[INFO] [stdout]                                at /rustc/90b35a6239c3d8bdabc530a6a0816f7ff89a0aaf/library/std/src/sys/backtrace.rs:42:9
[INFO] [stdout]    8:     0x63d76c6b46fa - std::panicking::default_hook::{{closure}}::he19d4c7230e07961
[INFO] [stdout]                                at /rustc/90b35a6239c3d8bdabc530a6a0816f7ff89a0aaf/library/std/src/panicking.rs:268:22
[INFO] [stdout]    9:     0x63d76c6b4504 - std::panicking::default_hook::hf614597d3c67bbdb
[INFO] [stdout]                                at /rustc/90b35a6239c3d8bdabc530a6a0816f7ff89a0aaf/library/std/src/panicking.rs:292:9
[INFO] [stdout]   10:     0x63d76c63c869 - <alloc::boxed::Box<F,A> as core::ops::function::Fn<Args>>::call::h39b51ce4599c23d1
[INFO] [stdout]                                at /rustc/90b35a6239c3d8bdabc530a6a0816f7ff89a0aaf/library/alloc/src/boxed.rs:2468:9
[INFO] [stdout]   11:     0x63d76c63c869 - test::test_main::{{closure}}::he977ae839a582784
[INFO] [stdout]                                at /rustc/90b35a6239c3d8bdabc530a6a0816f7ff89a0aaf/library/test/src/lib.rs:133:21
[INFO] [stdout]   12:     0x63d76c6b4d98 - <alloc::boxed::Box<F,A> as core::ops::function::Fn<Args>>::call::h9455091b6b06f9fb
[INFO] [stdout]                                at /rustc/90b35a6239c3d8bdabc530a6a0816f7ff89a0aaf/library/alloc/src/boxed.rs:2468:9
[INFO] [stdout]   13:     0x63d76c6b4d98 - std::panicking::rust_panic_with_hook::h8942133a8b252070
[INFO] [stdout]                                at /rustc/90b35a6239c3d8bdabc530a6a0816f7ff89a0aaf/library/std/src/panicking.rs:809:13
[INFO] [stdout]   14:     0x63d76c6b4b26 - std::panicking::begin_panic_handler::{{closure}}::hb5f5963570096b29
[INFO] [stdout]                                at /rustc/90b35a6239c3d8bdabc530a6a0816f7ff89a0aaf/library/std/src/panicking.rs:667:13
[INFO] [stdout]   15:     0x63d76c6b3779 - std::sys::backtrace::__rust_end_short_backtrace::h6208cedc1922feda
[INFO] [stdout]                                at /rustc/90b35a6239c3d8bdabc530a6a0816f7ff89a0aaf/library/std/src/sys/backtrace.rs:170:18
[INFO] [stdout]   16:     0x63d76c6b47ec - rust_begin_unwind
[INFO] [stdout]                                at /rustc/90b35a6239c3d8bdabc530a6a0816f7ff89a0aaf/library/std/src/panicking.rs:665:5
[INFO] [stdout]   17:     0x63d76c5e9fe0 - core::panicking::panic_fmt::h0c3082644d1bf418
[INFO] [stdout]                                at /rustc/90b35a6239c3d8bdabc530a6a0816f7ff89a0aaf/library/core/src/panicking.rs:74:14
[INFO] [stdout]   18:     0x63d76c604545 - endgame::accumulator::reed_solomon::tests::test_accumulator_large_state::h1867ca40ddb4b4b2
[INFO] [stdout]                                at /opt/rustwide/workdir/src/accumulator/reed_solomon.rs:347:9
[INFO] [stdout]   19:     0x63d76c604437 - endgame::accumulator::reed_solomon::tests::test_accumulator_large_state::{{closure}}::h349f107aeff0102d
[INFO] [stdout]                                at /opt/rustwide/workdir/src/accumulator/reed_solomon.rs:343:38
[INFO] [stdout]   20:     0x63d76c6008f6 - core::ops::function::FnOnce::call_once::h7c306edfa83c2144
[INFO] [stdout]                                at /rustc/90b35a6239c3d8bdabc530a6a0816f7ff89a0aaf/library/core/src/ops/function.rs:250:5
[INFO] [stdout]   21:     0x63d76c64122b - core::ops::function::FnOnce::call_once::h109cf8051a59b34e
[INFO] [stdout]                                at /rustc/90b35a6239c3d8bdabc530a6a0816f7ff89a0aaf/library/core/src/ops/function.rs:250:5
[INFO] [stdout]   22:     0x63d76c64122b - test::__rust_begin_short_backtrace::hf4fff89d377446ba
[INFO] [stdout]                                at /rustc/90b35a6239c3d8bdabc530a6a0816f7ff89a0aaf/library/test/src/lib.rs:621:18
[INFO] [stdout]   23:     0x63d76c640a67 - test::run_test_in_process::{{closure}}::h0e39181dd7ee5a43
[INFO] [stdout]                                at /rustc/90b35a6239c3d8bdabc530a6a0816f7ff89a0aaf/library/test/src/lib.rs:644:60
[INFO] [stdout]   24:     0x63d76c640a67 - <core::panic::unwind_safe::AssertUnwindSafe<F> as core::ops::function::FnOnce<()>>::call_once::hc5a66a30f0bdfd1f
[INFO] [stdout]                                at /rustc/90b35a6239c3d8bdabc530a6a0816f7ff89a0aaf/library/core/src/panic/unwind_safe.rs:272:9
[INFO] [stdout]   25:     0x63d76c640a67 - std::panicking::try::do_call::h873b7cf639554a5e
[INFO] [stdout]                                at /rustc/90b35a6239c3d8bdabc530a6a0816f7ff89a0aaf/library/std/src/panicking.rs:557:40
[INFO] [stdout]   26:     0x63d76c640a67 - std::panicking::try::hdb19862fad9c8bd1
[INFO] [stdout]                                at /rustc/90b35a6239c3d8bdabc530a6a0816f7ff89a0aaf/library/std/src/panicking.rs:520:19
[INFO] [stdout]   27:     0x63d76c640a67 - std::panic::catch_unwind::h281fe732d236d260
[INFO] [stdout]                                at /rustc/90b35a6239c3d8bdabc530a6a0816f7ff89a0aaf/library/std/src/panic.rs:358:14
[INFO] [stdout]   28:     0x63d76c640a67 - test::run_test_in_process::h949b6df8457ed338
[INFO] [stdout]                                at /rustc/90b35a6239c3d8bdabc530a6a0816f7ff89a0aaf/library/test/src/lib.rs:644:27
[INFO] [stdout]   29:     0x63d76c640a67 - test::run_test::{{closure}}::h52c556a6d4740e10
[INFO] [stdout]                                at /rustc/90b35a6239c3d8bdabc530a6a0816f7ff89a0aaf/library/test/src/lib.rs:565:43
[INFO] [stdout]   30:     0x63d76c605d44 - test::run_test::{{closure}}::h4237f6381c45ccb9
[INFO] [stdout]                                at /rustc/90b35a6239c3d8bdabc530a6a0816f7ff89a0aaf/library/test/src/lib.rs:595:41
[INFO] [stdout]   31:     0x63d76c605d44 - std::sys::backtrace::__rust_begin_short_backtrace::h505c97a579eca628
[INFO] [stdout]                                at /rustc/90b35a6239c3d8bdabc530a6a0816f7ff89a0aaf/library/std/src/sys/backtrace.rs:154:18
[INFO] [stdout]   32:     0x63d76c60940e - std::thread::Builder::spawn_unchecked_::{{closure}}::{{closure}}::h9e86b2e2bc107ea3
[INFO] [stdout]                                at /rustc/90b35a6239c3d8bdabc530a6a0816f7ff89a0aaf/library/std/src/thread/mod.rs:538:17
[INFO] [stdout]   33:     0x63d76c60940e - <core::panic::unwind_safe::AssertUnwindSafe<F> as core::ops::function::FnOnce<()>>::call_once::h8b06ddb275ff4a25
[INFO] [stdout]                                at /rustc/90b35a6239c3d8bdabc530a6a0816f7ff89a0aaf/library/core/src/panic/unwind_safe.rs:272:9
[INFO] [stdout]   34:     0x63d76c60940e - std::panicking::try::do_call::hb26ecd7cd9a9355d
[INFO] [stdout]                                at /rustc/90b35a6239c3d8bdabc530a6a0816f7ff89a0aaf/library/std/src/panicking.rs:557:40
[INFO] [stdout]   35:     0x63d76c60940e - std::panicking::try::h8ddeca9d705f9069
[INFO] [stdout]                                at /rustc/90b35a6239c3d8bdabc530a6a0816f7ff89a0aaf/library/std/src/panicking.rs:520:19
[INFO] [stdout]   36:     0x63d76c60940e - std::panic::catch_unwind::h49e1c33078844c46
[INFO] [stdout]                                at /rustc/90b35a6239c3d8bdabc530a6a0816f7ff89a0aaf/library/std/src/panic.rs:358:14
[INFO] [stdout]   37:     0x63d76c60940e - std::thread::Builder::spawn_unchecked_::{{closure}}::h6073db6ff56ad35d
[INFO] [stdout]                                at /rustc/90b35a6239c3d8bdabc530a6a0816f7ff89a0aaf/library/std/src/thread/mod.rs:537:30
[INFO] [stdout]   38:     0x63d76c60940e - core::ops::function::FnOnce::call_once{{vtable.shim}}::h2c5a5f3779c774f1
[INFO] [stdout]                                at /rustc/90b35a6239c3d8bdabc530a6a0816f7ff89a0aaf/library/core/src/ops/function.rs:250:5
[INFO] [stdout]   39:     0x63d76c6b8aeb - <alloc::boxed::Box<F,A> as core::ops::function::FnOnce<Args>>::call_once::hf75717d9f28faebf
[INFO] [stdout]                                at /rustc/90b35a6239c3d8bdabc530a6a0816f7ff89a0aaf/library/alloc/src/boxed.rs:2454:9
[INFO] [stdout]   40:     0x63d76c6b8aeb - <alloc::boxed::Box<F,A> as core::ops::function::FnOnce<Args>>::call_once::h7bd883a5f3c5f3c1
[INFO] [stdout]                                at /rustc/90b35a6239c3d8bdabc530a6a0816f7ff89a0aaf/library/alloc/src/boxed.rs:2454:9
[INFO] [stdout]   41:     0x63d76c6b8aeb - std::sys::pal::unix::thread::Thread::new::thread_start::hcc78f3943333fa94
[INFO] [stdout]                                at /rustc/90b35a6239c3d8bdabc530a6a0816f7ff89a0aaf/library/std/src/sys/pal/unix/thread.rs:105:17
[INFO] [stdout]   42:     0x71c922905ac3 - <unknown>
[INFO] [stdout]   43:     0x71c922996a04 - clone
[INFO] [stdout]   44:                0x0 - <unknown>
[INFO] [stdout] 
[INFO] [stdout] 
[INFO] [stdout] failures:
[INFO] [stdout]     accumulator::reed_solomon::tests::test_accumulator_basic
[INFO] [stdout]     accumulator::reed_solomon::tests::test_accumulator_large_state
[INFO] [stdout] 
[INFO] [stdout] test result: FAILED. 10 passed; 2 failed; 0 ignored; 0 measured; 0 filtered out; finished in 0.04s
[INFO] [stdout] 
[INFO] [stderr] error: test failed, to rerun pass `--lib`
[INFO] running `Command { std: "docker" "inspect" "b2f306e9826daaa311bc7ffd7ae9db040279e38a195d69661d822411f6c716ba", kill_on_drop: false }`
[INFO] running `Command { std: "docker" "rm" "-f" "b2f306e9826daaa311bc7ffd7ae9db040279e38a195d69661d822411f6c716ba", kill_on_drop: false }`
[INFO] [stdout] b2f306e9826daaa311bc7ffd7ae9db040279e38a195d69661d822411f6c716ba
