[INFO] cloning repository https://github.com/psicodium-solutions/narratick
[INFO] running `Command { std: "git" "-c" "credential.helper=" "-c" "credential.helper=/workspace/cargo-home/bin/git-credential-null" "clone" "--bare" "https://github.com/psicodium-solutions/narratick" "/workspace/cache/git-repos/https%3A%2F%2Fgithub.com%2Fpsicodium-solutions%2Fnarratick", kill_on_drop: false }`
[INFO] [stderr] Cloning into bare repository '/workspace/cache/git-repos/https%3A%2F%2Fgithub.com%2Fpsicodium-solutions%2Fnarratick'...
[INFO] running `Command { std: "git" "rev-parse" "HEAD", kill_on_drop: false }`
[INFO] [stdout] 59844685ff7a576b3824a91b5800f5a9e984b342
[INFO] testing psicodium-solutions/narratick against 1.83.0 for beta-1.84.0-4-retry
[INFO] running `Command { std: "git" "clone" "/workspace/cache/git-repos/https%3A%2F%2Fgithub.com%2Fpsicodium-solutions%2Fnarratick" "/workspace/builds/worker-0-tc1/source", kill_on_drop: false }`
[INFO] [stderr] Cloning into '/workspace/builds/worker-0-tc1/source'...
[INFO] [stderr] done.
[INFO] validating manifest of git repo https://github.com/psicodium-solutions/narratick on toolchain 1.83.0
[INFO] running `Command { std: CARGO_HOME="/workspace/cargo-home" RUSTUP_HOME="/workspace/rustup-home" "/workspace/cargo-home/bin/cargo" "+1.83.0" "metadata" "--manifest-path" "Cargo.toml" "--no-deps", kill_on_drop: false }`
[INFO] started tweaking git repo https://github.com/psicodium-solutions/narratick
[INFO] finished tweaking git repo https://github.com/psicodium-solutions/narratick
[INFO] tweaked toml for git repo https://github.com/psicodium-solutions/narratick written to /workspace/builds/worker-0-tc1/source/Cargo.toml
[INFO] crate git repo https://github.com/psicodium-solutions/narratick already has a lockfile, it will not be regenerated
[INFO] running `Command { std: CARGO_HOME="/workspace/cargo-home" RUSTUP_HOME="/workspace/rustup-home" "/workspace/cargo-home/bin/cargo" "+1.83.0" "fetch" "--manifest-path" "Cargo.toml", kill_on_drop: false }`
[INFO] running `Command { std: "docker" "create" "-v" "/var/lib/crater-agent-workspace/builds/worker-0-tc1/target:/opt/rustwide/target:rw,Z" "-v" "/var/lib/crater-agent-workspace/builds/worker-0-tc1/source:/opt/rustwide/workdir:ro,Z" "-v" "/var/lib/crater-agent-workspace/cargo-home:/opt/rustwide/cargo-home:ro,Z" "-v" "/var/lib/crater-agent-workspace/rustup-home:/opt/rustwide/rustup-home:ro,Z" "-e" "SOURCE_DIR=/opt/rustwide/workdir" "-e" "CARGO_TARGET_DIR=/opt/rustwide/target" "-e" "CARGO_HOME=/opt/rustwide/cargo-home" "-e" "RUSTUP_HOME=/opt/rustwide/rustup-home" "-w" "/opt/rustwide/workdir" "-m" "1610612736" "--user" "0:0" "--network" "none" "ghcr.io/rust-lang/crates-build-env/linux@sha256:f3a9d4ad9d972b27faf3965f35b62e55ba32bbce8f20bc8fe909558a86702fde" "/opt/rustwide/cargo-home/bin/cargo" "+1.83.0" "metadata" "--no-deps" "--format-version=1", kill_on_drop: false }`
[INFO] [stdout] ebe6bd91600c320ec866b2ab411b99ad5cd59496c09b8086ba324a5de48f02ac
[INFO] running `Command { std: "docker" "start" "-a" "ebe6bd91600c320ec866b2ab411b99ad5cd59496c09b8086ba324a5de48f02ac", kill_on_drop: false }`
[INFO] running `Command { std: "docker" "inspect" "ebe6bd91600c320ec866b2ab411b99ad5cd59496c09b8086ba324a5de48f02ac", kill_on_drop: false }`
[INFO] running `Command { std: "docker" "rm" "-f" "ebe6bd91600c320ec866b2ab411b99ad5cd59496c09b8086ba324a5de48f02ac", kill_on_drop: false }`
[INFO] [stdout] ebe6bd91600c320ec866b2ab411b99ad5cd59496c09b8086ba324a5de48f02ac
[INFO] running `Command { std: "docker" "create" "-v" "/var/lib/crater-agent-workspace/builds/worker-0-tc1/target:/opt/rustwide/target:rw,Z" "-v" "/var/lib/crater-agent-workspace/builds/worker-0-tc1/source:/opt/rustwide/workdir:ro,Z" "-v" "/var/lib/crater-agent-workspace/cargo-home:/opt/rustwide/cargo-home:ro,Z" "-v" "/var/lib/crater-agent-workspace/rustup-home:/opt/rustwide/rustup-home:ro,Z" "-e" "SOURCE_DIR=/opt/rustwide/workdir" "-e" "CARGO_TARGET_DIR=/opt/rustwide/target" "-e" "CARGO_INCREMENTAL=0" "-e" "RUST_BACKTRACE=full" "-e" "RUSTFLAGS=--cap-lints=warn" "-e" "RUSTDOCFLAGS=--cap-lints=warn" "-e" "CARGO_HOME=/opt/rustwide/cargo-home" "-e" "RUSTUP_HOME=/opt/rustwide/rustup-home" "-w" "/opt/rustwide/workdir" "-m" "1610612736" "--user" "0:0" "--network" "none" "ghcr.io/rust-lang/crates-build-env/linux@sha256:f3a9d4ad9d972b27faf3965f35b62e55ba32bbce8f20bc8fe909558a86702fde" "/opt/rustwide/cargo-home/bin/cargo" "+1.83.0" "build" "--frozen" "--message-format=json", kill_on_drop: false }`
[INFO] [stdout] e93105165941df564983ccb36993685f3d722f68e582e73164631bef9e5a6d1b
[INFO] running `Command { std: "docker" "start" "-a" "e93105165941df564983ccb36993685f3d722f68e582e73164631bef9e5a6d1b", kill_on_drop: false }`
[INFO] [stderr]    Compiling proc-macro2 v1.0.86
[INFO] [stderr]    Compiling unicode-ident v1.0.12
[INFO] [stderr]    Compiling regex-syntax v0.8.4
[INFO] [stderr]    Compiling lazy_static v1.5.0
[INFO] [stderr]    Compiling beef v0.5.2
[INFO] [stderr]    Compiling fnv v1.0.7
[INFO] [stderr]    Compiling quote v1.0.36
[INFO] [stderr]    Compiling syn v2.0.70
[INFO] [stderr]    Compiling logos-codegen v0.14.0
[INFO] [stderr]    Compiling logos-derive v0.14.0
[INFO] [stderr]    Compiling logos v0.14.0
[INFO] [stderr]    Compiling narratick v0.1.0 (/opt/rustwide/workdir)
[INFO] [stdout] warning: unused imports: `fmt::Display`, `iter::Peekable`, and `str::Chars`
[INFO] [stdout]  --> src/parser.rs:1:11
[INFO] [stdout]   |
[INFO] [stdout] 1 | use std::{fmt::Display, iter::Peekable, ops::Range, str::Chars};
[INFO] [stdout]   |           ^^^^^^^^^^^^  ^^^^^^^^^^^^^^              ^^^^^^^^^^
[INFO] [stdout]   |
[INFO] [stdout]   = note: `#[warn(unused_imports)]` on by default
[INFO] [stdout] 
[INFO] [stdout] 
[INFO] [stdout] warning: unused imports: `fmt::Display` and `num::ParseFloatError`
[INFO] [stdout]  --> src/token.rs:1:11
[INFO] [stdout]   |
[INFO] [stdout] 1 | use std::{fmt::Display, num::ParseFloatError, ops::Range};
[INFO] [stdout]   |           ^^^^^^^^^^^^  ^^^^^^^^^^^^^^^^^^^^
[INFO] [stdout] 
[INFO] [stdout] 
[INFO] [stdout] warning: unused imports: `num::ParseFloatError` and `str::Utf8Error`
[INFO] [stdout]  --> src/lib.rs:4:25
[INFO] [stdout]   |
[INFO] [stdout] 4 | use std::{fmt::Display, num::ParseFloatError, str::Utf8Error};
[INFO] [stdout]   |                         ^^^^^^^^^^^^^^^^^^^^  ^^^^^^^^^^^^^^
[INFO] [stdout] 
[INFO] [stdout] 
[INFO] [stdout] warning: multiple variants are never constructed
[INFO] [stdout]   --> src/parser.rs:44:5
[INFO] [stdout]    |
[INFO] [stdout] 43 | pub enum Block<'a> {
[INFO] [stdout]    |          ----- variants in this enum
[INFO] [stdout] 44 |     Title(Value<'a>),
[INFO] [stdout]    |     ^^^^^
[INFO] [stdout] 45 |     Author(Value<'a>),
[INFO] [stdout]    |     ^^^^^^
[INFO] [stdout] 46 |     Anchor(Value<'a>),
[INFO] [stdout]    |     ^^^^^^
[INFO] [stdout] 47 |     Jump(Value<'a>),
[INFO] [stdout]    |     ^^^^
[INFO] [stdout] 48 |     Set {
[INFO] [stdout]    |     ^^^
[INFO] [stdout] ...
[INFO] [stdout] 52 |     Emit(Value<'a>),
[INFO] [stdout]    |     ^^^^
[INFO] [stdout] 53 |     If {
[INFO] [stdout]    |     ^^
[INFO] [stdout] ...
[INFO] [stdout] 58 |     Fi,
[INFO] [stdout]    |     ^^
[INFO] [stdout] 59 |     End,
[INFO] [stdout]    |     ^^^
[INFO] [stdout] 60 |
[INFO] [stdout] 61 |     Text(&'a str),
[INFO] [stdout]    |     ^^^^
[INFO] [stdout]    |
[INFO] [stdout]    = note: `Block` has derived impls for the traits `Clone` and `Debug`, but these are intentionally ignored during dead code analysis
[INFO] [stdout]    = note: `#[warn(dead_code)]` on by default
[INFO] [stdout] 
[INFO] [stdout] 
[INFO] [stdout] warning: struct `Parser` is never constructed
[INFO] [stdout]   --> src/parser.rs:97:12
[INFO] [stdout]    |
[INFO] [stdout] 97 | pub struct Parser<'a> {
[INFO] [stdout]    |            ^^^^^^
[INFO] [stdout]    |
[INFO] [stdout]    = note: `Parser` has a derived impl for the trait `Debug`, but this is intentionally ignored during dead code analysis
[INFO] [stdout] 
[INFO] [stdout] 
[INFO] [stdout] warning: associated items `new` and `parse` are never used
[INFO] [stdout]    --> src/parser.rs:104:12
[INFO] [stdout]     |
[INFO] [stdout] 103 | impl<'a> Parser<'a> {
[INFO] [stdout]     | ------------------- associated items in this implementation
[INFO] [stdout] 104 |     pub fn new(input: &'a str) -> Self {
[INFO] [stdout]     |            ^^^
[INFO] [stdout] ...
[INFO] [stdout] 112 |     pub fn parse(&mut self) -> Result<&Vec<Block<'a>>, crate::Error> {
[INFO] [stdout]     |            ^^^^^
[INFO] [stdout] 
[INFO] [stdout] 
[INFO] [stdout] warning: struct `TokenData` is never constructed
[INFO] [stdout]   --> src/token.rs:54:12
[INFO] [stdout]    |
[INFO] [stdout] 54 | pub struct TokenData<'a> {
[INFO] [stdout]    |            ^^^^^^^^^
[INFO] [stdout] 
[INFO] [stdout] 
[INFO] [stdout] warning: function `tokenize` is never used
[INFO] [stdout]   --> src/token.rs:59:8
[INFO] [stdout]    |
[INFO] [stdout] 59 | pub fn tokenize(input: &str) -> Result<Vec<TokenData>, crate::Error> {
[INFO] [stdout]    |        ^^^^^^^^
[INFO] [stdout] 
[INFO] [stdout] 
[INFO] [stderr]     Finished `dev` profile [unoptimized + debuginfo] target(s) in 14.70s
[INFO] running `Command { std: "docker" "inspect" "e93105165941df564983ccb36993685f3d722f68e582e73164631bef9e5a6d1b", kill_on_drop: false }`
[INFO] running `Command { std: "docker" "rm" "-f" "e93105165941df564983ccb36993685f3d722f68e582e73164631bef9e5a6d1b", kill_on_drop: false }`
[INFO] [stdout] e93105165941df564983ccb36993685f3d722f68e582e73164631bef9e5a6d1b
[INFO] running `Command { std: "docker" "create" "-v" "/var/lib/crater-agent-workspace/builds/worker-0-tc1/target:/opt/rustwide/target:rw,Z" "-v" "/var/lib/crater-agent-workspace/builds/worker-0-tc1/source:/opt/rustwide/workdir:ro,Z" "-v" "/var/lib/crater-agent-workspace/cargo-home:/opt/rustwide/cargo-home:ro,Z" "-v" "/var/lib/crater-agent-workspace/rustup-home:/opt/rustwide/rustup-home:ro,Z" "-e" "SOURCE_DIR=/opt/rustwide/workdir" "-e" "CARGO_TARGET_DIR=/opt/rustwide/target" "-e" "CARGO_INCREMENTAL=0" "-e" "RUST_BACKTRACE=full" "-e" "RUSTFLAGS=--cap-lints=warn" "-e" "RUSTDOCFLAGS=--cap-lints=warn" "-e" "CARGO_HOME=/opt/rustwide/cargo-home" "-e" "RUSTUP_HOME=/opt/rustwide/rustup-home" "-w" "/opt/rustwide/workdir" "-m" "1610612736" "--user" "0:0" "--network" "none" "ghcr.io/rust-lang/crates-build-env/linux@sha256:f3a9d4ad9d972b27faf3965f35b62e55ba32bbce8f20bc8fe909558a86702fde" "/opt/rustwide/cargo-home/bin/cargo" "+1.83.0" "test" "--frozen" "--no-run" "--message-format=json", kill_on_drop: false }`
[INFO] [stdout] 4f75b0fa10a765fc4ccbb37d5d79df8f6a2189ae8807281080630508ce6a72bb
[INFO] running `Command { std: "docker" "start" "-a" "4f75b0fa10a765fc4ccbb37d5d79df8f6a2189ae8807281080630508ce6a72bb", kill_on_drop: false }`
[INFO] [stderr]    Compiling narratick v0.1.0 (/opt/rustwide/workdir)
[INFO] [stdout] warning: unused imports: `fmt::Display`, `iter::Peekable`, and `str::Chars`
[INFO] [stdout]  --> src/parser.rs:1:11
[INFO] [stdout]   |
[INFO] [stdout] 1 | use std::{fmt::Display, iter::Peekable, ops::Range, str::Chars};
[INFO] [stdout]   |           ^^^^^^^^^^^^  ^^^^^^^^^^^^^^              ^^^^^^^^^^
[INFO] [stdout]   |
[INFO] [stdout]   = note: `#[warn(unused_imports)]` on by default
[INFO] [stdout] 
[INFO] [stdout] 
[INFO] [stdout] warning: unused imports: `fmt::Display` and `num::ParseFloatError`
[INFO] [stdout]  --> src/token.rs:1:11
[INFO] [stdout]   |
[INFO] [stdout] 1 | use std::{fmt::Display, num::ParseFloatError, ops::Range};
[INFO] [stdout]   |           ^^^^^^^^^^^^  ^^^^^^^^^^^^^^^^^^^^
[INFO] [stdout] 
[INFO] [stdout] 
[INFO] [stdout] warning: unused imports: `num::ParseFloatError` and `str::Utf8Error`
[INFO] [stdout]  --> src/lib.rs:4:25
[INFO] [stdout]   |
[INFO] [stdout] 4 | use std::{fmt::Display, num::ParseFloatError, str::Utf8Error};
[INFO] [stdout]   |                         ^^^^^^^^^^^^^^^^^^^^  ^^^^^^^^^^^^^^
[INFO] [stdout] 
[INFO] [stdout] 
[INFO] [stdout] warning: multiple variants are never constructed
[INFO] [stdout]   --> src/parser.rs:44:5
[INFO] [stdout]    |
[INFO] [stdout] 43 | pub enum Block<'a> {
[INFO] [stdout]    |          ----- variants in this enum
[INFO] [stdout] 44 |     Title(Value<'a>),
[INFO] [stdout]    |     ^^^^^
[INFO] [stdout] 45 |     Author(Value<'a>),
[INFO] [stdout]    |     ^^^^^^
[INFO] [stdout] 46 |     Anchor(Value<'a>),
[INFO] [stdout]    |     ^^^^^^
[INFO] [stdout] 47 |     Jump(Value<'a>),
[INFO] [stdout]    |     ^^^^
[INFO] [stdout] 48 |     Set {
[INFO] [stdout]    |     ^^^
[INFO] [stdout] ...
[INFO] [stdout] 52 |     Emit(Value<'a>),
[INFO] [stdout]    |     ^^^^
[INFO] [stdout] 53 |     If {
[INFO] [stdout]    |     ^^
[INFO] [stdout] ...
[INFO] [stdout] 58 |     Fi,
[INFO] [stdout]    |     ^^
[INFO] [stdout] 59 |     End,
[INFO] [stdout]    |     ^^^
[INFO] [stdout] 60 |
[INFO] [stdout] 61 |     Text(&'a str),
[INFO] [stdout]    |     ^^^^
[INFO] [stdout]    |
[INFO] [stdout]    = note: `Block` has derived impls for the traits `Clone` and `Debug`, but these are intentionally ignored during dead code analysis
[INFO] [stdout]    = note: `#[warn(dead_code)]` on by default
[INFO] [stdout] 
[INFO] [stdout] 
[INFO] [stdout] warning: struct `Parser` is never constructed
[INFO] [stdout]   --> src/parser.rs:97:12
[INFO] [stdout]    |
[INFO] [stdout] 97 | pub struct Parser<'a> {
[INFO] [stdout]    |            ^^^^^^
[INFO] [stdout]    |
[INFO] [stdout]    = note: `Parser` has a derived impl for the trait `Debug`, but this is intentionally ignored during dead code analysis
[INFO] [stdout] 
[INFO] [stdout] 
[INFO] [stdout] warning: associated items `new` and `parse` are never used
[INFO] [stdout]    --> src/parser.rs:104:12
[INFO] [stdout]     |
[INFO] [stdout] 103 | impl<'a> Parser<'a> {
[INFO] [stdout]     | ------------------- associated items in this implementation
[INFO] [stdout] 104 |     pub fn new(input: &'a str) -> Self {
[INFO] [stdout]     |            ^^^
[INFO] [stdout] ...
[INFO] [stdout] 112 |     pub fn parse(&mut self) -> Result<&Vec<Block<'a>>, crate::Error> {
[INFO] [stdout]     |            ^^^^^
[INFO] [stdout] 
[INFO] [stdout] 
[INFO] [stdout] warning: struct `TokenData` is never constructed
[INFO] [stdout]   --> src/token.rs:54:12
[INFO] [stdout]    |
[INFO] [stdout] 54 | pub struct TokenData<'a> {
[INFO] [stdout]    |            ^^^^^^^^^
[INFO] [stdout] 
[INFO] [stdout] 
[INFO] [stdout] warning: function `tokenize` is never used
[INFO] [stdout]   --> src/token.rs:59:8
[INFO] [stdout]    |
[INFO] [stdout] 59 | pub fn tokenize(input: &str) -> Result<Vec<TokenData>, crate::Error> {
[INFO] [stdout]    |        ^^^^^^^^
[INFO] [stdout] 
[INFO] [stdout] 
[INFO] [stdout] warning: unused imports: `fmt::Display`, `iter::Peekable`, and `str::Chars`
[INFO] [stdout]  --> src/parser.rs:1:11
[INFO] [stdout]   |
[INFO] [stdout] 1 | use std::{fmt::Display, iter::Peekable, ops::Range, str::Chars};
[INFO] [stdout]   |           ^^^^^^^^^^^^  ^^^^^^^^^^^^^^              ^^^^^^^^^^
[INFO] [stdout]   |
[INFO] [stdout]   = note: `#[warn(unused_imports)]` on by default
[INFO] [stdout] 
[INFO] [stdout] 
[INFO] [stdout] warning: unused imports: `fmt::Display` and `num::ParseFloatError`
[INFO] [stdout]  --> src/token.rs:1:11
[INFO] [stdout]   |
[INFO] [stdout] 1 | use std::{fmt::Display, num::ParseFloatError, ops::Range};
[INFO] [stdout]   |           ^^^^^^^^^^^^  ^^^^^^^^^^^^^^^^^^^^
[INFO] [stdout] 
[INFO] [stdout] 
[INFO] [stdout] warning: unused imports: `num::ParseFloatError` and `str::Utf8Error`
[INFO] [stdout]  --> src/lib.rs:4:25
[INFO] [stdout]   |
[INFO] [stdout] 4 | use std::{fmt::Display, num::ParseFloatError, str::Utf8Error};
[INFO] [stdout]   |                         ^^^^^^^^^^^^^^^^^^^^  ^^^^^^^^^^^^^^
[INFO] [stdout] 
[INFO] [stdout] 
[INFO] [stderr]     Finished `test` profile [unoptimized + debuginfo] target(s) in 1.80s
[INFO] running `Command { std: "docker" "inspect" "4f75b0fa10a765fc4ccbb37d5d79df8f6a2189ae8807281080630508ce6a72bb", kill_on_drop: false }`
[INFO] running `Command { std: "docker" "rm" "-f" "4f75b0fa10a765fc4ccbb37d5d79df8f6a2189ae8807281080630508ce6a72bb", kill_on_drop: false }`
[INFO] [stdout] 4f75b0fa10a765fc4ccbb37d5d79df8f6a2189ae8807281080630508ce6a72bb
[INFO] running `Command { std: "docker" "create" "-v" "/var/lib/crater-agent-workspace/builds/worker-0-tc1/target:/opt/rustwide/target:rw,Z" "-v" "/var/lib/crater-agent-workspace/builds/worker-0-tc1/source:/opt/rustwide/workdir:ro,Z" "-v" "/var/lib/crater-agent-workspace/cargo-home:/opt/rustwide/cargo-home:ro,Z" "-v" "/var/lib/crater-agent-workspace/rustup-home:/opt/rustwide/rustup-home:ro,Z" "-e" "SOURCE_DIR=/opt/rustwide/workdir" "-e" "CARGO_TARGET_DIR=/opt/rustwide/target" "-e" "CARGO_INCREMENTAL=0" "-e" "RUST_BACKTRACE=full" "-e" "RUSTFLAGS=--cap-lints=warn" "-e" "RUSTDOCFLAGS=--cap-lints=warn" "-e" "CARGO_HOME=/opt/rustwide/cargo-home" "-e" "RUSTUP_HOME=/opt/rustwide/rustup-home" "-w" "/opt/rustwide/workdir" "-m" "1610612736" "--user" "0:0" "--network" "none" "ghcr.io/rust-lang/crates-build-env/linux@sha256:f3a9d4ad9d972b27faf3965f35b62e55ba32bbce8f20bc8fe909558a86702fde" "/opt/rustwide/cargo-home/bin/cargo" "+1.83.0" "test" "--frozen", kill_on_drop: false }`
[INFO] [stdout] 9974dec86c364ae557bd48b408dcdcf2e96c0e90b8f46de6761ca77074081485
[INFO] running `Command { std: "docker" "start" "-a" "9974dec86c364ae557bd48b408dcdcf2e96c0e90b8f46de6761ca77074081485", kill_on_drop: false }`
[INFO] [stderr] warning: unused imports: `fmt::Display`, `iter::Peekable`, and `str::Chars`
[INFO] [stderr]  --> src/parser.rs:1:11
[INFO] [stderr]   |
[INFO] [stderr] 1 | use std::{fmt::Display, iter::Peekable, ops::Range, str::Chars};
[INFO] [stderr]   |           ^^^^^^^^^^^^  ^^^^^^^^^^^^^^              ^^^^^^^^^^
[INFO] [stderr]   |
[INFO] [stderr]   = note: `#[warn(unused_imports)]` on by default
[INFO] [stderr] 
[INFO] [stderr] warning: unused imports: `fmt::Display` and `num::ParseFloatError`
[INFO] [stderr]  --> src/token.rs:1:11
[INFO] [stderr]   |
[INFO] [stderr] 1 | use std::{fmt::Display, num::ParseFloatError, ops::Range};
[INFO] [stderr]   |           ^^^^^^^^^^^^  ^^^^^^^^^^^^^^^^^^^^
[INFO] [stderr] 
[INFO] [stderr] warning: unused imports: `num::ParseFloatError` and `str::Utf8Error`
[INFO] [stderr]  --> src/lib.rs:4:25
[INFO] [stderr]   |
[INFO] [stderr] 4 | use std::{fmt::Display, num::ParseFloatError, str::Utf8Error};
[INFO] [stderr]   |                         ^^^^^^^^^^^^^^^^^^^^  ^^^^^^^^^^^^^^
[INFO] [stderr] 
[INFO] [stderr] warning: multiple variants are never constructed
[INFO] [stderr]   --> src/parser.rs:44:5
[INFO] [stderr]    |
[INFO] [stderr] 43 | pub enum Block<'a> {
[INFO] [stderr]    |          ----- variants in this enum
[INFO] [stderr] 44 |     Title(Value<'a>),
[INFO] [stderr]    |     ^^^^^
[INFO] [stderr] 45 |     Author(Value<'a>),
[INFO] [stderr]    |     ^^^^^^
[INFO] [stderr] 46 |     Anchor(Value<'a>),
[INFO] [stderr]    |     ^^^^^^
[INFO] [stderr] 47 |     Jump(Value<'a>),
[INFO] [stderr]    |     ^^^^
[INFO] [stderr] 48 |     Set {
[INFO] [stderr]    |     ^^^
[INFO] [stderr] ...
[INFO] [stderr] 52 |     Emit(Value<'a>),
[INFO] [stderr]    |     ^^^^
[INFO] [stderr] 53 |     If {
[INFO] [stderr]    |     ^^
[INFO] [stderr] ...
[INFO] [stderr] 58 |     Fi,
[INFO] [stderr]    |     ^^
[INFO] [stderr] 59 |     End,
[INFO] [stderr]    |     ^^^
[INFO] [stderr] 60 |
[INFO] [stderr] 61 |     Text(&'a str),
[INFO] [stderr]    |     ^^^^
[INFO] [stderr]    |
[INFO] [stderr]    = note: `Block` has derived impls for the traits `Clone` and `Debug`, but these are intentionally ignored during dead code analysis
[INFO] [stderr]    = note: `#[warn(dead_code)]` on by default
[INFO] [stderr] 
[INFO] [stderr] warning: struct `Parser` is never constructed
[INFO] [stderr]   --> src/parser.rs:97:12
[INFO] [stderr]    |
[INFO] [stderr] 97 | pub struct Parser<'a> {
[INFO] [stderr]    |            ^^^^^^
[INFO] [stderr]    |
[INFO] [stderr]    = note: `Parser` has a derived impl for the trait `Debug`, but this is intentionally ignored during dead code analysis
[INFO] [stderr] 
[INFO] [stderr] warning: associated items `new` and `parse` are never used
[INFO] [stderr]    --> src/parser.rs:104:12
[INFO] [stderr]     |
[INFO] [stderr] 103 | impl<'a> Parser<'a> {
[INFO] [stderr]     | ------------------- associated items in this implementation
[INFO] [stderr] 104 |     pub fn new(input: &'a str) -> Self {
[INFO] [stderr]     |            ^^^
[INFO] [stderr] ...
[INFO] [stderr] 112 |     pub fn parse(&mut self) -> Result<&Vec<Block<'a>>, crate::Error> {
[INFO] [stderr]     |            ^^^^^
[INFO] [stderr] 
[INFO] [stderr] warning: struct `TokenData` is never constructed
[INFO] [stderr]   --> src/token.rs:54:12
[INFO] [stderr]    |
[INFO] [stderr] 54 | pub struct TokenData<'a> {
[INFO] [stderr]    |            ^^^^^^^^^
[INFO] [stderr] 
[INFO] [stderr] warning: function `tokenize` is never used
[INFO] [stderr]   --> src/token.rs:59:8
[INFO] [stderr]    |
[INFO] [stderr] 59 | pub fn tokenize(input: &str) -> Result<Vec<TokenData>, crate::Error> {
[INFO] [stderr]    |        ^^^^^^^^
[INFO] [stderr] 
[INFO] [stderr] warning: `narratick` (lib) generated 8 warnings (run `cargo fix --lib -p narratick` to apply 3 suggestions)
[INFO] [stderr] warning: `narratick` (lib test) generated 3 warnings (3 duplicates)
[INFO] [stderr]     Finished `test` profile [unoptimized + debuginfo] target(s) in 0.04s
[INFO] [stderr]      Running unittests src/lib.rs (/opt/rustwide/target/debug/deps/narratick-476edfdf4437d22e)
[INFO] [stdout] 
[INFO] [stdout] running 3 tests
[INFO] [stdout] test parser::tests::simple ... ok
[INFO] [stdout] test parser::tests::adhoc ... ok
[INFO] [stdout] test token::tests::simple ... FAILED
[INFO] [stdout] 
[INFO] [stdout] failures:
[INFO] [stdout] 
[INFO] [stdout] ---- token::tests::simple stdout ----
[INFO] [stdout] thread 'token::tests::simple' panicked at src/token.rs:86:9:
[INFO] [stdout] assertion `left == right` failed
[INFO] [stdout]   left: Some(Ok(String("Test Title")))
[INFO] [stdout]  right: Some(Ok(String("\"Test Title\"")))
[INFO] [stdout] stack backtrace:
[INFO] [stdout]    0:     0x55a9b2f0677a - std::backtrace_rs::backtrace::libunwind::trace::h5a5b8284f2d0c266
[INFO] [stdout]                                at /rustc/90b35a6239c3d8bdabc530a6a0816f7ff89a0aaf/library/std/src/../../backtrace/src/backtrace/libunwind.rs:116:5
[INFO] [stdout]    1:     0x55a9b2f0677a - std::backtrace_rs::backtrace::trace_unsynchronized::h76d4f1c9b0b875e3
[INFO] [stdout]                                at /rustc/90b35a6239c3d8bdabc530a6a0816f7ff89a0aaf/library/std/src/../../backtrace/src/backtrace/mod.rs:66:5
[INFO] [stdout]    2:     0x55a9b2f0677a - std::sys::backtrace::_print_fmt::hc4546b8364a537c6
[INFO] [stdout]                                at /rustc/90b35a6239c3d8bdabc530a6a0816f7ff89a0aaf/library/std/src/sys/backtrace.rs:66:9
[INFO] [stdout]    3:     0x55a9b2f0677a - <std::sys::backtrace::BacktraceLock::print::DisplayBacktrace as core::fmt::Display>::fmt::h5b6bd5631a6d1f6b
[INFO] [stdout]                                at /rustc/90b35a6239c3d8bdabc530a6a0816f7ff89a0aaf/library/std/src/sys/backtrace.rs:39:26
[INFO] [stdout]    4:     0x55a9b2f2cdb3 - core::fmt::rt::Argument::fmt::h270f6602a2b96f62
[INFO] [stdout]                                at /rustc/90b35a6239c3d8bdabc530a6a0816f7ff89a0aaf/library/core/src/fmt/rt.rs:177:76
[INFO] [stdout]    5:     0x55a9b2f2cdb3 - core::fmt::write::h7550c97b06c86515
[INFO] [stdout]                                at /rustc/90b35a6239c3d8bdabc530a6a0816f7ff89a0aaf/library/core/src/fmt/mod.rs:1186:21
[INFO] [stdout]    6:     0x55a9b2f03943 - std::io::Write::write_fmt::h509ff860e5956e5e
[INFO] [stdout]                                at /rustc/90b35a6239c3d8bdabc530a6a0816f7ff89a0aaf/library/std/src/io/mod.rs:1839:15
[INFO] [stdout]    7:     0x55a9b2f065c2 - std::sys::backtrace::BacktraceLock::print::h2395ccd2c84ba3aa
[INFO] [stdout]                                at /rustc/90b35a6239c3d8bdabc530a6a0816f7ff89a0aaf/library/std/src/sys/backtrace.rs:42:9
[INFO] [stdout]    8:     0x55a9b2f07bda - std::panicking::default_hook::{{closure}}::he19d4c7230e07961
[INFO] [stdout]                                at /rustc/90b35a6239c3d8bdabc530a6a0816f7ff89a0aaf/library/std/src/panicking.rs:268:22
[INFO] [stdout]    9:     0x55a9b2f079e4 - std::panicking::default_hook::hf614597d3c67bbdb
[INFO] [stdout]                                at /rustc/90b35a6239c3d8bdabc530a6a0816f7ff89a0aaf/library/std/src/panicking.rs:292:9
[INFO] [stdout]   10:     0x55a9b2ed32c9 - <alloc::boxed::Box<F,A> as core::ops::function::Fn<Args>>::call::h39b51ce4599c23d1
[INFO] [stdout]                                at /rustc/90b35a6239c3d8bdabc530a6a0816f7ff89a0aaf/library/alloc/src/boxed.rs:2468:9
[INFO] [stdout]   11:     0x55a9b2ed32c9 - test::test_main::{{closure}}::he977ae839a582784
[INFO] [stdout]                                at /rustc/90b35a6239c3d8bdabc530a6a0816f7ff89a0aaf/library/test/src/lib.rs:133:21
[INFO] [stdout]   12:     0x55a9b2f08278 - <alloc::boxed::Box<F,A> as core::ops::function::Fn<Args>>::call::h9455091b6b06f9fb
[INFO] [stdout]                                at /rustc/90b35a6239c3d8bdabc530a6a0816f7ff89a0aaf/library/alloc/src/boxed.rs:2468:9
[INFO] [stdout]   13:     0x55a9b2f08278 - std::panicking::rust_panic_with_hook::h8942133a8b252070
[INFO] [stdout]                                at /rustc/90b35a6239c3d8bdabc530a6a0816f7ff89a0aaf/library/std/src/panicking.rs:809:13
[INFO] [stdout]   14:     0x55a9b2f0803a - std::panicking::begin_panic_handler::{{closure}}::hb5f5963570096b29
[INFO] [stdout]                                at /rustc/90b35a6239c3d8bdabc530a6a0816f7ff89a0aaf/library/std/src/panicking.rs:674:13
[INFO] [stdout]   15:     0x55a9b2f06c59 - std::sys::backtrace::__rust_end_short_backtrace::h6208cedc1922feda
[INFO] [stdout]                                at /rustc/90b35a6239c3d8bdabc530a6a0816f7ff89a0aaf/library/std/src/sys/backtrace.rs:170:18
[INFO] [stdout]   16:     0x55a9b2f07ccc - rust_begin_unwind
[INFO] [stdout]                                at /rustc/90b35a6239c3d8bdabc530a6a0816f7ff89a0aaf/library/std/src/panicking.rs:665:5
[INFO] [stdout]   17:     0x55a9b2e77a50 - core::panicking::panic_fmt::h0c3082644d1bf418
[INFO] [stdout]                                at /rustc/90b35a6239c3d8bdabc530a6a0816f7ff89a0aaf/library/core/src/panicking.rs:74:14
[INFO] [stdout]   18:     0x55a9b2e77d7b - core::panicking::assert_failed_inner::h2ddf1fcc067fa858
[INFO] [stdout]   19:     0x55a9b2e91671 - core::panicking::assert_failed::h998d1ed127935b65
[INFO] [stdout]                                at /rustc/90b35a6239c3d8bdabc530a6a0816f7ff89a0aaf/library/core/src/panicking.rs:367:5
[INFO] [stdout]   20:     0x55a9b2e944e6 - narratick::token::tests::simple::hae69e966c75c25d5
[INFO] [stdout]                                at /opt/rustwide/workdir/src/token.rs:86:9
[INFO] [stdout]   21:     0x55a9b2e94237 - narratick::token::tests::simple::{{closure}}::h8595e651775aedbd
[INFO] [stdout]                                at /opt/rustwide/workdir/src/token.rs:77:16
[INFO] [stdout]   22:     0x55a9b2e90a16 - core::ops::function::FnOnce::call_once::h9979a11483dcc305
[INFO] [stdout]                                at /rustc/90b35a6239c3d8bdabc530a6a0816f7ff89a0aaf/library/core/src/ops/function.rs:250:5
[INFO] [stdout]   23:     0x55a9b2ed7c8b - core::ops::function::FnOnce::call_once::h109cf8051a59b34e
[INFO] [stdout]                                at /rustc/90b35a6239c3d8bdabc530a6a0816f7ff89a0aaf/library/core/src/ops/function.rs:250:5
[INFO] [stdout]   24:     0x55a9b2ed7c8b - test::__rust_begin_short_backtrace::hf4fff89d377446ba
[INFO] [stdout]                                at /rustc/90b35a6239c3d8bdabc530a6a0816f7ff89a0aaf/library/test/src/lib.rs:621:18
[INFO] [stdout]   25:     0x55a9b2ed74c7 - test::run_test_in_process::{{closure}}::h0e39181dd7ee5a43
[INFO] [stdout]                                at /rustc/90b35a6239c3d8bdabc530a6a0816f7ff89a0aaf/library/test/src/lib.rs:644:60
[INFO] [stdout]   26:     0x55a9b2ed74c7 - <core::panic::unwind_safe::AssertUnwindSafe<F> as core::ops::function::FnOnce<()>>::call_once::hc5a66a30f0bdfd1f
[INFO] [stdout]                                at /rustc/90b35a6239c3d8bdabc530a6a0816f7ff89a0aaf/library/core/src/panic/unwind_safe.rs:272:9
[INFO] [stdout]   27:     0x55a9b2ed74c7 - std::panicking::try::do_call::h873b7cf639554a5e
[INFO] [stdout]                                at /rustc/90b35a6239c3d8bdabc530a6a0816f7ff89a0aaf/library/std/src/panicking.rs:557:40
[INFO] [stdout]   28:     0x55a9b2ed74c7 - std::panicking::try::hdb19862fad9c8bd1
[INFO] [stdout]                                at /rustc/90b35a6239c3d8bdabc530a6a0816f7ff89a0aaf/library/std/src/panicking.rs:520:19
[INFO] [stdout]   29:     0x55a9b2ed74c7 - std::panic::catch_unwind::h281fe732d236d260
[INFO] [stdout]                                at /rustc/90b35a6239c3d8bdabc530a6a0816f7ff89a0aaf/library/std/src/panic.rs:358:14
[INFO] [stdout]   30:     0x55a9b2ed74c7 - test::run_test_in_process::h949b6df8457ed338
[INFO] [stdout]                                at /rustc/90b35a6239c3d8bdabc530a6a0816f7ff89a0aaf/library/test/src/lib.rs:644:27
[INFO] [stdout]   31:     0x55a9b2ed74c7 - test::run_test::{{closure}}::h52c556a6d4740e10
[INFO] [stdout]                                at /rustc/90b35a6239c3d8bdabc530a6a0816f7ff89a0aaf/library/test/src/lib.rs:565:43
[INFO] [stdout]   32:     0x55a9b2e9c7a4 - test::run_test::{{closure}}::h4237f6381c45ccb9
[INFO] [stdout]                                at /rustc/90b35a6239c3d8bdabc530a6a0816f7ff89a0aaf/library/test/src/lib.rs:595:41
[INFO] [stdout]   33:     0x55a9b2e9c7a4 - std::sys::backtrace::__rust_begin_short_backtrace::h505c97a579eca628
[INFO] [stdout]                                at /rustc/90b35a6239c3d8bdabc530a6a0816f7ff89a0aaf/library/std/src/sys/backtrace.rs:154:18
[INFO] [stdout]   34:     0x55a9b2e9fe6e - std::thread::Builder::spawn_unchecked_::{{closure}}::{{closure}}::h9e86b2e2bc107ea3
[INFO] [stdout]                                at /rustc/90b35a6239c3d8bdabc530a6a0816f7ff89a0aaf/library/std/src/thread/mod.rs:538:17
[INFO] [stdout]   35:     0x55a9b2e9fe6e - <core::panic::unwind_safe::AssertUnwindSafe<F> as core::ops::function::FnOnce<()>>::call_once::h8b06ddb275ff4a25
[INFO] [stdout]                                at /rustc/90b35a6239c3d8bdabc530a6a0816f7ff89a0aaf/library/core/src/panic/unwind_safe.rs:272:9
[INFO] [stdout]   36:     0x55a9b2e9fe6e - std::panicking::try::do_call::hb26ecd7cd9a9355d
[INFO] [stdout]                                at /rustc/90b35a6239c3d8bdabc530a6a0816f7ff89a0aaf/library/std/src/panicking.rs:557:40
[INFO] [stdout]   37:     0x55a9b2e9fe6e - std::panicking::try::h8ddeca9d705f9069
[INFO] [stdout]                                at /rustc/90b35a6239c3d8bdabc530a6a0816f7ff89a0aaf/library/std/src/panicking.rs:520:19
[INFO] [stdout]   38:     0x55a9b2e9fe6e - std::panic::catch_unwind::h49e1c33078844c46
[INFO] [stdout]                                at /rustc/90b35a6239c3d8bdabc530a6a0816f7ff89a0aaf/library/std/src/panic.rs:358:14
[INFO] [stdout]   39:     0x55a9b2e9fe6e - std::thread::Builder::spawn_unchecked_::{{closure}}::h6073db6ff56ad35d
[INFO] [stdout]                                at /rustc/90b35a6239c3d8bdabc530a6a0816f7ff89a0aaf/library/std/src/thread/mod.rs:537:30
[INFO] [stdout]   40:     0x55a9b2e9fe6e - core::ops::function::FnOnce::call_once{{vtable.shim}}::h2c5a5f3779c774f1
[INFO] [stdout]                                at /rustc/90b35a6239c3d8bdabc530a6a0816f7ff89a0aaf/library/core/src/ops/function.rs:250:5
[INFO] [stdout]   41:     0x55a9b2f0bfcb - <alloc::boxed::Box<F,A> as core::ops::function::FnOnce<Args>>::call_once::hf75717d9f28faebf
[INFO] [stdout]                                at /rustc/90b35a6239c3d8bdabc530a6a0816f7ff89a0aaf/library/alloc/src/boxed.rs:2454:9
[INFO] [stdout]   42:     0x55a9b2f0bfcb - <alloc::boxed::Box<F,A> as core::ops::function::FnOnce<Args>>::call_once::h7bd883a5f3c5f3c1
[INFO] [stdout]                                at /rustc/90b35a6239c3d8bdabc530a6a0816f7ff89a0aaf/library/alloc/src/boxed.rs:2454:9
[INFO] [stdout]   43:     0x55a9b2f0bfcb - std::sys::pal::unix::thread::Thread::new::thread_start::hcc78f3943333fa94
[INFO] [stdout]                                at /rustc/90b35a6239c3d8bdabc530a6a0816f7ff89a0aaf/library/std/src/sys/pal/unix/thread.rs:105:17
[INFO] [stdout]   44:     0x7ab61d7f5ac3 - <unknown>
[INFO] [stdout]   45:     0x7ab61d886a04 - clone
[INFO] [stdout]   46:                0x0 - <unknown>
[INFO] [stdout] 
[INFO] [stdout] 
[INFO] [stdout] failures:
[INFO] [stdout]     token::tests::simple
[INFO] [stdout] 
[INFO] [stdout] test result: FAILED. 2 passed; 1 failed; 0 ignored; 0 measured; 0 filtered out; finished in 0.02s
[INFO] [stdout] 
[INFO] [stderr] error: test failed, to rerun pass `--lib`
[INFO] running `Command { std: "docker" "inspect" "9974dec86c364ae557bd48b408dcdcf2e96c0e90b8f46de6761ca77074081485", kill_on_drop: false }`
[INFO] running `Command { std: "docker" "rm" "-f" "9974dec86c364ae557bd48b408dcdcf2e96c0e90b8f46de6761ca77074081485", kill_on_drop: false }`
[INFO] [stdout] 9974dec86c364ae557bd48b408dcdcf2e96c0e90b8f46de6761ca77074081485
