[INFO] cloning repository https://github.com/psastras/sbom-rs
[INFO] running `Command { std: "git" "-c" "credential.helper=" "-c" "credential.helper=/workspace/cargo-home/bin/git-credential-null" "clone" "--bare" "https://github.com/psastras/sbom-rs" "/workspace/cache/git-repos/https%3A%2F%2Fgithub.com%2Fpsastras%2Fsbom-rs", kill_on_drop: false }`
[INFO] [stderr] Cloning into bare repository '/workspace/cache/git-repos/https%3A%2F%2Fgithub.com%2Fpsastras%2Fsbom-rs'...
[INFO] running `Command { std: "git" "rev-parse" "HEAD", kill_on_drop: false }`
[INFO] [stdout] cfef97ab2854e4dd29f1ebac7d433ff276eae471
[INFO] testing psastras/sbom-rs against beta-2024-12-08 for beta-1.84.0-4-retry
[INFO] running `Command { std: "git" "clone" "/workspace/cache/git-repos/https%3A%2F%2Fgithub.com%2Fpsastras%2Fsbom-rs" "/workspace/builds/worker-7-tc2/source", kill_on_drop: false }`
[INFO] [stderr] Cloning into '/workspace/builds/worker-7-tc2/source'...
[INFO] [stderr] done.
[INFO] validating manifest of git repo https://github.com/psastras/sbom-rs on toolchain beta-2024-12-08
[INFO] running `Command { std: CARGO_HOME="/workspace/cargo-home" RUSTUP_HOME="/workspace/rustup-home" "/workspace/cargo-home/bin/cargo" "+beta-2024-12-08" "metadata" "--manifest-path" "Cargo.toml" "--no-deps", kill_on_drop: false }`
[INFO] removed /workspace/builds/worker-7-tc2/source/rust-toolchain.toml
[INFO] started tweaking git repo https://github.com/psastras/sbom-rs
[INFO] finished tweaking git repo https://github.com/psastras/sbom-rs
[INFO] tweaked toml for git repo https://github.com/psastras/sbom-rs written to /workspace/builds/worker-7-tc2/source/Cargo.toml
[INFO] crate git repo https://github.com/psastras/sbom-rs already has a lockfile, it will not be regenerated
[INFO] running `Command { std: CARGO_HOME="/workspace/cargo-home" RUSTUP_HOME="/workspace/rustup-home" "/workspace/cargo-home/bin/cargo" "+beta-2024-12-08" "fetch" "--manifest-path" "Cargo.toml", kill_on_drop: false }`
[INFO] running `Command { std: "docker" "create" "-v" "/var/lib/crater-agent-workspace/builds/worker-7-tc2/target:/opt/rustwide/target:rw,Z" "-v" "/var/lib/crater-agent-workspace/builds/worker-7-tc2/source:/opt/rustwide/workdir:ro,Z" "-v" "/var/lib/crater-agent-workspace/cargo-home:/opt/rustwide/cargo-home:ro,Z" "-v" "/var/lib/crater-agent-workspace/rustup-home:/opt/rustwide/rustup-home:ro,Z" "-e" "SOURCE_DIR=/opt/rustwide/workdir" "-e" "CARGO_TARGET_DIR=/opt/rustwide/target" "-e" "CARGO_HOME=/opt/rustwide/cargo-home" "-e" "RUSTUP_HOME=/opt/rustwide/rustup-home" "-w" "/opt/rustwide/workdir" "-m" "1610612736" "--user" "0:0" "--network" "none" "ghcr.io/rust-lang/crates-build-env/linux@sha256:f3a9d4ad9d972b27faf3965f35b62e55ba32bbce8f20bc8fe909558a86702fde" "/opt/rustwide/cargo-home/bin/cargo" "+beta-2024-12-08" "metadata" "--no-deps" "--format-version=1", kill_on_drop: false }`
[INFO] [stdout] 46f0f668da42aa06c03143a549b882dddd18fe21d91d54e03ef23d25dd7cc659
[INFO] running `Command { std: "docker" "start" "-a" "46f0f668da42aa06c03143a549b882dddd18fe21d91d54e03ef23d25dd7cc659", kill_on_drop: false }`
[INFO] running `Command { std: "docker" "inspect" "46f0f668da42aa06c03143a549b882dddd18fe21d91d54e03ef23d25dd7cc659", kill_on_drop: false }`
[INFO] running `Command { std: "docker" "rm" "-f" "46f0f668da42aa06c03143a549b882dddd18fe21d91d54e03ef23d25dd7cc659", kill_on_drop: false }`
[INFO] [stdout] 46f0f668da42aa06c03143a549b882dddd18fe21d91d54e03ef23d25dd7cc659
[INFO] running `Command { std: "docker" "create" "-v" "/var/lib/crater-agent-workspace/builds/worker-7-tc2/target:/opt/rustwide/target:rw,Z" "-v" "/var/lib/crater-agent-workspace/builds/worker-7-tc2/source:/opt/rustwide/workdir:ro,Z" "-v" "/var/lib/crater-agent-workspace/cargo-home:/opt/rustwide/cargo-home:ro,Z" "-v" "/var/lib/crater-agent-workspace/rustup-home:/opt/rustwide/rustup-home:ro,Z" "-e" "SOURCE_DIR=/opt/rustwide/workdir" "-e" "CARGO_TARGET_DIR=/opt/rustwide/target" "-e" "CARGO_INCREMENTAL=0" "-e" "RUST_BACKTRACE=full" "-e" "RUSTFLAGS=--cap-lints=warn" "-e" "RUSTDOCFLAGS=--cap-lints=warn" "-e" "CARGO_HOME=/opt/rustwide/cargo-home" "-e" "RUSTUP_HOME=/opt/rustwide/rustup-home" "-w" "/opt/rustwide/workdir" "-m" "1610612736" "--user" "0:0" "--network" "none" "ghcr.io/rust-lang/crates-build-env/linux@sha256:f3a9d4ad9d972b27faf3965f35b62e55ba32bbce8f20bc8fe909558a86702fde" "/opt/rustwide/cargo-home/bin/cargo" "+beta-2024-12-08" "build" "--frozen" "--message-format=json", kill_on_drop: false }`
[INFO] [stdout] 658e22300e932536feee4c5ded2a7fbff65444d1bc3c3f129927a06c1ca232a4
[INFO] running `Command { std: "docker" "start" "-a" "658e22300e932536feee4c5ded2a7fbff65444d1bc3c3f129927a06c1ca232a4", kill_on_drop: false }`
[INFO] [stderr]    Compiling proc-macro2 v1.0.86
[INFO] [stderr]    Compiling unicode-ident v1.0.10
[INFO] [stderr]    Compiling serde v1.0.204
[INFO] [stderr]    Compiling fnv v1.0.7
[INFO] [stderr]    Compiling memchr v2.5.0
[INFO] [stderr]    Compiling ryu v1.0.14
[INFO] [stderr]    Compiling itoa v1.0.8
[INFO] [stderr]    Compiling serde_json v1.0.120
[INFO] [stderr]    Compiling regex-syntax v0.7.2
[INFO] [stderr]    Compiling lazy_static v1.4.0
[INFO] [stderr]    Compiling anyhow v1.0.86
[INFO] [stderr]    Compiling strsim v0.10.0
[INFO] [stderr]    Compiling ident_case v1.0.1
[INFO] [stderr]    Compiling prettyplease v0.2.20
[INFO] [stderr]    Compiling thiserror v1.0.63
[INFO] [stderr]    Compiling utf8parse v0.2.1
[INFO] [stderr]    Compiling uriparse v0.6.4
[INFO] [stderr]    Compiling anstyle-parse v0.2.1
[INFO] [stderr]    Compiling anstyle-query v1.0.0
[INFO] [stderr]    Compiling anstyle v1.0.3
[INFO] [stderr]    Compiling libc v0.2.147
[INFO] [stderr]    Compiling colorchoice v1.0.0
[INFO] [stderr]    Compiling num-traits v0.2.15
[INFO] [stderr]    Compiling heck v0.5.0
[INFO] [stderr]    Compiling camino v1.1.4
[INFO] [stderr]    Compiling strsim v0.11.0
[INFO] [stderr]    Compiling anstream v0.6.7
[INFO] [stderr]    Compiling semver v1.0.23
[INFO] [stderr]    Compiling clap_lex v0.7.0
[INFO] [stderr]    Compiling equivalent v1.0.0
[INFO] [stderr]    Compiling hashbrown v0.14.0
[INFO] [stderr]    Compiling built v0.7.4
[INFO] [stderr]    Compiling percent-encoding v2.3.0
[INFO] [stderr]    Compiling smallvec v1.10.0
[INFO] [stderr]    Compiling clap_builder v4.5.10
[INFO] [stderr]    Compiling iana-time-zone v0.1.57
[INFO] [stderr]    Compiling fixedbitset v0.4.2
[INFO] [stderr]    Compiling whoami v1.5.1
[INFO] [stderr]    Compiling spdx v0.10.6
[INFO] [stderr]    Compiling cargo-sbom v0.9.1 (/opt/rustwide/workdir/cargo-sbom)
[INFO] [stderr]    Compiling quote v1.0.36
[INFO] [stderr]    Compiling aho-corasick v1.0.2
[INFO] [stderr]    Compiling getrandom v0.2.10
[INFO] [stderr]    Compiling indexmap v2.0.0
[INFO] [stderr]    Compiling syn v2.0.72
[INFO] [stderr]    Compiling syn v1.0.109
[INFO] [stderr]    Compiling uuid v1.10.0
[INFO] [stderr]    Compiling petgraph v0.6.5
[INFO] [stderr]    Compiling chrono v0.4.38
[INFO] [stderr]    Compiling regex v1.8.4
[INFO] [stderr]    Compiling Inflector v0.11.4
[INFO] [stderr]    Compiling darling_core v0.20.6
[INFO] [stderr]    Compiling serde_derive v1.0.204
[INFO] [stderr]    Compiling thiserror-impl v1.0.63
[INFO] [stderr]    Compiling clap_derive v4.5.8
[INFO] [stderr]    Compiling darling_macro v0.20.6
[INFO] [stderr]    Compiling packageurl v0.4.0
[INFO] [stderr]    Compiling clap v4.5.10
[INFO] [stderr]    Compiling clap-cargo v0.14.0
[INFO] [stderr]    Compiling darling v0.20.6
[INFO] [stderr]    Compiling derive_builder_core v0.20.0
[INFO] [stderr]    Compiling derive_builder_macro v0.20.0
[INFO] [stderr]    Compiling derive_builder v0.20.0
[INFO] [stderr]    Compiling cargo-platform v0.1.2
[INFO] [stderr]    Compiling schemafy_core v0.6.0
[INFO] [stderr]    Compiling cargo_metadata v0.18.1
[INFO] [stderr]    Compiling schemafy_lib v0.6.0
[INFO] [stderr]    Compiling serde-cyclonedx v0.9.1 (/opt/rustwide/workdir/serde-cyclonedx)
[INFO] [stderr]    Compiling serde-spdx v0.9.1 (/opt/rustwide/workdir/serde-spdx)
[INFO] [stderr]     Finished `dev` profile [unoptimized + debuginfo] target(s) in 56.26s
[INFO] running `Command { std: "docker" "inspect" "658e22300e932536feee4c5ded2a7fbff65444d1bc3c3f129927a06c1ca232a4", kill_on_drop: false }`
[INFO] running `Command { std: "docker" "rm" "-f" "658e22300e932536feee4c5ded2a7fbff65444d1bc3c3f129927a06c1ca232a4", kill_on_drop: false }`
[INFO] [stdout] 658e22300e932536feee4c5ded2a7fbff65444d1bc3c3f129927a06c1ca232a4
[INFO] running `Command { std: "docker" "create" "-v" "/var/lib/crater-agent-workspace/builds/worker-7-tc2/target:/opt/rustwide/target:rw,Z" "-v" "/var/lib/crater-agent-workspace/builds/worker-7-tc2/source:/opt/rustwide/workdir:ro,Z" "-v" "/var/lib/crater-agent-workspace/cargo-home:/opt/rustwide/cargo-home:ro,Z" "-v" "/var/lib/crater-agent-workspace/rustup-home:/opt/rustwide/rustup-home:ro,Z" "-e" "SOURCE_DIR=/opt/rustwide/workdir" "-e" "CARGO_TARGET_DIR=/opt/rustwide/target" "-e" "CARGO_INCREMENTAL=0" "-e" "RUST_BACKTRACE=full" "-e" "RUSTFLAGS=--cap-lints=warn" "-e" "RUSTDOCFLAGS=--cap-lints=warn" "-e" "CARGO_HOME=/opt/rustwide/cargo-home" "-e" "RUSTUP_HOME=/opt/rustwide/rustup-home" "-w" "/opt/rustwide/workdir" "-m" "1610612736" "--user" "0:0" "--network" "none" "ghcr.io/rust-lang/crates-build-env/linux@sha256:f3a9d4ad9d972b27faf3965f35b62e55ba32bbce8f20bc8fe909558a86702fde" "/opt/rustwide/cargo-home/bin/cargo" "+beta-2024-12-08" "test" "--frozen" "--no-run" "--message-format=json", kill_on_drop: false }`
[INFO] [stdout] 87f3c9a8150107eba3d5284644d6412328dddcca8605a26fd133624347ed4f0a
[INFO] running `Command { std: "docker" "start" "-a" "87f3c9a8150107eba3d5284644d6412328dddcca8605a26fd133624347ed4f0a", kill_on_drop: false }`
[INFO] [stderr]    Compiling regex-syntax v0.7.2
[INFO] [stderr]    Compiling memchr v2.5.0
[INFO] [stderr]    Compiling libc v0.2.147
[INFO] [stderr]    Compiling once_cell v1.18.0
[INFO] [stderr]    Compiling predicates-core v1.0.6
[INFO] [stderr]    Compiling doc-comment v0.3.3
[INFO] [stderr]    Compiling difflib v0.4.0
[INFO] [stderr]    Compiling assert_cmd v2.0.14
[INFO] [stderr]    Compiling termtree v0.4.1
[INFO] [stderr]    Compiling float-cmp v0.9.0
[INFO] [stderr]    Compiling escargot v0.5.11
[INFO] [stderr]    Compiling regex-automata v0.3.3
[INFO] [stderr]    Compiling normalize-line-endings v0.3.0
[INFO] [stderr]    Compiling yansi v0.5.1
[INFO] [stderr]    Compiling diff v0.1.13
[INFO] [stderr]    Compiling log v0.4.19
[INFO] [stderr]    Compiling predicates-tree v1.0.9
[INFO] [stderr]    Compiling pretty_assertions v1.4.0
[INFO] [stderr]    Compiling aho-corasick v1.0.2
[INFO] [stderr]    Compiling os_pipe v1.1.4
[INFO] [stderr]    Compiling shared_child v1.0.0
[INFO] [stderr]    Compiling getrandom v0.2.10
[INFO] [stderr]    Compiling wait-timeout v0.2.0
[INFO] [stderr]    Compiling duct v0.13.7
[INFO] [stderr]    Compiling uuid v1.10.0
[INFO] [stderr]    Compiling duct_sh v0.13.7
[INFO] [stderr]    Compiling bstr v1.6.0
[INFO] [stderr]    Compiling regex v1.8.4
[INFO] [stderr]    Compiling Inflector v0.11.4
[INFO] [stderr]    Compiling predicates v3.1.0
[INFO] [stderr]    Compiling schemafy_lib v0.6.0
[INFO] [stderr]    Compiling serde-cyclonedx v0.9.1 (/opt/rustwide/workdir/serde-cyclonedx)
[INFO] [stderr]    Compiling serde-spdx v0.9.1 (/opt/rustwide/workdir/serde-spdx)
[INFO] [stderr]    Compiling tests v0.1.0 (/opt/rustwide/workdir/tests)
[INFO] [stderr]    Compiling cargo-sbom v0.9.1 (/opt/rustwide/workdir/cargo-sbom)
[INFO] [stdout] warning: unused import: `assert_cmd::Command`
[INFO] [stdout]  --> tests/examples_test.rs:7:5
[INFO] [stdout]   |
[INFO] [stdout] 7 | use assert_cmd::Command;
[INFO] [stdout]   |     ^^^^^^^^^^^^^^^^^^^
[INFO] [stdout]   |
[INFO] [stdout]   = note: `#[warn(unused_imports)]` on by default
[INFO] [stdout] 
[INFO] [stdout] 
[INFO] [stderr]     Finished `test` profile [unoptimized + debuginfo] target(s) in 40.51s
[INFO] running `Command { std: "docker" "inspect" "87f3c9a8150107eba3d5284644d6412328dddcca8605a26fd133624347ed4f0a", kill_on_drop: false }`
[INFO] running `Command { std: "docker" "rm" "-f" "87f3c9a8150107eba3d5284644d6412328dddcca8605a26fd133624347ed4f0a", kill_on_drop: false }`
[INFO] [stdout] 87f3c9a8150107eba3d5284644d6412328dddcca8605a26fd133624347ed4f0a
[INFO] running `Command { std: "docker" "create" "-v" "/var/lib/crater-agent-workspace/builds/worker-7-tc2/target:/opt/rustwide/target:rw,Z" "-v" "/var/lib/crater-agent-workspace/builds/worker-7-tc2/source:/opt/rustwide/workdir:ro,Z" "-v" "/var/lib/crater-agent-workspace/cargo-home:/opt/rustwide/cargo-home:ro,Z" "-v" "/var/lib/crater-agent-workspace/rustup-home:/opt/rustwide/rustup-home:ro,Z" "-e" "SOURCE_DIR=/opt/rustwide/workdir" "-e" "CARGO_TARGET_DIR=/opt/rustwide/target" "-e" "CARGO_INCREMENTAL=0" "-e" "RUST_BACKTRACE=full" "-e" "RUSTFLAGS=--cap-lints=warn" "-e" "RUSTDOCFLAGS=--cap-lints=warn" "-e" "CARGO_HOME=/opt/rustwide/cargo-home" "-e" "RUSTUP_HOME=/opt/rustwide/rustup-home" "-w" "/opt/rustwide/workdir" "-m" "1610612736" "--user" "0:0" "--network" "none" "ghcr.io/rust-lang/crates-build-env/linux@sha256:f3a9d4ad9d972b27faf3965f35b62e55ba32bbce8f20bc8fe909558a86702fde" "/opt/rustwide/cargo-home/bin/cargo" "+beta-2024-12-08" "test" "--frozen", kill_on_drop: false }`
[INFO] [stdout] bcd275ce4a96a4fedb25af00c7bc3cf0c39b57fc4857e1310625945f6e74b59b
[INFO] running `Command { std: "docker" "start" "-a" "bcd275ce4a96a4fedb25af00c7bc3cf0c39b57fc4857e1310625945f6e74b59b", kill_on_drop: false }`
[INFO] [stderr] warning: unused import: `assert_cmd::Command`
[INFO] [stderr]  --> tests/examples_test.rs:7:5
[INFO] [stderr]   |
[INFO] [stderr] 7 | use assert_cmd::Command;
[INFO] [stderr]   |     ^^^^^^^^^^^^^^^^^^^
[INFO] [stderr]   |
[INFO] [stderr]   = note: `#[warn(unused_imports)]` on by default
[INFO] [stderr] 
[INFO] [stderr] warning: `tests` (test "test_examples") generated 1 warning (run `cargo fix --test "test_examples"` to apply 1 suggestion)
[INFO] [stderr]     Finished `test` profile [unoptimized + debuginfo] target(s) in 0.13s
[INFO] [stderr]      Running unittests src/main.rs (/opt/rustwide/target/debug/deps/cargo_sbom-c9a7c6b810d0a6b1)
[INFO] [stdout] 
[INFO] [stdout] running 3 tests
[INFO] [stdout] test util::spdx::license::tests::test_or ... ok
[INFO] [stdout] test util::spdx::license::tests::test_and ... ok
[INFO] [stdout] test util::spdx::license::tests::test_precedence ... ok
[INFO] [stdout] 
[INFO] [stdout] test result: ok. 3 passed; 0 failed; 0 ignored; 0 measured; 0 filtered out; finished in 0.00s
[INFO] [stdout] 
[INFO] [stderr]      Running unittests src/lib.rs (/opt/rustwide/target/debug/deps/serde_cyclonedx-b38ba007c0151ebf)
[INFO] [stdout] 
[INFO] [stdout] running 0 tests
[INFO] [stdout] 
[INFO] [stdout] test result: ok. 0 passed; 0 failed; 0 ignored; 0 measured; 0 filtered out; finished in 0.00s
[INFO] [stdout] 
[INFO] [stderr]      Running unittests src/lib.rs (/opt/rustwide/target/debug/deps/serde_spdx-be1c8ee6cd8856ce)
[INFO] [stdout] 
[INFO] [stdout] running 0 tests
[INFO] [stdout] 
[INFO] [stderr]      Running examples_test.rs (/opt/rustwide/target/debug/deps/test_examples-71fae8c2099d712c)
[INFO] [stdout] test result: ok. 0 passed; 0 failed; 0 ignored; 0 measured; 0 filtered out; finished in 0.00s
[INFO] [stdout] 
[INFO] [stdout] 
[INFO] [stdout] running 2 tests
[INFO] [stdout] test test_cargo_binary_cyclonedx_example has been running for over 60 seconds
[INFO] [stdout] test test_cargo_binary_spdx_example has been running for over 60 seconds
[INFO] [stdout] test test_cargo_binary_spdx_example ... ok
[INFO] [stdout] test test_cargo_binary_cyclonedx_example ... ok
[INFO] [stderr]    Doc-tests serde_cyclonedx
[INFO] [stdout] 
[INFO] [stdout] test result: ok. 2 passed; 0 failed; 0 ignored; 0 measured; 0 filtered out; finished in 64.89s
[INFO] [stdout] 
[INFO] [stdout] 
[INFO] [stdout] running 2 tests
[INFO] [stdout] test serde-cyclonedx/src/lib.rs - (line 43) ... FAILED
[INFO] [stdout] test serde-cyclonedx/src/lib.rs - (line 26) ... FAILED
[INFO] [stdout] 
[INFO] [stdout] failures:
[INFO] [stdout] 
[INFO] [stdout] ---- serde-cyclonedx/src/lib.rs - (line 43) stdout ----
[INFO] [stdout] error[E0460]: found possibly newer version of crate `derive_builder` which `serde_cyclonedx` depends on
[INFO] [stdout]  --> serde-cyclonedx/src/lib.rs:43:1
[INFO] [stdout]   |
[INFO] [stdout] 3 | extern crate r#serde_cyclonedx;
[INFO] [stdout]   | ^^^^^^^^^^^^^^^^^^^^^^^^^^^^^^^
[INFO] [stdout]   |
[INFO] [stdout]   = note: perhaps that crate needs to be recompiled?
[INFO] [stdout]   = note: the following crate versions were found:
[INFO] [stdout]           crate `derive_builder`: /opt/rustwide/target/debug/deps/libderive_builder-a9a698a0f7c0a4c5.rmeta
[INFO] [stdout]           crate `derive_builder`: /opt/rustwide/target/debug/deps/libderive_builder-a9a698a0f7c0a4c5.rlib
[INFO] [stdout]           crate `serde_cyclonedx`: /opt/rustwide/target/debug/deps/libserde_cyclonedx-d8fd2c3dec7664db.rlib
[INFO] [stdout] 
[INFO] [stdout] error: aborting due to 1 previous error
[INFO] [stdout] 
[INFO] [stdout] For more information about this error, try `rustc --explain E0460`.
[INFO] [stdout] Couldn't compile the test.
[INFO] [stdout] ---- serde-cyclonedx/src/lib.rs - (line 26) stdout ----
[INFO] [stdout] error[E0460]: found possibly newer version of crate `derive_builder` which `serde_cyclonedx` depends on
[INFO] [stdout]  --> serde-cyclonedx/src/lib.rs:26:1
[INFO] [stdout]   |
[INFO] [stdout] 3 | extern crate r#serde_cyclonedx;
[INFO] [stdout]   | ^^^^^^^^^^^^^^^^^^^^^^^^^^^^^^^
[INFO] [stdout]   |
[INFO] [stdout]   = note: perhaps that crate needs to be recompiled?
[INFO] [stdout]   = note: the following crate versions were found:
[INFO] [stdout]           crate `derive_builder`: /opt/rustwide/target/debug/deps/libderive_builder-a9a698a0f7c0a4c5.rmeta
[INFO] [stdout]           crate `derive_builder`: /opt/rustwide/target/debug/deps/libderive_builder-a9a698a0f7c0a4c5.rlib
[INFO] [stdout]           crate `serde_cyclonedx`: /opt/rustwide/target/debug/deps/libserde_cyclonedx-d8fd2c3dec7664db.rlib
[INFO] [stdout] 
[INFO] [stdout] error: aborting due to 1 previous error
[INFO] [stdout] 
[INFO] [stdout] For more information about this error, try `rustc --explain E0460`.
[INFO] [stdout] LLVM Profile Error: Failed to write file "default_14301475883578168614_0_1172.profraw": Read-only file system
[INFO] [stdout] Couldn't compile the test.
[INFO] [stdout] 
[INFO] [stdout] failures:
[INFO] [stdout]     serde-cyclonedx/src/lib.rs - (line 26)
[INFO] [stdout]     serde-cyclonedx/src/lib.rs - (line 43)
[INFO] [stdout] 
[INFO] [stdout] test result: FAILED. 0 passed; 2 failed; 0 ignored; 0 measured; 0 filtered out; finished in 0.11s
[INFO] [stdout] 
[INFO] [stderr] LLVM Profile Error: Failed to write file "default_14301475883578168614_0_1168.profraw": Read-only file system
[INFO] [stderr] LLVM Profile Error: Failed to write file "default_9653980133540477577_0_1168.profraw": Read-only file system
[INFO] [stderr] error: doctest failed, to rerun pass `-p serde-cyclonedx --doc`
[INFO] running `Command { std: "docker" "inspect" "bcd275ce4a96a4fedb25af00c7bc3cf0c39b57fc4857e1310625945f6e74b59b", kill_on_drop: false }`
[INFO] running `Command { std: "docker" "rm" "-f" "bcd275ce4a96a4fedb25af00c7bc3cf0c39b57fc4857e1310625945f6e74b59b", kill_on_drop: false }`
[INFO] [stdout] bcd275ce4a96a4fedb25af00c7bc3cf0c39b57fc4857e1310625945f6e74b59b
