[INFO] cloning repository https://github.com/proman21/ezsp-spi-bridge
[INFO] running `Command { std: "git" "-c" "credential.helper=" "-c" "credential.helper=/workspace/cargo-home/bin/git-credential-null" "clone" "--bare" "https://github.com/proman21/ezsp-spi-bridge" "/workspace/cache/git-repos/https%3A%2F%2Fgithub.com%2Fproman21%2Fezsp-spi-bridge", kill_on_drop: false }`
[INFO] [stderr] Cloning into bare repository '/workspace/cache/git-repos/https%3A%2F%2Fgithub.com%2Fproman21%2Fezsp-spi-bridge'...
[INFO] running `Command { std: "git" "rev-parse" "HEAD", kill_on_drop: false }`
[INFO] [stdout] c7d344737da13ad1d152e4d1b44158f1f1f56323
[INFO] testing proman21/ezsp-spi-bridge against beta-2024-12-08 for beta-1.84.0-4-retry
[INFO] running `Command { std: "git" "clone" "/workspace/cache/git-repos/https%3A%2F%2Fgithub.com%2Fproman21%2Fezsp-spi-bridge" "/workspace/builds/worker-7-tc2/source", kill_on_drop: false }`
[INFO] [stderr] Cloning into '/workspace/builds/worker-7-tc2/source'...
[INFO] [stderr] done.
[INFO] validating manifest of git repo https://github.com/proman21/ezsp-spi-bridge on toolchain beta-2024-12-08
[INFO] running `Command { std: CARGO_HOME="/workspace/cargo-home" RUSTUP_HOME="/workspace/rustup-home" "/workspace/cargo-home/bin/cargo" "+beta-2024-12-08" "metadata" "--manifest-path" "Cargo.toml" "--no-deps", kill_on_drop: false }`
[INFO] started tweaking git repo https://github.com/proman21/ezsp-spi-bridge
[INFO] finished tweaking git repo https://github.com/proman21/ezsp-spi-bridge
[INFO] tweaked toml for git repo https://github.com/proman21/ezsp-spi-bridge written to /workspace/builds/worker-7-tc2/source/Cargo.toml
[INFO] crate git repo https://github.com/proman21/ezsp-spi-bridge already has a lockfile, it will not be regenerated
[INFO] running `Command { std: CARGO_HOME="/workspace/cargo-home" RUSTUP_HOME="/workspace/rustup-home" "/workspace/cargo-home/bin/cargo" "+beta-2024-12-08" "fetch" "--manifest-path" "Cargo.toml", kill_on_drop: false }`
[INFO] running `Command { std: "docker" "create" "-v" "/var/lib/crater-agent-workspace/builds/worker-7-tc2/target:/opt/rustwide/target:rw,Z" "-v" "/var/lib/crater-agent-workspace/builds/worker-7-tc2/source:/opt/rustwide/workdir:ro,Z" "-v" "/var/lib/crater-agent-workspace/cargo-home:/opt/rustwide/cargo-home:ro,Z" "-v" "/var/lib/crater-agent-workspace/rustup-home:/opt/rustwide/rustup-home:ro,Z" "-e" "SOURCE_DIR=/opt/rustwide/workdir" "-e" "CARGO_TARGET_DIR=/opt/rustwide/target" "-e" "CARGO_HOME=/opt/rustwide/cargo-home" "-e" "RUSTUP_HOME=/opt/rustwide/rustup-home" "-w" "/opt/rustwide/workdir" "-m" "1610612736" "--user" "0:0" "--network" "none" "ghcr.io/rust-lang/crates-build-env/linux@sha256:f3a9d4ad9d972b27faf3965f35b62e55ba32bbce8f20bc8fe909558a86702fde" "/opt/rustwide/cargo-home/bin/cargo" "+beta-2024-12-08" "metadata" "--no-deps" "--format-version=1", kill_on_drop: false }`
[INFO] [stdout] e5620a0038542250fbe95da5c29bd85dceb1187050fd8fb8ea0f2d9306a79e0d
[INFO] running `Command { std: "docker" "start" "-a" "e5620a0038542250fbe95da5c29bd85dceb1187050fd8fb8ea0f2d9306a79e0d", kill_on_drop: false }`
[INFO] running `Command { std: "docker" "inspect" "e5620a0038542250fbe95da5c29bd85dceb1187050fd8fb8ea0f2d9306a79e0d", kill_on_drop: false }`
[INFO] running `Command { std: "docker" "rm" "-f" "e5620a0038542250fbe95da5c29bd85dceb1187050fd8fb8ea0f2d9306a79e0d", kill_on_drop: false }`
[INFO] [stdout] e5620a0038542250fbe95da5c29bd85dceb1187050fd8fb8ea0f2d9306a79e0d
[INFO] running `Command { std: "docker" "create" "-v" "/var/lib/crater-agent-workspace/builds/worker-7-tc2/target:/opt/rustwide/target:rw,Z" "-v" "/var/lib/crater-agent-workspace/builds/worker-7-tc2/source:/opt/rustwide/workdir:ro,Z" "-v" "/var/lib/crater-agent-workspace/cargo-home:/opt/rustwide/cargo-home:ro,Z" "-v" "/var/lib/crater-agent-workspace/rustup-home:/opt/rustwide/rustup-home:ro,Z" "-e" "SOURCE_DIR=/opt/rustwide/workdir" "-e" "CARGO_TARGET_DIR=/opt/rustwide/target" "-e" "CARGO_INCREMENTAL=0" "-e" "RUST_BACKTRACE=full" "-e" "RUSTFLAGS=--cap-lints=warn" "-e" "RUSTDOCFLAGS=--cap-lints=warn" "-e" "CARGO_HOME=/opt/rustwide/cargo-home" "-e" "RUSTUP_HOME=/opt/rustwide/rustup-home" "-w" "/opt/rustwide/workdir" "-m" "1610612736" "--user" "0:0" "--network" "none" "ghcr.io/rust-lang/crates-build-env/linux@sha256:f3a9d4ad9d972b27faf3965f35b62e55ba32bbce8f20bc8fe909558a86702fde" "/opt/rustwide/cargo-home/bin/cargo" "+beta-2024-12-08" "build" "--frozen" "--message-format=json", kill_on_drop: false }`
[INFO] [stdout] 640aee1eeef63764b1d334f4948a087531947d720ebd79280c98ef55ca639273
[INFO] running `Command { std: "docker" "start" "-a" "640aee1eeef63764b1d334f4948a087531947d720ebd79280c98ef55ca639273", kill_on_drop: false }`
[INFO] [stderr]    Compiling libc v0.2.149
[INFO] [stderr]    Compiling proc-macro2 v1.0.69
[INFO] [stderr]    Compiling unicode-ident v1.0.8
[INFO] [stderr]    Compiling log v0.4.17
[INFO] [stderr]    Compiling memoffset v0.7.1
[INFO] [stderr]    Compiling lock_api v0.4.9
[INFO] [stderr]    Compiling parking_lot_core v0.9.7
[INFO] [stderr]    Compiling once_cell v1.18.0
[INFO] [stderr]    Compiling smallvec v1.10.0
[INFO] [stderr]    Compiling syn v1.0.109
[INFO] [stderr]    Compiling num-traits v0.2.17
[INFO] [stderr]    Compiling pin-project-lite v0.2.13
[INFO] [stderr]    Compiling serde v1.0.190
[INFO] [stderr]    Compiling futures-core v0.3.28
[INFO] [stderr]    Compiling bytes v1.4.0
[INFO] [stderr]    Compiling aho-corasick v1.1.2
[INFO] [stderr]    Compiling regex-syntax v0.7.5
[INFO] [stderr]    Compiling predicates-core v1.0.6
[INFO] [stderr]    Compiling either v1.9.0
[INFO] [stderr]    Compiling tracing-core v0.1.32
[INFO] [stderr]    Compiling serde_json v1.0.107
[INFO] [stderr]    Compiling overload v0.1.1
[INFO] [stderr]    Compiling ryu v1.0.15
[INFO] [stderr]    Compiling itertools v0.10.5
[INFO] [stderr]    Compiling itoa v1.0.9
[INFO] [stderr]    Compiling argh_shared v0.1.10
[INFO] [stderr]    Compiling termtree v0.4.1
[INFO] [stderr]    Compiling normalize-line-endings v0.3.0
[INFO] [stderr]    Compiling difflib v0.4.0
[INFO] [stderr]    Compiling async-trait v0.1.73
[INFO] [stderr]    Compiling predicates-tree v1.0.9
[INFO] [stderr]    Compiling nu-ansi-term v0.46.0
[INFO] [stderr]    Compiling sharded-slab v0.1.7
[INFO] [stderr]    Compiling thread_local v1.1.7
[INFO] [stderr]    Compiling fragile v2.0.0
[INFO] [stderr]    Compiling tracing-log v0.2.0
[INFO] [stderr]    Compiling bitflags v2.4.1
[INFO] [stderr]    Compiling minimal-lexical v0.2.1
[INFO] [stderr]    Compiling quote v1.0.33
[INFO] [stderr]    Compiling futures-sink v0.3.28
[INFO] [stderr]    Compiling downcast v0.11.0
[INFO] [stderr]    Compiling crc-catalog v2.2.0
[INFO] [stderr]    Compiling syn v2.0.38
[INFO] [stderr]    Compiling crc v3.0.1
[INFO] [stderr]    Compiling nom v7.1.3
[INFO] [stderr]    Compiling float-cmp v0.9.0
[INFO] [stderr]    Compiling nix v0.26.4
[INFO] [stderr]    Compiling num_cpus v1.15.0
[INFO] [stderr]    Compiling mio v0.8.6
[INFO] [stderr]    Compiling signal-hook-registry v1.4.1
[INFO] [stderr]    Compiling socket2 v0.5.4
[INFO] [stderr]    Compiling popol v3.0.0
[INFO] [stderr]    Compiling parking_lot v0.12.1
[INFO] [stderr]    Compiling regex-automata v0.3.7
[INFO] [stderr]    Compiling tracing-serde v0.1.3
[INFO] [stderr]    Compiling regex v1.9.4
[INFO] [stderr]    Compiling tracing-subscriber v0.3.18
[INFO] [stderr]    Compiling predicates v2.1.5
[INFO] [stderr]    Compiling argh_derive v0.1.10
[INFO] [stderr]    Compiling mockall_derive v0.11.4
[INFO] [stderr]    Compiling tokio-macros v2.1.0
[INFO] [stderr]    Compiling tracing-attributes v0.1.27
[INFO] [stderr]    Compiling gpiod-core v0.2.3 (https://github.com/proman21/gpiod-rs.git?branch=add_fd_traits#4e067988)
[INFO] [stderr]    Compiling gpiod-core v0.2.3
[INFO] [stderr]    Compiling spidev v0.6.0
[INFO] [stderr]    Compiling gpiod v0.2.3 (https://github.com/proman21/gpiod-rs.git?branch=add_fd_traits#4e067988)
[INFO] [stderr]    Compiling tokio v1.32.0
[INFO] [stderr]    Compiling argh v0.1.10
[INFO] [stderr]    Compiling tracing v0.1.40
[INFO] [stderr]    Compiling mockall v0.11.4
[INFO] [stderr]    Compiling tokio-stream v0.1.12
[INFO] [stderr]    Compiling tokio-util v0.7.9
[INFO] [stderr]    Compiling tokio-gpiod v0.2.3
[INFO] [stderr]    Compiling ezsp-spi-bridge v0.1.0 (/opt/rustwide/workdir)
[INFO] [stdout] warning: unused import: `types::FrameNumber`
[INFO] [stdout]   --> src/ash/mod.rs:11:9
[INFO] [stdout]    |
[INFO] [stdout] 11 | pub use types::FrameNumber;
[INFO] [stdout]    |         ^^^^^^^^^^^^^^^^^^
[INFO] [stdout]    |
[INFO] [stdout]    = note: `#[warn(unused_imports)]` on by default
[INFO] [stdout] 
[INFO] [stdout] 
[INFO] [stdout] warning: unused import: `traits::MockSpiDevice`
[INFO] [stdout]  --> src/spi/device/mod.rs:4:9
[INFO] [stdout]   |
[INFO] [stdout] 4 | pub use traits::MockSpiDevice;
[INFO] [stdout]   |         ^^^^^^^^^^^^^^^^^^^^^
[INFO] [stdout] 
[INFO] [stdout] 
[INFO] [stderr]     Finished `dev` profile [unoptimized + debuginfo] target(s) in 30.01s
[INFO] running `Command { std: "docker" "inspect" "640aee1eeef63764b1d334f4948a087531947d720ebd79280c98ef55ca639273", kill_on_drop: false }`
[INFO] running `Command { std: "docker" "rm" "-f" "640aee1eeef63764b1d334f4948a087531947d720ebd79280c98ef55ca639273", kill_on_drop: false }`
[INFO] [stdout] 640aee1eeef63764b1d334f4948a087531947d720ebd79280c98ef55ca639273
[INFO] running `Command { std: "docker" "create" "-v" "/var/lib/crater-agent-workspace/builds/worker-7-tc2/target:/opt/rustwide/target:rw,Z" "-v" "/var/lib/crater-agent-workspace/builds/worker-7-tc2/source:/opt/rustwide/workdir:ro,Z" "-v" "/var/lib/crater-agent-workspace/cargo-home:/opt/rustwide/cargo-home:ro,Z" "-v" "/var/lib/crater-agent-workspace/rustup-home:/opt/rustwide/rustup-home:ro,Z" "-e" "SOURCE_DIR=/opt/rustwide/workdir" "-e" "CARGO_TARGET_DIR=/opt/rustwide/target" "-e" "CARGO_INCREMENTAL=0" "-e" "RUST_BACKTRACE=full" "-e" "RUSTFLAGS=--cap-lints=warn" "-e" "RUSTDOCFLAGS=--cap-lints=warn" "-e" "CARGO_HOME=/opt/rustwide/cargo-home" "-e" "RUSTUP_HOME=/opt/rustwide/rustup-home" "-w" "/opt/rustwide/workdir" "-m" "1610612736" "--user" "0:0" "--network" "none" "ghcr.io/rust-lang/crates-build-env/linux@sha256:f3a9d4ad9d972b27faf3965f35b62e55ba32bbce8f20bc8fe909558a86702fde" "/opt/rustwide/cargo-home/bin/cargo" "+beta-2024-12-08" "test" "--frozen" "--no-run" "--message-format=json", kill_on_drop: false }`
[INFO] [stdout] d8c7bd7e768554846bcf7a0bf0d6dbc75fe050af5d4ece66ac06326768f07f1f
[INFO] running `Command { std: "docker" "start" "-a" "d8c7bd7e768554846bcf7a0bf0d6dbc75fe050af5d4ece66ac06326768f07f1f", kill_on_drop: false }`
[INFO] [stderr]    Compiling ezsp-spi-bridge v0.1.0 (/opt/rustwide/workdir)
[INFO] [stdout] warning: unused import: `types::FrameNumber`
[INFO] [stdout]   --> src/ash/mod.rs:11:9
[INFO] [stdout]    |
[INFO] [stdout] 11 | pub use types::FrameNumber;
[INFO] [stdout]    |         ^^^^^^^^^^^^^^^^^^
[INFO] [stdout]    |
[INFO] [stdout]    = note: `#[warn(unused_imports)]` on by default
[INFO] [stdout] 
[INFO] [stdout] 
[INFO] [stderr]     Finished `test` profile [unoptimized + debuginfo] target(s) in 4.70s
[INFO] running `Command { std: "docker" "inspect" "d8c7bd7e768554846bcf7a0bf0d6dbc75fe050af5d4ece66ac06326768f07f1f", kill_on_drop: false }`
[INFO] running `Command { std: "docker" "rm" "-f" "d8c7bd7e768554846bcf7a0bf0d6dbc75fe050af5d4ece66ac06326768f07f1f", kill_on_drop: false }`
[INFO] [stdout] d8c7bd7e768554846bcf7a0bf0d6dbc75fe050af5d4ece66ac06326768f07f1f
[INFO] running `Command { std: "docker" "create" "-v" "/var/lib/crater-agent-workspace/builds/worker-7-tc2/target:/opt/rustwide/target:rw,Z" "-v" "/var/lib/crater-agent-workspace/builds/worker-7-tc2/source:/opt/rustwide/workdir:ro,Z" "-v" "/var/lib/crater-agent-workspace/cargo-home:/opt/rustwide/cargo-home:ro,Z" "-v" "/var/lib/crater-agent-workspace/rustup-home:/opt/rustwide/rustup-home:ro,Z" "-e" "SOURCE_DIR=/opt/rustwide/workdir" "-e" "CARGO_TARGET_DIR=/opt/rustwide/target" "-e" "CARGO_INCREMENTAL=0" "-e" "RUST_BACKTRACE=full" "-e" "RUSTFLAGS=--cap-lints=warn" "-e" "RUSTDOCFLAGS=--cap-lints=warn" "-e" "CARGO_HOME=/opt/rustwide/cargo-home" "-e" "RUSTUP_HOME=/opt/rustwide/rustup-home" "-w" "/opt/rustwide/workdir" "-m" "1610612736" "--user" "0:0" "--network" "none" "ghcr.io/rust-lang/crates-build-env/linux@sha256:f3a9d4ad9d972b27faf3965f35b62e55ba32bbce8f20bc8fe909558a86702fde" "/opt/rustwide/cargo-home/bin/cargo" "+beta-2024-12-08" "test" "--frozen", kill_on_drop: false }`
[INFO] [stdout] 9ead6c0461c69b9d159c4d1a86eafd0f0cc7c755498b98f258ae5a4de14db0c5
[INFO] running `Command { std: "docker" "start" "-a" "9ead6c0461c69b9d159c4d1a86eafd0f0cc7c755498b98f258ae5a4de14db0c5", kill_on_drop: false }`
[INFO] [stderr] warning: unused import: `types::FrameNumber`
[INFO] [stderr]   --> src/ash/mod.rs:11:9
[INFO] [stderr]    |
[INFO] [stderr] 11 | pub use types::FrameNumber;
[INFO] [stderr]    |         ^^^^^^^^^^^^^^^^^^
[INFO] [stderr]    |
[INFO] [stderr]    = note: `#[warn(unused_imports)]` on by default
[INFO] [stderr] 
[INFO] [stderr] warning: `ezsp-spi-bridge` (bin "ezsp-spi-bridge" test) generated 1 warning (run `cargo fix --bin "ezsp-spi-bridge" --tests` to apply 1 suggestion)
[INFO] [stderr]     Finished `test` profile [unoptimized + debuginfo] target(s) in 0.20s
[INFO] [stderr]      Running unittests src/main.rs (/opt/rustwide/target/debug/deps/ezsp_spi_bridge-18cb2b2af37a5155)
[INFO] [stdout] 
[INFO] [stdout] running 79 tests
[INFO] [stdout] test ash::checksum::tests::it_computes_checksum_for_ack_frames ... ok
[INFO] [stdout] test ash::checksum::tests::it_computes_checksum_for_nack_frames ... ok
[INFO] [stdout] test ash::checksum::tests::it_computes_checksum_for_rst_frame ... ok
[INFO] [stdout] test ash::codec::tests::it_continues_dropping_buffer_after_substitute_bytes ... ok
[INFO] [stdout] test ash::codec::tests::it_correctly_drops_buffer_before_and_after_substitute_byte ... ok
[INFO] [stdout] test ash::codec::tests::it_does_not_drop_frame_before_cancel_byte ... ok
[INFO] [stdout] test ash::codec::tests::it_drops_buffer_before_cancel_byte ... ok
[INFO] [stdout] test ash::codec::tests::it_requests_more_data_when_incomplete_frame_detected ... ok
[INFO] [stdout] test ash::codec::tests::it_soft_fails_if_frame_checksum_is_invalid ... ok
[INFO] [stdout] test ash::codec::tests::it_soft_fails_if_frame_data_is_invalid ... ok
[INFO] [stdout] test ash::frame::ack::tests::it_rejects_a_non_ack_frame ... ok
[INFO] [stdout] test ash::frame::ack::tests::it_rejects_an_early_flag_byte ... ok
[INFO] [stdout] test ash::checksum::tests::it_computes_checksum_for_data_frames ... ok
[INFO] [stdout] test ash::frame::ack::tests::it_parses_valid_frames_correctly ... ok
[INFO] [stdout] test ash::checksum::tests::it_computes_checksum_for_error_frame ... ok
[INFO] [stdout] test ash::checksum::tests::it_computes_checksum_for_rstack_frame ... ok
[INFO] [stdout] test ash::frame::error::tests::it_rejects_an_invalid_frame ... ok
[INFO] [stdout] test ash::frame::data::tests::it_serializes_the_control_byte_correctly ... ok
[INFO] [stdout] test ash::frame::error::tests::it_returns_correct_data_field_len ... ok
[INFO] [stdout] test ash::frame::error::tests::it_rejects_a_early_terminated_frame ... ok
[INFO] [stdout] test ash::frame::data::tests::it_parses_a_valid_frame_correctly ... ok
[INFO] [stdout] test ash::frame::data::tests::it_returns_correct_data_field_len ... ok
[INFO] [stdout] test ash::frame::data::tests::it_serializes_data_field_correctly ... ok
[INFO] [stdout] test ash::frame::error::tests::it_parses_a_valid_frame_correctly ... ok
[INFO] [stdout] test ash::frame::ack::tests::it_returns_the_correct_data_field_len ... ok
[INFO] [stdout] test ash::frame::ack::tests::it_serializes_the_control_byte_correctly ... ok
[INFO] [stdout] test ash::codec::tests::it_decodes_a_valid_frame ... ok
[INFO] [stdout] test ash::codec::tests::it_hard_fails_if_invalid_control_byte_encountered ... ok
[INFO] [stdout] test ash::frame::error::tests::it_serializes_the_control_byte_correctly ... ok
[INFO] [stdout] test ash::frame::data::tests::it_fails_to_parse_invalid_frame ... ok
[INFO] [stdout] test ash::frame::ack::tests::it_serializes_the_data_field_correctly ... ok
[INFO] [stdout] test ash::frame::nak::tests::it_fails_to_parse_an_invalid_frame ... ok
[INFO] [stdout] test ash::frame::rst::tests::it_rejects_a_early_terminated_frame ... ok
[INFO] [stdout] test ash::frame::rst::tests::it_returns_correct_data_field_len ... ok
[INFO] [stdout] test ash::frame::rst::tests::it_serializes_data_field_correctly ... ok
[INFO] [stdout] test ash::frame::rst_ack::tests::it_serializes_the_control_byte_correctly ... ok
[INFO] [stdout] test ash::frame::rst::tests::it_rejects_a_corrupted_frame ... ok
[INFO] [stdout] test ash::frame::rst::tests::it_serializes_the_control_byte_correctly ... ok
[INFO] [stdout] test ash::frame::rst_ack::tests::it_fails_to_parse_invalid_frame ... ok
[INFO] [stdout] test ash::frame::rst_ack::tests::it_parse_a_valid_frame_correctly ... ok
[INFO] [stdout] test ash::frame::nak::tests::it_serializes_the_data_field_correctly ... ok
[INFO] [stdout] test ash::frame::tests::it_parses_a_valid_ack_frame ... ok
[INFO] [stdout] test ash::frame::rst::tests::it_parses_a_valid_frame_correctly ... ok
[INFO] [stdout] test ash::frame::rst_ack::tests::it_returns_correct_data_field_len ... ok
[INFO] [stdout] test ash::frame::tests::it_parses_a_valid_data_frame ... ok
[INFO] [stdout] test ash::frame::tests::it_parses_a_valid_error_frame ... ok
[INFO] [stdout] test ash::frame::tests::it_parses_a_valid_nak_frame ... ok
[INFO] [stdout] test ash::frame::tests::it_parses_a_valid_rst_ack_frame ... ok
[INFO] [stdout] test ash::frame::tests::it_parses_a_valid_rst_frame ... ok
[INFO] [stdout] test ash::frame::error::tests::it_serializes_data_field_correctly ... ok
[INFO] [stdout] test ash::frame::nak::tests::it_parses_valid_frames_correctly ... ok
[INFO] [stdout] test ash::frame::nak::tests::it_serializes_the_control_byte_correctly ... ok
[INFO] [stdout] test ash::frame::utils::tests::it_requests_more_data_when_frame_body_is_empty ... ok
[INFO] [stdout] test ash::types::tests::it_accepts_a_valid_frame_number ... ok
[INFO] [stdout] test spi::command::tests::it_serialize_a_bootloader_frame_correctly ... ok
[INFO] [stdout] test ash::types::tests::it_truncates_invalid_frame_number ... ok
[INFO] [stdout] test spi::command::tests::it_returns_the_correct_command_byte ... ok
[INFO] [stdout] test ash::frame::utils::tests::it_escapes_reserved_bytes ... ok
[INFO] [stdout] test spi::command::tests::it_serialize_an_ezsp_frame_correctly ... ok
[INFO] [stdout] test spi::command::tests::it_serialize_the_spi_protocol_version_command_correctly ... ok
[INFO] [stdout] test spi::command::tests::it_serialize_the_spi_status_command_correctly ... ok
[INFO] [stdout] test spi::ncp::tests::has_callback_returns_false_when_callback_is_absent ... ok
[INFO] [stdout] test spi::ncp::tests::has_callback_returns_true_when_callback_is_present ... ok
[INFO] [stdout] test spi::response::tests::it_parse_oversized_payload_response ... ok
[INFO] [stdout] test spi::response::tests::it_parses_aborted_transaction_response ... ok
[INFO] [stdout] test spi::response::tests::it_parses_bootloader_frame_response ... ok
[INFO] [stdout] test spi::response::tests::it_parses_ezsp_frame_response ... ok
[INFO] [stdout] test spi::response::tests::it_parses_missing_frame_terminator_response ... ok
[INFO] [stdout] test ash::frame::utils::tests::it_removes_the_flag_byte_from_the_end_of_a_buffer ... ok
[INFO] [stdout] test ash::frame::utils::tests::it_requests_more_data_when_escape_byte_is_last_byte ... ok
[INFO] [stdout] test spi::response::tests::it_parses_spi_protocol_version_response ... ok
[INFO] [stdout] test spi::response::tests::it_parses_spi_status_response ... ok
[INFO] [stdout] test spi::command::tests::it_returns_the_correct_command_size ... ok
[INFO] [stdout] test spi::response::tests::it_parses_ncp_reset_response ... ok
[INFO] [stdout] test spi::response::tests::it_parses_unsupported_spi_command_response ... ok
[INFO] [stdout] test ash::types::tests::it_rejects_invalid_frame_number ... ok
[INFO] [stdout] test ash::frame::rst_ack::tests::it_serializes_data_field_correctly ... ok
[INFO] [stdout] test ash::frame::nak::tests::it_returns_the_correct_data_field_len ... ok
[INFO] [stdout] test ash::frame::tests::it_rejects_an_unknown_frame_type ... FAILED
[INFO] [stdout] 
[INFO] [stdout] failures:
[INFO] [stdout] 
[INFO] [stdout] ---- ash::frame::tests::it_rejects_an_unknown_frame_type stdout ----
[INFO] [stdout] thread 'ash::frame::tests::it_rejects_an_unknown_frame_type' panicked at src/ash/frame/mod.rs:112:9:
[INFO] [stdout] assertion failed: matches!(res, Err::Failure(_))
[INFO] [stdout] stack backtrace:
[INFO] [stdout]    0:     0x61ec1f4f1f6a - std::backtrace_rs::backtrace::libunwind::trace::h8810477743020387
[INFO] [stdout]                                at /rustc/202008a1b8de96d2e5b6bc02d379db03a877d34d/library/std/src/../../backtrace/src/backtrace/libunwind.rs:116:5
[INFO] [stdout]    1:     0x61ec1f4f1f6a - std::backtrace_rs::backtrace::trace_unsynchronized::h3aa55355dd6c54a6
[INFO] [stdout]                                at /rustc/202008a1b8de96d2e5b6bc02d379db03a877d34d/library/std/src/../../backtrace/src/backtrace/mod.rs:66:5
[INFO] [stdout]    2:     0x61ec1f4f1f6a - std::sys::backtrace::_print_fmt::h8588b0f62410823f
[INFO] [stdout]                                at /rustc/202008a1b8de96d2e5b6bc02d379db03a877d34d/library/std/src/sys/backtrace.rs:66:9
[INFO] [stdout]    3:     0x61ec1f4f1f6a - <std::sys::backtrace::BacktraceLock::print::DisplayBacktrace as core::fmt::Display>::fmt::h98c26ac25ffe89bb
[INFO] [stdout]                                at /rustc/202008a1b8de96d2e5b6bc02d379db03a877d34d/library/std/src/sys/backtrace.rs:39:26
[INFO] [stdout]    4:     0x61ec1f517a23 - core::fmt::rt::Argument::fmt::hf95377f4aebd453b
[INFO] [stdout]                                at /rustc/202008a1b8de96d2e5b6bc02d379db03a877d34d/library/core/src/fmt/rt.rs:177:76
[INFO] [stdout]    5:     0x61ec1f517a23 - core::fmt::write::h0dd5f6e2238c7982
[INFO] [stdout]                                at /rustc/202008a1b8de96d2e5b6bc02d379db03a877d34d/library/core/src/fmt/mod.rs:1189:21
[INFO] [stdout]    6:     0x61ec1f4ef103 - std::io::Write::write_fmt::h03bb0ca26e6faf8c
[INFO] [stdout]                                at /rustc/202008a1b8de96d2e5b6bc02d379db03a877d34d/library/std/src/io/mod.rs:1884:15
[INFO] [stdout]    7:     0x61ec1f4f1db2 - std::sys::backtrace::BacktraceLock::print::h5c19c1c038ee186d
[INFO] [stdout]                                at /rustc/202008a1b8de96d2e5b6bc02d379db03a877d34d/library/std/src/sys/backtrace.rs:42:9
[INFO] [stdout]    8:     0x61ec1f4f33ed - std::panicking::default_hook::{{closure}}::h77172f079a1fcb13
[INFO] [stdout]                                at /rustc/202008a1b8de96d2e5b6bc02d379db03a877d34d/library/std/src/panicking.rs:268:22
[INFO] [stdout]    9:     0x61ec1f4f31f7 - std::panicking::default_hook::he5f8e3b203ccddba
[INFO] [stdout]                                at /rustc/202008a1b8de96d2e5b6bc02d379db03a877d34d/library/std/src/panicking.rs:292:9
[INFO] [stdout]   10:     0x61ec1f4aa667 - <alloc::boxed::Box<F,A> as core::ops::function::Fn<Args>>::call::h7a3c7b4a1ae77f2f
[INFO] [stdout]                                at /rustc/202008a1b8de96d2e5b6bc02d379db03a877d34d/library/alloc/src/boxed.rs:1986:9
[INFO] [stdout]   11:     0x61ec1f4aa667 - test::test_main::{{closure}}::hf0d3b69ae9b353d1
[INFO] [stdout]                                at /rustc/202008a1b8de96d2e5b6bc02d379db03a877d34d/library/test/src/lib.rs:134:21
[INFO] [stdout]   12:     0x61ec1f4f3a98 - <alloc::boxed::Box<F,A> as core::ops::function::Fn<Args>>::call::h6332e82e7b189abd
[INFO] [stdout]                                at /rustc/202008a1b8de96d2e5b6bc02d379db03a877d34d/library/alloc/src/boxed.rs:1986:9
[INFO] [stdout]   13:     0x61ec1f4f3a98 - std::panicking::rust_panic_with_hook::h53863d4e9018df39
[INFO] [stdout]                                at /rustc/202008a1b8de96d2e5b6bc02d379db03a877d34d/library/std/src/panicking.rs:809:13
[INFO] [stdout]   14:     0x61ec1f4f3826 - std::panicking::begin_panic_handler::{{closure}}::h67280e6fa0757873
[INFO] [stdout]                                at /rustc/202008a1b8de96d2e5b6bc02d379db03a877d34d/library/std/src/panicking.rs:667:13
[INFO] [stdout]   15:     0x61ec1f4f2449 - std::sys::backtrace::__rust_end_short_backtrace::h1dac3f54d6fbbeb2
[INFO] [stdout]                                at /rustc/202008a1b8de96d2e5b6bc02d379db03a877d34d/library/std/src/sys/backtrace.rs:170:18
[INFO] [stdout]   16:     0x61ec1f4f34ec - rust_begin_unwind
[INFO] [stdout]                                at /rustc/202008a1b8de96d2e5b6bc02d379db03a877d34d/library/std/src/panicking.rs:665:5
[INFO] [stdout]   17:     0x61ec1f43aaa0 - core::panicking::panic_fmt::h6792bd1b2bf01041
[INFO] [stdout]                                at /rustc/202008a1b8de96d2e5b6bc02d379db03a877d34d/library/core/src/panicking.rs:76:14
[INFO] [stdout]   18:     0x61ec1f43ab2c - core::panicking::panic::hbb5c236a846c507c
[INFO] [stdout]                                at /rustc/202008a1b8de96d2e5b6bc02d379db03a877d34d/library/core/src/panicking.rs:148:5
[INFO] [stdout]   19:     0x61ec1f46edec - ezsp_spi_bridge::ash::frame::tests::it_rejects_an_unknown_frame_type::h4c73eaaaa5793e2d
[INFO] [stdout]                                at /opt/rustwide/workdir/src/ash/frame/mod.rs:112:9
[INFO] [stdout]   20:     0x61ec1f46ed77 - ezsp_spi_bridge::ash::frame::tests::it_rejects_an_unknown_frame_type::{{closure}}::hf4f0e28d4530d7c1
[INFO] [stdout]                                at /opt/rustwide/workdir/src/ash/frame/mod.rs:108:42
[INFO] [stdout]   21:     0x61ec1f4439d6 - core::ops::function::FnOnce::call_once::h05fb02e2caff03a4
[INFO] [stdout]                                at /rustc/202008a1b8de96d2e5b6bc02d379db03a877d34d/library/core/src/ops/function.rs:250:5
[INFO] [stdout]   22:     0x61ec1f4af18b - core::ops::function::FnOnce::call_once::h871bf86719ec9aa4
[INFO] [stdout]                                at /rustc/202008a1b8de96d2e5b6bc02d379db03a877d34d/library/core/src/ops/function.rs:250:5
[INFO] [stdout]   23:     0x61ec1f4af18b - test::__rust_begin_short_backtrace::h2167df1e2b7d76fd
[INFO] [stdout]                                at /rustc/202008a1b8de96d2e5b6bc02d379db03a877d34d/library/test/src/lib.rs:632:18
[INFO] [stdout]   24:     0x61ec1f4aeb78 - test::run_test_in_process::{{closure}}::h15d92f75a3adfb79
[INFO] [stdout]                                at /rustc/202008a1b8de96d2e5b6bc02d379db03a877d34d/library/test/src/lib.rs:655:60
[INFO] [stdout]   25:     0x61ec1f4aeb78 - <core::panic::unwind_safe::AssertUnwindSafe<F> as core::ops::function::FnOnce<()>>::call_once::hb6c8955835a8dbbb
[INFO] [stdout]                                at /rustc/202008a1b8de96d2e5b6bc02d379db03a877d34d/library/core/src/panic/unwind_safe.rs:272:9
[INFO] [stdout]   26:     0x61ec1f4aeb78 - std::panicking::try::do_call::hc79d0fc888a0bd30
[INFO] [stdout]                                at /rustc/202008a1b8de96d2e5b6bc02d379db03a877d34d/library/std/src/panicking.rs:557:40
[INFO] [stdout]   27:     0x61ec1f4aeb78 - std::panicking::try::hb8a7878e3a8589d6
[INFO] [stdout]                                at /rustc/202008a1b8de96d2e5b6bc02d379db03a877d34d/library/std/src/panicking.rs:520:19
[INFO] [stdout]   28:     0x61ec1f4aeb78 - std::panic::catch_unwind::hb8e4600ff0ff5cfa
[INFO] [stdout]                                at /rustc/202008a1b8de96d2e5b6bc02d379db03a877d34d/library/std/src/panic.rs:358:14
[INFO] [stdout]   29:     0x61ec1f4aeb78 - test::run_test_in_process::hc2900b0b18688dd6
[INFO] [stdout]                                at /rustc/202008a1b8de96d2e5b6bc02d379db03a877d34d/library/test/src/lib.rs:655:27
[INFO] [stdout]   30:     0x61ec1f4aeb78 - test::run_test::{{closure}}::hac2a9cb07be3d48d
[INFO] [stdout]                                at /rustc/202008a1b8de96d2e5b6bc02d379db03a877d34d/library/test/src/lib.rs:576:43
[INFO] [stdout]   31:     0x61ec1f47261a - test::run_test::{{closure}}::h4a5b729e66a38cd8
[INFO] [stdout]                                at /rustc/202008a1b8de96d2e5b6bc02d379db03a877d34d/library/test/src/lib.rs:606:41
[INFO] [stdout]   32:     0x61ec1f47261a - std::sys::backtrace::__rust_begin_short_backtrace::h0496fb742492f573
[INFO] [stdout]                                at /rustc/202008a1b8de96d2e5b6bc02d379db03a877d34d/library/std/src/sys/backtrace.rs:154:18
[INFO] [stdout]   33:     0x61ec1f475f94 - std::thread::Builder::spawn_unchecked_::{{closure}}::{{closure}}::hbb6d257c550a54bd
[INFO] [stdout]                                at /rustc/202008a1b8de96d2e5b6bc02d379db03a877d34d/library/std/src/thread/mod.rs:561:17
[INFO] [stdout]   34:     0x61ec1f475f94 - <core::panic::unwind_safe::AssertUnwindSafe<F> as core::ops::function::FnOnce<()>>::call_once::h46696fe4a6832328
[INFO] [stdout]                                at /rustc/202008a1b8de96d2e5b6bc02d379db03a877d34d/library/core/src/panic/unwind_safe.rs:272:9
[INFO] [stdout]   35:     0x61ec1f475f94 - std::panicking::try::do_call::h2625a51b667bfb64
[INFO] [stdout]                                at /rustc/202008a1b8de96d2e5b6bc02d379db03a877d34d/library/std/src/panicking.rs:557:40
[INFO] [stdout]   36:     0x61ec1f475f94 - std::panicking::try::hb956a59a1973aa4c
[INFO] [stdout]                                at /rustc/202008a1b8de96d2e5b6bc02d379db03a877d34d/library/std/src/panicking.rs:520:19
[INFO] [stdout]   37:     0x61ec1f475f94 - std::panic::catch_unwind::h64f3b9d1067ef6a0
[INFO] [stdout]                                at /rustc/202008a1b8de96d2e5b6bc02d379db03a877d34d/library/std/src/panic.rs:358:14
[INFO] [stdout]   38:     0x61ec1f475f94 - std::thread::Builder::spawn_unchecked_::{{closure}}::h42b2841295b6c0b2
[INFO] [stdout]                                at /rustc/202008a1b8de96d2e5b6bc02d379db03a877d34d/library/std/src/thread/mod.rs:559:30
[INFO] [stdout]   39:     0x61ec1f475f94 - core::ops::function::FnOnce::call_once{{vtable.shim}}::h6127de71b8124639
[INFO] [stdout]                                at /rustc/202008a1b8de96d2e5b6bc02d379db03a877d34d/library/core/src/ops/function.rs:250:5
[INFO] [stdout]   40:     0x61ec1f4f79db - <alloc::boxed::Box<F,A> as core::ops::function::FnOnce<Args>>::call_once::h42f0ba71002a1b2c
[INFO] [stdout]                                at /rustc/202008a1b8de96d2e5b6bc02d379db03a877d34d/library/alloc/src/boxed.rs:1972:9
[INFO] [stdout]   41:     0x61ec1f4f79db - <alloc::boxed::Box<F,A> as core::ops::function::FnOnce<Args>>::call_once::had9e47d7a3dcecb8
[INFO] [stdout]                                at /rustc/202008a1b8de96d2e5b6bc02d379db03a877d34d/library/alloc/src/boxed.rs:1972:9
[INFO] [stdout]   42:     0x61ec1f4f79db - std::sys::pal::unix::thread::Thread::new::thread_start::h48cf765408f6f5f2
[INFO] [stdout]                                at /rustc/202008a1b8de96d2e5b6bc02d379db03a877d34d/library/std/src/sys/pal/unix/thread.rs:105:17
[INFO] [stdout]   43:     0x7e8590baaac3 - <unknown>
[INFO] [stdout]   44:     0x7e8590c3ba04 - clone
[INFO] [stdout]   45:                0x0 - <unknown>
[INFO] [stdout] 
[INFO] [stdout] 
[INFO] [stdout] failures:
[INFO] [stdout]     ash::frame::tests::it_rejects_an_unknown_frame_type
[INFO] [stdout] 
[INFO] [stdout] test result: FAILED. 78 passed; 1 failed; 0 ignored; 0 measured; 0 filtered out; finished in 0.11s
[INFO] [stdout] 
[INFO] [stderr] error: test failed, to rerun pass `--bin ezsp-spi-bridge`
[INFO] running `Command { std: "docker" "inspect" "9ead6c0461c69b9d159c4d1a86eafd0f0cc7c755498b98f258ae5a4de14db0c5", kill_on_drop: false }`
[INFO] running `Command { std: "docker" "rm" "-f" "9ead6c0461c69b9d159c4d1a86eafd0f0cc7c755498b98f258ae5a4de14db0c5", kill_on_drop: false }`
[INFO] [stdout] 9ead6c0461c69b9d159c4d1a86eafd0f0cc7c755498b98f258ae5a4de14db0c5
