[INFO] cloning repository https://github.com/pro-utkarshM/deathe-nft
[INFO] running `Command { std: "git" "-c" "credential.helper=" "-c" "credential.helper=/workspace/cargo-home/bin/git-credential-null" "clone" "--bare" "https://github.com/pro-utkarshM/deathe-nft" "/workspace/cache/git-repos/https%3A%2F%2Fgithub.com%2Fpro-utkarshM%2Fdeathe-nft", kill_on_drop: false }`
[INFO] [stderr] Cloning into bare repository '/workspace/cache/git-repos/https%3A%2F%2Fgithub.com%2Fpro-utkarshM%2Fdeathe-nft'...
[INFO] running `Command { std: "git" "rev-parse" "HEAD", kill_on_drop: false }`
[INFO] [stdout] 59f282b434033d1b1e7415ca18f176e97468aba1
[INFO] testing pro-utkarshM/deathe-nft against 1.83.0 for beta-1.84.0-4-retry
[INFO] running `Command { std: "git" "clone" "/workspace/cache/git-repos/https%3A%2F%2Fgithub.com%2Fpro-utkarshM%2Fdeathe-nft" "/workspace/builds/worker-5-tc1/source", kill_on_drop: false }`
[INFO] [stderr] Cloning into '/workspace/builds/worker-5-tc1/source'...
[INFO] [stderr] done.
[INFO] validating manifest of git repo https://github.com/pro-utkarshM/deathe-nft on toolchain 1.83.0
[INFO] running `Command { std: CARGO_HOME="/workspace/cargo-home" RUSTUP_HOME="/workspace/rustup-home" "/workspace/cargo-home/bin/cargo" "+1.83.0" "metadata" "--manifest-path" "Cargo.toml" "--no-deps", kill_on_drop: false }`
[INFO] started tweaking git repo https://github.com/pro-utkarshM/deathe-nft
[INFO] finished tweaking git repo https://github.com/pro-utkarshM/deathe-nft
[INFO] tweaked toml for git repo https://github.com/pro-utkarshM/deathe-nft written to /workspace/builds/worker-5-tc1/source/Cargo.toml
[INFO] crate git repo https://github.com/pro-utkarshM/deathe-nft already has a lockfile, it will not be regenerated
[INFO] running `Command { std: CARGO_HOME="/workspace/cargo-home" RUSTUP_HOME="/workspace/rustup-home" "/workspace/cargo-home/bin/cargo" "+1.83.0" "fetch" "--manifest-path" "Cargo.toml", kill_on_drop: false }`
[INFO] [stderr]     Updating crates.io index
[INFO] [stderr]  Downloading crates ...
[INFO] [stderr]   Downloaded sylvia v0.7.1
[INFO] [stderr]   Downloaded cw-multi-test v0.16.5
[INFO] [stderr]   Downloaded cw-ownable-derive v0.5.1
[INFO] [stderr]   Downloaded cosmwasm-crypto v1.5.2
[INFO] [stderr]   Downloaded cw721-base v0.16.0
[INFO] [stderr]   Downloaded cw-ownable v0.5.1
[INFO] [stderr]   Downloaded cw721 v0.16.0
[INFO] [stderr]   Downloaded cw-address-like v1.0.4
[INFO] [stderr]   Downloaded cw721-base v0.18.0
[INFO] [stderr]   Downloaded konst_kernel v0.3.9
[INFO] [stderr]   Downloaded typewit v1.9.0
[INFO] [stderr]   Downloaded cw-multi-test v0.19.0
[INFO] [stderr]   Downloaded konst v0.3.9
[INFO] [stderr]   Downloaded bnum v0.8.1
[INFO] [stderr]   Downloaded typewit_proc_macros v1.8.1
[INFO] [stderr]   Downloaded serde-cw-value v0.7.0
[INFO] [stderr]   Downloaded sylvia-derive v0.7.1
[INFO] [stderr]   Downloaded cw20-base v1.1.2
[INFO] [stderr]   Downloaded cw721 v0.18.0
[INFO] [stderr]   Downloaded konst_proc_macros v0.3.0
[INFO] [stderr]   Downloaded cosmwasm-std v1.5.2
[INFO] running `Command { std: "docker" "create" "-v" "/var/lib/crater-agent-workspace/builds/worker-5-tc1/target:/opt/rustwide/target:rw,Z" "-v" "/var/lib/crater-agent-workspace/builds/worker-5-tc1/source:/opt/rustwide/workdir:ro,Z" "-v" "/var/lib/crater-agent-workspace/cargo-home:/opt/rustwide/cargo-home:ro,Z" "-v" "/var/lib/crater-agent-workspace/rustup-home:/opt/rustwide/rustup-home:ro,Z" "-e" "SOURCE_DIR=/opt/rustwide/workdir" "-e" "CARGO_TARGET_DIR=/opt/rustwide/target" "-e" "CARGO_HOME=/opt/rustwide/cargo-home" "-e" "RUSTUP_HOME=/opt/rustwide/rustup-home" "-w" "/opt/rustwide/workdir" "-m" "1610612736" "--user" "0:0" "--network" "none" "ghcr.io/rust-lang/crates-build-env/linux@sha256:f3a9d4ad9d972b27faf3965f35b62e55ba32bbce8f20bc8fe909558a86702fde" "/opt/rustwide/cargo-home/bin/cargo" "+1.83.0" "metadata" "--no-deps" "--format-version=1", kill_on_drop: false }`
[INFO] [stdout] 6108d0941bb8cc8fa3be0c0611d97f56663925f56b8a3f1a0d285a44148ac3ab
[INFO] running `Command { std: "docker" "start" "-a" "6108d0941bb8cc8fa3be0c0611d97f56663925f56b8a3f1a0d285a44148ac3ab", kill_on_drop: false }`
[INFO] running `Command { std: "docker" "inspect" "6108d0941bb8cc8fa3be0c0611d97f56663925f56b8a3f1a0d285a44148ac3ab", kill_on_drop: false }`
[INFO] running `Command { std: "docker" "rm" "-f" "6108d0941bb8cc8fa3be0c0611d97f56663925f56b8a3f1a0d285a44148ac3ab", kill_on_drop: false }`
[INFO] [stdout] 6108d0941bb8cc8fa3be0c0611d97f56663925f56b8a3f1a0d285a44148ac3ab
[INFO] running `Command { std: "docker" "create" "-v" "/var/lib/crater-agent-workspace/builds/worker-5-tc1/target:/opt/rustwide/target:rw,Z" "-v" "/var/lib/crater-agent-workspace/builds/worker-5-tc1/source:/opt/rustwide/workdir:ro,Z" "-v" "/var/lib/crater-agent-workspace/cargo-home:/opt/rustwide/cargo-home:ro,Z" "-v" "/var/lib/crater-agent-workspace/rustup-home:/opt/rustwide/rustup-home:ro,Z" "-e" "SOURCE_DIR=/opt/rustwide/workdir" "-e" "CARGO_TARGET_DIR=/opt/rustwide/target" "-e" "CARGO_INCREMENTAL=0" "-e" "RUST_BACKTRACE=full" "-e" "RUSTFLAGS=--cap-lints=warn" "-e" "RUSTDOCFLAGS=--cap-lints=warn" "-e" "CARGO_HOME=/opt/rustwide/cargo-home" "-e" "RUSTUP_HOME=/opt/rustwide/rustup-home" "-w" "/opt/rustwide/workdir" "-m" "1610612736" "--user" "0:0" "--network" "none" "ghcr.io/rust-lang/crates-build-env/linux@sha256:f3a9d4ad9d972b27faf3965f35b62e55ba32bbce8f20bc8fe909558a86702fde" "/opt/rustwide/cargo-home/bin/cargo" "+1.83.0" "build" "--frozen" "--message-format=json", kill_on_drop: false }`
[INFO] [stdout] 255124d3d9e521d486daff7a80594ead3fd33639c1fcbf86336345f92ee5f603
[INFO] running `Command { std: "docker" "start" "-a" "255124d3d9e521d486daff7a80594ead3fd33639c1fcbf86336345f92ee5f603", kill_on_drop: false }`
[INFO] [stderr]    Compiling proc-macro2 v1.0.85
[INFO] [stderr]    Compiling zeroize v1.8.1
[INFO] [stderr]    Compiling typenum v1.17.0
[INFO] [stderr]    Compiling generic-array v0.14.7
[INFO] [stderr]    Compiling libc v0.2.155
[INFO] [stderr]    Compiling subtle v2.5.0
[INFO] [stderr]    Compiling const-oid v0.9.6
[INFO] [stderr]    Compiling serde v1.0.203
[INFO] [stderr]    Compiling syn v1.0.109
[INFO] [stderr]    Compiling ahash v0.7.8
[INFO] [stderr]    Compiling once_cell v1.19.0
[INFO] [stderr]    Compiling cpufeatures v0.2.12
[INFO] [stderr]    Compiling base16ct v0.2.0
[INFO] [stderr]    Compiling thiserror v1.0.61
[INFO] [stderr]    Compiling serde_json v1.0.117
[INFO] [stderr]    Compiling rand_core v0.5.1
[INFO] [stderr]    Compiling ryu v1.0.18
[INFO] [stderr]    Compiling opaque-debug v0.3.1
[INFO] [stderr]    Compiling schemars v0.8.21
[INFO] [stderr]    Compiling itoa v1.0.11
[INFO] [stderr]    Compiling byteorder v1.5.0
[INFO] [stderr]    Compiling dyn-clone v1.0.17
[INFO] [stderr]    Compiling der v0.7.9
[INFO] [stderr]    Compiling hex v0.4.3
[INFO] [stderr]    Compiling bech32 v0.9.1
[INFO] [stderr]    Compiling bnum v0.8.1
[INFO] [stderr]    Compiling static_assertions v1.1.0
[INFO] [stderr]    Compiling base64 v0.21.7
[INFO] [stderr]    Compiling forward_ref v1.0.0
[INFO] [stderr]    Compiling semver v1.0.23
[INFO] [stderr]    Compiling proc-macro-error-attr v1.0.4
[INFO] [stderr]    Compiling equivalent v1.0.1
[INFO] [stderr]    Compiling hashbrown v0.14.5
[INFO] [stderr]    Compiling proc-macro-error v1.0.4
[INFO] [stderr]    Compiling toml_datetime v0.6.6
[INFO] [stderr]    Compiling typewit_proc_macros v1.8.1
[INFO] [stderr]    Compiling winnow v0.5.40
[INFO] [stderr]    Compiling unicode-segmentation v1.11.0
[INFO] [stderr]    Compiling const_panic v0.2.8
[INFO] [stderr]    Compiling konst_proc_macros v0.3.0
[INFO] [stderr]    Compiling anyhow v1.0.86
[INFO] [stderr]    Compiling typewit v1.9.0
[INFO] [stderr]    Compiling getrandom v0.2.15
[INFO] [stderr]    Compiling indexmap v2.2.6
[INFO] [stderr]    Compiling konst_kernel v0.3.9
[INFO] [stderr]    Compiling rand_core v0.6.4
[INFO] [stderr]    Compiling convert_case v0.6.0
[INFO] [stderr]    Compiling konst v0.3.9
[INFO] [stderr]    Compiling quote v1.0.36
[INFO] [stderr]    Compiling ff v0.13.0
[INFO] [stderr]    Compiling group v0.13.0
[INFO] [stderr]    Compiling hashbrown v0.12.3
[INFO] [stderr]    Compiling spki v0.7.3
[INFO] [stderr]    Compiling syn v2.0.66
[INFO] [stderr]    Compiling pkcs8 v0.10.2
[INFO] [stderr]    Compiling block-buffer v0.10.4
[INFO] [stderr]    Compiling crypto-common v0.1.6
[INFO] [stderr]    Compiling crypto-bigint v0.5.5
[INFO] [stderr]    Compiling sec1 v0.7.3
[INFO] [stderr]    Compiling digest v0.9.0
[INFO] [stderr]    Compiling block-buffer v0.9.0
[INFO] [stderr]    Compiling curve25519-dalek v3.2.0
[INFO] [stderr]    Compiling digest v0.10.7
[INFO] [stderr]    Compiling sha2 v0.9.9
[INFO] [stderr]    Compiling hmac v0.12.1
[INFO] [stderr]    Compiling signature v2.2.0
[INFO] [stderr]    Compiling sha2 v0.10.8
[INFO] [stderr]    Compiling rfc6979 v0.4.0
[INFO] [stderr]    Compiling toml_edit v0.19.15
[INFO] [stderr]    Compiling elliptic-curve v0.13.8
[INFO] [stderr]    Compiling serde_derive_internals v0.29.1
[INFO] [stderr]    Compiling serde_derive v1.0.203
[INFO] [stderr]    Compiling thiserror-impl v1.0.61
[INFO] [stderr]    Compiling ecdsa v0.16.9
[INFO] [stderr]    Compiling schemars_derive v0.8.21
[INFO] [stderr]    Compiling k256 v0.13.3
[INFO] [stderr]    Compiling proc-macro-crate v1.3.1
[INFO] [stderr]    Compiling cosmwasm-derive v1.5.5
[INFO] [stderr]    Compiling derivative v2.2.0
[INFO] [stderr]    Compiling cosmwasm-schema-derive v1.5.5
[INFO] [stderr]    Compiling sylvia-derive v0.7.1
[INFO] [stderr]    Compiling ed25519-zebra v3.1.0
[INFO] [stderr]    Compiling serde-json-wasm v0.5.2
[INFO] [stderr]    Compiling serde-cw-value v0.7.0
[INFO] [stderr]    Compiling cosmwasm-crypto v1.5.2
[INFO] [stderr]    Compiling cosmwasm-std v1.5.2
[INFO] [stderr]    Compiling cosmwasm-schema v1.5.5
[INFO] [stderr]    Compiling cw-storage-plus v1.2.0
[INFO] [stderr]    Compiling cw-storage-plus v0.16.0
[INFO] [stderr]    Compiling sylvia v0.7.1
[INFO] [stderr]    Compiling cosmwasm-storage v1.5.2
[INFO] [stderr]    Compiling cw2 v1.1.2
[INFO] [stderr]    Compiling cw-utils v1.0.3
[INFO] [stderr]    Compiling cw2 v0.16.0
[INFO] [stderr]    Compiling cw-utils v0.16.0
[INFO] [stderr]    Compiling cw20 v1.1.2
[INFO] [stderr]    Compiling cw721 v0.18.0
[INFO] [stderr]    Compiling cw721 v0.16.0
[INFO] [stderr]    Compiling cw20-base v1.1.2
[INFO] [stderr]    Compiling cw721-base v0.16.0
[INFO] [stderr]    Compiling deauthe v0.1.0 (/opt/rustwide/workdir/contracts/deauthe)
[INFO] [stderr]    Compiling bidding-token v0.1.1 (/opt/rustwide/workdir/contracts/bidding-token)
[INFO] [stderr]    Compiling cw2981-royalties v0.15.0 (/opt/rustwide/workdir/contracts/cw2981-royalties)
[INFO] [stdout] warning: use of deprecated variant `cw20_base::ContractError::InvalidZeroAmount`: Unused. All zero amount checks have been removed
[INFO] [stdout]    --> contracts/bidding-token/src/contract.rs:170:35
[INFO] [stdout]     |
[INFO] [stdout] 170 |         return Err(ContractError::InvalidZeroAmount {});
[INFO] [stdout]     |                                   ^^^^^^^^^^^^^^^^^
[INFO] [stdout]     |
[INFO] [stdout]     = note: `#[warn(deprecated)]` on by default
[INFO] [stdout] 
[INFO] [stdout] 
[INFO] [stdout] warning: use of deprecated function `cosmwasm_std::to_binary`: use to_json_binary instead
[INFO] [stdout]   --> contracts/deauthe/src/contract.rs:35:1
[INFO] [stdout]    |
[INFO] [stdout] 35 | #[contract]
[INFO] [stdout]    | ^^^^^^^^^^^
[INFO] [stdout]    |
[INFO] [stdout]    = note: `#[warn(deprecated)]` on by default
[INFO] [stdout]    = note: this warning originates in the attribute macro `contract` (in Nightly builds, run with -Z macro-backtrace for more info)
[INFO] [stdout] 
[INFO] [stdout] 
[INFO] [stderr]    Compiling nft-marketplace v0.1.1 (/opt/rustwide/workdir/contracts/nft-marketplace)
[INFO] [stderr]     Finished `dev` profile [unoptimized + debuginfo] target(s) in 55.03s
[INFO] running `Command { std: "docker" "inspect" "255124d3d9e521d486daff7a80594ead3fd33639c1fcbf86336345f92ee5f603", kill_on_drop: false }`
[INFO] running `Command { std: "docker" "rm" "-f" "255124d3d9e521d486daff7a80594ead3fd33639c1fcbf86336345f92ee5f603", kill_on_drop: false }`
[INFO] [stdout] 255124d3d9e521d486daff7a80594ead3fd33639c1fcbf86336345f92ee5f603
[INFO] running `Command { std: "docker" "create" "-v" "/var/lib/crater-agent-workspace/builds/worker-5-tc1/target:/opt/rustwide/target:rw,Z" "-v" "/var/lib/crater-agent-workspace/builds/worker-5-tc1/source:/opt/rustwide/workdir:ro,Z" "-v" "/var/lib/crater-agent-workspace/cargo-home:/opt/rustwide/cargo-home:ro,Z" "-v" "/var/lib/crater-agent-workspace/rustup-home:/opt/rustwide/rustup-home:ro,Z" "-e" "SOURCE_DIR=/opt/rustwide/workdir" "-e" "CARGO_TARGET_DIR=/opt/rustwide/target" "-e" "CARGO_INCREMENTAL=0" "-e" "RUST_BACKTRACE=full" "-e" "RUSTFLAGS=--cap-lints=warn" "-e" "RUSTDOCFLAGS=--cap-lints=warn" "-e" "CARGO_HOME=/opt/rustwide/cargo-home" "-e" "RUSTUP_HOME=/opt/rustwide/rustup-home" "-w" "/opt/rustwide/workdir" "-m" "1610612736" "--user" "0:0" "--network" "none" "ghcr.io/rust-lang/crates-build-env/linux@sha256:f3a9d4ad9d972b27faf3965f35b62e55ba32bbce8f20bc8fe909558a86702fde" "/opt/rustwide/cargo-home/bin/cargo" "+1.83.0" "test" "--frozen" "--no-run" "--message-format=json", kill_on_drop: false }`
[INFO] [stdout] 9b9a543b35e431dc1031db05b4aabb11924699f1f17bb8f70d14eba7f45bbf89
[INFO] running `Command { std: "docker" "start" "-a" "9b9a543b35e431dc1031db05b4aabb11924699f1f17bb8f70d14eba7f45bbf89", kill_on_drop: false }`
[INFO] [stderr] warning: output filename collision.
[INFO] [stderr] The example target `schema` in package `cw2981-royalties v0.15.0 (/opt/rustwide/workdir/contracts/cw2981-royalties)` has the same output filename as the example target `schema` in package `bidding-token v0.1.1 (/opt/rustwide/workdir/contracts/bidding-token)`.
[INFO] [stderr] Colliding filename is: /opt/rustwide/target/debug/examples/schema
[INFO] [stderr] The targets should have unique names.
[INFO] [stderr] Consider changing their names to be unique or compiling them separately.
[INFO] [stderr] This may become a hard error in the future; see <https://github.com/rust-lang/cargo/issues/6313>.
[INFO] [stderr] warning: output filename collision.
[INFO] [stderr] The example target `schema` in package `cw2981-royalties v0.15.0 (/opt/rustwide/workdir/contracts/cw2981-royalties)` has the same output filename as the example target `schema` in package `bidding-token v0.1.1 (/opt/rustwide/workdir/contracts/bidding-token)`.
[INFO] [stderr] Colliding filename is: /opt/rustwide/target/debug/examples/schema.dwp
[INFO] [stderr] The targets should have unique names.
[INFO] [stderr] Consider changing their names to be unique or compiling them separately.
[INFO] [stderr] This may become a hard error in the future; see <https://github.com/rust-lang/cargo/issues/6313>.
[INFO] [stderr] warning: output filename collision.
[INFO] [stderr] The example target `schema` in package `nft-marketplace v0.1.1 (/opt/rustwide/workdir/contracts/nft-marketplace)` has the same output filename as the example target `schema` in package `cw2981-royalties v0.15.0 (/opt/rustwide/workdir/contracts/cw2981-royalties)`.
[INFO] [stderr] Colliding filename is: /opt/rustwide/target/debug/examples/schema
[INFO] [stderr] The targets should have unique names.
[INFO] [stderr] Consider changing their names to be unique or compiling them separately.
[INFO] [stderr] This may become a hard error in the future; see <https://github.com/rust-lang/cargo/issues/6313>.
[INFO] [stderr] warning: output filename collision.
[INFO] [stderr] The example target `schema` in package `nft-marketplace v0.1.1 (/opt/rustwide/workdir/contracts/nft-marketplace)` has the same output filename as the example target `schema` in package `cw2981-royalties v0.15.0 (/opt/rustwide/workdir/contracts/cw2981-royalties)`.
[INFO] [stderr] Colliding filename is: /opt/rustwide/target/debug/examples/schema.dwp
[INFO] [stderr] The targets should have unique names.
[INFO] [stderr] Consider changing their names to be unique or compiling them separately.
[INFO] [stderr] This may become a hard error in the future; see <https://github.com/rust-lang/cargo/issues/6313>.
[INFO] [stderr]    Compiling either v1.12.0
[INFO] [stderr]    Compiling der v0.6.1
[INFO] [stderr]    Compiling base64ct v1.6.0
[INFO] [stderr]    Compiling bytes v1.6.0
[INFO] [stderr]    Compiling ff v0.12.1
[INFO] [stderr]    Compiling crypto-bigint v0.4.9
[INFO] [stderr]    Compiling base16ct v0.1.1
[INFO] [stderr]    Compiling signature v1.6.4
[INFO] [stderr]    Compiling cosmwasm-std v1.5.2
[INFO] [stderr]    Compiling cw-ownable-derive v0.5.1
[INFO] [stderr]    Compiling group v0.12.1
[INFO] [stderr]    Compiling itertools v0.10.5
[INFO] [stderr]    Compiling itertools v0.12.1
[INFO] [stderr]    Compiling rfc6979 v0.3.1
[INFO] [stderr]    Compiling spki v0.6.0
[INFO] [stderr]    Compiling pkcs8 v0.9.0
[INFO] [stderr]    Compiling sec1 v0.3.0
[INFO] [stderr]    Compiling prost-derive v0.9.0
[INFO] [stderr]    Compiling elliptic-curve v0.12.3
[INFO] [stderr]    Compiling prost-derive v0.12.6
[INFO] [stderr]    Compiling ecdsa v0.14.8
[INFO] [stderr]    Compiling k256 v0.11.6
[INFO] [stderr]    Compiling prost v0.9.0
[INFO] [stderr]    Compiling prost v0.12.6
[INFO] [stderr]    Compiling cw-storage-plus v1.2.0
[INFO] [stderr]    Compiling cw-storage-plus v0.16.0
[INFO] [stderr]    Compiling cosmwasm-storage v1.5.2
[INFO] [stderr]    Compiling cw-address-like v1.0.4
[INFO] [stderr]    Compiling sylvia v0.7.1
[INFO] [stderr]    Compiling cw2 v1.1.2
[INFO] [stderr]    Compiling cw2 v0.16.0
[INFO] [stderr]    Compiling cw-utils v0.16.0
[INFO] [stderr]    Compiling cw-utils v1.0.3
[INFO] [stderr]    Compiling cw20 v1.1.2
[INFO] [stderr]    Compiling cw721 v0.18.0
[INFO] [stderr]    Compiling cw-ownable v0.5.1
[INFO] [stderr]    Compiling cw-multi-test v0.16.5
[INFO] [stderr]    Compiling cw-multi-test v0.19.0
[INFO] [stderr]    Compiling cw721 v0.16.0
[INFO] [stderr]    Compiling cw721-base v0.16.0
[INFO] [stderr]    Compiling cw20-base v1.1.2
[INFO] [stderr]    Compiling cw2981-royalties v0.15.0 (/opt/rustwide/workdir/contracts/cw2981-royalties)
[INFO] [stderr]    Compiling cw721-base v0.18.0
[INFO] [stdout] warning: use of deprecated function `cosmwasm_std::from_binary`: use from_json instead
[INFO] [stdout]    --> contracts/cw2981-royalties/src/lib.rs:187:24
[INFO] [stdout]     |
[INFO] [stdout] 187 |     use cosmwasm_std::{from_binary, Uint128};
[INFO] [stdout]     |                        ^^^^^^^^^^^
[INFO] [stdout]     |
[INFO] [stdout]     = note: `#[warn(deprecated)]` on by default
[INFO] [stdout] 
[INFO] [stdout] 
[INFO] [stdout] warning: use of deprecated function `cosmwasm_std::from_binary`: use from_json instead
[INFO] [stdout]    --> contracts/cw2981-royalties/src/lib.rs:335:13
[INFO] [stdout]     |
[INFO] [stdout] 335 |             from_binary(&query(deps.as_ref(), mock_env(), query_msg).unwrap()).unwrap();
[INFO] [stdout]     |             ^^^^^^^^^^^
[INFO] [stdout] 
[INFO] [stdout] 
[INFO] [stdout] warning: use of deprecated function `cosmwasm_std::from_binary`: use from_json instead
[INFO] [stdout]    --> contracts/cw2981-royalties/src/lib.rs:386:13
[INFO] [stdout]     |
[INFO] [stdout] 386 |             from_binary(&query(deps.as_ref(), mock_env(), query_msg).unwrap()).unwrap();
[INFO] [stdout]     |             ^^^^^^^^^^^
[INFO] [stdout] 
[INFO] [stdout] 
[INFO] [stdout] warning: use of deprecated function `cosmwasm_std::from_binary`: use from_json instead
[INFO] [stdout]    --> contracts/cw2981-royalties/src/lib.rs:466:13
[INFO] [stdout]     |
[INFO] [stdout] 466 |             from_binary(&query(deps.as_ref(), mock_env(), query_msg).unwrap()).unwrap();
[INFO] [stdout]     |             ^^^^^^^^^^^
[INFO] [stdout] 
[INFO] [stdout] 
[INFO] [stdout] warning: use of deprecated function `cosmwasm_std::from_binary`: use from_json instead
[INFO] [stdout]    --> contracts/cw2981-royalties/src/lib.rs:511:13
[INFO] [stdout]     |
[INFO] [stdout] 511 |             from_binary(&query(deps.as_ref(), mock_env(), query_msg).unwrap()).unwrap();
[INFO] [stdout]     |             ^^^^^^^^^^^
[INFO] [stdout] 
[INFO] [stdout] 
[INFO] [stderr]    Compiling bidding-token v0.1.1 (/opt/rustwide/workdir/contracts/bidding-token)
[INFO] [stderr]    Compiling deauthe v0.1.0 (/opt/rustwide/workdir/contracts/deauthe)
[INFO] [stdout] warning: use of deprecated variant `cw20_base::ContractError::InvalidZeroAmount`: Unused. All zero amount checks have been removed
[INFO] [stdout]    --> contracts/bidding-token/src/contract.rs:170:35
[INFO] [stdout]     |
[INFO] [stdout] 170 |         return Err(ContractError::InvalidZeroAmount {});
[INFO] [stdout]     |                                   ^^^^^^^^^^^^^^^^^
[INFO] [stdout]     |
[INFO] [stdout]     = note: `#[warn(deprecated)]` on by default
[INFO] [stdout] 
[INFO] [stdout] 
[INFO] [stdout] warning: use of deprecated variant `cw20_base::ContractError::InvalidZeroAmount`: Unused. All zero amount checks have been removed
[INFO] [stdout]    --> contracts/bidding-token/src/contract.rs:170:35
[INFO] [stdout]     |
[INFO] [stdout] 170 |         return Err(ContractError::InvalidZeroAmount {});
[INFO] [stdout]     |                                   ^^^^^^^^^^^^^^^^^
[INFO] [stdout]     |
[INFO] [stdout]     = note: `#[warn(deprecated)]` on by default
[INFO] [stdout] 
[INFO] [stdout] 
[INFO] [stdout] warning: use of deprecated function `cosmwasm_std::to_binary`: use to_json_binary instead
[INFO] [stdout]   --> contracts/deauthe/src/contract.rs:35:1
[INFO] [stdout]    |
[INFO] [stdout] 35 | #[contract]
[INFO] [stdout]    | ^^^^^^^^^^^
[INFO] [stdout]    |
[INFO] [stdout]    = note: `#[warn(deprecated)]` on by default
[INFO] [stdout]    = note: this warning originates in the attribute macro `contract` (in Nightly builds, run with -Z macro-backtrace for more info)
[INFO] [stdout] 
[INFO] [stdout] 
[INFO] [stderr]    Compiling nft-marketplace v0.1.1 (/opt/rustwide/workdir/contracts/nft-marketplace)
[INFO] [stdout] warning: use of deprecated function `cosmwasm_std::from_binary`: use from_json instead
[INFO] [stdout]   --> contracts/nft-marketplace/src/integration_tests/listing_tests.rs:10:12
[INFO] [stdout]    |
[INFO] [stdout] 10 |     coins, from_binary, to_json_binary, Addr, BankMsg, Coin, ContractResult, CosmosMsg, DepsMut,
[INFO] [stdout]    |            ^^^^^^^^^^^
[INFO] [stdout]    |
[INFO] [stdout]    = note: `#[warn(deprecated)]` on by default
[INFO] [stdout] 
[INFO] [stdout] 
[INFO] [stdout] warning: use of deprecated function `cosmwasm_std::from_binary`: use from_json instead
[INFO] [stdout]   --> contracts/nft-marketplace/src/integration_tests/listing_tests.rs:46:37
[INFO] [stdout]    |
[INFO] [stdout] 46 |                     let query_msg = from_binary::<Cw721QueryMsg>(msg).unwrap();
[INFO] [stdout]    |                                     ^^^^^^^^^^^
[INFO] [stdout] 
[INFO] [stdout] 
[INFO] [stdout] warning: use of deprecated function `cosmwasm_std::from_binary`: use from_json instead
[INFO] [stdout]    --> contracts/nft-marketplace/src/integration_tests/listing_tests.rs:143:37
[INFO] [stdout]     |
[INFO] [stdout] 143 |                     let query_msg = from_binary::<cw20_base::msg::QueryMsg>(msg).unwrap();
[INFO] [stdout]     |                                     ^^^^^^^^^^^
[INFO] [stdout] 
[INFO] [stdout] 
[INFO] [stdout] warning: use of deprecated function `cosmwasm_std::from_binary`: use from_json instead
[INFO] [stdout]    --> contracts/nft-marketplace/src/integration_tests/listing_tests.rs:220:26
[INFO] [stdout]     |
[INFO] [stdout] 220 |     let config: Config = from_binary(&res).unwrap();
[INFO] [stdout]     |                          ^^^^^^^^^^^
[INFO] [stdout] 
[INFO] [stdout] 
[INFO] [stdout] warning: use of deprecated function `cosmwasm_std::from_binary`: use from_json instead
[INFO] [stdout]    --> contracts/nft-marketplace/src/integration_tests/listing_tests.rs:507:13
[INFO] [stdout]     |
[INFO] [stdout] 507 |             from_binary::<ListingsResponse>(&query(deps.as_ref(), mock_env(), query_msg).unwrap())
[INFO] [stdout]     |             ^^^^^^^^^^^
[INFO] [stdout] 
[INFO] [stdout] 
[INFO] [stdout] warning: use of deprecated function `cosmwasm_std::from_binary`: use from_json instead
[INFO] [stdout]     --> contracts/nft-marketplace/src/integration_tests/listing_tests.rs:1205:44
[INFO] [stdout]      |
[INFO] [stdout] 1205 |         let balance: BankBalanceResponse = from_binary(&res).unwrap();
[INFO] [stdout]      |                                            ^^^^^^^^^^^
[INFO] [stdout] 
[INFO] [stdout] 
[INFO] [stdout] warning: use of deprecated function `cosmwasm_std::from_binary`: use from_json instead
[INFO] [stdout]     --> contracts/nft-marketplace/src/integration_tests/listing_tests.rs:1241:44
[INFO] [stdout]      |
[INFO] [stdout] 1241 |         let balance: BankBalanceResponse = from_binary(&res).unwrap();
[INFO] [stdout]      |                                            ^^^^^^^^^^^
[INFO] [stdout] 
[INFO] [stdout] 
[INFO] [stdout] warning: use of deprecated function `cosmwasm_std::to_binary`: use to_json_binary instead
[INFO] [stdout]   --> contracts/deauthe/src/contract.rs:35:1
[INFO] [stdout]    |
[INFO] [stdout] 35 | #[contract]
[INFO] [stdout]    | ^^^^^^^^^^^
[INFO] [stdout]    |
[INFO] [stdout]    = note: `#[warn(deprecated)]` on by default
[INFO] [stdout]    = note: this warning originates in the attribute macro `contract` (in Nightly builds, run with -Z macro-backtrace for more info)
[INFO] [stdout] 
[INFO] [stdout] 
[INFO] [stderr]     Finished `test` profile [unoptimized + debuginfo] target(s) in 45.68s
[INFO] running `Command { std: "docker" "inspect" "9b9a543b35e431dc1031db05b4aabb11924699f1f17bb8f70d14eba7f45bbf89", kill_on_drop: false }`
[INFO] running `Command { std: "docker" "rm" "-f" "9b9a543b35e431dc1031db05b4aabb11924699f1f17bb8f70d14eba7f45bbf89", kill_on_drop: false }`
[INFO] [stdout] 9b9a543b35e431dc1031db05b4aabb11924699f1f17bb8f70d14eba7f45bbf89
[INFO] running `Command { std: "docker" "create" "-v" "/var/lib/crater-agent-workspace/builds/worker-5-tc1/target:/opt/rustwide/target:rw,Z" "-v" "/var/lib/crater-agent-workspace/builds/worker-5-tc1/source:/opt/rustwide/workdir:ro,Z" "-v" "/var/lib/crater-agent-workspace/cargo-home:/opt/rustwide/cargo-home:ro,Z" "-v" "/var/lib/crater-agent-workspace/rustup-home:/opt/rustwide/rustup-home:ro,Z" "-e" "SOURCE_DIR=/opt/rustwide/workdir" "-e" "CARGO_TARGET_DIR=/opt/rustwide/target" "-e" "CARGO_INCREMENTAL=0" "-e" "RUST_BACKTRACE=full" "-e" "RUSTFLAGS=--cap-lints=warn" "-e" "RUSTDOCFLAGS=--cap-lints=warn" "-e" "CARGO_HOME=/opt/rustwide/cargo-home" "-e" "RUSTUP_HOME=/opt/rustwide/rustup-home" "-w" "/opt/rustwide/workdir" "-m" "1610612736" "--user" "0:0" "--network" "none" "ghcr.io/rust-lang/crates-build-env/linux@sha256:f3a9d4ad9d972b27faf3965f35b62e55ba32bbce8f20bc8fe909558a86702fde" "/opt/rustwide/cargo-home/bin/cargo" "+1.83.0" "test" "--frozen", kill_on_drop: false }`
[INFO] [stdout] 4e15266bc328e710a936d47cd0c04942ff32d4b94b6b46ae3dadac9929e5a53c
[INFO] running `Command { std: "docker" "start" "-a" "4e15266bc328e710a936d47cd0c04942ff32d4b94b6b46ae3dadac9929e5a53c", kill_on_drop: false }`
[INFO] [stderr] warning: output filename collision.
[INFO] [stderr] The example target `schema` in package `cw2981-royalties v0.15.0 (/opt/rustwide/workdir/contracts/cw2981-royalties)` has the same output filename as the example target `schema` in package `bidding-token v0.1.1 (/opt/rustwide/workdir/contracts/bidding-token)`.
[INFO] [stderr] Colliding filename is: /opt/rustwide/target/debug/examples/schema
[INFO] [stderr] The targets should have unique names.
[INFO] [stderr] Consider changing their names to be unique or compiling them separately.
[INFO] [stderr] This may become a hard error in the future; see <https://github.com/rust-lang/cargo/issues/6313>.
[INFO] [stderr] warning: output filename collision.
[INFO] [stderr] The example target `schema` in package `cw2981-royalties v0.15.0 (/opt/rustwide/workdir/contracts/cw2981-royalties)` has the same output filename as the example target `schema` in package `bidding-token v0.1.1 (/opt/rustwide/workdir/contracts/bidding-token)`.
[INFO] [stderr] Colliding filename is: /opt/rustwide/target/debug/examples/schema.dwp
[INFO] [stderr] The targets should have unique names.
[INFO] [stderr] Consider changing their names to be unique or compiling them separately.
[INFO] [stderr] This may become a hard error in the future; see <https://github.com/rust-lang/cargo/issues/6313>.
[INFO] [stderr] warning: output filename collision.
[INFO] [stderr] The example target `schema` in package `nft-marketplace v0.1.1 (/opt/rustwide/workdir/contracts/nft-marketplace)` has the same output filename as the example target `schema` in package `cw2981-royalties v0.15.0 (/opt/rustwide/workdir/contracts/cw2981-royalties)`.
[INFO] [stderr] Colliding filename is: /opt/rustwide/target/debug/examples/schema
[INFO] [stderr] The targets should have unique names.
[INFO] [stderr] Consider changing their names to be unique or compiling them separately.
[INFO] [stderr] This may become a hard error in the future; see <https://github.com/rust-lang/cargo/issues/6313>.
[INFO] [stderr] warning: output filename collision.
[INFO] [stderr] The example target `schema` in package `nft-marketplace v0.1.1 (/opt/rustwide/workdir/contracts/nft-marketplace)` has the same output filename as the example target `schema` in package `cw2981-royalties v0.15.0 (/opt/rustwide/workdir/contracts/cw2981-royalties)`.
[INFO] [stderr] Colliding filename is: /opt/rustwide/target/debug/examples/schema.dwp
[INFO] [stderr] The targets should have unique names.
[INFO] [stderr] Consider changing their names to be unique or compiling them separately.
[INFO] [stderr] This may become a hard error in the future; see <https://github.com/rust-lang/cargo/issues/6313>.
[INFO] [stderr] warning: use of deprecated variant `cw20_base::ContractError::InvalidZeroAmount`: Unused. All zero amount checks have been removed
[INFO] [stderr]    --> contracts/bidding-token/src/contract.rs:170:35
[INFO] [stderr]     |
[INFO] [stderr] 170 |         return Err(ContractError::InvalidZeroAmount {});
[INFO] [stderr]     |                                   ^^^^^^^^^^^^^^^^^
[INFO] [stderr]     |
[INFO] [stderr]     = note: `#[warn(deprecated)]` on by default
[INFO] [stderr] 
[INFO] [stderr] warning: use of deprecated function `cosmwasm_std::to_binary`: use to_json_binary instead
[INFO] [stderr]   --> contracts/deauthe/src/contract.rs:35:1
[INFO] [stderr]    |
[INFO] [stderr] 35 | #[contract]
[INFO] [stderr]    | ^^^^^^^^^^^
[INFO] [stderr]    |
[INFO] [stderr]    = note: `#[warn(deprecated)]` on by default
[INFO] [stderr]    = note: this warning originates in the attribute macro `contract` (in Nightly builds, run with -Z macro-backtrace for more info)
[INFO] [stderr] 
[INFO] [stderr] warning: use of deprecated function `cosmwasm_std::from_binary`: use from_json instead
[INFO] [stderr]    --> contracts/cw2981-royalties/src/lib.rs:187:24
[INFO] [stderr]     |
[INFO] [stderr] 187 |     use cosmwasm_std::{from_binary, Uint128};
[INFO] [stderr]     |                        ^^^^^^^^^^^
[INFO] [stderr]     |
[INFO] [stderr]     = note: `#[warn(deprecated)]` on by default
[INFO] [stderr] 
[INFO] [stderr] warning: use of deprecated function `cosmwasm_std::from_binary`: use from_json instead
[INFO] [stderr]    --> contracts/cw2981-royalties/src/lib.rs:335:13
[INFO] [stderr]     |
[INFO] [stderr] 335 |             from_binary(&query(deps.as_ref(), mock_env(), query_msg).unwrap()).unwrap();
[INFO] [stderr]     |             ^^^^^^^^^^^
[INFO] [stderr] 
[INFO] [stderr] warning: use of deprecated function `cosmwasm_std::from_binary`: use from_json instead
[INFO] [stderr]    --> contracts/cw2981-royalties/src/lib.rs:386:13
[INFO] [stderr]     |
[INFO] [stderr] 386 |             from_binary(&query(deps.as_ref(), mock_env(), query_msg).unwrap()).unwrap();
[INFO] [stderr]     |             ^^^^^^^^^^^
[INFO] [stderr] 
[INFO] [stderr] warning: use of deprecated function `cosmwasm_std::from_binary`: use from_json instead
[INFO] [stderr]    --> contracts/cw2981-royalties/src/lib.rs:466:13
[INFO] [stderr]     |
[INFO] [stderr] 466 |             from_binary(&query(deps.as_ref(), mock_env(), query_msg).unwrap()).unwrap();
[INFO] [stderr]     |             ^^^^^^^^^^^
[INFO] [stderr] 
[INFO] [stderr] warning: use of deprecated function `cosmwasm_std::from_binary`: use from_json instead
[INFO] [stderr]    --> contracts/cw2981-royalties/src/lib.rs:511:13
[INFO] [stderr]     |
[INFO] [stderr] 511 |             from_binary(&query(deps.as_ref(), mock_env(), query_msg).unwrap()).unwrap();
[INFO] [stderr]     |             ^^^^^^^^^^^
[INFO] [stderr] 
[INFO] [stderr] warning: `bidding-token` (lib) generated 1 warning
[INFO] [stderr] warning: `deauthe` (lib) generated 1 warning
[INFO] [stderr] warning: `bidding-token` (lib test) generated 1 warning (1 duplicate)
[INFO] [stderr] warning: `cw2981-royalties` (lib test) generated 5 warnings
[INFO] [stderr] warning: use of deprecated function `cosmwasm_std::from_binary`: use from_json instead
[INFO] [stderr]   --> contracts/nft-marketplace/src/integration_tests/listing_tests.rs:10:12
[INFO] [stderr]    |
[INFO] [stderr] 10 |     coins, from_binary, to_json_binary, Addr, BankMsg, Coin, ContractResult, CosmosMsg, DepsMut,
[INFO] [stderr]    |            ^^^^^^^^^^^
[INFO] [stderr]    |
[INFO] [stderr]    = note: `#[warn(deprecated)]` on by default
[INFO] [stderr] 
[INFO] [stderr] warning: use of deprecated function `cosmwasm_std::from_binary`: use from_json instead
[INFO] [stderr]   --> contracts/nft-marketplace/src/integration_tests/listing_tests.rs:46:37
[INFO] [stderr]    |
[INFO] [stderr] 46 |                     let query_msg = from_binary::<Cw721QueryMsg>(msg).unwrap();
[INFO] [stderr]    |                                     ^^^^^^^^^^^
[INFO] [stderr] 
[INFO] [stderr] warning: use of deprecated function `cosmwasm_std::from_binary`: use from_json instead
[INFO] [stderr]    --> contracts/nft-marketplace/src/integration_tests/listing_tests.rs:143:37
[INFO] [stderr]     |
[INFO] [stderr] 143 |                     let query_msg = from_binary::<cw20_base::msg::QueryMsg>(msg).unwrap();
[INFO] [stderr]     |                                     ^^^^^^^^^^^
[INFO] [stderr] 
[INFO] [stderr] warning: use of deprecated function `cosmwasm_std::from_binary`: use from_json instead
[INFO] [stderr]    --> contracts/nft-marketplace/src/integration_tests/listing_tests.rs:220:26
[INFO] [stderr]     |
[INFO] [stderr] 220 |     let config: Config = from_binary(&res).unwrap();
[INFO] [stderr]     |                          ^^^^^^^^^^^
[INFO] [stderr] 
[INFO] [stderr] warning: use of deprecated function `cosmwasm_std::from_binary`: use from_json instead
[INFO] [stderr]    --> contracts/nft-marketplace/src/integration_tests/listing_tests.rs:507:13
[INFO] [stderr]     |
[INFO] [stderr] 507 |             from_binary::<ListingsResponse>(&query(deps.as_ref(), mock_env(), query_msg).unwrap())
[INFO] [stderr]     |             ^^^^^^^^^^^
[INFO] [stderr] 
[INFO] [stderr] warning: use of deprecated function `cosmwasm_std::from_binary`: use from_json instead
[INFO] [stderr]     --> contracts/nft-marketplace/src/integration_tests/listing_tests.rs:1205:44
[INFO] [stderr]      |
[INFO] [stderr] 1205 |         let balance: BankBalanceResponse = from_binary(&res).unwrap();
[INFO] [stderr]      |                                            ^^^^^^^^^^^
[INFO] [stderr] 
[INFO] [stderr] warning: use of deprecated function `cosmwasm_std::from_binary`: use from_json instead
[INFO] [stderr]     --> contracts/nft-marketplace/src/integration_tests/listing_tests.rs:1241:44
[INFO] [stderr]      |
[INFO] [stderr] 1241 |         let balance: BankBalanceResponse = from_binary(&res).unwrap();
[INFO] [stderr]      |                                            ^^^^^^^^^^^
[INFO] [stderr] 
[INFO] [stderr] warning: `deauthe` (lib test) generated 1 warning (1 duplicate)
[INFO] [stderr] warning: `nft-marketplace` (lib test) generated 7 warnings
[INFO] [stderr]     Finished `test` profile [unoptimized + debuginfo] target(s) in 0.30s
[INFO] [stderr]      Running unittests src/lib.rs (/opt/rustwide/target/debug/deps/bidding_token-0883b4324835428e)
[INFO] [stdout] 
[INFO] [stdout] running 1 test
[INFO] [stdout] test state::test::get_cap ... ok
[INFO] [stdout] 
[INFO] [stdout] test result: ok. 1 passed; 0 failed; 0 ignored; 0 measured; 0 filtered out; finished in 0.00s
[INFO] [stdout] 
[INFO] [stderr]      Running unittests src/lib.rs (/opt/rustwide/target/debug/deps/cw2981_royalties-671eb909ad2964ef)
[INFO] [stdout] 
[INFO] [stdout] running 7 tests
[INFO] [stdout] test tests::check_royalties_response ... ok
[INFO] [stdout] test tests::check_token_royalties ... ok
[INFO] [stdout] test tests::use_metadata_extension ... ok
[INFO] [stdout] test tests::check_token_without_royalties ... ok
[INFO] [stdout] test tests::check_token_without_extension ... ok
[INFO] [stdout] test tests::not_allow_setting_royalty_when_minting ... ok
[INFO] [stdout] test tests::validate_royalty_information ... ok
[INFO] [stdout] 
[INFO] [stdout] test result: ok. 7 passed; 0 failed; 0 ignored; 0 measured; 0 filtered out; finished in 0.01s
[INFO] [stdout] 
[INFO] [stderr]      Running unittests src/lib.rs (/opt/rustwide/target/debug/deps/deauthe-b72d58f03c968344)
[INFO] [stdout] 
[INFO] [stdout] running 4 tests
[INFO] [stdout] test test::try_deposit ... ok
[INFO] [stdout] test test::proper_initialization ... ok
[INFO] [stdout] test test::try_query_config ... ok
[INFO] [stdout] test test::try_claim ... ok
[INFO] [stdout] 
[INFO] [stdout] test result: ok. 4 passed; 0 failed; 0 ignored; 0 measured; 0 filtered out; finished in 0.02s
[INFO] [stdout] 
[INFO] [stderr]      Running unittests src/bin/schema.rs (/opt/rustwide/target/debug/deps/schema-129c3aaafd671173)
[INFO] [stderr]      Running unittests src/lib.rs (/opt/rustwide/target/debug/deps/nft_marketplace-b45affc19fb7604f)
[INFO] [stdout] 
[INFO] [stdout] running 0 tests
[INFO] [stdout] 
[INFO] [stdout] test result: ok. 0 passed; 0 failed; 0 ignored; 0 measured; 0 filtered out; finished in 0.00s
[INFO] [stdout] 
[INFO] [stdout] 
[INFO] [stdout] running 28 tests
[INFO] [stdout] test integration_tests::listing_tests::listing::anyone_can_create_listing ... ok
[INFO] [stdout] test integration_tests::listing_tests::listing::buy_listing_with_royalty ... ok
[INFO] [stdout] test integration_tests::listing_tests::convert_and_revert_native::user_cannot_convert_native_because_not_valid_denom ... ok
[INFO] [stdout] test integration_tests::listing_tests::convert_and_revert_native::user_can_convert_native_token_success ... ok
[INFO] [stdout] test integration_tests::listing_tests::listing::anyone_can_cancel_after_end_time ... ok
[INFO] [stdout] test integration_tests::listing_tests::convert_and_revert_native::user_can_revert_native_token_success ... ok
[INFO] [stdout] test integration_tests::listing_tests::listing::can_buy_listing_with_0_royalty ... ok
[INFO] [stdout] test integration_tests::listing_tests::listing::buy_when_owner_is_creator ... ok
[INFO] [stdout] test integration_tests::listing_tests::accept_offer::owner_can_accept_offer_new ... ok
[INFO] [stdout] test integration_tests::listing_tests::listing::can_buy_listing_without_royalty ... ok
[INFO] [stdout] test integration_tests::listing_tests::listing::cannot_buy_listing_before_start_time ... ok
[INFO] [stdout] test integration_tests::listing_tests::proper_initialization ... ok
[INFO] [stdout] test integration_tests::listing_tests::listing::cannot_buy_without_enough_funds ... ok
[INFO] [stdout] test integration_tests::listing_tests::listing::cannot_buy_listing_after_end_time ... ok
[INFO] [stdout] test integration_tests::listing_tests::listing::cannot_buy_non_existent_listing ... ok
[INFO] [stdout] test integration_tests::listing_tests::listing::cannot_buy_as_owner ... ok
[INFO] [stdout] test integration_tests::listing_tests::listing::other_cannot_cancel_listing ... ok
[INFO] [stdout] test integration_tests::listing_tests::listing::cannot_buy_cancelled_listing ... ok
[INFO] [stdout] test integration_tests::listing_tests::listing::update_listing_by_owner ... ok
[INFO] [stdout] test integration_tests::listing_tests::listing::can_query_by_contract_address ... ok
[INFO] [stdout] test integration_tests::listing_tests::listing::cannot_update_listing_of_other ... ok
[INFO] [stdout] test integration_tests::listing_tests::listing::owner_cancel_listing ... ok
[INFO] [stdout] test integration_tests::offer_tests::accept_offer::nft_owner_can_accept_offer ... ok
[INFO] [stdout] test integration_tests::offer_tests::accept_offer::royalty_with_offer ... ok
[INFO] [stdout] test integration_tests::listing_tests::cancel_offer::user_can_cancel_their_offer ... FAILED
[INFO] [stdout] test test_setup::env::cannot_instantiate_cw20_with_initial_balance ... ok
[INFO] [stdout] test integration_tests::offer_tests::accept_offer::cannot_accept_offer_of_owned_nft ... ok
[INFO] [stdout] test integration_tests::offer_tests::accept_offer::remove_listing_after_accept_offer ... FAILED
[INFO] [stdout] 
[INFO] [stdout] failures:
[INFO] [stdout] 
[INFO] [stdout] ---- integration_tests::listing_tests::cancel_offer::user_can_cancel_their_offer stdout ----
[INFO] [stdout] thread 'integration_tests::listing_tests::cancel_offer::user_can_cancel_their_offer' panicked at contracts/nft-marketplace/src/integration_tests/listing_tests.rs:1625:9:
[INFO] [stdout] assertion failed: res.unwrap_err().to_string().contains("OrderComponents not found")
[INFO] [stdout] stack backtrace:
[INFO] [stdout]    0:     0x61a85437effa - std::backtrace_rs::backtrace::libunwind::trace::h5a5b8284f2d0c266
[INFO] [stdout]                                at /rustc/90b35a6239c3d8bdabc530a6a0816f7ff89a0aaf/library/std/src/../../backtrace/src/backtrace/libunwind.rs:116:5
[INFO] [stdout]    1:     0x61a85437effa - std::backtrace_rs::backtrace::trace_unsynchronized::h76d4f1c9b0b875e3
[INFO] [stdout]                                at /rustc/90b35a6239c3d8bdabc530a6a0816f7ff89a0aaf/library/std/src/../../backtrace/src/backtrace/mod.rs:66:5
[INFO] [stdout]    2:     0x61a85437effa - std::sys::backtrace::_print_fmt::hc4546b8364a537c6
[INFO] [stdout]                                at /rustc/90b35a6239c3d8bdabc530a6a0816f7ff89a0aaf/library/std/src/sys/backtrace.rs:66:9
[INFO] [stdout]    3:     0x61a85437effa - <std::sys::backtrace::BacktraceLock::print::DisplayBacktrace as core::fmt::Display>::fmt::h5b6bd5631a6d1f6b
[INFO] [stdout]                                at /rustc/90b35a6239c3d8bdabc530a6a0816f7ff89a0aaf/library/std/src/sys/backtrace.rs:39:26
[INFO] [stdout]    4:     0x61a8543a55f3 - core::fmt::rt::Argument::fmt::h270f6602a2b96f62
[INFO] [stdout]                                at /rustc/90b35a6239c3d8bdabc530a6a0816f7ff89a0aaf/library/core/src/fmt/rt.rs:177:76
[INFO] [stdout]    5:     0x61a8543a55f3 - core::fmt::write::h7550c97b06c86515
[INFO] [stdout]                                at /rustc/90b35a6239c3d8bdabc530a6a0816f7ff89a0aaf/library/core/src/fmt/mod.rs:1186:21
[INFO] [stdout]    6:     0x61a85437bff3 - std::io::Write::write_fmt::h509ff860e5956e5e
[INFO] [stdout]                                at /rustc/90b35a6239c3d8bdabc530a6a0816f7ff89a0aaf/library/std/src/io/mod.rs:1839:15
[INFO] [stdout]    7:     0x61a85437ee42 - std::sys::backtrace::BacktraceLock::print::h2395ccd2c84ba3aa
[INFO] [stdout]                                at /rustc/90b35a6239c3d8bdabc530a6a0816f7ff89a0aaf/library/std/src/sys/backtrace.rs:42:9
[INFO] [stdout]    8:     0x61a85438045a - std::panicking::default_hook::{{closure}}::he19d4c7230e07961
[INFO] [stdout]                                at /rustc/90b35a6239c3d8bdabc530a6a0816f7ff89a0aaf/library/std/src/panicking.rs:268:22
[INFO] [stdout]    9:     0x61a854380264 - std::panicking::default_hook::hf614597d3c67bbdb
[INFO] [stdout]                                at /rustc/90b35a6239c3d8bdabc530a6a0816f7ff89a0aaf/library/std/src/panicking.rs:292:9
[INFO] [stdout]   10:     0x61a85411e139 - <alloc::boxed::Box<F,A> as core::ops::function::Fn<Args>>::call::h39b51ce4599c23d1
[INFO] [stdout]                                at /rustc/90b35a6239c3d8bdabc530a6a0816f7ff89a0aaf/library/alloc/src/boxed.rs:2468:9
[INFO] [stdout]   11:     0x61a85411e139 - test::test_main::{{closure}}::he977ae839a582784
[INFO] [stdout]                                at /rustc/90b35a6239c3d8bdabc530a6a0816f7ff89a0aaf/library/test/src/lib.rs:133:21
[INFO] [stdout]   12:     0x61a854380af8 - <alloc::boxed::Box<F,A> as core::ops::function::Fn<Args>>::call::h9455091b6b06f9fb
[INFO] [stdout]                                at /rustc/90b35a6239c3d8bdabc530a6a0816f7ff89a0aaf/library/alloc/src/boxed.rs:2468:9
[INFO] [stdout]   13:     0x61a854380af8 - std::panicking::rust_panic_with_hook::h8942133a8b252070
[INFO] [stdout]                                at /rustc/90b35a6239c3d8bdabc530a6a0816f7ff89a0aaf/library/std/src/panicking.rs:809:13
[INFO] [stdout]   14:     0x61a854380886 - std::panicking::begin_panic_handler::{{closure}}::hb5f5963570096b29
[INFO] [stdout]                                at /rustc/90b35a6239c3d8bdabc530a6a0816f7ff89a0aaf/library/std/src/panicking.rs:667:13
[INFO] [stdout]   15:     0x61a85437f4d9 - std::sys::backtrace::__rust_end_short_backtrace::h6208cedc1922feda
[INFO] [stdout]                                at /rustc/90b35a6239c3d8bdabc530a6a0816f7ff89a0aaf/library/std/src/sys/backtrace.rs:170:18
[INFO] [stdout]   16:     0x61a85438054c - rust_begin_unwind
[INFO] [stdout]                                at /rustc/90b35a6239c3d8bdabc530a6a0816f7ff89a0aaf/library/std/src/panicking.rs:665:5
[INFO] [stdout]   17:     0x61a853f30b60 - core::panicking::panic_fmt::h0c3082644d1bf418
[INFO] [stdout]                                at /rustc/90b35a6239c3d8bdabc530a6a0816f7ff89a0aaf/library/core/src/panicking.rs:74:14
[INFO] [stdout]   18:     0x61a853f30bec - core::panicking::panic::h957f98c65a3b3074
[INFO] [stdout]                                at /rustc/90b35a6239c3d8bdabc530a6a0816f7ff89a0aaf/library/core/src/panicking.rs:148:5
[INFO] [stdout]   19:     0x61a854006b82 - nft_marketplace::integration_tests::listing_tests::cancel_offer::user_can_cancel_their_offer::hd4fdbeb34f8001e4
[INFO] [stdout]                                at /opt/rustwide/workdir/contracts/nft-marketplace/src/integration_tests/listing_tests.rs:1625:9
[INFO] [stdout]   20:     0x61a8540051c7 - nft_marketplace::integration_tests::listing_tests::cancel_offer::user_can_cancel_their_offer::{{closure}}::hcaca400751f80833
[INFO] [stdout]                                at /opt/rustwide/workdir/contracts/nft-marketplace/src/integration_tests/listing_tests.rs:1513:37
[INFO] [stdout]   21:     0x61a854050a66 - core::ops::function::FnOnce::call_once::h5a8ba2589d148cf9
[INFO] [stdout]                                at /rustc/90b35a6239c3d8bdabc530a6a0816f7ff89a0aaf/library/core/src/ops/function.rs:250:5
[INFO] [stdout]   22:     0x61a854122afb - core::ops::function::FnOnce::call_once::h109cf8051a59b34e
[INFO] [stdout]                                at /rustc/90b35a6239c3d8bdabc530a6a0816f7ff89a0aaf/library/core/src/ops/function.rs:250:5
[INFO] [stdout]   23:     0x61a854122afb - test::__rust_begin_short_backtrace::hf4fff89d377446ba
[INFO] [stdout]                                at /rustc/90b35a6239c3d8bdabc530a6a0816f7ff89a0aaf/library/test/src/lib.rs:621:18
[INFO] [stdout]   24:     0x61a854122337 - test::run_test_in_process::{{closure}}::h0e39181dd7ee5a43
[INFO] [stdout]                                at /rustc/90b35a6239c3d8bdabc530a6a0816f7ff89a0aaf/library/test/src/lib.rs:644:60
[INFO] [stdout]   25:     0x61a854122337 - <core::panic::unwind_safe::AssertUnwindSafe<F> as core::ops::function::FnOnce<()>>::call_once::hc5a66a30f0bdfd1f
[INFO] [stdout]                                at /rustc/90b35a6239c3d8bdabc530a6a0816f7ff89a0aaf/library/core/src/panic/unwind_safe.rs:272:9
[INFO] [stdout]   26:     0x61a854122337 - std::panicking::try::do_call::h873b7cf639554a5e
[INFO] [stdout]                                at /rustc/90b35a6239c3d8bdabc530a6a0816f7ff89a0aaf/library/std/src/panicking.rs:557:40
[INFO] [stdout]   27:     0x61a854122337 - std::panicking::try::hdb19862fad9c8bd1
[INFO] [stdout]                                at /rustc/90b35a6239c3d8bdabc530a6a0816f7ff89a0aaf/library/std/src/panicking.rs:520:19
[INFO] [stdout]   28:     0x61a854122337 - std::panic::catch_unwind::h281fe732d236d260
[INFO] [stdout]                                at /rustc/90b35a6239c3d8bdabc530a6a0816f7ff89a0aaf/library/std/src/panic.rs:358:14
[INFO] [stdout]   29:     0x61a854122337 - test::run_test_in_process::h949b6df8457ed338
[INFO] [stdout]                                at /rustc/90b35a6239c3d8bdabc530a6a0816f7ff89a0aaf/library/test/src/lib.rs:644:27
[INFO] [stdout]   30:     0x61a854122337 - test::run_test::{{closure}}::h52c556a6d4740e10
[INFO] [stdout]                                at /rustc/90b35a6239c3d8bdabc530a6a0816f7ff89a0aaf/library/test/src/lib.rs:565:43
[INFO] [stdout]   31:     0x61a8540e7614 - test::run_test::{{closure}}::h4237f6381c45ccb9
[INFO] [stdout]                                at /rustc/90b35a6239c3d8bdabc530a6a0816f7ff89a0aaf/library/test/src/lib.rs:595:41
[INFO] [stdout]   32:     0x61a8540e7614 - std::sys::backtrace::__rust_begin_short_backtrace::h505c97a579eca628
[INFO] [stdout]                                at /rustc/90b35a6239c3d8bdabc530a6a0816f7ff89a0aaf/library/std/src/sys/backtrace.rs:154:18
[INFO] [stdout]   33:     0x61a8540eacde - std::thread::Builder::spawn_unchecked_::{{closure}}::{{closure}}::h9e86b2e2bc107ea3
[INFO] [stdout]                                at /rustc/90b35a6239c3d8bdabc530a6a0816f7ff89a0aaf/library/std/src/thread/mod.rs:538:17
[INFO] [stdout]   34:     0x61a8540eacde - <core::panic::unwind_safe::AssertUnwindSafe<F> as core::ops::function::FnOnce<()>>::call_once::h8b06ddb275ff4a25
[INFO] [stdout]                                at /rustc/90b35a6239c3d8bdabc530a6a0816f7ff89a0aaf/library/core/src/panic/unwind_safe.rs:272:9
[INFO] [stdout]   35:     0x61a8540eacde - std::panicking::try::do_call::hb26ecd7cd9a9355d
[INFO] [stdout]                                at /rustc/90b35a6239c3d8bdabc530a6a0816f7ff89a0aaf/library/std/src/panicking.rs:557:40
[INFO] [stdout]   36:     0x61a8540eacde - std::panicking::try::h8ddeca9d705f9069
[INFO] [stdout]                                at /rustc/90b35a6239c3d8bdabc530a6a0816f7ff89a0aaf/library/std/src/panicking.rs:520:19
[INFO] [stdout]   37:     0x61a8540eacde - std::panic::catch_unwind::h49e1c33078844c46
[INFO] [stdout]                                at /rustc/90b35a6239c3d8bdabc530a6a0816f7ff89a0aaf/library/std/src/panic.rs:358:14
[INFO] [stdout]   38:     0x61a8540eacde - std::thread::Builder::spawn_unchecked_::{{closure}}::h6073db6ff56ad35d
[INFO] [stdout]                                at /rustc/90b35a6239c3d8bdabc530a6a0816f7ff89a0aaf/library/std/src/thread/mod.rs:537:30
[INFO] [stdout]   39:     0x61a8540eacde - core::ops::function::FnOnce::call_once{{vtable.shim}}::h2c5a5f3779c774f1
[INFO] [stdout]                                at /rustc/90b35a6239c3d8bdabc530a6a0816f7ff89a0aaf/library/core/src/ops/function.rs:250:5
[INFO] [stdout]   40:     0x61a85438484b - <alloc::boxed::Box<F,A> as core::ops::function::FnOnce<Args>>::call_once::hf75717d9f28faebf
[INFO] [stdout]                                at /rustc/90b35a6239c3d8bdabc530a6a0816f7ff89a0aaf/library/alloc/src/boxed.rs:2454:9
[INFO] [stdout]   41:     0x61a85438484b - <alloc::boxed::Box<F,A> as core::ops::function::FnOnce<Args>>::call_once::h7bd883a5f3c5f3c1
[INFO] [stdout]                                at /rustc/90b35a6239c3d8bdabc530a6a0816f7ff89a0aaf/library/alloc/src/boxed.rs:2454:9
[INFO] [stdout]   42:     0x61a85438484b - std::sys::pal::unix::thread::Thread::new::thread_start::hcc78f3943333fa94
[INFO] [stdout]                                at /rustc/90b35a6239c3d8bdabc530a6a0816f7ff89a0aaf/library/std/src/sys/pal/unix/thread.rs:105:17
[INFO] [stdout]   43:     0x7134e3dd1ac3 - <unknown>
[INFO] [stdout]   44:     0x7134e3e62a04 - clone
[INFO] [stdout]   45:                0x0 - <unknown>
[INFO] [stdout] 
[INFO] [stdout] ---- integration_tests::offer_tests::accept_offer::remove_listing_after_accept_offer stdout ----
[INFO] [stdout] thread 'integration_tests::offer_tests::accept_offer::remove_listing_after_accept_offer' panicked at contracts/nft-marketplace/src/integration_tests/offer_tests.rs:582:9:
[INFO] [stdout] assertion `left == right` failed
[INFO] [stdout]   left: "Generic error: Querier contract error: type: nft_marketplace::state::Listing; key: [00, 08, 6C, 69, 73, 74, 69, 6E, 67, 73, 00, 09, 63, 6F, 6E, 74, 72, 61, 63, 74, 30, 74, 6F, 6B, 65, 6E, 31] not found"
[INFO] [stdout]  right: "Generic error: Querier contract error: nft_marketplace::state::Listing not found"
[INFO] [stdout] stack backtrace:
[INFO] [stdout]    0:     0x61a85437effa - std::backtrace_rs::backtrace::libunwind::trace::h5a5b8284f2d0c266
[INFO] [stdout]                                at /rustc/90b35a6239c3d8bdabc530a6a0816f7ff89a0aaf/library/std/src/../../backtrace/src/backtrace/libunwind.rs:116:5
[INFO] [stdout]    1:     0x61a85437effa - std::backtrace_rs::backtrace::trace_unsynchronized::h76d4f1c9b0b875e3
[INFO] [stdout]                                at /rustc/90b35a6239c3d8bdabc530a6a0816f7ff89a0aaf/library/std/src/../../backtrace/src/backtrace/mod.rs:66:5
[INFO] [stdout]    2:     0x61a85437effa - std::sys::backtrace::_print_fmt::hc4546b8364a537c6
[INFO] [stdout]                                at /rustc/90b35a6239c3d8bdabc530a6a0816f7ff89a0aaf/library/std/src/sys/backtrace.rs:66:9
[INFO] [stderr] error: test failed, to rerun pass `-p nft-marketplace --lib`
[INFO] [stdout]    3:     0x61a85437effa - <std::sys::backtrace::BacktraceLock::print::DisplayBacktrace as core::fmt::Display>::fmt::h5b6bd5631a6d1f6b
[INFO] [stdout]                                at /rustc/90b35a6239c3d8bdabc530a6a0816f7ff89a0aaf/library/std/src/sys/backtrace.rs:39:26
[INFO] [stdout]    4:     0x61a8543a55f3 - core::fmt::rt::Argument::fmt::h270f6602a2b96f62
[INFO] [stdout]                                at /rustc/90b35a6239c3d8bdabc530a6a0816f7ff89a0aaf/library/core/src/fmt/rt.rs:177:76
[INFO] [stdout]    5:     0x61a8543a55f3 - core::fmt::write::h7550c97b06c86515
[INFO] [stdout]                                at /rustc/90b35a6239c3d8bdabc530a6a0816f7ff89a0aaf/library/core/src/fmt/mod.rs:1186:21
[INFO] [stdout]    6:     0x61a85437bff3 - std::io::Write::write_fmt::h509ff860e5956e5e
[INFO] [stdout]                                at /rustc/90b35a6239c3d8bdabc530a6a0816f7ff89a0aaf/library/std/src/io/mod.rs:1839:15
[INFO] [stdout]    7:     0x61a85437ee42 - std::sys::backtrace::BacktraceLock::print::h2395ccd2c84ba3aa
[INFO] [stdout]                                at /rustc/90b35a6239c3d8bdabc530a6a0816f7ff89a0aaf/library/std/src/sys/backtrace.rs:42:9
[INFO] [stdout]    8:     0x61a85438045a - std::panicking::default_hook::{{closure}}::he19d4c7230e07961
[INFO] [stdout]                                at /rustc/90b35a6239c3d8bdabc530a6a0816f7ff89a0aaf/library/std/src/panicking.rs:268:22
[INFO] [stdout]    9:     0x61a854380264 - std::panicking::default_hook::hf614597d3c67bbdb
[INFO] [stdout]                                at /rustc/90b35a6239c3d8bdabc530a6a0816f7ff89a0aaf/library/std/src/panicking.rs:292:9
[INFO] [stdout]   10:     0x61a85411e139 - <alloc::boxed::Box<F,A> as core::ops::function::Fn<Args>>::call::h39b51ce4599c23d1
[INFO] [stdout]                                at /rustc/90b35a6239c3d8bdabc530a6a0816f7ff89a0aaf/library/alloc/src/boxed.rs:2468:9
[INFO] [stdout]   11:     0x61a85411e139 - test::test_main::{{closure}}::he977ae839a582784
[INFO] [stdout]                                at /rustc/90b35a6239c3d8bdabc530a6a0816f7ff89a0aaf/library/test/src/lib.rs:133:21
[INFO] [stdout]   12:     0x61a854380af8 - <alloc::boxed::Box<F,A> as core::ops::function::Fn<Args>>::call::h9455091b6b06f9fb
[INFO] [stdout]                                at /rustc/90b35a6239c3d8bdabc530a6a0816f7ff89a0aaf/library/alloc/src/boxed.rs:2468:9
[INFO] [stdout]   13:     0x61a854380af8 - std::panicking::rust_panic_with_hook::h8942133a8b252070
[INFO] [stdout]                                at /rustc/90b35a6239c3d8bdabc530a6a0816f7ff89a0aaf/library/std/src/panicking.rs:809:13
[INFO] [stdout]   14:     0x61a8543808ba - std::panicking::begin_panic_handler::{{closure}}::hb5f5963570096b29
[INFO] [stdout]                                at /rustc/90b35a6239c3d8bdabc530a6a0816f7ff89a0aaf/library/std/src/panicking.rs:674:13
[INFO] [stdout]   15:     0x61a85437f4d9 - std::sys::backtrace::__rust_end_short_backtrace::h6208cedc1922feda
[INFO] [stdout]                                at /rustc/90b35a6239c3d8bdabc530a6a0816f7ff89a0aaf/library/std/src/sys/backtrace.rs:170:18
[INFO] [stdout]   16:     0x61a85438054c - rust_begin_unwind
[INFO] [stdout]                                at /rustc/90b35a6239c3d8bdabc530a6a0816f7ff89a0aaf/library/std/src/panicking.rs:665:5
[INFO] [stdout]   17:     0x61a853f30b60 - core::panicking::panic_fmt::h0c3082644d1bf418
[INFO] [stdout]                                at /rustc/90b35a6239c3d8bdabc530a6a0816f7ff89a0aaf/library/core/src/panicking.rs:74:14
[INFO] [stdout]   18:     0x61a853f30f64 - core::panicking::assert_failed_inner::h2ddf1fcc067fa858
[INFO] [stdout]   19:     0x61a854097d1d - core::panicking::assert_failed::hc70d66f6ae1ca2dd
[INFO] [stdout]                                at /rustc/90b35a6239c3d8bdabc530a6a0816f7ff89a0aaf/library/core/src/panicking.rs:367:5
[INFO] [stdout]   20:     0x61a85407520f - nft_marketplace::integration_tests::offer_tests::accept_offer::remove_listing_after_accept_offer::hfc67b167305fa16c
[INFO] [stdout]                                at /opt/rustwide/workdir/contracts/nft-marketplace/src/integration_tests/offer_tests.rs:582:9
[INFO] [stdout]   21:     0x61a854072ac7 - nft_marketplace::integration_tests::offer_tests::accept_offer::remove_listing_after_accept_offer::{{closure}}::h5177dc7ee15af223
[INFO] [stdout]                                at /opt/rustwide/workdir/contracts/nft-marketplace/src/integration_tests/offer_tests.rs:380:43
[INFO] [stdout]   22:     0x61a854050886 - core::ops::function::FnOnce::call_once::h46e258a1f3fa20b4
[INFO] [stdout]                                at /rustc/90b35a6239c3d8bdabc530a6a0816f7ff89a0aaf/library/core/src/ops/function.rs:250:5
[INFO] [stdout]   23:     0x61a854122afb - core::ops::function::FnOnce::call_once::h109cf8051a59b34e
[INFO] [stdout]                                at /rustc/90b35a6239c3d8bdabc530a6a0816f7ff89a0aaf/library/core/src/ops/function.rs:250:5
[INFO] [stdout]   24:     0x61a854122afb - test::__rust_begin_short_backtrace::hf4fff89d377446ba
[INFO] [stdout]                                at /rustc/90b35a6239c3d8bdabc530a6a0816f7ff89a0aaf/library/test/src/lib.rs:621:18
[INFO] [stdout]   25:     0x61a854122337 - test::run_test_in_process::{{closure}}::h0e39181dd7ee5a43
[INFO] [stdout]                                at /rustc/90b35a6239c3d8bdabc530a6a0816f7ff89a0aaf/library/test/src/lib.rs:644:60
[INFO] [stdout]   26:     0x61a854122337 - <core::panic::unwind_safe::AssertUnwindSafe<F> as core::ops::function::FnOnce<()>>::call_once::hc5a66a30f0bdfd1f
[INFO] [stdout]                                at /rustc/90b35a6239c3d8bdabc530a6a0816f7ff89a0aaf/library/core/src/panic/unwind_safe.rs:272:9
[INFO] [stdout]   27:     0x61a854122337 - std::panicking::try::do_call::h873b7cf639554a5e
[INFO] [stdout]                                at /rustc/90b35a6239c3d8bdabc530a6a0816f7ff89a0aaf/library/std/src/panicking.rs:557:40
[INFO] [stdout]   28:     0x61a854122337 - std::panicking::try::hdb19862fad9c8bd1
[INFO] [stdout]                                at /rustc/90b35a6239c3d8bdabc530a6a0816f7ff89a0aaf/library/std/src/panicking.rs:520:19
[INFO] [stdout]   29:     0x61a854122337 - std::panic::catch_unwind::h281fe732d236d260
[INFO] [stdout]                                at /rustc/90b35a6239c3d8bdabc530a6a0816f7ff89a0aaf/library/std/src/panic.rs:358:14
[INFO] [stdout]   30:     0x61a854122337 - test::run_test_in_process::h949b6df8457ed338
[INFO] [stdout]                                at /rustc/90b35a6239c3d8bdabc530a6a0816f7ff89a0aaf/library/test/src/lib.rs:644:27
[INFO] [stdout]   31:     0x61a854122337 - test::run_test::{{closure}}::h52c556a6d4740e10
[INFO] [stdout]                                at /rustc/90b35a6239c3d8bdabc530a6a0816f7ff89a0aaf/library/test/src/lib.rs:565:43
[INFO] [stdout]   32:     0x61a8540e7614 - test::run_test::{{closure}}::h4237f6381c45ccb9
[INFO] [stdout]                                at /rustc/90b35a6239c3d8bdabc530a6a0816f7ff89a0aaf/library/test/src/lib.rs:595:41
[INFO] [stdout]   33:     0x61a8540e7614 - std::sys::backtrace::__rust_begin_short_backtrace::h505c97a579eca628
[INFO] [stdout]                                at /rustc/90b35a6239c3d8bdabc530a6a0816f7ff89a0aaf/library/std/src/sys/backtrace.rs:154:18
[INFO] [stdout]   34:     0x61a8540eacde - std::thread::Builder::spawn_unchecked_::{{closure}}::{{closure}}::h9e86b2e2bc107ea3
[INFO] [stdout]                                at /rustc/90b35a6239c3d8bdabc530a6a0816f7ff89a0aaf/library/std/src/thread/mod.rs:538:17
[INFO] [stdout]   35:     0x61a8540eacde - <core::panic::unwind_safe::AssertUnwindSafe<F> as core::ops::function::FnOnce<()>>::call_once::h8b06ddb275ff4a25
[INFO] [stdout]                                at /rustc/90b35a6239c3d8bdabc530a6a0816f7ff89a0aaf/library/core/src/panic/unwind_safe.rs:272:9
[INFO] [stdout]   36:     0x61a8540eacde - std::panicking::try::do_call::hb26ecd7cd9a9355d
[INFO] [stdout]                                at /rustc/90b35a6239c3d8bdabc530a6a0816f7ff89a0aaf/library/std/src/panicking.rs:557:40
[INFO] [stdout]   37:     0x61a8540eacde - std::panicking::try::h8ddeca9d705f9069
[INFO] [stdout]                                at /rustc/90b35a6239c3d8bdabc530a6a0816f7ff89a0aaf/library/std/src/panicking.rs:520:19
[INFO] [stdout]   38:     0x61a8540eacde - std::panic::catch_unwind::h49e1c33078844c46
[INFO] [stdout]                                at /rustc/90b35a6239c3d8bdabc530a6a0816f7ff89a0aaf/library/std/src/panic.rs:358:14
[INFO] [stdout]   39:     0x61a8540eacde - std::thread::Builder::spawn_unchecked_::{{closure}}::h6073db6ff56ad35d
[INFO] [stdout]                                at /rustc/90b35a6239c3d8bdabc530a6a0816f7ff89a0aaf/library/std/src/thread/mod.rs:537:30
[INFO] [stdout]   40:     0x61a8540eacde - core::ops::function::FnOnce::call_once{{vtable.shim}}::h2c5a5f3779c774f1
[INFO] [stdout]                                at /rustc/90b35a6239c3d8bdabc530a6a0816f7ff89a0aaf/library/core/src/ops/function.rs:250:5
[INFO] [stdout]   41:     0x61a85438484b - <alloc::boxed::Box<F,A> as core::ops::function::FnOnce<Args>>::call_once::hf75717d9f28faebf
[INFO] [stdout]                                at /rustc/90b35a6239c3d8bdabc530a6a0816f7ff89a0aaf/library/alloc/src/boxed.rs:2454:9
[INFO] [stdout]   42:     0x61a85438484b - <alloc::boxed::Box<F,A> as core::ops::function::FnOnce<Args>>::call_once::h7bd883a5f3c5f3c1
[INFO] [stdout]                                at /rustc/90b35a6239c3d8bdabc530a6a0816f7ff89a0aaf/library/alloc/src/boxed.rs:2454:9
[INFO] [stdout]   43:     0x61a85438484b - std::sys::pal::unix::thread::Thread::new::thread_start::hcc78f3943333fa94
[INFO] [stdout]                                at /rustc/90b35a6239c3d8bdabc530a6a0816f7ff89a0aaf/library/std/src/sys/pal/unix/thread.rs:105:17
[INFO] [stdout]   44:     0x7134e3dd1ac3 - <unknown>
[INFO] [stdout]   45:     0x7134e3e62a04 - clone
[INFO] [stdout]   46:                0x0 - <unknown>
[INFO] [stdout] 
[INFO] [stdout] 
[INFO] [stdout] failures:
[INFO] [stdout]     integration_tests::listing_tests::cancel_offer::user_can_cancel_their_offer
[INFO] [stdout]     integration_tests::offer_tests::accept_offer::remove_listing_after_accept_offer
[INFO] [stdout] 
[INFO] [stdout] test result: FAILED. 26 passed; 2 failed; 0 ignored; 0 measured; 0 filtered out; finished in 0.11s
[INFO] [stdout] 
[INFO] running `Command { std: "docker" "inspect" "4e15266bc328e710a936d47cd0c04942ff32d4b94b6b46ae3dadac9929e5a53c", kill_on_drop: false }`
[INFO] running `Command { std: "docker" "rm" "-f" "4e15266bc328e710a936d47cd0c04942ff32d4b94b6b46ae3dadac9929e5a53c", kill_on_drop: false }`
[INFO] [stdout] 4e15266bc328e710a936d47cd0c04942ff32d4b94b6b46ae3dadac9929e5a53c
