[INFO] cloning repository https://github.com/preiter93/ndrustfft
[INFO] running `Command { std: "git" "-c" "credential.helper=" "-c" "credential.helper=/workspace/cargo-home/bin/git-credential-null" "clone" "--bare" "https://github.com/preiter93/ndrustfft" "/workspace/cache/git-repos/https%3A%2F%2Fgithub.com%2Fpreiter93%2Fndrustfft", kill_on_drop: false }`
[INFO] [stderr] Cloning into bare repository '/workspace/cache/git-repos/https%3A%2F%2Fgithub.com%2Fpreiter93%2Fndrustfft'...
[INFO] running `Command { std: "git" "rev-parse" "HEAD", kill_on_drop: false }`
[INFO] [stdout] bb16a1527d9ca0da1dcec6ec56da8886079232fa
[INFO] testing preiter93/ndrustfft against beta-2024-12-08 for beta-1.84.0-4-retry
[INFO] running `Command { std: "git" "clone" "/workspace/cache/git-repos/https%3A%2F%2Fgithub.com%2Fpreiter93%2Fndrustfft" "/workspace/builds/worker-3-tc2/source", kill_on_drop: false }`
[INFO] [stderr] Cloning into '/workspace/builds/worker-3-tc2/source'...
[INFO] [stderr] done.
[INFO] validating manifest of git repo https://github.com/preiter93/ndrustfft on toolchain beta-2024-12-08
[INFO] running `Command { std: CARGO_HOME="/workspace/cargo-home" RUSTUP_HOME="/workspace/rustup-home" "/workspace/cargo-home/bin/cargo" "+beta-2024-12-08" "metadata" "--manifest-path" "Cargo.toml" "--no-deps", kill_on_drop: false }`
[INFO] started tweaking git repo https://github.com/preiter93/ndrustfft
[INFO] finished tweaking git repo https://github.com/preiter93/ndrustfft
[INFO] tweaked toml for git repo https://github.com/preiter93/ndrustfft written to /workspace/builds/worker-3-tc2/source/Cargo.toml
[INFO] crate git repo https://github.com/preiter93/ndrustfft already has a lockfile, it will not be regenerated
[INFO] running `Command { std: CARGO_HOME="/workspace/cargo-home" RUSTUP_HOME="/workspace/rustup-home" "/workspace/cargo-home/bin/cargo" "+beta-2024-12-08" "fetch" "--manifest-path" "Cargo.toml", kill_on_drop: false }`
[INFO] running `Command { std: "docker" "create" "-v" "/var/lib/crater-agent-workspace/builds/worker-3-tc2/target:/opt/rustwide/target:rw,Z" "-v" "/var/lib/crater-agent-workspace/builds/worker-3-tc2/source:/opt/rustwide/workdir:ro,Z" "-v" "/var/lib/crater-agent-workspace/cargo-home:/opt/rustwide/cargo-home:ro,Z" "-v" "/var/lib/crater-agent-workspace/rustup-home:/opt/rustwide/rustup-home:ro,Z" "-e" "SOURCE_DIR=/opt/rustwide/workdir" "-e" "CARGO_TARGET_DIR=/opt/rustwide/target" "-e" "CARGO_HOME=/opt/rustwide/cargo-home" "-e" "RUSTUP_HOME=/opt/rustwide/rustup-home" "-w" "/opt/rustwide/workdir" "-m" "1610612736" "--user" "0:0" "--network" "none" "ghcr.io/rust-lang/crates-build-env/linux@sha256:f3a9d4ad9d972b27faf3965f35b62e55ba32bbce8f20bc8fe909558a86702fde" "/opt/rustwide/cargo-home/bin/cargo" "+beta-2024-12-08" "metadata" "--no-deps" "--format-version=1", kill_on_drop: false }`
[INFO] [stdout] baf1d7441d22b360d73e051884ab9e2291400561d972912a89d52d9be467b741
[INFO] running `Command { std: "docker" "start" "-a" "baf1d7441d22b360d73e051884ab9e2291400561d972912a89d52d9be467b741", kill_on_drop: false }`
[INFO] running `Command { std: "docker" "inspect" "baf1d7441d22b360d73e051884ab9e2291400561d972912a89d52d9be467b741", kill_on_drop: false }`
[INFO] running `Command { std: "docker" "rm" "-f" "baf1d7441d22b360d73e051884ab9e2291400561d972912a89d52d9be467b741", kill_on_drop: false }`
[INFO] [stdout] baf1d7441d22b360d73e051884ab9e2291400561d972912a89d52d9be467b741
[INFO] running `Command { std: "docker" "create" "-v" "/var/lib/crater-agent-workspace/builds/worker-3-tc2/target:/opt/rustwide/target:rw,Z" "-v" "/var/lib/crater-agent-workspace/builds/worker-3-tc2/source:/opt/rustwide/workdir:ro,Z" "-v" "/var/lib/crater-agent-workspace/cargo-home:/opt/rustwide/cargo-home:ro,Z" "-v" "/var/lib/crater-agent-workspace/rustup-home:/opt/rustwide/rustup-home:ro,Z" "-e" "SOURCE_DIR=/opt/rustwide/workdir" "-e" "CARGO_TARGET_DIR=/opt/rustwide/target" "-e" "CARGO_INCREMENTAL=0" "-e" "RUST_BACKTRACE=full" "-e" "RUSTFLAGS=--cap-lints=warn" "-e" "RUSTDOCFLAGS=--cap-lints=warn" "-e" "CARGO_HOME=/opt/rustwide/cargo-home" "-e" "RUSTUP_HOME=/opt/rustwide/rustup-home" "-w" "/opt/rustwide/workdir" "-m" "1610612736" "--user" "0:0" "--network" "none" "ghcr.io/rust-lang/crates-build-env/linux@sha256:f3a9d4ad9d972b27faf3965f35b62e55ba32bbce8f20bc8fe909558a86702fde" "/opt/rustwide/cargo-home/bin/cargo" "+beta-2024-12-08" "build" "--frozen" "--message-format=json", kill_on_drop: false }`
[INFO] [stdout] dd4530458094602fdbbaf03046972146581e89191bf6c2e709a707997841c269
[INFO] running `Command { std: "docker" "start" "-a" "dd4530458094602fdbbaf03046972146581e89191bf6c2e709a707997841c269", kill_on_drop: false }`
[INFO] [stderr]    Compiling autocfg v1.0.1
[INFO] [stderr]    Compiling crossbeam-utils v0.8.20
[INFO] [stderr]    Compiling version_check v0.9.4
[INFO] [stderr]    Compiling rayon-core v1.12.1
[INFO] [stderr]    Compiling strength_reduce v0.2.4
[INFO] [stderr]    Compiling either v1.6.1
[INFO] [stderr]    Compiling rawpointer v0.2.1
[INFO] [stderr]    Compiling rustfft v6.1.0
[INFO] [stderr]    Compiling num-traits v0.2.14
[INFO] [stderr]    Compiling num-integer v0.1.44
[INFO] [stderr]    Compiling matrixmultiply v0.3.9
[INFO] [stderr]    Compiling crossbeam-epoch v0.9.18
[INFO] [stderr]    Compiling num-complex v0.4.0
[INFO] [stderr]    Compiling crossbeam-deque v0.8.5
[INFO] [stderr]    Compiling primal-check v0.3.3
[INFO] [stderr]    Compiling transpose v0.2.1
[INFO] [stderr]    Compiling rayon v1.10.0
[INFO] [stderr]    Compiling ndarray v0.16.1
[INFO] [stderr]    Compiling rustdct v0.7.0
[INFO] [stderr]    Compiling realfft v3.2.0
[INFO] [stderr]    Compiling ndrustfft v0.5.0 (/opt/rustwide/workdir)
[INFO] [stderr]     Finished `dev` profile [unoptimized + debuginfo] target(s) in 13.27s
[INFO] running `Command { std: "docker" "inspect" "dd4530458094602fdbbaf03046972146581e89191bf6c2e709a707997841c269", kill_on_drop: false }`
[INFO] running `Command { std: "docker" "rm" "-f" "dd4530458094602fdbbaf03046972146581e89191bf6c2e709a707997841c269", kill_on_drop: false }`
[INFO] [stdout] dd4530458094602fdbbaf03046972146581e89191bf6c2e709a707997841c269
[INFO] running `Command { std: "docker" "create" "-v" "/var/lib/crater-agent-workspace/builds/worker-3-tc2/target:/opt/rustwide/target:rw,Z" "-v" "/var/lib/crater-agent-workspace/builds/worker-3-tc2/source:/opt/rustwide/workdir:ro,Z" "-v" "/var/lib/crater-agent-workspace/cargo-home:/opt/rustwide/cargo-home:ro,Z" "-v" "/var/lib/crater-agent-workspace/rustup-home:/opt/rustwide/rustup-home:ro,Z" "-e" "SOURCE_DIR=/opt/rustwide/workdir" "-e" "CARGO_TARGET_DIR=/opt/rustwide/target" "-e" "CARGO_INCREMENTAL=0" "-e" "RUST_BACKTRACE=full" "-e" "RUSTFLAGS=--cap-lints=warn" "-e" "RUSTDOCFLAGS=--cap-lints=warn" "-e" "CARGO_HOME=/opt/rustwide/cargo-home" "-e" "RUSTUP_HOME=/opt/rustwide/rustup-home" "-w" "/opt/rustwide/workdir" "-m" "1610612736" "--user" "0:0" "--network" "none" "ghcr.io/rust-lang/crates-build-env/linux@sha256:f3a9d4ad9d972b27faf3965f35b62e55ba32bbce8f20bc8fe909558a86702fde" "/opt/rustwide/cargo-home/bin/cargo" "+beta-2024-12-08" "test" "--frozen" "--no-run" "--message-format=json", kill_on_drop: false }`
[INFO] [stdout] 85bb3fa38928ae023e47b7e8a8c3b2e8c388fd5e08116f15bd2724c3e1f59bfd
[INFO] running `Command { std: "docker" "start" "-a" "85bb3fa38928ae023e47b7e8a8c3b2e8c388fd5e08116f15bd2724c3e1f59bfd", kill_on_drop: false }`
[INFO] [stderr]    Compiling ucd-trie v0.1.3
[INFO] [stderr]    Compiling serde v1.0.126
[INFO] [stderr]    Compiling memchr v2.4.0
[INFO] [stderr]    Compiling proc-macro2 v1.0.27
[INFO] [stderr]    Compiling ryu v1.0.5
[INFO] [stderr]    Compiling unicode-xid v0.2.2
[INFO] [stderr]    Compiling bitflags v1.2.1
[INFO] [stderr]    Compiling libc v0.2.97
[INFO] [stderr]    Compiling syn v1.0.73
[INFO] [stderr]    Compiling itoa v0.4.7
[INFO] [stderr]    Compiling serde_json v1.0.64
[INFO] [stderr]    Compiling serde_derive v1.0.126
[INFO] [stderr]    Compiling unicode-width v0.1.8
[INFO] [stderr]    Compiling lazy_static v1.4.0
[INFO] [stderr]    Compiling regex-automata v0.1.10
[INFO] [stderr]    Compiling plotters-backend v0.3.1
[INFO] [stderr]    Compiling itertools v0.9.0
[INFO] [stderr]    Compiling regex-syntax v0.6.25
[INFO] [stderr]    Compiling textwrap v0.11.0
[INFO] [stderr]    Compiling half v1.7.1
[INFO] [stderr]    Compiling pest v2.1.3
[INFO] [stderr]    Compiling plotters-svg v0.3.1
[INFO] [stderr]    Compiling same-file v1.0.6
[INFO] [stderr]    Compiling clap v2.33.3
[INFO] [stderr]    Compiling itertools v0.10.1
[INFO] [stderr]    Compiling oorandom v11.1.3
[INFO] [stderr]    Compiling plotters v0.3.1
[INFO] [stderr]    Compiling walkdir v2.3.2
[INFO] [stderr]    Compiling csv-core v0.1.10
[INFO] [stderr]    Compiling semver-parser v0.10.2
[INFO] [stderr]    Compiling quote v1.0.9
[INFO] [stderr]    Compiling regex v1.5.4
[INFO] [stderr]    Compiling semver v0.11.0
[INFO] [stderr]    Compiling rustc_version v0.3.3
[INFO] [stderr]    Compiling atty v0.2.14
[INFO] [stderr]    Compiling cast v0.2.6
[INFO] [stderr]    Compiling criterion-plot v0.4.3
[INFO] [stderr]    Compiling bstr v0.2.16
[INFO] [stderr]    Compiling serde_cbor v0.11.1
[INFO] [stderr]    Compiling csv v1.1.6
[INFO] [stderr]    Compiling tinytemplate v1.2.1
[INFO] [stderr]    Compiling criterion v0.3.4
[INFO] [stderr]    Compiling ndrustfft v0.5.0 (/opt/rustwide/workdir)
[INFO] [stderr]     Finished `test` profile [unoptimized + debuginfo] target(s) in 58.85s
[INFO] [stderr] warning: the following packages contain code that will be rejected by a future version of Rust: criterion v0.3.4
[INFO] [stderr] note: to see what the problems were, use the option `--future-incompat-report`, or run `cargo report future-incompatibilities --id 1`
[INFO] running `Command { std: "docker" "inspect" "85bb3fa38928ae023e47b7e8a8c3b2e8c388fd5e08116f15bd2724c3e1f59bfd", kill_on_drop: false }`
[INFO] running `Command { std: "docker" "rm" "-f" "85bb3fa38928ae023e47b7e8a8c3b2e8c388fd5e08116f15bd2724c3e1f59bfd", kill_on_drop: false }`
[INFO] [stdout] 85bb3fa38928ae023e47b7e8a8c3b2e8c388fd5e08116f15bd2724c3e1f59bfd
[INFO] running `Command { std: "docker" "create" "-v" "/var/lib/crater-agent-workspace/builds/worker-3-tc2/target:/opt/rustwide/target:rw,Z" "-v" "/var/lib/crater-agent-workspace/builds/worker-3-tc2/source:/opt/rustwide/workdir:ro,Z" "-v" "/var/lib/crater-agent-workspace/cargo-home:/opt/rustwide/cargo-home:ro,Z" "-v" "/var/lib/crater-agent-workspace/rustup-home:/opt/rustwide/rustup-home:ro,Z" "-e" "SOURCE_DIR=/opt/rustwide/workdir" "-e" "CARGO_TARGET_DIR=/opt/rustwide/target" "-e" "CARGO_INCREMENTAL=0" "-e" "RUST_BACKTRACE=full" "-e" "RUSTFLAGS=--cap-lints=warn" "-e" "RUSTDOCFLAGS=--cap-lints=warn" "-e" "CARGO_HOME=/opt/rustwide/cargo-home" "-e" "RUSTUP_HOME=/opt/rustwide/rustup-home" "-w" "/opt/rustwide/workdir" "-m" "1610612736" "--user" "0:0" "--network" "none" "ghcr.io/rust-lang/crates-build-env/linux@sha256:f3a9d4ad9d972b27faf3965f35b62e55ba32bbce8f20bc8fe909558a86702fde" "/opt/rustwide/cargo-home/bin/cargo" "+beta-2024-12-08" "test" "--frozen", kill_on_drop: false }`
[INFO] [stdout] 52bcf00509400d610ee8d2d934996864273803d3883544bddc614f07c258fc1c
[INFO] running `Command { std: "docker" "start" "-a" "52bcf00509400d610ee8d2d934996864273803d3883544bddc614f07c258fc1c", kill_on_drop: false }`
[INFO] [stderr]     Finished `test` profile [unoptimized + debuginfo] target(s) in 0.15s
[INFO] [stderr] warning: the following packages contain code that will be rejected by a future version of Rust: criterion v0.3.4
[INFO] [stderr] note: to see what the problems were, use the option `--future-incompat-report`, or run `cargo report future-incompatibilities --id 1`
[INFO] [stderr]      Running unittests src/lib.rs (/opt/rustwide/target/debug/deps/ndrustfft-85e08ccef00f51bc)
[INFO] [stdout] 
[INFO] [stdout] running 16 tests
[INFO] [stdout] test test::test_dct1 ... ok
[INFO] [stdout] test test::test_fft ... ok
[INFO] [stdout] test test::test_fft_f_layout ... ok
[INFO] [stdout] test test::test_dct3 ... ok
[INFO] [stdout] test test::test_fft_r2c_odd ... ok
[INFO] [stdout] test test::test_dct2 ... ok
[INFO] [stdout] test test::test_fft_r2c ... ok
[INFO] [stdout] test test::test_dct1_par ... ok
[INFO] [stdout] test test::test_ifft_c2r_first_last_element ... ok
[INFO] [stdout] test test::test_dct2_par ... ok
[INFO] [stdout] test test::test_dct3_par ... ok
[INFO] [stdout] test test::test_dct4_par ... ok
[INFO] [stdout] test test::test_fft_r2c_odd_par ... ok
[INFO] [stdout] test test::test_fft_r2c_par ... ok
[INFO] [stdout] test test::test_dct4 ... ok
[INFO] [stdout] test test::test_fft_par ... ok
[INFO] [stdout] 
[INFO] [stdout] test result: ok. 16 passed; 0 failed; 0 ignored; 0 measured; 0 filtered out; finished in 0.01s
[INFO] [stdout] 
[INFO] [stderr]    Doc-tests ndrustfft
[INFO] [stdout] 
[INFO] [stdout] running 12 tests
[INFO] [stdout] test src/lib.rs - DctHandler (line 627) ... FAILED
[INFO] [stdout] test src/lib.rs - nddct1 (line 756) ... FAILED
[INFO] [stdout] test src/lib.rs - ndfft_r2c (line 545) ... FAILED
[INFO] [stdout] test src/lib.rs - ndifft (line 376) ... FAILED
[INFO] [stdout] test src/lib.rs - FftHandler (line 255) ... FAILED
[INFO] [stdout] test src/lib.rs - R2cFftHandler<T>::new (line 471) ... FAILED
[INFO] [stdout] test src/lib.rs - R2cFftHandler (line 438) ... FAILED
[INFO] [stdout] test src/lib.rs - (line 34) ... FAILED
[INFO] [stdout] test src/lib.rs - ndifft_r2c (line 568) ... ok
[INFO] [stdout] test src/lib.rs - ndfft (line 352) ... ok
[INFO] [stdout] test src/lib.rs - FftHandler<T>::new (line 288) ... ok
[INFO] [stdout] test src/lib.rs - DctHandler<T>::new (line 660) ... ok
[INFO] [stdout] 
[INFO] [stdout] failures:
[INFO] [stdout] 
[INFO] [stdout] ---- src/lib.rs - DctHandler (line 627) stdout ----
[INFO] [stdout] Couldn't compile the test.
[INFO] [stdout] ---- src/lib.rs - nddct1 (line 756) stdout ----
[INFO] [stdout] Couldn't compile the test.
[INFO] [stdout] ---- src/lib.rs - ndfft_r2c (line 545) stdout ----
[INFO] [stdout] Couldn't compile the test.
[INFO] [stdout] ---- src/lib.rs - ndifft (line 376) stdout ----
[INFO] [stdout] Couldn't compile the test.
[INFO] [stdout] ---- src/lib.rs - FftHandler (line 255) stdout ----
[INFO] [stdout] Couldn't compile the test.
[INFO] [stdout] ---- src/lib.rs - R2cFftHandler<T>::new (line 471) stdout ----
[INFO] [stdout] Couldn't compile the test.
[INFO] [stdout] ---- src/lib.rs - R2cFftHandler (line 438) stdout ----
[INFO] [stdout] Couldn't compile the test.
[INFO] [stdout] ---- src/lib.rs - (line 34) stdout ----
[INFO] [stdout] Couldn't compile the test.
[INFO] [stdout] 
[INFO] [stdout] failures:
[INFO] [stdout]     src/lib.rs - (line 34)
[INFO] [stdout]     src/lib.rs - DctHandler (line 627)
[INFO] [stdout]     src/lib.rs - FftHandler (line 255)
[INFO] [stdout]     src/lib.rs - R2cFftHandler (line 438)
[INFO] [stdout]     src/lib.rs - R2cFftHandler<T>::new (line 471)
[INFO] [stdout]     src/lib.rs - nddct1 (line 756)
[INFO] [stdout]     src/lib.rs - ndfft_r2c (line 545)
[INFO] [stdout]     src/lib.rs - ndifft (line 376)
[INFO] [stdout] 
[INFO] [stdout] test result: FAILED. 4 passed; 8 failed; 0 ignored; 0 measured; 0 filtered out; finished in 17.70s
[INFO] [stdout] 
[INFO] [stderr] error: doctest failed, to rerun pass `--doc`
[INFO] running `Command { std: "docker" "inspect" "52bcf00509400d610ee8d2d934996864273803d3883544bddc614f07c258fc1c", kill_on_drop: false }`
[INFO] running `Command { std: "docker" "rm" "-f" "52bcf00509400d610ee8d2d934996864273803d3883544bddc614f07c258fc1c", kill_on_drop: false }`
[INFO] [stdout] 52bcf00509400d610ee8d2d934996864273803d3883544bddc614f07c258fc1c
