[INFO] cloning repository https://github.com/pranavnt/nylon
[INFO] running `Command { std: "git" "-c" "credential.helper=" "-c" "credential.helper=/workspace/cargo-home/bin/git-credential-null" "clone" "--bare" "https://github.com/pranavnt/nylon" "/workspace/cache/git-repos/https%3A%2F%2Fgithub.com%2Fpranavnt%2Fnylon", kill_on_drop: false }`
[INFO] [stderr] Cloning into bare repository '/workspace/cache/git-repos/https%3A%2F%2Fgithub.com%2Fpranavnt%2Fnylon'...
[INFO] running `Command { std: "git" "rev-parse" "HEAD", kill_on_drop: false }`
[INFO] [stdout] b7690d0e95080e00fb9f7a9da9e1a27497fd033f
[INFO] testing pranavnt/nylon against 1.83.0 for beta-1.84.0-4-retry
[INFO] running `Command { std: "git" "clone" "/workspace/cache/git-repos/https%3A%2F%2Fgithub.com%2Fpranavnt%2Fnylon" "/workspace/builds/worker-5-tc1/source", kill_on_drop: false }`
[INFO] [stderr] Cloning into '/workspace/builds/worker-5-tc1/source'...
[INFO] [stderr] done.
[INFO] validating manifest of git repo https://github.com/pranavnt/nylon on toolchain 1.83.0
[INFO] running `Command { std: CARGO_HOME="/workspace/cargo-home" RUSTUP_HOME="/workspace/rustup-home" "/workspace/cargo-home/bin/cargo" "+1.83.0" "metadata" "--manifest-path" "Cargo.toml" "--no-deps", kill_on_drop: false }`
[INFO] started tweaking git repo https://github.com/pranavnt/nylon
[INFO] finished tweaking git repo https://github.com/pranavnt/nylon
[INFO] tweaked toml for git repo https://github.com/pranavnt/nylon written to /workspace/builds/worker-5-tc1/source/Cargo.toml
[INFO] crate git repo https://github.com/pranavnt/nylon already has a lockfile, it will not be regenerated
[INFO] running `Command { std: CARGO_HOME="/workspace/cargo-home" RUSTUP_HOME="/workspace/rustup-home" "/workspace/cargo-home/bin/cargo" "+1.83.0" "fetch" "--manifest-path" "Cargo.toml", kill_on_drop: false }`
[INFO] running `Command { std: "docker" "create" "-v" "/var/lib/crater-agent-workspace/builds/worker-5-tc1/target:/opt/rustwide/target:rw,Z" "-v" "/var/lib/crater-agent-workspace/builds/worker-5-tc1/source:/opt/rustwide/workdir:ro,Z" "-v" "/var/lib/crater-agent-workspace/cargo-home:/opt/rustwide/cargo-home:ro,Z" "-v" "/var/lib/crater-agent-workspace/rustup-home:/opt/rustwide/rustup-home:ro,Z" "-e" "SOURCE_DIR=/opt/rustwide/workdir" "-e" "CARGO_TARGET_DIR=/opt/rustwide/target" "-e" "CARGO_HOME=/opt/rustwide/cargo-home" "-e" "RUSTUP_HOME=/opt/rustwide/rustup-home" "-w" "/opt/rustwide/workdir" "-m" "1610612736" "--user" "0:0" "--network" "none" "ghcr.io/rust-lang/crates-build-env/linux@sha256:f3a9d4ad9d972b27faf3965f35b62e55ba32bbce8f20bc8fe909558a86702fde" "/opt/rustwide/cargo-home/bin/cargo" "+1.83.0" "metadata" "--no-deps" "--format-version=1", kill_on_drop: false }`
[INFO] [stdout] 3898a781cb0d61f4b53007a772863188ebf27faff64676fe877a2053918f8bf4
[INFO] running `Command { std: "docker" "start" "-a" "3898a781cb0d61f4b53007a772863188ebf27faff64676fe877a2053918f8bf4", kill_on_drop: false }`
[INFO] running `Command { std: "docker" "inspect" "3898a781cb0d61f4b53007a772863188ebf27faff64676fe877a2053918f8bf4", kill_on_drop: false }`
[INFO] running `Command { std: "docker" "rm" "-f" "3898a781cb0d61f4b53007a772863188ebf27faff64676fe877a2053918f8bf4", kill_on_drop: false }`
[INFO] [stdout] 3898a781cb0d61f4b53007a772863188ebf27faff64676fe877a2053918f8bf4
[INFO] running `Command { std: "docker" "create" "-v" "/var/lib/crater-agent-workspace/builds/worker-5-tc1/target:/opt/rustwide/target:rw,Z" "-v" "/var/lib/crater-agent-workspace/builds/worker-5-tc1/source:/opt/rustwide/workdir:ro,Z" "-v" "/var/lib/crater-agent-workspace/cargo-home:/opt/rustwide/cargo-home:ro,Z" "-v" "/var/lib/crater-agent-workspace/rustup-home:/opt/rustwide/rustup-home:ro,Z" "-e" "SOURCE_DIR=/opt/rustwide/workdir" "-e" "CARGO_TARGET_DIR=/opt/rustwide/target" "-e" "CARGO_INCREMENTAL=0" "-e" "RUST_BACKTRACE=full" "-e" "RUSTFLAGS=--cap-lints=warn" "-e" "RUSTDOCFLAGS=--cap-lints=warn" "-e" "CARGO_HOME=/opt/rustwide/cargo-home" "-e" "RUSTUP_HOME=/opt/rustwide/rustup-home" "-w" "/opt/rustwide/workdir" "-m" "1610612736" "--user" "0:0" "--network" "none" "ghcr.io/rust-lang/crates-build-env/linux@sha256:f3a9d4ad9d972b27faf3965f35b62e55ba32bbce8f20bc8fe909558a86702fde" "/opt/rustwide/cargo-home/bin/cargo" "+1.83.0" "build" "--frozen" "--message-format=json", kill_on_drop: false }`
[INFO] [stdout] 83ee12b3561d2c1bfb3f58bec22d89b33492248cefae398b0e8dee3d831713c7
[INFO] running `Command { std: "docker" "start" "-a" "83ee12b3561d2c1bfb3f58bec22d89b33492248cefae398b0e8dee3d831713c7", kill_on_drop: false }`
[INFO] [stderr]    Compiling libc v0.2.151
[INFO] [stderr]    Compiling autocfg v1.1.0
[INFO] [stderr]    Compiling rand_core v0.4.2
[INFO] [stderr]    Compiling version_check v0.1.5
[INFO] [stderr]    Compiling cfg-if v1.0.0
[INFO] [stderr]    Compiling tinyvec_macros v0.1.1
[INFO] [stderr]    Compiling log v0.4.20
[INFO] [stderr]    Compiling proc-macro2 v1.0.71
[INFO] [stderr]    Compiling tinyvec v1.6.0
[INFO] [stderr]    Compiling unicode-ident v1.0.12
[INFO] [stderr]    Compiling unicode-bidi v0.3.14
[INFO] [stderr]    Compiling unicase v1.4.2
[INFO] [stderr]    Compiling rand_core v0.3.1
[INFO] [stderr]    Compiling autocfg v0.1.8
[INFO] [stderr]    Compiling siphasher v0.2.3
[INFO] [stderr]    Compiling rand_isaac v0.1.1
[INFO] [stderr]    Compiling rand_xorshift v0.1.1
[INFO] [stderr]    Compiling rand_hc v0.1.0
[INFO] [stderr]    Compiling rand_jitter v0.1.4
[INFO] [stderr]    Compiling rand_pcg v0.1.2
[INFO] [stderr]    Compiling rand_chacha v0.1.1
[INFO] [stderr]    Compiling rand v0.6.5
[INFO] [stderr]    Compiling phf_shared v0.7.24
[INFO] [stderr]    Compiling quote v1.0.33
[INFO] [stderr]    Compiling syn v2.0.43
[INFO] [stderr]    Compiling log v0.3.9
[INFO] [stderr]    Compiling traitobject v0.1.0
[INFO] [stderr]    Compiling memchr v2.6.4
[INFO] [stderr]    Compiling matches v0.1.10
[INFO] [stderr]    Compiling version_check v0.9.4
[INFO] [stderr]    Compiling serde v1.0.193
[INFO] [stderr]    Compiling httparse v1.8.0
[INFO] [stderr]    Compiling percent-encoding v1.0.1
[INFO] [stderr]    Compiling safemem v0.3.3
[INFO] [stderr]    Compiling unsafe-any v0.4.2
[INFO] [stderr]    Compiling mime v0.2.6
[INFO] [stderr]    Compiling phf v0.7.24
[INFO] [stderr]    Compiling getrandom v0.2.11
[INFO] [stderr]    Compiling unicode-normalization v0.1.22
[INFO] [stderr]    Compiling cc v1.0.83
[INFO] [stderr]    Compiling rand_os v0.1.3
[INFO] [stderr]    Compiling unicase v2.7.0
[INFO] [stderr]    Compiling num-traits v0.2.17
[INFO] [stderr]    Compiling untrusted v0.9.0
[INFO] [stderr]    Compiling byteorder v1.5.0
[INFO] [stderr]    Compiling spin v0.9.8
[INFO] [stderr]    Compiling serde_json v1.0.108
[INFO] [stderr]    Compiling idna v0.1.5
[INFO] [stderr]    Compiling base64 v0.9.3
[INFO] [stderr]    Compiling aho-corasick v1.1.2
[INFO] [stderr]    Compiling num_cpus v1.16.0
[INFO] [stderr]    Compiling time v0.1.45
[INFO] [stderr]    Compiling ring v0.17.7
[INFO] [stderr]    Compiling phf_generator v0.7.24
[INFO] [stderr]    Compiling url v1.7.2
[INFO] [stderr]    Compiling phf_codegen v0.7.24
[INFO] [stderr]    Compiling typemap v0.3.3
[INFO] [stderr]    Compiling crc32fast v1.3.2
[INFO] [stderr]    Compiling typeable v0.1.2
[INFO] [stderr]    Compiling language-tags v0.2.2
[INFO] [stderr]    Compiling mime_guess v1.8.8
[INFO] [stderr]    Compiling itoa v1.0.10
[INFO] [stderr]    Compiling regex-syntax v0.8.2
[INFO] [stderr]    Compiling ryu v1.0.16
[INFO] [stderr]    Compiling rustix v0.38.28
[INFO] [stderr]    Compiling hyper v0.10.16
[INFO] [stderr]    Compiling plugin v0.2.6
[INFO] [stderr]    Compiling mime_guess v2.0.4
[INFO] [stderr]    Compiling rand_core v0.6.4
[INFO] [stderr]    Compiling rustls v0.21.10
[INFO] [stderr]    Compiling serde_derive v1.0.193
[INFO] [stderr]    Compiling adler v1.0.2
[INFO] [stderr]    Compiling modifier v0.1.0
[INFO] [stderr]    Compiling ppv-lite86 v0.2.17
[INFO] [stderr]    Compiling bitflags v2.4.1
[INFO] [stderr]    Compiling iana-time-zone v0.1.58
[INFO] [stderr]    Compiling percent-encoding v2.3.1
[INFO] [stderr]    Compiling linux-raw-sys v0.4.12
[INFO] [stderr]    Compiling form_urlencoded v1.2.1
[INFO] [stderr]    Compiling rand_chacha v0.3.1
[INFO] [stderr]    Compiling chrono v0.4.31
[INFO] [stderr]    Compiling regex-automata v0.4.3
[INFO] [stderr]    Compiling miniz_oxide v0.7.1
[INFO] [stderr]    Compiling rustls-webpki v0.101.7
[INFO] [stderr]    Compiling sct v0.7.1
[INFO] [stderr]    Compiling idna v0.5.0
[INFO] [stderr]    Compiling groupable v0.2.0
[INFO] [stderr]    Compiling chunked_transfer v0.3.1
[INFO] [stderr]    Compiling lazy_static v1.4.0
[INFO] [stderr]    Compiling fastrand v2.0.1
[INFO] [stderr]    Compiling mime v0.3.17
[INFO] [stderr]    Compiling ascii v0.8.7
[INFO] [stderr]    Compiling tiny_http v0.6.4
[INFO] [stderr]    Compiling tempfile v3.8.1
[INFO] [stderr]    Compiling url v2.5.0
[INFO] [stderr]    Compiling regex v1.10.2
[INFO] [stderr]    Compiling flate2 v1.0.28
[INFO] [stderr]    Compiling iron v0.6.1
[INFO] [stderr]    Compiling rand v0.8.5
[INFO] [stderr]    Compiling buf_redux v0.8.4
[INFO] [stderr]    Compiling twoway v0.1.8
[INFO] [stderr]    Compiling once_cell v1.19.0
[INFO] [stderr]    Compiling base64 v0.21.5
[INFO] [stderr]    Compiling quick-error v1.2.3
[INFO] [stderr]    Compiling webpki-roots v0.25.3
[INFO] [stderr]    Compiling mustache v0.9.0
[INFO] [stderr]    Compiling nickel v0.11.0
[INFO] [stderr]    Compiling ureq v2.9.1
[INFO] [stderr]    Compiling multipart v0.18.0
[INFO] [stderr]    Compiling openai_api_rust v0.1.8
[INFO] [stderr]    Compiling nylon v0.1.0 (/opt/rustwide/workdir)
[INFO] [stdout] warning: unused import: `utils::*`
[INFO] [stdout]  --> src/lib.rs:9:9
[INFO] [stdout]   |
[INFO] [stdout] 9 | pub use utils::*;
[INFO] [stdout]   |         ^^^^^^^^
[INFO] [stdout]   |
[INFO] [stdout]   = note: `#[warn(unused_imports)]` on by default
[INFO] [stdout] 
[INFO] [stdout] 
[INFO] [stdout] warning: unused variable: `path`
[INFO] [stdout]   --> src/dataset.rs:11:24
[INFO] [stdout]    |
[INFO] [stdout] 11 |     pub fn save(&self, path: &str) {
[INFO] [stdout]    |                        ^^^^ help: if this is intentional, prefix it with an underscore: `_path`
[INFO] [stdout]    |
[INFO] [stdout]    = note: `#[warn(unused_variables)]` on by default
[INFO] [stdout] 
[INFO] [stdout] 
[INFO] [stdout] warning: unused variable: `path`
[INFO] [stdout]   --> src/dataset.rs:15:17
[INFO] [stdout]    |
[INFO] [stdout] 15 |     pub fn load(path: &str) -> Self {
[INFO] [stdout]    |                 ^^^^ help: if this is intentional, prefix it with an underscore: `_path`
[INFO] [stdout] 
[INFO] [stdout] 
[INFO] [stderr]     Finished `dev` profile [unoptimized + debuginfo] target(s) in 1m 16s
[INFO] [stderr] warning: the following packages contain code that will be rejected by a future version of Rust: buf_redux v0.8.4, multipart v0.18.0, traitobject v0.1.0, typemap v0.3.3
[INFO] [stderr] note: to see what the problems were, use the option `--future-incompat-report`, or run `cargo report future-incompatibilities --id 1`
[INFO] running `Command { std: "docker" "inspect" "83ee12b3561d2c1bfb3f58bec22d89b33492248cefae398b0e8dee3d831713c7", kill_on_drop: false }`
[INFO] running `Command { std: "docker" "rm" "-f" "83ee12b3561d2c1bfb3f58bec22d89b33492248cefae398b0e8dee3d831713c7", kill_on_drop: false }`
[INFO] [stdout] 83ee12b3561d2c1bfb3f58bec22d89b33492248cefae398b0e8dee3d831713c7
[INFO] running `Command { std: "docker" "create" "-v" "/var/lib/crater-agent-workspace/builds/worker-5-tc1/target:/opt/rustwide/target:rw,Z" "-v" "/var/lib/crater-agent-workspace/builds/worker-5-tc1/source:/opt/rustwide/workdir:ro,Z" "-v" "/var/lib/crater-agent-workspace/cargo-home:/opt/rustwide/cargo-home:ro,Z" "-v" "/var/lib/crater-agent-workspace/rustup-home:/opt/rustwide/rustup-home:ro,Z" "-e" "SOURCE_DIR=/opt/rustwide/workdir" "-e" "CARGO_TARGET_DIR=/opt/rustwide/target" "-e" "CARGO_INCREMENTAL=0" "-e" "RUST_BACKTRACE=full" "-e" "RUSTFLAGS=--cap-lints=warn" "-e" "RUSTDOCFLAGS=--cap-lints=warn" "-e" "CARGO_HOME=/opt/rustwide/cargo-home" "-e" "RUSTUP_HOME=/opt/rustwide/rustup-home" "-w" "/opt/rustwide/workdir" "-m" "1610612736" "--user" "0:0" "--network" "none" "ghcr.io/rust-lang/crates-build-env/linux@sha256:f3a9d4ad9d972b27faf3965f35b62e55ba32bbce8f20bc8fe909558a86702fde" "/opt/rustwide/cargo-home/bin/cargo" "+1.83.0" "test" "--frozen" "--no-run" "--message-format=json", kill_on_drop: false }`
[INFO] [stdout] 6335d55ac245acfd493f0743937390b512e72f694f9c4b68b6609dff7930d227
[INFO] running `Command { std: "docker" "start" "-a" "6335d55ac245acfd493f0743937390b512e72f694f9c4b68b6609dff7930d227", kill_on_drop: false }`
[INFO] [stdout] warning: unused import: `utils::*`
[INFO] [stdout]  --> src/lib.rs:9:9
[INFO] [stdout]   |
[INFO] [stdout] 9 | pub use utils::*;
[INFO] [stdout]   |         ^^^^^^^^
[INFO] [stdout]   |
[INFO] [stdout]   = note: `#[warn(unused_imports)]` on by default
[INFO] [stdout] 
[INFO] [stdout] 
[INFO] [stderr]    Compiling nylon v0.1.0 (/opt/rustwide/workdir)
[INFO] [stdout] warning: unused variable: `path`
[INFO] [stdout]   --> src/dataset.rs:11:24
[INFO] [stdout]    |
[INFO] [stdout] 11 |     pub fn save(&self, path: &str) {
[INFO] [stdout]    |                        ^^^^ help: if this is intentional, prefix it with an underscore: `_path`
[INFO] [stdout]    |
[INFO] [stdout]    = note: `#[warn(unused_variables)]` on by default
[INFO] [stdout] 
[INFO] [stdout] 
[INFO] [stdout] warning: unused variable: `path`
[INFO] [stdout]   --> src/dataset.rs:15:17
[INFO] [stdout]    |
[INFO] [stdout] 15 |     pub fn load(path: &str) -> Self {
[INFO] [stdout]    |                 ^^^^ help: if this is intentional, prefix it with an underscore: `_path`
[INFO] [stdout] 
[INFO] [stdout] 
[INFO] [stdout] warning: unused import: `utils::*`
[INFO] [stdout]  --> src/lib.rs:9:9
[INFO] [stdout]   |
[INFO] [stdout] 9 | pub use utils::*;
[INFO] [stdout]   |         ^^^^^^^^
[INFO] [stdout]   |
[INFO] [stdout]   = note: `#[warn(unused_imports)]` on by default
[INFO] [stdout] 
[INFO] [stdout] 
[INFO] [stdout] warning: unused variable: `path`
[INFO] [stdout]   --> src/dataset.rs:11:24
[INFO] [stdout]    |
[INFO] [stdout] 11 |     pub fn save(&self, path: &str) {
[INFO] [stdout]    |                        ^^^^ help: if this is intentional, prefix it with an underscore: `_path`
[INFO] [stdout]    |
[INFO] [stdout]    = note: `#[warn(unused_variables)]` on by default
[INFO] [stdout] 
[INFO] [stdout] 
[INFO] [stdout] warning: unused variable: `path`
[INFO] [stdout]   --> src/dataset.rs:15:17
[INFO] [stdout]    |
[INFO] [stdout] 15 |     pub fn load(path: &str) -> Self {
[INFO] [stdout]    |                 ^^^^ help: if this is intentional, prefix it with an underscore: `_path`
[INFO] [stdout] 
[INFO] [stdout] 
[INFO] [stderr]     Finished `test` profile [unoptimized + debuginfo] target(s) in 5.50s
[INFO] [stderr] warning: the following packages contain code that will be rejected by a future version of Rust: buf_redux v0.8.4, multipart v0.18.0, traitobject v0.1.0, typemap v0.3.3
[INFO] [stderr] note: to see what the problems were, use the option `--future-incompat-report`, or run `cargo report future-incompatibilities --id 1`
[INFO] running `Command { std: "docker" "inspect" "6335d55ac245acfd493f0743937390b512e72f694f9c4b68b6609dff7930d227", kill_on_drop: false }`
[INFO] running `Command { std: "docker" "rm" "-f" "6335d55ac245acfd493f0743937390b512e72f694f9c4b68b6609dff7930d227", kill_on_drop: false }`
[INFO] [stdout] 6335d55ac245acfd493f0743937390b512e72f694f9c4b68b6609dff7930d227
[INFO] running `Command { std: "docker" "create" "-v" "/var/lib/crater-agent-workspace/builds/worker-5-tc1/target:/opt/rustwide/target:rw,Z" "-v" "/var/lib/crater-agent-workspace/builds/worker-5-tc1/source:/opt/rustwide/workdir:ro,Z" "-v" "/var/lib/crater-agent-workspace/cargo-home:/opt/rustwide/cargo-home:ro,Z" "-v" "/var/lib/crater-agent-workspace/rustup-home:/opt/rustwide/rustup-home:ro,Z" "-e" "SOURCE_DIR=/opt/rustwide/workdir" "-e" "CARGO_TARGET_DIR=/opt/rustwide/target" "-e" "CARGO_INCREMENTAL=0" "-e" "RUST_BACKTRACE=full" "-e" "RUSTFLAGS=--cap-lints=warn" "-e" "RUSTDOCFLAGS=--cap-lints=warn" "-e" "CARGO_HOME=/opt/rustwide/cargo-home" "-e" "RUSTUP_HOME=/opt/rustwide/rustup-home" "-w" "/opt/rustwide/workdir" "-m" "1610612736" "--user" "0:0" "--network" "none" "ghcr.io/rust-lang/crates-build-env/linux@sha256:f3a9d4ad9d972b27faf3965f35b62e55ba32bbce8f20bc8fe909558a86702fde" "/opt/rustwide/cargo-home/bin/cargo" "+1.83.0" "test" "--frozen", kill_on_drop: false }`
[INFO] [stdout] 154365dc1a43c00d3cb36b5e2b90619d4a62254b89dcaec470d9987ea4345f4e
[INFO] running `Command { std: "docker" "start" "-a" "154365dc1a43c00d3cb36b5e2b90619d4a62254b89dcaec470d9987ea4345f4e", kill_on_drop: false }`
[INFO] [stderr] warning: unused import: `utils::*`
[INFO] [stderr]  --> src/lib.rs:9:9
[INFO] [stderr]   |
[INFO] [stderr] 9 | pub use utils::*;
[INFO] [stderr]   |         ^^^^^^^^
[INFO] [stderr]   |
[INFO] [stderr]   = note: `#[warn(unused_imports)]` on by default
[INFO] [stderr] 
[INFO] [stderr] warning: unused variable: `path`
[INFO] [stderr]   --> src/dataset.rs:11:24
[INFO] [stderr]    |
[INFO] [stderr] 11 |     pub fn save(&self, path: &str) {
[INFO] [stderr]    |                        ^^^^ help: if this is intentional, prefix it with an underscore: `_path`
[INFO] [stderr]    |
[INFO] [stderr]    = note: `#[warn(unused_variables)]` on by default
[INFO] [stderr] 
[INFO] [stderr] warning: unused variable: `path`
[INFO] [stderr]   --> src/dataset.rs:15:17
[INFO] [stderr]    |
[INFO] [stderr] 15 |     pub fn load(path: &str) -> Self {
[INFO] [stderr]    |                 ^^^^ help: if this is intentional, prefix it with an underscore: `_path`
[INFO] [stderr] 
[INFO] [stderr] warning: `nylon` (lib) generated 3 warnings (run `cargo fix --lib -p nylon` to apply 1 suggestion)
[INFO] [stderr] warning: `nylon` (lib test) generated 3 warnings (3 duplicates)
[INFO] [stderr]     Finished `test` profile [unoptimized + debuginfo] target(s) in 0.15s
[INFO] [stderr] warning: the following packages contain code that will be rejected by a future version of Rust: buf_redux v0.8.4, multipart v0.18.0, traitobject v0.1.0, typemap v0.3.3
[INFO] [stderr] note: to see what the problems were, use the option `--future-incompat-report`, or run `cargo report future-incompatibilities --id 1`
[INFO] [stderr]      Running unittests src/lib.rs (/opt/rustwide/target/debug/deps/nylon-fb01df2ac89df132)
[INFO] [stdout] 
[INFO] [stdout] running 1 test
[INFO] [stdout] test tests::it_works ... FAILED
[INFO] [stdout] 
[INFO] [stdout] failures:
[INFO] [stdout] 
[INFO] [stdout] ---- tests::it_works stdout ----
[INFO] [stdout] thread 'tests::it_works' panicked at src/model.rs:13:37:
[INFO] [stdout] called `Result::unwrap()` on an `Err` value: "Missing OPENAI_API_KEY"
[INFO] [stdout] stack backtrace:
[INFO] [stdout]    0:     0x5816aa4bb14a - std::backtrace_rs::backtrace::libunwind::trace::h5a5b8284f2d0c266
[INFO] [stdout]                                at /rustc/90b35a6239c3d8bdabc530a6a0816f7ff89a0aaf/library/std/src/../../backtrace/src/backtrace/libunwind.rs:116:5
[INFO] [stdout]    1:     0x5816aa4bb14a - std::backtrace_rs::backtrace::trace_unsynchronized::h76d4f1c9b0b875e3
[INFO] [stdout]                                at /rustc/90b35a6239c3d8bdabc530a6a0816f7ff89a0aaf/library/std/src/../../backtrace/src/backtrace/mod.rs:66:5
[INFO] [stdout]    2:     0x5816aa4bb14a - std::sys::backtrace::_print_fmt::hc4546b8364a537c6
[INFO] [stdout]                                at /rustc/90b35a6239c3d8bdabc530a6a0816f7ff89a0aaf/library/std/src/sys/backtrace.rs:66:9
[INFO] [stdout]    3:     0x5816aa4bb14a - <std::sys::backtrace::BacktraceLock::print::DisplayBacktrace as core::fmt::Display>::fmt::h5b6bd5631a6d1f6b
[INFO] [stdout]                                at /rustc/90b35a6239c3d8bdabc530a6a0816f7ff89a0aaf/library/std/src/sys/backtrace.rs:39:26
[INFO] [stdout]    4:     0x5816aa4e33f3 - core::fmt::rt::Argument::fmt::h270f6602a2b96f62
[INFO] [stdout]                                at /rustc/90b35a6239c3d8bdabc530a6a0816f7ff89a0aaf/library/core/src/fmt/rt.rs:177:76
[INFO] [stdout]    5:     0x5816aa4e33f3 - core::fmt::write::h7550c97b06c86515
[INFO] [stdout]                                at /rustc/90b35a6239c3d8bdabc530a6a0816f7ff89a0aaf/library/core/src/fmt/mod.rs:1186:21
[INFO] [stdout]    6:     0x5816aa4b7503 - std::io::Write::write_fmt::h509ff860e5956e5e
[INFO] [stdout]                                at /rustc/90b35a6239c3d8bdabc530a6a0816f7ff89a0aaf/library/std/src/io/mod.rs:1839:15
[INFO] [stdout]    7:     0x5816aa4baf92 - std::sys::backtrace::BacktraceLock::print::h2395ccd2c84ba3aa
[INFO] [stdout]                                at /rustc/90b35a6239c3d8bdabc530a6a0816f7ff89a0aaf/library/std/src/sys/backtrace.rs:42:9
[INFO] [stdout]    8:     0x5816aa4bc5aa - std::panicking::default_hook::{{closure}}::he19d4c7230e07961
[INFO] [stdout]                                at /rustc/90b35a6239c3d8bdabc530a6a0816f7ff89a0aaf/library/std/src/panicking.rs:268:22
[INFO] [stdout]    9:     0x5816aa4bc3b4 - std::panicking::default_hook::hf614597d3c67bbdb
[INFO] [stdout]                                at /rustc/90b35a6239c3d8bdabc530a6a0816f7ff89a0aaf/library/std/src/panicking.rs:292:9
[INFO] [stdout]   10:     0x5816aa22c399 - <alloc::boxed::Box<F,A> as core::ops::function::Fn<Args>>::call::h39b51ce4599c23d1
[INFO] [stdout]                                at /rustc/90b35a6239c3d8bdabc530a6a0816f7ff89a0aaf/library/alloc/src/boxed.rs:2468:9
[INFO] [stdout]   11:     0x5816aa22c399 - test::test_main::{{closure}}::he977ae839a582784
[INFO] [stdout]                                at /rustc/90b35a6239c3d8bdabc530a6a0816f7ff89a0aaf/library/test/src/lib.rs:133:21
[INFO] [stdout]   12:     0x5816aa4bcc48 - <alloc::boxed::Box<F,A> as core::ops::function::Fn<Args>>::call::h9455091b6b06f9fb
[INFO] [stdout]                                at /rustc/90b35a6239c3d8bdabc530a6a0816f7ff89a0aaf/library/alloc/src/boxed.rs:2468:9
[INFO] [stdout]   13:     0x5816aa4bcc48 - std::panicking::rust_panic_with_hook::h8942133a8b252070
[INFO] [stdout]                                at /rustc/90b35a6239c3d8bdabc530a6a0816f7ff89a0aaf/library/std/src/panicking.rs:809:13
[INFO] [stdout]   14:     0x5816aa4bca0a - std::panicking::begin_panic_handler::{{closure}}::hb5f5963570096b29
[INFO] [stdout]                                at /rustc/90b35a6239c3d8bdabc530a6a0816f7ff89a0aaf/library/std/src/panicking.rs:674:13
[INFO] [stdout]   15:     0x5816aa4bb629 - std::sys::backtrace::__rust_end_short_backtrace::h6208cedc1922feda
[INFO] [stdout]                                at /rustc/90b35a6239c3d8bdabc530a6a0816f7ff89a0aaf/library/std/src/sys/backtrace.rs:170:18
[INFO] [stdout]   16:     0x5816aa4bc69c - rust_begin_unwind
[INFO] [stdout]                                at /rustc/90b35a6239c3d8bdabc530a6a0816f7ff89a0aaf/library/std/src/panicking.rs:665:5
[INFO] [stdout]   17:     0x5816aa1f11e0 - core::panicking::panic_fmt::h0c3082644d1bf418
[INFO] [stdout]                                at /rustc/90b35a6239c3d8bdabc530a6a0816f7ff89a0aaf/library/core/src/panicking.rs:74:14
[INFO] [stdout]   18:     0x5816aa1f1666 - core::result::unwrap_failed::hd20b4aa073bda1e2
[INFO] [stdout]                                at /rustc/90b35a6239c3d8bdabc530a6a0816f7ff89a0aaf/library/core/src/result.rs:1700:5
[INFO] [stdout]   19:     0x5816aa1f362f - core::result::Result<T,E>::unwrap::hbdfb747126419d05
[INFO] [stdout]                                at /rustc/90b35a6239c3d8bdabc530a6a0816f7ff89a0aaf/library/core/src/result.rs:1104:23
[INFO] [stdout]   20:     0x5816aa1f362f - <nylon::model::GPT4 as nylon::model::Model>::generate::h827cf6768f528e43
[INFO] [stdout]                                at /opt/rustwide/workdir/src/model.rs:13:20
[INFO] [stdout]   21:     0x5816aa1f3f5b - nylon::tests::it_works::he157707c151476b5
[INFO] [stdout]                                at /opt/rustwide/workdir/src/lib.rs:19:24
[INFO] [stdout]   22:     0x5816aa1f3ef7 - nylon::tests::it_works::{{closure}}::h336e70d7c7d004c2
[INFO] [stdout]                                at /opt/rustwide/workdir/src/lib.rs:16:18
[INFO] [stdout]   23:     0x5816aa1f1e36 - core::ops::function::FnOnce::call_once::h6e828c45d56532e2
[INFO] [stdout]                                at /rustc/90b35a6239c3d8bdabc530a6a0816f7ff89a0aaf/library/core/src/ops/function.rs:250:5
[INFO] [stdout]   24:     0x5816aa230d5b - core::ops::function::FnOnce::call_once::h109cf8051a59b34e
[INFO] [stdout]                                at /rustc/90b35a6239c3d8bdabc530a6a0816f7ff89a0aaf/library/core/src/ops/function.rs:250:5
[INFO] [stdout]   25:     0x5816aa230d5b - test::__rust_begin_short_backtrace::hf4fff89d377446ba
[INFO] [stdout]                                at /rustc/90b35a6239c3d8bdabc530a6a0816f7ff89a0aaf/library/test/src/lib.rs:621:18
[INFO] [stdout]   26:     0x5816aa230597 - test::run_test_in_process::{{closure}}::h0e39181dd7ee5a43
[INFO] [stdout]                                at /rustc/90b35a6239c3d8bdabc530a6a0816f7ff89a0aaf/library/test/src/lib.rs:644:60
[INFO] [stdout]   27:     0x5816aa230597 - <core::panic::unwind_safe::AssertUnwindSafe<F> as core::ops::function::FnOnce<()>>::call_once::hc5a66a30f0bdfd1f
[INFO] [stdout]                                at /rustc/90b35a6239c3d8bdabc530a6a0816f7ff89a0aaf/library/core/src/panic/unwind_safe.rs:272:9
[INFO] [stdout]   28:     0x5816aa230597 - std::panicking::try::do_call::h873b7cf639554a5e
[INFO] [stdout]                                at /rustc/90b35a6239c3d8bdabc530a6a0816f7ff89a0aaf/library/std/src/panicking.rs:557:40
[INFO] [stdout]   29:     0x5816aa230597 - std::panicking::try::hdb19862fad9c8bd1
[INFO] [stdout]                                at /rustc/90b35a6239c3d8bdabc530a6a0816f7ff89a0aaf/library/std/src/panicking.rs:520:19
[INFO] [stdout]   30:     0x5816aa230597 - std::panic::catch_unwind::h281fe732d236d260
[INFO] [stdout]                                at /rustc/90b35a6239c3d8bdabc530a6a0816f7ff89a0aaf/library/std/src/panic.rs:358:14
[INFO] [stdout]   31:     0x5816aa230597 - test::run_test_in_process::h949b6df8457ed338
[INFO] [stdout]                                at /rustc/90b35a6239c3d8bdabc530a6a0816f7ff89a0aaf/library/test/src/lib.rs:644:27
[INFO] [stdout]   32:     0x5816aa230597 - test::run_test::{{closure}}::h52c556a6d4740e10
[INFO] [stdout]                                at /rustc/90b35a6239c3d8bdabc530a6a0816f7ff89a0aaf/library/test/src/lib.rs:565:43
[INFO] [stdout]   33:     0x5816aa1f5874 - test::run_test::{{closure}}::h4237f6381c45ccb9
[INFO] [stdout]                                at /rustc/90b35a6239c3d8bdabc530a6a0816f7ff89a0aaf/library/test/src/lib.rs:595:41
[INFO] [stdout]   34:     0x5816aa1f5874 - std::sys::backtrace::__rust_begin_short_backtrace::h505c97a579eca628
[INFO] [stdout]                                at /rustc/90b35a6239c3d8bdabc530a6a0816f7ff89a0aaf/library/std/src/sys/backtrace.rs:154:18
[INFO] [stdout]   35:     0x5816aa1f8f3e - std::thread::Builder::spawn_unchecked_::{{closure}}::{{closure}}::h9e86b2e2bc107ea3
[INFO] [stdout]                                at /rustc/90b35a6239c3d8bdabc530a6a0816f7ff89a0aaf/library/std/src/thread/mod.rs:538:17
[INFO] [stdout]   36:     0x5816aa1f8f3e - <core::panic::unwind_safe::AssertUnwindSafe<F> as core::ops::function::FnOnce<()>>::call_once::h8b06ddb275ff4a25
[INFO] [stdout]                                at /rustc/90b35a6239c3d8bdabc530a6a0816f7ff89a0aaf/library/core/src/panic/unwind_safe.rs:272:9
[INFO] [stdout]   37:     0x5816aa1f8f3e - std::panicking::try::do_call::hb26ecd7cd9a9355d
[INFO] [stdout]                                at /rustc/90b35a6239c3d8bdabc530a6a0816f7ff89a0aaf/library/std/src/panicking.rs:557:40
[INFO] [stdout]   38:     0x5816aa1f8f3e - std::panicking::try::h8ddeca9d705f9069
[INFO] [stdout]                                at /rustc/90b35a6239c3d8bdabc530a6a0816f7ff89a0aaf/library/std/src/panicking.rs:520:19
[INFO] [stdout]   39:     0x5816aa1f8f3e - std::panic::catch_unwind::h49e1c33078844c46
[INFO] [stdout]                                at /rustc/90b35a6239c3d8bdabc530a6a0816f7ff89a0aaf/library/std/src/panic.rs:358:14
[INFO] [stdout]   40:     0x5816aa1f8f3e - std::thread::Builder::spawn_unchecked_::{{closure}}::h6073db6ff56ad35d
[INFO] [stdout]                                at /rustc/90b35a6239c3d8bdabc530a6a0816f7ff89a0aaf/library/std/src/thread/mod.rs:537:30
[INFO] [stdout]   41:     0x5816aa1f8f3e - core::ops::function::FnOnce::call_once{{vtable.shim}}::h2c5a5f3779c774f1
[INFO] [stdout]                                at /rustc/90b35a6239c3d8bdabc530a6a0816f7ff89a0aaf/library/core/src/ops/function.rs:250:5
[INFO] [stdout]   42:     0x5816aa4c0a2b - <alloc::boxed::Box<F,A> as core::ops::function::FnOnce<Args>>::call_once::hf75717d9f28faebf
[INFO] [stdout]                                at /rustc/90b35a6239c3d8bdabc530a6a0816f7ff89a0aaf/library/alloc/src/boxed.rs:2454:9
[INFO] [stdout]   43:     0x5816aa4c0a2b - <alloc::boxed::Box<F,A> as core::ops::function::FnOnce<Args>>::call_once::h7bd883a5f3c5f3c1
[INFO] [stdout]                                at /rustc/90b35a6239c3d8bdabc530a6a0816f7ff89a0aaf/library/alloc/src/boxed.rs:2454:9
[INFO] [stdout]   44:     0x5816aa4c0a2b - std::sys::pal::unix::thread::Thread::new::thread_start::hcc78f3943333fa94
[INFO] [stdout]                                at /rustc/90b35a6239c3d8bdabc530a6a0816f7ff89a0aaf/library/std/src/sys/pal/unix/thread.rs:105:17
[INFO] [stdout]   45:     0x7b81bae8aac3 - <unknown>
[INFO] [stdout]   46:     0x7b81baf1ba04 - clone
[INFO] [stdout]   47:                0x0 - <unknown>
[INFO] [stdout] 
[INFO] [stdout] 
[INFO] [stdout] failures:
[INFO] [stdout]     tests::it_works
[INFO] [stdout] 
[INFO] [stdout] test result: FAILED. 0 passed; 1 failed; 0 ignored; 0 measured; 0 filtered out; finished in 0.12s
[INFO] [stdout] 
[INFO] [stderr] error: test failed, to rerun pass `--lib`
[INFO] running `Command { std: "docker" "inspect" "154365dc1a43c00d3cb36b5e2b90619d4a62254b89dcaec470d9987ea4345f4e", kill_on_drop: false }`
[INFO] running `Command { std: "docker" "rm" "-f" "154365dc1a43c00d3cb36b5e2b90619d4a62254b89dcaec470d9987ea4345f4e", kill_on_drop: false }`
[INFO] [stdout] 154365dc1a43c00d3cb36b5e2b90619d4a62254b89dcaec470d9987ea4345f4e
