[INFO] cloning repository https://github.com/ppodds/smli
[INFO] running `Command { std: "git" "-c" "credential.helper=" "-c" "credential.helper=/workspace/cargo-home/bin/git-credential-null" "clone" "--bare" "https://github.com/ppodds/smli" "/workspace/cache/git-repos/https%3A%2F%2Fgithub.com%2Fppodds%2Fsmli", kill_on_drop: false }`
[INFO] [stderr] Cloning into bare repository '/workspace/cache/git-repos/https%3A%2F%2Fgithub.com%2Fppodds%2Fsmli'...
[INFO] running `Command { std: "git" "rev-parse" "HEAD", kill_on_drop: false }`
[INFO] [stdout] 49b6595c0acd89da78196b96260b536fc32f2d1c
[INFO] testing ppodds/smli against 1.83.0 for beta-1.84.0-4-retry
[INFO] running `Command { std: "git" "clone" "/workspace/cache/git-repos/https%3A%2F%2Fgithub.com%2Fppodds%2Fsmli" "/workspace/builds/worker-7-tc1/source", kill_on_drop: false }`
[INFO] [stderr] Cloning into '/workspace/builds/worker-7-tc1/source'...
[INFO] [stderr] done.
[INFO] validating manifest of git repo https://github.com/ppodds/smli on toolchain 1.83.0
[INFO] running `Command { std: CARGO_HOME="/workspace/cargo-home" RUSTUP_HOME="/workspace/rustup-home" "/workspace/cargo-home/bin/cargo" "+1.83.0" "metadata" "--manifest-path" "Cargo.toml" "--no-deps", kill_on_drop: false }`
[INFO] started tweaking git repo https://github.com/ppodds/smli
[INFO] finished tweaking git repo https://github.com/ppodds/smli
[INFO] tweaked toml for git repo https://github.com/ppodds/smli written to /workspace/builds/worker-7-tc1/source/Cargo.toml
[INFO] crate git repo https://github.com/ppodds/smli already has a lockfile, it will not be regenerated
[INFO] running `Command { std: CARGO_HOME="/workspace/cargo-home" RUSTUP_HOME="/workspace/rustup-home" "/workspace/cargo-home/bin/cargo" "+1.83.0" "fetch" "--manifest-path" "Cargo.toml", kill_on_drop: false }`
[INFO] [stderr]  Downloading crates ...
[INFO] [stderr]   Downloaded lalrpop-util v0.19.8
[INFO] [stderr]   Downloaded string_cache v0.8.4
[INFO] [stderr]   Downloaded lalrpop v0.19.8
[INFO] running `Command { std: "docker" "create" "-v" "/var/lib/crater-agent-workspace/builds/worker-7-tc1/target:/opt/rustwide/target:rw,Z" "-v" "/var/lib/crater-agent-workspace/builds/worker-7-tc1/source:/opt/rustwide/workdir:ro,Z" "-v" "/var/lib/crater-agent-workspace/cargo-home:/opt/rustwide/cargo-home:ro,Z" "-v" "/var/lib/crater-agent-workspace/rustup-home:/opt/rustwide/rustup-home:ro,Z" "-e" "SOURCE_DIR=/opt/rustwide/workdir" "-e" "CARGO_TARGET_DIR=/opt/rustwide/target" "-e" "CARGO_HOME=/opt/rustwide/cargo-home" "-e" "RUSTUP_HOME=/opt/rustwide/rustup-home" "-w" "/opt/rustwide/workdir" "-m" "1610612736" "--user" "0:0" "--network" "none" "ghcr.io/rust-lang/crates-build-env/linux@sha256:f3a9d4ad9d972b27faf3965f35b62e55ba32bbce8f20bc8fe909558a86702fde" "/opt/rustwide/cargo-home/bin/cargo" "+1.83.0" "metadata" "--no-deps" "--format-version=1", kill_on_drop: false }`
[INFO] [stdout] 07b363d706f64a6128729e6b568853fbf40af34ba2e2bada67461cda9e7c58c6
[INFO] running `Command { std: "docker" "start" "-a" "07b363d706f64a6128729e6b568853fbf40af34ba2e2bada67461cda9e7c58c6", kill_on_drop: false }`
[INFO] running `Command { std: "docker" "inspect" "07b363d706f64a6128729e6b568853fbf40af34ba2e2bada67461cda9e7c58c6", kill_on_drop: false }`
[INFO] running `Command { std: "docker" "rm" "-f" "07b363d706f64a6128729e6b568853fbf40af34ba2e2bada67461cda9e7c58c6", kill_on_drop: false }`
[INFO] [stdout] 07b363d706f64a6128729e6b568853fbf40af34ba2e2bada67461cda9e7c58c6
[INFO] running `Command { std: "docker" "create" "-v" "/var/lib/crater-agent-workspace/builds/worker-7-tc1/target:/opt/rustwide/target:rw,Z" "-v" "/var/lib/crater-agent-workspace/builds/worker-7-tc1/source:/opt/rustwide/workdir:ro,Z" "-v" "/var/lib/crater-agent-workspace/cargo-home:/opt/rustwide/cargo-home:ro,Z" "-v" "/var/lib/crater-agent-workspace/rustup-home:/opt/rustwide/rustup-home:ro,Z" "-e" "SOURCE_DIR=/opt/rustwide/workdir" "-e" "CARGO_TARGET_DIR=/opt/rustwide/target" "-e" "CARGO_INCREMENTAL=0" "-e" "RUST_BACKTRACE=full" "-e" "RUSTFLAGS=--cap-lints=warn" "-e" "RUSTDOCFLAGS=--cap-lints=warn" "-e" "CARGO_HOME=/opt/rustwide/cargo-home" "-e" "RUSTUP_HOME=/opt/rustwide/rustup-home" "-w" "/opt/rustwide/workdir" "-m" "1610612736" "--user" "0:0" "--network" "none" "ghcr.io/rust-lang/crates-build-env/linux@sha256:f3a9d4ad9d972b27faf3965f35b62e55ba32bbce8f20bc8fe909558a86702fde" "/opt/rustwide/cargo-home/bin/cargo" "+1.83.0" "build" "--frozen" "--message-format=json", kill_on_drop: false }`
[INFO] [stdout] 0d73a854e220c550d3e9dc8eea507281c0564e0200df8be92fbbb5cd8b4c682b
[INFO] running `Command { std: "docker" "start" "-a" "0d73a854e220c550d3e9dc8eea507281c0564e0200df8be92fbbb5cd8b4c682b", kill_on_drop: false }`
[INFO] [stderr]    Compiling libc v0.2.138
[INFO] [stderr]    Compiling autocfg v1.1.0
[INFO] [stderr]    Compiling cfg-if v1.0.0
[INFO] [stderr]    Compiling memchr v2.5.0
[INFO] [stderr]    Compiling parking_lot_core v0.9.5
[INFO] [stderr]    Compiling crunchy v0.2.2
[INFO] [stderr]    Compiling log v0.4.17
[INFO] [stderr]    Compiling scopeguard v1.1.0
[INFO] [stderr]    Compiling smallvec v1.10.0
[INFO] [stderr]    Compiling regex-syntax v0.6.28
[INFO] [stderr]    Compiling siphasher v0.3.10
[INFO] [stderr]    Compiling tiny-keccak v2.0.2
[INFO] [stderr]    Compiling hashbrown v0.12.3
[INFO] [stderr]    Compiling once_cell v1.16.0
[INFO] [stderr]    Compiling fixedbitset v0.4.2
[INFO] [stderr]    Compiling new_debug_unreachable v1.0.4
[INFO] [stderr]    Compiling either v1.8.0
[INFO] [stderr]    Compiling bit-vec v0.6.3
[INFO] [stderr]    Compiling precomputed-hash v0.1.1
[INFO] [stderr]    Compiling pico-args v0.4.2
[INFO] [stderr]    Compiling bit-set v0.5.3
[INFO] [stderr]    Compiling itertools v0.10.5
[INFO] [stderr]    Compiling phf_shared v0.10.0
[INFO] [stderr]    Compiling unicode-xid v0.2.4
[INFO] [stderr]    Compiling diff v0.1.13
[INFO] [stderr]    Compiling ena v0.14.0
[INFO] [stderr]    Compiling lock_api v0.4.9
[INFO] [stderr]    Compiling indexmap v1.9.2
[INFO] [stderr]    Compiling aho-corasick v0.7.20
[INFO] [stderr]    Compiling petgraph v0.6.2
[INFO] [stderr]    Compiling dirs-sys-next v0.1.2
[INFO] [stderr]    Compiling atty v0.2.14
[INFO] [stderr]    Compiling dirs-next v2.0.0
[INFO] [stderr]    Compiling term v0.7.0
[INFO] [stderr]    Compiling parking_lot v0.12.1
[INFO] [stderr]    Compiling string_cache v0.8.4
[INFO] [stderr]    Compiling ascii-canvas v3.0.0
[INFO] [stderr]    Compiling regex v1.7.0
[INFO] [stderr]    Compiling lalrpop-util v0.19.8
[INFO] [stderr]    Compiling lalrpop v0.19.8
[INFO] [stderr]    Compiling smli v0.0.0 (/opt/rustwide/workdir)
[INFO] [stderr]     Finished `dev` profile [unoptimized + debuginfo] target(s) in 26.84s
[INFO] [stderr] warning: the following packages contain code that will be rejected by a future version of Rust: lalrpop v0.19.8
[INFO] [stderr] note: to see what the problems were, use the option `--future-incompat-report`, or run `cargo report future-incompatibilities --id 1`
[INFO] running `Command { std: "docker" "inspect" "0d73a854e220c550d3e9dc8eea507281c0564e0200df8be92fbbb5cd8b4c682b", kill_on_drop: false }`
[INFO] running `Command { std: "docker" "rm" "-f" "0d73a854e220c550d3e9dc8eea507281c0564e0200df8be92fbbb5cd8b4c682b", kill_on_drop: false }`
[INFO] [stdout] 0d73a854e220c550d3e9dc8eea507281c0564e0200df8be92fbbb5cd8b4c682b
[INFO] running `Command { std: "docker" "create" "-v" "/var/lib/crater-agent-workspace/builds/worker-7-tc1/target:/opt/rustwide/target:rw,Z" "-v" "/var/lib/crater-agent-workspace/builds/worker-7-tc1/source:/opt/rustwide/workdir:ro,Z" "-v" "/var/lib/crater-agent-workspace/cargo-home:/opt/rustwide/cargo-home:ro,Z" "-v" "/var/lib/crater-agent-workspace/rustup-home:/opt/rustwide/rustup-home:ro,Z" "-e" "SOURCE_DIR=/opt/rustwide/workdir" "-e" "CARGO_TARGET_DIR=/opt/rustwide/target" "-e" "CARGO_INCREMENTAL=0" "-e" "RUST_BACKTRACE=full" "-e" "RUSTFLAGS=--cap-lints=warn" "-e" "RUSTDOCFLAGS=--cap-lints=warn" "-e" "CARGO_HOME=/opt/rustwide/cargo-home" "-e" "RUSTUP_HOME=/opt/rustwide/rustup-home" "-w" "/opt/rustwide/workdir" "-m" "1610612736" "--user" "0:0" "--network" "none" "ghcr.io/rust-lang/crates-build-env/linux@sha256:f3a9d4ad9d972b27faf3965f35b62e55ba32bbce8f20bc8fe909558a86702fde" "/opt/rustwide/cargo-home/bin/cargo" "+1.83.0" "test" "--frozen" "--no-run" "--message-format=json", kill_on_drop: false }`
[INFO] [stdout] b39b1e6806e280c69bc3556d22298197d5653ba0e4a613c512cf7d249245fd4a
[INFO] running `Command { std: "docker" "start" "-a" "b39b1e6806e280c69bc3556d22298197d5653ba0e4a613c512cf7d249245fd4a", kill_on_drop: false }`
[INFO] [stderr]    Compiling smli v0.0.0 (/opt/rustwide/workdir)
[INFO] [stderr]     Finished `test` profile [unoptimized + debuginfo] target(s) in 3.04s
[INFO] [stderr] warning: the following packages contain code that will be rejected by a future version of Rust: lalrpop v0.19.8
[INFO] [stderr] note: to see what the problems were, use the option `--future-incompat-report`, or run `cargo report future-incompatibilities --id 1`
[INFO] running `Command { std: "docker" "inspect" "b39b1e6806e280c69bc3556d22298197d5653ba0e4a613c512cf7d249245fd4a", kill_on_drop: false }`
[INFO] running `Command { std: "docker" "rm" "-f" "b39b1e6806e280c69bc3556d22298197d5653ba0e4a613c512cf7d249245fd4a", kill_on_drop: false }`
[INFO] [stdout] b39b1e6806e280c69bc3556d22298197d5653ba0e4a613c512cf7d249245fd4a
[INFO] running `Command { std: "docker" "create" "-v" "/var/lib/crater-agent-workspace/builds/worker-7-tc1/target:/opt/rustwide/target:rw,Z" "-v" "/var/lib/crater-agent-workspace/builds/worker-7-tc1/source:/opt/rustwide/workdir:ro,Z" "-v" "/var/lib/crater-agent-workspace/cargo-home:/opt/rustwide/cargo-home:ro,Z" "-v" "/var/lib/crater-agent-workspace/rustup-home:/opt/rustwide/rustup-home:ro,Z" "-e" "SOURCE_DIR=/opt/rustwide/workdir" "-e" "CARGO_TARGET_DIR=/opt/rustwide/target" "-e" "CARGO_INCREMENTAL=0" "-e" "RUST_BACKTRACE=full" "-e" "RUSTFLAGS=--cap-lints=warn" "-e" "RUSTDOCFLAGS=--cap-lints=warn" "-e" "CARGO_HOME=/opt/rustwide/cargo-home" "-e" "RUSTUP_HOME=/opt/rustwide/rustup-home" "-w" "/opt/rustwide/workdir" "-m" "1610612736" "--user" "0:0" "--network" "none" "ghcr.io/rust-lang/crates-build-env/linux@sha256:f3a9d4ad9d972b27faf3965f35b62e55ba32bbce8f20bc8fe909558a86702fde" "/opt/rustwide/cargo-home/bin/cargo" "+1.83.0" "test" "--frozen", kill_on_drop: false }`
[INFO] [stdout] 4ed739b733b7a4f059d1eb21aa9bfd94315550b6e72c008c06ea2ab0033fa6f4
[INFO] running `Command { std: "docker" "start" "-a" "4ed739b733b7a4f059d1eb21aa9bfd94315550b6e72c008c06ea2ab0033fa6f4", kill_on_drop: false }`
[INFO] [stderr]     Finished `test` profile [unoptimized + debuginfo] target(s) in 0.07s
[INFO] [stderr] warning: the following packages contain code that will be rejected by a future version of Rust: lalrpop v0.19.8
[INFO] [stderr] note: to see what the problems were, use the option `--future-incompat-report`, or run `cargo report future-incompatibilities --id 1`
[INFO] [stderr]      Running unittests src/lib.rs (/opt/rustwide/target/debug/deps/smli-1eb7edf0f89c42e6)
[INFO] [stdout] 
[INFO] [stdout] running 35 tests
[INFO] [stdout] test interpreter::tests::define_boolean_variable ... ok
[INFO] [stdout] test interpreter::tests::evaluate_bool ... ok
[INFO] [stdout] test interpreter::tests::define_number_variable ... ok
[INFO] [stdout] test interpreter::tests::define_function_variable ... ok
[INFO] [stdout] test interpreter::tests::evaluate_logical_operate_or ... ok
[INFO] [stdout] test interpreter::tests::evaluate_number ... ok
[INFO] [stdout] test interpreter::tests::evaluate_number_operate_divide ... ok
[INFO] [stdout] test interpreter::tests::evaluate_number_operate_smaller ... ok
[INFO] [stdout] test interpreter::tests::function_expression_call_with_wrong_args ... ok
[INFO] [stdout] test interpreter::tests::function_name_call_with_wrong_args ... ok
[INFO] [stdout] test interpreter::tests::evaluate_number_operate_multiply ... ok
[INFO] [stdout] test interpreter::tests::to_bool_with_bool ... ok
[INFO] [stdout] test interpreter::tests::if_expression ... ok
[INFO] [stdout] test interpreter::tests::evaluate_number_operate_plus ... ok
[INFO] [stdout] test interpreter::tests::evaluate_number_operate_minus ... ok
[INFO] [stdout] test interpreter::tests::nested_function ... ok
[INFO] [stdout] test interpreter::tests::to_num_with_number ... ok
[INFO] [stdout] test interpreter::tests::evaluate_number_operate_greater ... ok
[INFO] [stdout] test interpreter::tests::evaluate_number_operate_equal ... ok
[INFO] [stdout] test interpreter::tests::evaluate_logical_operate_not ... ok
[INFO] [stdout] test interpreter::tests::to_num_with_other_type ... ok
[INFO] [stdout] test interpreter::tests::evaluate_logical_operate_and ... ok
[INFO] [stdout] test interpreter::tests::evaluate_number_operate_modulus ... ok
[INFO] [stdout] test interpreter::tests::to_bool_with_other_type ... ok
[INFO] [stdout] test interpreter::tests::function_expression_call ... ok
[INFO] [stdout] test parser_test::tests::test_function_call ... ok
[INFO] [stdout] test parser_test::tests::test_function_expression ... ok
[INFO] [stdout] test parser_test::tests::test_print_statement ... ok
[INFO] [stdout] test parser_test::tests::test_bool ... ok
[INFO] [stdout] test parser_test::tests::test_if_expression ... ok
[INFO] [stdout] test parser_test::tests::test_expression_statement ... ok
[INFO] [stdout] test parser_test::tests::test_define_statement ... ok
[INFO] [stdout] test parser_test::tests::test_num ... ok
[INFO] [stdout] test parser_test::tests::test_logical_op ... ok
[INFO] [stdout] test parser_test::tests::test_num_op ... ok
[INFO] [stderr]      Running unittests src/main.rs (/opt/rustwide/target/debug/deps/smli-ac1512eb928500d5)
[INFO] [stdout] 
[INFO] [stdout] test result: ok. 35 passed; 0 failed; 0 ignored; 0 measured; 0 filtered out; finished in 0.29s
[INFO] [stdout] 
[INFO] [stdout] 
[INFO] [stdout] running 0 tests
[INFO] [stdout] 
[INFO] [stdout] test result: ok. 0 passed; 0 failed; 0 ignored; 0 measured; 0 filtered out; finished in 0.00s
[INFO] [stdout] 
[INFO] [stderr]      Running tests/interpreter_test.rs (/opt/rustwide/target/debug/deps/interpreter_test-2de4580b6255a927)
[INFO] [stdout] 
[INFO] [stdout] running 24 tests
[INFO] [stdout] test tests::test_case_2_2 ... ok
[INFO] [stdout] test tests::test_case_6_2 ... ok
[INFO] [stdout] test tests::test_case_3_2 ... ok
[INFO] [stdout] test tests::test_case_2_1 ... ok
[INFO] [stdout] test tests::test_case_5_2 ... ok
[INFO] [stdout] test tests::test_case_1_2 ... ok
[INFO] [stdout] test tests::test_case_4_2 ... ok
[INFO] [stdout] test tests::test_case_1_1 ... ok
[INFO] [stdout] test tests::test_case_7_2 ... ok
[INFO] [stdout] test tests::test_case_bonus_2_1 ... ok
[INFO] [stdout] test tests::test_case_3_1 ... ok
[INFO] [stdout] test tests::test_case_4_1 ... ok
[INFO] [stdout] test tests::test_case_bonus_4_2 ... ok
[INFO] [stdout] test tests::test_case_bonus_3_1 ... ok
[INFO] [stdout] test tests::test_case_6_1 ... ok
[INFO] [stdout] test tests::test_case_8_1 ... ok
[INFO] [stdout] test tests::test_case_bonus_3_2 ... ok
[INFO] [stdout] test tests::test_case_8_2 ... ok
[INFO] [stdout] test tests::test_case_bonus_2_2 ... ok
[INFO] [stdout] test tests::test_case_7_1 ... ok
[INFO] [stdout] test tests::test_case_5_1 ... ok
[INFO] [stdout] test tests::test_case_bonus_1_2 ... ok
[INFO] [stdout] test tests::test_case_bonus_4_1 ... FAILED
[INFO] [stdout] test tests::test_case_bonus_1_1 ... ok
[INFO] [stdout] 
[INFO] [stdout] failures:
[INFO] [stdout] 
[INFO] [stdout] ---- tests::test_case_bonus_4_1 stdout ----
[INFO] [stdout] thread 'tests::test_case_bonus_4_1' panicked at tests/interpreter_test.rs:528:9:
[INFO] [stdout] assertion `left == right` failed
[INFO] [stdout]   left: Err("'x' is not defined.")
[INFO] [stdout]  right: Ok("11")
[INFO] [stdout] stack backtrace:
[INFO] [stdout]    0:     0x5b8dda47796a - std::backtrace_rs::backtrace::libunwind::trace::h5a5b8284f2d0c266
[INFO] [stdout]                                at /rustc/90b35a6239c3d8bdabc530a6a0816f7ff89a0aaf/library/std/src/../../backtrace/src/backtrace/libunwind.rs:116:5
[INFO] [stdout]    1:     0x5b8dda47796a - std::backtrace_rs::backtrace::trace_unsynchronized::h76d4f1c9b0b875e3
[INFO] [stdout]                                at /rustc/90b35a6239c3d8bdabc530a6a0816f7ff89a0aaf/library/std/src/../../backtrace/src/backtrace/mod.rs:66:5
[INFO] [stdout]    2:     0x5b8dda47796a - std::sys::backtrace::_print_fmt::hc4546b8364a537c6
[INFO] [stdout]                                at /rustc/90b35a6239c3d8bdabc530a6a0816f7ff89a0aaf/library/std/src/sys/backtrace.rs:66:9
[INFO] [stdout]    3:     0x5b8dda47796a - <std::sys::backtrace::BacktraceLock::print::DisplayBacktrace as core::fmt::Display>::fmt::h5b6bd5631a6d1f6b
[INFO] [stdout]                                at /rustc/90b35a6239c3d8bdabc530a6a0816f7ff89a0aaf/library/std/src/sys/backtrace.rs:39:26
[INFO] [stdout]    4:     0x5b8dda49ce33 - core::fmt::rt::Argument::fmt::h270f6602a2b96f62
[INFO] [stdout]                                at /rustc/90b35a6239c3d8bdabc530a6a0816f7ff89a0aaf/library/core/src/fmt/rt.rs:177:76
[INFO] [stdout]    5:     0x5b8dda49ce33 - core::fmt::write::h7550c97b06c86515
[INFO] [stdout]                                at /rustc/90b35a6239c3d8bdabc530a6a0816f7ff89a0aaf/library/core/src/fmt/mod.rs:1186:21
[INFO] [stdout]    6:     0x5b8dda474b33 - std::io::Write::write_fmt::h509ff860e5956e5e
[INFO] [stdout]                                at /rustc/90b35a6239c3d8bdabc530a6a0816f7ff89a0aaf/library/std/src/io/mod.rs:1839:15
[INFO] [stdout]    7:     0x5b8dda4777b2 - std::sys::backtrace::BacktraceLock::print::h2395ccd2c84ba3aa
[INFO] [stdout]                                at /rustc/90b35a6239c3d8bdabc530a6a0816f7ff89a0aaf/library/std/src/sys/backtrace.rs:42:9
[INFO] [stdout]    8:     0x5b8dda478dca - std::panicking::default_hook::{{closure}}::he19d4c7230e07961
[INFO] [stdout]                                at /rustc/90b35a6239c3d8bdabc530a6a0816f7ff89a0aaf/library/std/src/panicking.rs:268:22
[INFO] [stdout]    9:     0x5b8dda478bd4 - std::panicking::default_hook::hf614597d3c67bbdb
[INFO] [stdout]                                at /rustc/90b35a6239c3d8bdabc530a6a0816f7ff89a0aaf/library/std/src/panicking.rs:292:9
[INFO] [stdout]   10:     0x5b8dda2df2d9 - <alloc::boxed::Box<F,A> as core::ops::function::Fn<Args>>::call::h39b51ce4599c23d1
[INFO] [stdout]                                at /rustc/90b35a6239c3d8bdabc530a6a0816f7ff89a0aaf/library/alloc/src/boxed.rs:2468:9
[INFO] [stdout]   11:     0x5b8dda2df2d9 - test::test_main::{{closure}}::he977ae839a582784
[INFO] [stdout]                                at /rustc/90b35a6239c3d8bdabc530a6a0816f7ff89a0aaf/library/test/src/lib.rs:133:21
[INFO] [stdout]   12:     0x5b8dda479468 - <alloc::boxed::Box<F,A> as core::ops::function::Fn<Args>>::call::h9455091b6b06f9fb
[INFO] [stdout]                                at /rustc/90b35a6239c3d8bdabc530a6a0816f7ff89a0aaf/library/alloc/src/boxed.rs:2468:9
[INFO] [stdout]   13:     0x5b8dda479468 - std::panicking::rust_panic_with_hook::h8942133a8b252070
[INFO] [stdout]                                at /rustc/90b35a6239c3d8bdabc530a6a0816f7ff89a0aaf/library/std/src/panicking.rs:809:13
[INFO] [stdout]   14:     0x5b8dda47922a - std::panicking::begin_panic_handler::{{closure}}::hb5f5963570096b29
[INFO] [stdout]                                at /rustc/90b35a6239c3d8bdabc530a6a0816f7ff89a0aaf/library/std/src/panicking.rs:674:13
[INFO] [stdout]   15:     0x5b8dda477e49 - std::sys::backtrace::__rust_end_short_backtrace::h6208cedc1922feda
[INFO] [stdout]                                at /rustc/90b35a6239c3d8bdabc530a6a0816f7ff89a0aaf/library/std/src/sys/backtrace.rs:170:18
[INFO] [stdout]   16:     0x5b8dda478ebc - rust_begin_unwind
[INFO] [stdout]                                at /rustc/90b35a6239c3d8bdabc530a6a0816f7ff89a0aaf/library/std/src/panicking.rs:665:5
[INFO] [stdout]   17:     0x5b8dda2a00d0 - core::panicking::panic_fmt::h0c3082644d1bf418
[INFO] [stdout]                                at /rustc/90b35a6239c3d8bdabc530a6a0816f7ff89a0aaf/library/core/src/panicking.rs:74:14
[INFO] [stdout]   18:     0x5b8dda2a04d4 - core::panicking::assert_failed_inner::h2ddf1fcc067fa858
[INFO] [stdout]   19:     0x5b8dda2a1586 - core::panicking::assert_failed::h8ddc57315f576fe5
[INFO] [stdout]                                at /rustc/90b35a6239c3d8bdabc530a6a0816f7ff89a0aaf/library/core/src/panicking.rs:367:5
[INFO] [stdout]   20:     0x5b8dda2a6bac - interpreter_test::tests::test_case_bonus_4_1::ha813560370cd9d57
[INFO] [stdout]                                at /opt/rustwide/workdir/tests/interpreter_test.rs:528:9
[INFO] [stdout]   21:     0x5b8dda2a6887 - interpreter_test::tests::test_case_bonus_4_1::{{closure}}::h2d6afbf0b5e94b03
[INFO] [stdout]                                at /opt/rustwide/workdir/tests/interpreter_test.rs:513:29
[INFO] [stdout]   22:     0x5b8dda2a0df6 - core::ops::function::FnOnce::call_once::h0dc9a2e0b5a18115
[INFO] [stdout]                                at /rustc/90b35a6239c3d8bdabc530a6a0816f7ff89a0aaf/library/core/src/ops/function.rs:250:5
[INFO] [stdout]   23:     0x5b8dda2e3c9b - core::ops::function::FnOnce::call_once::h109cf8051a59b34e
[INFO] [stdout]                                at /rustc/90b35a6239c3d8bdabc530a6a0816f7ff89a0aaf/library/core/src/ops/function.rs:250:5
[INFO] [stdout]   24:     0x5b8dda2e3c9b - test::__rust_begin_short_backtrace::hf4fff89d377446ba
[INFO] [stdout]                                at /rustc/90b35a6239c3d8bdabc530a6a0816f7ff89a0aaf/library/test/src/lib.rs:621:18
[INFO] [stdout]   25:     0x5b8dda2e34d7 - test::run_test_in_process::{{closure}}::h0e39181dd7ee5a43
[INFO] [stdout]                                at /rustc/90b35a6239c3d8bdabc530a6a0816f7ff89a0aaf/library/test/src/lib.rs:644:60
[INFO] [stdout]   26:     0x5b8dda2e34d7 - <core::panic::unwind_safe::AssertUnwindSafe<F> as core::ops::function::FnOnce<()>>::call_once::hc5a66a30f0bdfd1f
[INFO] [stdout]                                at /rustc/90b35a6239c3d8bdabc530a6a0816f7ff89a0aaf/library/core/src/panic/unwind_safe.rs:272:9
[INFO] [stdout]   27:     0x5b8dda2e34d7 - std::panicking::try::do_call::h873b7cf639554a5e
[INFO] [stdout]                                at /rustc/90b35a6239c3d8bdabc530a6a0816f7ff89a0aaf/library/std/src/panicking.rs:557:40
[INFO] [stdout]   28:     0x5b8dda2e34d7 - std::panicking::try::hdb19862fad9c8bd1
[INFO] [stdout]                                at /rustc/90b35a6239c3d8bdabc530a6a0816f7ff89a0aaf/library/std/src/panicking.rs:520:19
[INFO] [stdout]   29:     0x5b8dda2e34d7 - std::panic::catch_unwind::h281fe732d236d260
[INFO] [stdout]                                at /rustc/90b35a6239c3d8bdabc530a6a0816f7ff89a0aaf/library/std/src/panic.rs:358:14
[INFO] [stdout]   30:     0x5b8dda2e34d7 - test::run_test_in_process::h949b6df8457ed338
[INFO] [stdout]                                at /rustc/90b35a6239c3d8bdabc530a6a0816f7ff89a0aaf/library/test/src/lib.rs:644:27
[INFO] [stdout]   31:     0x5b8dda2e34d7 - test::run_test::{{closure}}::h52c556a6d4740e10
[INFO] [stdout]                                at /rustc/90b35a6239c3d8bdabc530a6a0816f7ff89a0aaf/library/test/src/lib.rs:565:43
[INFO] [stdout]   32:     0x5b8dda2a87b4 - test::run_test::{{closure}}::h4237f6381c45ccb9
[INFO] [stdout]                                at /rustc/90b35a6239c3d8bdabc530a6a0816f7ff89a0aaf/library/test/src/lib.rs:595:41
[INFO] [stdout]   33:     0x5b8dda2a87b4 - std::sys::backtrace::__rust_begin_short_backtrace::h505c97a579eca628
[INFO] [stdout]                                at /rustc/90b35a6239c3d8bdabc530a6a0816f7ff89a0aaf/library/std/src/sys/backtrace.rs:154:18
[INFO] [stdout]   34:     0x5b8dda2abe7e - std::thread::Builder::spawn_unchecked_::{{closure}}::{{closure}}::h9e86b2e2bc107ea3
[INFO] [stdout]                                at /rustc/90b35a6239c3d8bdabc530a6a0816f7ff89a0aaf/library/std/src/thread/mod.rs:538:17
[INFO] [stdout]   35:     0x5b8dda2abe7e - <core::panic::unwind_safe::AssertUnwindSafe<F> as core::ops::function::FnOnce<()>>::call_once::h8b06ddb275ff4a25
[INFO] [stdout]                                at /rustc/90b35a6239c3d8bdabc530a6a0816f7ff89a0aaf/library/core/src/panic/unwind_safe.rs:272:9
[INFO] [stdout]   36:     0x5b8dda2abe7e - std::panicking::try::do_call::hb26ecd7cd9a9355d
[INFO] [stdout]                                at /rustc/90b35a6239c3d8bdabc530a6a0816f7ff89a0aaf/library/std/src/panicking.rs:557:40
[INFO] [stdout]   37:     0x5b8dda2abe7e - std::panicking::try::h8ddeca9d705f9069
[INFO] [stdout]                                at /rustc/90b35a6239c3d8bdabc530a6a0816f7ff89a0aaf/library/std/src/panicking.rs:520:19
[INFO] [stdout]   38:     0x5b8dda2abe7e - std::panic::catch_unwind::h49e1c33078844c46
[INFO] [stdout]                                at /rustc/90b35a6239c3d8bdabc530a6a0816f7ff89a0aaf/library/std/src/panic.rs:358:14
[INFO] [stdout]   39:     0x5b8dda2abe7e - std::thread::Builder::spawn_unchecked_::{{closure}}::h6073db6ff56ad35d
[INFO] [stdout]                                at /rustc/90b35a6239c3d8bdabc530a6a0816f7ff89a0aaf/library/std/src/thread/mod.rs:537:30
[INFO] [stdout]   40:     0x5b8dda2abe7e - core::ops::function::FnOnce::call_once{{vtable.shim}}::h2c5a5f3779c774f1
[INFO] [stdout]                                at /rustc/90b35a6239c3d8bdabc530a6a0816f7ff89a0aaf/library/core/src/ops/function.rs:250:5
[INFO] [stdout]   41:     0x5b8dda47d1bb - <alloc::boxed::Box<F,A> as core::ops::function::FnOnce<Args>>::call_once::hf75717d9f28faebf
[INFO] [stdout]                                at /rustc/90b35a6239c3d8bdabc530a6a0816f7ff89a0aaf/library/alloc/src/boxed.rs:2454:9
[INFO] [stdout]   42:     0x5b8dda47d1bb - <alloc::boxed::Box<F,A> as core::ops::function::FnOnce<Args>>::call_once::h7bd883a5f3c5f3c1
[INFO] [stdout]                                at /rustc/90b35a6239c3d8bdabc530a6a0816f7ff89a0aaf/library/alloc/src/boxed.rs:2454:9
[INFO] [stdout]   43:     0x5b8dda47d1bb - std::sys::pal::unix::thread::Thread::new::thread_start::hcc78f3943333fa94
[INFO] [stdout]                                at /rustc/90b35a6239c3d8bdabc530a6a0816f7ff89a0aaf/library/std/src/sys/pal/unix/thread.rs:105:17
[INFO] [stdout]   44:     0x70f332f86ac3 - <unknown>
[INFO] [stdout]   45:     0x70f333017a04 - clone
[INFO] [stdout]   46:                0x0 - <unknown>
[INFO] [stdout] 
[INFO] [stdout] 
[INFO] [stdout] failures:
[INFO] [stdout]     tests::test_case_bonus_4_1
[INFO] [stdout] 
[INFO] [stdout] test result: FAILED. 23 passed; 1 failed; 0 ignored; 0 measured; 0 filtered out; finished in 0.57s
[INFO] [stdout] 
[INFO] [stderr] error: test failed, to rerun pass `--test interpreter_test`
[INFO] running `Command { std: "docker" "inspect" "4ed739b733b7a4f059d1eb21aa9bfd94315550b6e72c008c06ea2ab0033fa6f4", kill_on_drop: false }`
[INFO] running `Command { std: "docker" "rm" "-f" "4ed739b733b7a4f059d1eb21aa9bfd94315550b6e72c008c06ea2ab0033fa6f4", kill_on_drop: false }`
[INFO] [stdout] 4ed739b733b7a4f059d1eb21aa9bfd94315550b6e72c008c06ea2ab0033fa6f4
