[INFO] cloning repository https://github.com/pozm/poggers
[INFO] running `Command { std: "git" "-c" "credential.helper=" "-c" "credential.helper=/workspace/cargo-home/bin/git-credential-null" "clone" "--bare" "https://github.com/pozm/poggers" "/workspace/cache/git-repos/https%3A%2F%2Fgithub.com%2Fpozm%2Fpoggers", kill_on_drop: false }`
[INFO] [stderr] Cloning into bare repository '/workspace/cache/git-repos/https%3A%2F%2Fgithub.com%2Fpozm%2Fpoggers'...
[INFO] running `Command { std: "git" "rev-parse" "HEAD", kill_on_drop: false }`
[INFO] [stdout] f5c823d54d523e60d3dda3db5365c7902669437f
[INFO] testing pozm/poggers against beta-2024-12-08 for beta-1.84.0-4-retry
[INFO] running `Command { std: "git" "clone" "/workspace/cache/git-repos/https%3A%2F%2Fgithub.com%2Fpozm%2Fpoggers" "/workspace/builds/worker-6-tc2/source", kill_on_drop: false }`
[INFO] [stderr] Cloning into '/workspace/builds/worker-6-tc2/source'...
[INFO] [stderr] done.
[INFO] validating manifest of git repo https://github.com/pozm/poggers on toolchain beta-2024-12-08
[INFO] running `Command { std: CARGO_HOME="/workspace/cargo-home" RUSTUP_HOME="/workspace/rustup-home" "/workspace/cargo-home/bin/cargo" "+beta-2024-12-08" "metadata" "--manifest-path" "Cargo.toml" "--no-deps", kill_on_drop: false }`
[INFO] started tweaking git repo https://github.com/pozm/poggers
[INFO] finished tweaking git repo https://github.com/pozm/poggers
[INFO] tweaked toml for git repo https://github.com/pozm/poggers written to /workspace/builds/worker-6-tc2/source/Cargo.toml
[INFO] crate git repo https://github.com/pozm/poggers already has a lockfile, it will not be regenerated
[INFO] running `Command { std: CARGO_HOME="/workspace/cargo-home" RUSTUP_HOME="/workspace/rustup-home" "/workspace/cargo-home/bin/cargo" "+beta-2024-12-08" "fetch" "--manifest-path" "Cargo.toml", kill_on_drop: false }`
[INFO] [stderr] warning: profiles for the non root package will be ignored, specify profiles at the workspace root:
[INFO] [stderr] package:   /workspace/builds/worker-6-tc2/source/poggers/Cargo.toml
[INFO] [stderr] workspace: /workspace/builds/worker-6-tc2/source/Cargo.toml
[INFO] [stderr]     Blocking waiting for file lock on package cache
[INFO] running `Command { std: "docker" "create" "-v" "/var/lib/crater-agent-workspace/builds/worker-6-tc2/target:/opt/rustwide/target:rw,Z" "-v" "/var/lib/crater-agent-workspace/builds/worker-6-tc2/source:/opt/rustwide/workdir:ro,Z" "-v" "/var/lib/crater-agent-workspace/cargo-home:/opt/rustwide/cargo-home:ro,Z" "-v" "/var/lib/crater-agent-workspace/rustup-home:/opt/rustwide/rustup-home:ro,Z" "-e" "SOURCE_DIR=/opt/rustwide/workdir" "-e" "CARGO_TARGET_DIR=/opt/rustwide/target" "-e" "CARGO_HOME=/opt/rustwide/cargo-home" "-e" "RUSTUP_HOME=/opt/rustwide/rustup-home" "-w" "/opt/rustwide/workdir" "-m" "1610612736" "--user" "0:0" "--network" "none" "ghcr.io/rust-lang/crates-build-env/linux@sha256:f3a9d4ad9d972b27faf3965f35b62e55ba32bbce8f20bc8fe909558a86702fde" "/opt/rustwide/cargo-home/bin/cargo" "+beta-2024-12-08" "metadata" "--no-deps" "--format-version=1", kill_on_drop: false }`
[INFO] [stdout] 66049e20391d290419248ff81d4436c7dfff218ebafff15313ea619661564a37
[INFO] running `Command { std: "docker" "start" "-a" "66049e20391d290419248ff81d4436c7dfff218ebafff15313ea619661564a37", kill_on_drop: false }`
[INFO] running `Command { std: "docker" "inspect" "66049e20391d290419248ff81d4436c7dfff218ebafff15313ea619661564a37", kill_on_drop: false }`
[INFO] running `Command { std: "docker" "rm" "-f" "66049e20391d290419248ff81d4436c7dfff218ebafff15313ea619661564a37", kill_on_drop: false }`
[INFO] [stdout] 66049e20391d290419248ff81d4436c7dfff218ebafff15313ea619661564a37
[INFO] running `Command { std: "docker" "create" "-v" "/var/lib/crater-agent-workspace/builds/worker-6-tc2/target:/opt/rustwide/target:rw,Z" "-v" "/var/lib/crater-agent-workspace/builds/worker-6-tc2/source:/opt/rustwide/workdir:ro,Z" "-v" "/var/lib/crater-agent-workspace/cargo-home:/opt/rustwide/cargo-home:ro,Z" "-v" "/var/lib/crater-agent-workspace/rustup-home:/opt/rustwide/rustup-home:ro,Z" "-e" "SOURCE_DIR=/opt/rustwide/workdir" "-e" "CARGO_TARGET_DIR=/opt/rustwide/target" "-e" "CARGO_INCREMENTAL=0" "-e" "RUST_BACKTRACE=full" "-e" "RUSTFLAGS=--cap-lints=warn" "-e" "RUSTDOCFLAGS=--cap-lints=warn" "-e" "CARGO_HOME=/opt/rustwide/cargo-home" "-e" "RUSTUP_HOME=/opt/rustwide/rustup-home" "-w" "/opt/rustwide/workdir" "-m" "1610612736" "--user" "0:0" "--network" "none" "ghcr.io/rust-lang/crates-build-env/linux@sha256:f3a9d4ad9d972b27faf3965f35b62e55ba32bbce8f20bc8fe909558a86702fde" "/opt/rustwide/cargo-home/bin/cargo" "+beta-2024-12-08" "build" "--frozen" "--message-format=json", kill_on_drop: false }`
[INFO] [stdout] f30062efd7d9b301b45347b304173de43238dff551815b937ef4cb2d9616da41
[INFO] running `Command { std: "docker" "start" "-a" "f30062efd7d9b301b45347b304173de43238dff551815b937ef4cb2d9616da41", kill_on_drop: false }`
[INFO] [stderr] warning: profiles for the non root package will be ignored, specify profiles at the workspace root:
[INFO] [stderr] package:   /opt/rustwide/workdir/poggers/Cargo.toml
[INFO] [stderr] workspace: /opt/rustwide/workdir/Cargo.toml
[INFO] [stderr]    Compiling proc-macro2 v1.0.78
[INFO] [stderr]    Compiling unicode-ident v1.0.12
[INFO] [stderr]    Compiling glob v0.3.1
[INFO] [stderr]    Compiling libc v0.2.153
[INFO] [stderr]    Compiling prettyplease v0.2.16
[INFO] [stderr]    Compiling rustix v0.38.31
[INFO] [stderr]    Compiling memchr v2.7.1
[INFO] [stderr]    Compiling regex-syntax v0.8.2
[INFO] [stderr]    Compiling cfg-if v1.0.0
[INFO] [stderr]    Compiling bitflags v2.4.2
[INFO] [stderr]    Compiling minimal-lexical v0.2.1
[INFO] [stderr]    Compiling linux-raw-sys v0.4.13
[INFO] [stderr]    Compiling bindgen v0.68.1
[INFO] [stderr]    Compiling home v0.5.9
[INFO] [stderr]    Compiling either v1.10.0
[INFO] [stderr]    Compiling peeking_take_while v0.1.2
[INFO] [stderr]    Compiling libloading v0.8.3
[INFO] [stderr]    Compiling rustc-hash v1.1.0
[INFO] [stderr]    Compiling lazy_static v1.4.0
[INFO] [stderr]    Compiling log v0.4.21
[INFO] [stderr]    Compiling shlex v1.3.0
[INFO] [stderr]    Compiling lazycell v1.3.0
[INFO] [stderr]    Compiling hashbrown v0.14.3
[INFO] [stderr]    Compiling thiserror v1.0.58
[INFO] [stderr]    Compiling equivalent v1.0.1
[INFO] [stderr]    Compiling once_cell v1.19.0
[INFO] [stderr]    Compiling pin-project-lite v0.2.14
[INFO] [stderr]    Compiling toml_datetime v0.6.5
[INFO] [stderr]    Compiling winnow v0.5.40
[INFO] [stderr]    Compiling rw-test v0.1.0 (/opt/rustwide/workdir/rw-test)
[INFO] [stderr]    Compiling clang-sys v1.7.0
[INFO] [stderr]    Compiling tracing-core v0.1.32
[INFO] [stderr]    Compiling nom v7.1.3
[INFO] [stderr]    Compiling quote v1.0.35
[INFO] [stderr]    Compiling indexmap v2.2.5
[INFO] [stderr]    Compiling syn v2.0.52
[INFO] [stderr]    Compiling regex-automata v0.4.6
[INFO] [stderr]    Compiling cexpr v0.6.0
[INFO] [stderr]    Compiling toml_edit v0.21.1
[INFO] [stderr]    Compiling which v4.4.2
[INFO] [stderr]    Compiling regex v1.10.3
[INFO] [stderr]    Compiling proc-macro-crate v3.1.0
[INFO] [stderr]    Compiling thiserror-impl v1.0.58
[INFO] [stderr]    Compiling tracing-attributes v0.1.27
[INFO] [stderr]    Compiling ctor v0.2.7
[INFO] [stderr]    Compiling bitfield-struct v0.6.0
[INFO] [stderr]    Compiling poggers-derive v0.1.5 (/opt/rustwide/workdir/poggers-derive)
[INFO] [stdout] warning: unused variable: `attr`
[INFO] [stdout]   --> poggers-derive/src/lib.rs:48:21
[INFO] [stdout]    |
[INFO] [stdout] 48 | pub fn create_entry(attr: TokenStream, item: TokenStream) -> TokenStream {
[INFO] [stdout]    |                     ^^^^ help: if this is intentional, prefix it with an underscore: `_attr`
[INFO] [stdout]    |
[INFO] [stdout]    = note: `#[warn(unused_variables)]` on by default
[INFO] [stdout] 
[INFO] [stdout] 
[INFO] [stdout] warning: fields `no_console`, `no_thread`, and `no_free` are never read
[INFO] [stdout]   --> poggers-derive/src/lib.rs:9:5
[INFO] [stdout]    |
[INFO] [stdout] 8  | struct CreateEntryArguments {
[INFO] [stdout]    |        -------------------- fields in this struct
[INFO] [stdout] 9  |     no_console: bool,
[INFO] [stdout]    |     ^^^^^^^^^^
[INFO] [stdout] 10 |     no_thread: bool,
[INFO] [stdout]    |     ^^^^^^^^^
[INFO] [stdout] 11 |     no_free: bool,
[INFO] [stdout]    |     ^^^^^^^
[INFO] [stdout]    |
[INFO] [stdout]    = note: `#[warn(dead_code)]` on by default
[INFO] [stdout] 
[INFO] [stdout] 
[INFO] [stderr]    Compiling tracing v0.1.40
[INFO] [stderr]    Compiling poggers v1.2.1 (/opt/rustwide/workdir/poggers)
[INFO] [stdout] warning: unused import: `traits::MemError`
[INFO] [stdout]  --> poggers/src/structures/modules/implement.rs:1:31
[INFO] [stdout]   |
[INFO] [stdout] 1 | use crate::{sigscan::SigScan, traits::MemError};
[INFO] [stdout]   |                               ^^^^^^^^^^^^^^^^
[INFO] [stdout]   |
[INFO] [stdout]   = note: `#[warn(unused_imports)]` on by default
[INFO] [stdout] 
[INFO] [stdout] 
[INFO] [stdout] warning: unused import: `External`
[INFO] [stdout]  --> poggers/src/structures/process/implement/linux/internal.rs:6:51
[INFO] [stdout]   |
[INFO] [stdout] 6 |         process::{implement::utils::ProcessUtils, External, Internal, Process},
[INFO] [stdout]   |                                                   ^^^^^^^^
[INFO] [stdout] 
[INFO] [stdout] 
[INFO] [stdout] warning: unused import: `Debug`
[INFO] [stdout]   --> poggers/src/structures/protections.rs:39:16
[INFO] [stdout]    |
[INFO] [stdout] 39 | use std::fmt::{Debug, Display};
[INFO] [stdout]    |                ^^^^^
[INFO] [stdout] 
[INFO] [stdout] 
[INFO] [stdout] warning: crate-level attribute should be an inner attribute: add an exclamation mark: `#![foo]`
[INFO] [stdout]  --> poggers/src/structures/mod.rs:3:1
[INFO] [stdout]   |
[INFO] [stdout] 3 | #[feature(modules)]
[INFO] [stdout]   | ^^^^^^^^^^^^^^^^^^^
[INFO] [stdout]   |
[INFO] [stdout]   = note: `#[warn(unused_attributes)]` on by default
[INFO] [stdout] 
[INFO] [stdout] 
[INFO] [stdout] warning: crate-level attribute should be an inner attribute: add an exclamation mark: `#![foo]`
[INFO] [stdout]  --> poggers/src/structures/mod.rs:6:1
[INFO] [stdout]   |
[INFO] [stdout] 6 | #[feature(processes)]
[INFO] [stdout]   | ^^^^^^^^^^^^^^^^^^^^^
[INFO] [stdout] 
[INFO] [stdout] 
[INFO] [stdout] warning: crate-level attribute should be an inner attribute: add an exclamation mark: `#![foo]`
[INFO] [stdout]  --> poggers/src/structures/mod.rs:9:1
[INFO] [stdout]   |
[INFO] [stdout] 9 | #[feature(processes)]
[INFO] [stdout]   | ^^^^^^^^^^^^^^^^^^^^^
[INFO] [stdout] 
[INFO] [stdout] 
[INFO] [stdout] warning: crate-level attribute should be an inner attribute: add an exclamation mark: `#![foo]`
[INFO] [stdout]  --> poggers/src/structures/process/implement/linux/mod.rs:2:1
[INFO] [stdout]   |
[INFO] [stdout] 2 | #[feature(external)]
[INFO] [stdout]   | ^^^^^^^^^^^^^^^^^^^^
[INFO] [stdout] 
[INFO] [stdout] 
[INFO] [stdout] warning: crate-level attribute should be an inner attribute: add an exclamation mark: `#![foo]`
[INFO] [stdout]  --> poggers/src/structures/process/implement/linux/mod.rs:5:1
[INFO] [stdout]   |
[INFO] [stdout] 5 | #[feature(internal)]
[INFO] [stdout]   | ^^^^^^^^^^^^^^^^^^^^
[INFO] [stdout] 
[INFO] [stdout] 
[INFO] [stdout] warning: unused variable: `res`
[INFO] [stdout]   --> poggers/src/structures/process/implement/linux/external.rs:69:13
[INFO] [stdout]    |
[INFO] [stdout] 69 |         let res = process_vm_writev(self.pid as i32, local.as_ptr(), 2, remote.as_ptr(), 1, 0);
[INFO] [stdout]    |             ^^^ help: if this is intentional, prefix it with an underscore: `_res`
[INFO] [stdout]    |
[INFO] [stdout]    = note: `#[warn(unused_variables)]` on by default
[INFO] [stdout] 
[INFO] [stdout] 
[INFO] [stdout] warning: unused variable: `name`
[INFO] [stdout]    --> poggers/src/structures/process/implement/linux/external.rs:146:13
[INFO] [stdout]     |
[INFO] [stdout] 146 |         let name = std::fs::read_to_string(format!("/proc/{}/comm", pid))
[INFO] [stdout]     |             ^^^^ help: if this is intentional, prefix it with an underscore: `_name`
[INFO] [stdout] 
[INFO] [stdout] 
[INFO] [stdout] warning: unused variable: `name`
[INFO] [stdout]   --> poggers/src/structures/process/implement/linux/internal.rs:83:13
[INFO] [stdout]    |
[INFO] [stdout] 83 |         let name = std::fs::read_to_string("/proc/self/comm").unwrap();
[INFO] [stdout]    |             ^^^^ help: if this is intentional, prefix it with an underscore: `_name`
[INFO] [stdout] 
[INFO] [stdout] 
[INFO] [stdout] warning: field `handle` is never read
[INFO] [stdout]   --> poggers/src/structures/modules/mod.rs:14:16
[INFO] [stdout]    |
[INFO] [stdout] 8  | pub struct Module<T: SigScan> {
[INFO] [stdout]    |            ------ field in this struct
[INFO] [stdout] ...
[INFO] [stdout] 14 |     pub(crate) handle: isize,
[INFO] [stdout]    |                ^^^^^^
[INFO] [stdout]    |
[INFO] [stdout]    = note: `Module` has a derived impl for the trait `Debug`, but this is intentionally ignored during dead code analysis
[INFO] [stdout]    = note: `#[warn(dead_code)]` on by default
[INFO] [stdout] 
[INFO] [stdout] 
[INFO] [stdout] warning: constant `WIN_PAGE_SIZE` is never used
[INFO] [stdout]   --> poggers/src/structures/modules/implement.rs:64:18
[INFO] [stdout]    |
[INFO] [stdout] 64 | pub(super) const WIN_PAGE_SIZE: usize = 0x1000;
[INFO] [stdout]    |                  ^^^^^^^^^^^^^
[INFO] [stdout] 
[INFO] [stdout] 
[INFO] [stdout] warning: trait `Proc` is never used
[INFO] [stdout]   --> poggers/src/structures/process/mod.rs:94:7
[INFO] [stdout]    |
[INFO] [stdout] 94 | trait Proc {
[INFO] [stdout]    |       ^^^^
[INFO] [stdout] 
[INFO] [stdout] 
[INFO] [stdout] warning: missing documentation for an associated function
[INFO] [stdout]   --> poggers/src/structures/protections.rs:30:1
[INFO] [stdout]    |
[INFO] [stdout] 30 | #[bitfield_struct::bitfield(u8)]
[INFO] [stdout]    | ^^^^^^^^^^^^^^^^^^^^^^^^^^^^^^^^
[INFO] [stdout]    |
[INFO] [stdout] note: the lint level is defined here
[INFO] [stdout]   --> poggers/src/lib.rs:55:9
[INFO] [stdout]    |
[INFO] [stdout] 55 | #![warn(missing_docs)]
[INFO] [stdout]    |         ^^^^^^^^^^^^
[INFO] [stdout]    = note: this warning originates in the attribute macro `bitfield_struct::bitfield` (in Nightly builds, run with -Z macro-backtrace for more info)
[INFO] [stdout] 
[INFO] [stdout] 
[INFO] [stdout] warning: missing documentation for a method
[INFO] [stdout]   --> poggers/src/structures/protections.rs:30:1
[INFO] [stdout]    |
[INFO] [stdout] 30 | #[bitfield_struct::bitfield(u8)]
[INFO] [stdout]    | ^^^^^^^^^^^^^^^^^^^^^^^^^^^^^^^^
[INFO] [stdout]    |
[INFO] [stdout]    = note: this warning originates in the attribute macro `bitfield_struct::bitfield` (in Nightly builds, run with -Z macro-backtrace for more info)
[INFO] [stdout] 
[INFO] [stdout] 
[INFO] [stderr]    Compiling macos-tests v0.1.0 (/opt/rustwide/workdir/macos-tests)
[INFO] [stderr]    Compiling macos-libproc v0.1.0 (/opt/rustwide/workdir/macos-libproc)
[INFO] [stdout] warning: unused imports: `CStr`, `CString`, and `c_void`
[INFO] [stdout]  --> macos-libproc/src/main.rs:1:16
[INFO] [stdout]   |
[INFO] [stdout] 1 | use std::ffi::{c_void, CStr, CString};
[INFO] [stdout]   |                ^^^^^^  ^^^^  ^^^^^^^
[INFO] [stdout]   |
[INFO] [stdout]   = note: `#[warn(unused_imports)]` on by default
[INFO] [stdout] 
[INFO] [stdout] 
[INFO] [stderr]     Finished `dev` profile [unoptimized + debuginfo] target(s) in 37.33s
[INFO] running `Command { std: "docker" "inspect" "f30062efd7d9b301b45347b304173de43238dff551815b937ef4cb2d9616da41", kill_on_drop: false }`
[INFO] running `Command { std: "docker" "rm" "-f" "f30062efd7d9b301b45347b304173de43238dff551815b937ef4cb2d9616da41", kill_on_drop: false }`
[INFO] [stdout] f30062efd7d9b301b45347b304173de43238dff551815b937ef4cb2d9616da41
[INFO] running `Command { std: "docker" "create" "-v" "/var/lib/crater-agent-workspace/builds/worker-6-tc2/target:/opt/rustwide/target:rw,Z" "-v" "/var/lib/crater-agent-workspace/builds/worker-6-tc2/source:/opt/rustwide/workdir:ro,Z" "-v" "/var/lib/crater-agent-workspace/cargo-home:/opt/rustwide/cargo-home:ro,Z" "-v" "/var/lib/crater-agent-workspace/rustup-home:/opt/rustwide/rustup-home:ro,Z" "-e" "SOURCE_DIR=/opt/rustwide/workdir" "-e" "CARGO_TARGET_DIR=/opt/rustwide/target" "-e" "CARGO_INCREMENTAL=0" "-e" "RUST_BACKTRACE=full" "-e" "RUSTFLAGS=--cap-lints=warn" "-e" "RUSTDOCFLAGS=--cap-lints=warn" "-e" "CARGO_HOME=/opt/rustwide/cargo-home" "-e" "RUSTUP_HOME=/opt/rustwide/rustup-home" "-w" "/opt/rustwide/workdir" "-m" "1610612736" "--user" "0:0" "--network" "none" "ghcr.io/rust-lang/crates-build-env/linux@sha256:f3a9d4ad9d972b27faf3965f35b62e55ba32bbce8f20bc8fe909558a86702fde" "/opt/rustwide/cargo-home/bin/cargo" "+beta-2024-12-08" "test" "--frozen" "--no-run" "--message-format=json", kill_on_drop: false }`
[INFO] [stdout] 6b21054d05bfdbd1f7d1cde07d9958c3107da91472db13d3bc17ece8c642e257
[INFO] running `Command { std: "docker" "start" "-a" "6b21054d05bfdbd1f7d1cde07d9958c3107da91472db13d3bc17ece8c642e257", kill_on_drop: false }`
[INFO] [stderr] warning: profiles for the non root package will be ignored, specify profiles at the workspace root:
[INFO] [stderr] package:   /opt/rustwide/workdir/poggers/Cargo.toml
[INFO] [stderr] workspace: /opt/rustwide/workdir/Cargo.toml
[INFO] [stderr]    Compiling lazy_static v1.4.0
[INFO] [stderr]    Compiling libloading v0.8.3
[INFO] [stderr]    Compiling tracing-core v0.1.32
[INFO] [stderr]    Compiling regex-syntax v0.8.2
[INFO] [stderr]    Compiling regex-syntax v0.6.29
[INFO] [stderr]    Compiling overload v0.1.1
[INFO] [stderr]    Compiling log v0.4.21
[INFO] [stderr]    Compiling thread_local v1.1.8
[INFO] [stderr]    Compiling smallvec v1.13.2
[INFO] [stderr]    Compiling nu-ansi-term v0.49.0
[INFO] [stderr]    Compiling rw-test v0.1.0 (/opt/rustwide/workdir/rw-test)
[INFO] [stderr]    Compiling poggers-derive v0.1.5 (/opt/rustwide/workdir/poggers-derive)
[INFO] [stderr]    Compiling nu-ansi-term v0.46.0
[INFO] [stderr]    Compiling sharded-slab v0.1.7
[INFO] [stdout] warning: unused variable: `attr`
[INFO] [stdout]   --> poggers-derive/src/lib.rs:48:21
[INFO] [stdout]    |
[INFO] [stdout] 48 | pub fn create_entry(attr: TokenStream, item: TokenStream) -> TokenStream {
[INFO] [stdout]    |                     ^^^^ help: if this is intentional, prefix it with an underscore: `_attr`
[INFO] [stdout]    |
[INFO] [stdout]    = note: `#[warn(unused_variables)]` on by default
[INFO] [stdout] 
[INFO] [stdout] 
[INFO] [stdout] warning: fields `no_console`, `no_thread`, and `no_free` are never read
[INFO] [stdout]   --> poggers-derive/src/lib.rs:9:5
[INFO] [stdout]    |
[INFO] [stdout] 8  | struct CreateEntryArguments {
[INFO] [stdout]    |        -------------------- fields in this struct
[INFO] [stdout] 9  |     no_console: bool,
[INFO] [stdout]    |     ^^^^^^^^^^
[INFO] [stdout] 10 |     no_thread: bool,
[INFO] [stdout]    |     ^^^^^^^^^
[INFO] [stdout] 11 |     no_free: bool,
[INFO] [stdout]    |     ^^^^^^^
[INFO] [stdout]    |
[INFO] [stdout]    = note: `#[warn(dead_code)]` on by default
[INFO] [stdout] 
[INFO] [stdout] 
[INFO] [stdout] warning: unused variable: `attr`
[INFO] [stdout]   --> poggers-derive/src/lib.rs:48:21
[INFO] [stdout]    |
[INFO] [stdout] 48 | pub fn create_entry(attr: TokenStream, item: TokenStream) -> TokenStream {
[INFO] [stdout]    |                     ^^^^ help: if this is intentional, prefix it with an underscore: `_attr`
[INFO] [stdout]    |
[INFO] [stdout]    = note: `#[warn(unused_variables)]` on by default
[INFO] [stdout] 
[INFO] [stdout] 
[INFO] [stdout] warning: fields `no_console`, `no_thread`, and `no_free` are never read
[INFO] [stdout]   --> poggers-derive/src/lib.rs:9:5
[INFO] [stdout]    |
[INFO] [stdout] 8  | struct CreateEntryArguments {
[INFO] [stdout]    |        -------------------- fields in this struct
[INFO] [stdout] 9  |     no_console: bool,
[INFO] [stdout]    |     ^^^^^^^^^^
[INFO] [stdout] 10 |     no_thread: bool,
[INFO] [stdout]    |     ^^^^^^^^^
[INFO] [stdout] 11 |     no_free: bool,
[INFO] [stdout]    |     ^^^^^^^
[INFO] [stdout]    |
[INFO] [stdout]    = note: `#[warn(dead_code)]` on by default
[INFO] [stdout] 
[INFO] [stdout] 
[INFO] [stderr]    Compiling clang-sys v1.7.0
[INFO] [stderr]    Compiling tracing v0.1.40
[INFO] [stderr]    Compiling tracing-log v0.2.0
[INFO] [stderr]    Compiling poggers v1.2.1 (/opt/rustwide/workdir/poggers)
[INFO] [stdout] warning: unused import: `traits::MemError`
[INFO] [stdout]  --> poggers/src/structures/modules/implement.rs:1:31
[INFO] [stdout]   |
[INFO] [stdout] 1 | use crate::{sigscan::SigScan, traits::MemError};
[INFO] [stdout]   |                               ^^^^^^^^^^^^^^^^
[INFO] [stdout]   |
[INFO] [stdout]   = note: `#[warn(unused_imports)]` on by default
[INFO] [stdout] 
[INFO] [stdout] 
[INFO] [stdout] warning: unused import: `External`
[INFO] [stdout]  --> poggers/src/structures/process/implement/linux/internal.rs:6:51
[INFO] [stdout]   |
[INFO] [stdout] 6 |         process::{implement::utils::ProcessUtils, External, Internal, Process},
[INFO] [stdout]   |                                                   ^^^^^^^^
[INFO] [stdout] 
[INFO] [stdout] 
[INFO] [stdout] warning: unused import: `Debug`
[INFO] [stdout]   --> poggers/src/structures/protections.rs:39:16
[INFO] [stdout]    |
[INFO] [stdout] 39 | use std::fmt::{Debug, Display};
[INFO] [stdout]    |                ^^^^^
[INFO] [stdout] 
[INFO] [stdout] 
[INFO] [stdout] warning: crate-level attribute should be an inner attribute: add an exclamation mark: `#![foo]`
[INFO] [stdout]  --> poggers/src/structures/mod.rs:3:1
[INFO] [stdout]   |
[INFO] [stdout] 3 | #[feature(modules)]
[INFO] [stdout]   | ^^^^^^^^^^^^^^^^^^^
[INFO] [stdout]   |
[INFO] [stdout]   = note: `#[warn(unused_attributes)]` on by default
[INFO] [stdout] 
[INFO] [stdout] 
[INFO] [stdout] warning: crate-level attribute should be an inner attribute: add an exclamation mark: `#![foo]`
[INFO] [stdout]  --> poggers/src/structures/mod.rs:6:1
[INFO] [stdout]   |
[INFO] [stdout] 6 | #[feature(processes)]
[INFO] [stdout]   | ^^^^^^^^^^^^^^^^^^^^^
[INFO] [stdout] 
[INFO] [stdout] 
[INFO] [stdout] warning: crate-level attribute should be an inner attribute: add an exclamation mark: `#![foo]`
[INFO] [stdout]  --> poggers/src/structures/mod.rs:9:1
[INFO] [stdout]   |
[INFO] [stdout] 9 | #[feature(processes)]
[INFO] [stdout]   | ^^^^^^^^^^^^^^^^^^^^^
[INFO] [stdout] 
[INFO] [stdout] 
[INFO] [stdout] warning: crate-level attribute should be an inner attribute: add an exclamation mark: `#![foo]`
[INFO] [stdout]  --> poggers/src/structures/process/implement/linux/mod.rs:2:1
[INFO] [stdout]   |
[INFO] [stdout] 2 | #[feature(external)]
[INFO] [stdout]   | ^^^^^^^^^^^^^^^^^^^^
[INFO] [stdout] 
[INFO] [stdout] 
[INFO] [stdout] warning: crate-level attribute should be an inner attribute: add an exclamation mark: `#![foo]`
[INFO] [stdout]  --> poggers/src/structures/process/implement/linux/mod.rs:5:1
[INFO] [stdout]   |
[INFO] [stdout] 5 | #[feature(internal)]
[INFO] [stdout]   | ^^^^^^^^^^^^^^^^^^^^
[INFO] [stdout] 
[INFO] [stdout] 
[INFO] [stdout] warning: unused variable: `res`
[INFO] [stdout]   --> poggers/src/structures/process/implement/linux/external.rs:69:13
[INFO] [stdout]    |
[INFO] [stdout] 69 |         let res = process_vm_writev(self.pid as i32, local.as_ptr(), 2, remote.as_ptr(), 1, 0);
[INFO] [stdout]    |             ^^^ help: if this is intentional, prefix it with an underscore: `_res`
[INFO] [stdout]    |
[INFO] [stdout]    = note: `#[warn(unused_variables)]` on by default
[INFO] [stdout] 
[INFO] [stdout] 
[INFO] [stdout] warning: unused variable: `name`
[INFO] [stdout]    --> poggers/src/structures/process/implement/linux/external.rs:146:13
[INFO] [stdout]     |
[INFO] [stdout] 146 |         let name = std::fs::read_to_string(format!("/proc/{}/comm", pid))
[INFO] [stdout]     |             ^^^^ help: if this is intentional, prefix it with an underscore: `_name`
[INFO] [stdout] 
[INFO] [stdout] 
[INFO] [stdout] warning: unused variable: `name`
[INFO] [stdout]   --> poggers/src/structures/process/implement/linux/internal.rs:83:13
[INFO] [stdout]    |
[INFO] [stdout] 83 |         let name = std::fs::read_to_string("/proc/self/comm").unwrap();
[INFO] [stdout]    |             ^^^^ help: if this is intentional, prefix it with an underscore: `_name`
[INFO] [stdout] 
[INFO] [stdout] 
[INFO] [stdout] warning: field `handle` is never read
[INFO] [stdout]   --> poggers/src/structures/modules/mod.rs:14:16
[INFO] [stdout]    |
[INFO] [stdout] 8  | pub struct Module<T: SigScan> {
[INFO] [stdout]    |            ------ field in this struct
[INFO] [stdout] ...
[INFO] [stdout] 14 |     pub(crate) handle: isize,
[INFO] [stdout]    |                ^^^^^^
[INFO] [stdout]    |
[INFO] [stdout]    = note: `Module` has a derived impl for the trait `Debug`, but this is intentionally ignored during dead code analysis
[INFO] [stdout]    = note: `#[warn(dead_code)]` on by default
[INFO] [stdout] 
[INFO] [stdout] 
[INFO] [stdout] warning: constant `WIN_PAGE_SIZE` is never used
[INFO] [stdout]   --> poggers/src/structures/modules/implement.rs:64:18
[INFO] [stdout]    |
[INFO] [stdout] 64 | pub(super) const WIN_PAGE_SIZE: usize = 0x1000;
[INFO] [stdout]    |                  ^^^^^^^^^^^^^
[INFO] [stdout] 
[INFO] [stdout] 
[INFO] [stdout] warning: trait `Proc` is never used
[INFO] [stdout]   --> poggers/src/structures/process/mod.rs:94:7
[INFO] [stdout]    |
[INFO] [stdout] 94 | trait Proc {
[INFO] [stdout]    |       ^^^^
[INFO] [stdout] 
[INFO] [stdout] 
[INFO] [stdout] warning: missing documentation for an associated function
[INFO] [stdout]   --> poggers/src/structures/protections.rs:30:1
[INFO] [stdout]    |
[INFO] [stdout] 30 | #[bitfield_struct::bitfield(u8)]
[INFO] [stdout]    | ^^^^^^^^^^^^^^^^^^^^^^^^^^^^^^^^
[INFO] [stdout]    |
[INFO] [stdout] note: the lint level is defined here
[INFO] [stdout]   --> poggers/src/lib.rs:55:9
[INFO] [stdout]    |
[INFO] [stdout] 55 | #![warn(missing_docs)]
[INFO] [stdout]    |         ^^^^^^^^^^^^
[INFO] [stdout]    = note: this warning originates in the attribute macro `bitfield_struct::bitfield` (in Nightly builds, run with -Z macro-backtrace for more info)
[INFO] [stdout] 
[INFO] [stdout] 
[INFO] [stdout] warning: missing documentation for a method
[INFO] [stdout]   --> poggers/src/structures/protections.rs:30:1
[INFO] [stdout]    |
[INFO] [stdout] 30 | #[bitfield_struct::bitfield(u8)]
[INFO] [stdout]    | ^^^^^^^^^^^^^^^^^^^^^^^^^^^^^^^^
[INFO] [stdout]    |
[INFO] [stdout]    = note: this warning originates in the attribute macro `bitfield_struct::bitfield` (in Nightly builds, run with -Z macro-backtrace for more info)
[INFO] [stdout] 
[INFO] [stdout] 
[INFO] [stderr]    Compiling macos-tests v0.1.0 (/opt/rustwide/workdir/macos-tests)
[INFO] [stderr]    Compiling regex-automata v0.1.10
[INFO] [stderr]    Compiling regex-automata v0.4.6
[INFO] [stderr]    Compiling matchers v0.1.0
[INFO] [stderr]    Compiling bindgen v0.68.1
[INFO] [stderr]    Compiling regex v1.10.3
[INFO] [stderr]    Compiling tracing-subscriber v0.3.18
[INFO] [stderr]    Compiling tracing-tree v0.3.0
[INFO] [stdout] warning: unused import: `traits::MemError`
[INFO] [stdout]  --> poggers/src/structures/modules/implement.rs:1:31
[INFO] [stdout]   |
[INFO] [stdout] 1 | use crate::{sigscan::SigScan, traits::MemError};
[INFO] [stdout]   |                               ^^^^^^^^^^^^^^^^
[INFO] [stdout]   |
[INFO] [stdout]   = note: `#[warn(unused_imports)]` on by default
[INFO] [stdout] 
[INFO] [stdout] 
[INFO] [stdout] warning: unused imports: `Registry` and `layer::SubscriberExt`
[INFO] [stdout]   --> poggers/src/structures/proc_list/implement/mod.rs:20:30
[INFO] [stdout]    |
[INFO] [stdout] 20 |     use tracing_subscriber::{layer::SubscriberExt, Registry};
[INFO] [stdout]    |                              ^^^^^^^^^^^^^^^^^^^^  ^^^^^^^^
[INFO] [stdout] 
[INFO] [stdout] 
[INFO] [stdout] warning: unused import: `tracing_tree::HierarchicalLayer`
[INFO] [stdout]   --> poggers/src/structures/proc_list/implement/mod.rs:21:9
[INFO] [stdout]    |
[INFO] [stdout] 21 |     use tracing_tree::HierarchicalLayer;
[INFO] [stdout]    |         ^^^^^^^^^^^^^^^^^^^^^^^^^^^^^^^
[INFO] [stdout] 
[INFO] [stdout] 
[INFO] [stdout] warning: unused import: `External`
[INFO] [stdout]  --> poggers/src/structures/process/implement/linux/internal.rs:6:51
[INFO] [stdout]   |
[INFO] [stdout] 6 |         process::{implement::utils::ProcessUtils, External, Internal, Process},
[INFO] [stdout]   |                                                   ^^^^^^^^
[INFO] [stdout] 
[INFO] [stdout] 
[INFO] [stdout] warning: unused import: `Debug`
[INFO] [stdout]   --> poggers/src/structures/protections.rs:39:16
[INFO] [stdout]    |
[INFO] [stdout] 39 | use std::fmt::{Debug, Display};
[INFO] [stdout]    |                ^^^^^
[INFO] [stdout] 
[INFO] [stdout] 
[INFO] [stdout] warning: crate-level attribute should be an inner attribute: add an exclamation mark: `#![foo]`
[INFO] [stdout]  --> poggers/src/structures/mod.rs:3:1
[INFO] [stdout]   |
[INFO] [stdout] 3 | #[feature(modules)]
[INFO] [stdout]   | ^^^^^^^^^^^^^^^^^^^
[INFO] [stdout]   |
[INFO] [stdout]   = note: `#[warn(unused_attributes)]` on by default
[INFO] [stdout] 
[INFO] [stdout] 
[INFO] [stdout] warning: crate-level attribute should be an inner attribute: add an exclamation mark: `#![foo]`
[INFO] [stdout]  --> poggers/src/structures/mod.rs:6:1
[INFO] [stdout]   |
[INFO] [stdout] 6 | #[feature(processes)]
[INFO] [stdout]   | ^^^^^^^^^^^^^^^^^^^^^
[INFO] [stdout] 
[INFO] [stdout] 
[INFO] [stdout] warning: crate-level attribute should be an inner attribute: add an exclamation mark: `#![foo]`
[INFO] [stdout]  --> poggers/src/structures/mod.rs:9:1
[INFO] [stdout]   |
[INFO] [stdout] 9 | #[feature(processes)]
[INFO] [stdout]   | ^^^^^^^^^^^^^^^^^^^^^
[INFO] [stdout] 
[INFO] [stdout] 
[INFO] [stdout] warning: crate-level attribute should be an inner attribute: add an exclamation mark: `#![foo]`
[INFO] [stdout]  --> poggers/src/structures/process/implement/linux/mod.rs:2:1
[INFO] [stdout]   |
[INFO] [stdout] 2 | #[feature(external)]
[INFO] [stdout]   | ^^^^^^^^^^^^^^^^^^^^
[INFO] [stdout] 
[INFO] [stdout] 
[INFO] [stdout] warning: crate-level attribute should be an inner attribute: add an exclamation mark: `#![foo]`
[INFO] [stdout]  --> poggers/src/structures/process/implement/linux/mod.rs:5:1
[INFO] [stdout]   |
[INFO] [stdout] 5 | #[feature(internal)]
[INFO] [stdout]   | ^^^^^^^^^^^^^^^^^^^^
[INFO] [stdout] 
[INFO] [stdout] 
[INFO] [stdout] warning: unused variable: `list`
[INFO] [stdout]   --> poggers/src/structures/proc_list/implement/mod.rs:28:13
[INFO] [stdout]    |
[INFO] [stdout] 28 |         let list = ProcessList::get_list().unwrap();
[INFO] [stdout]    |             ^^^^ help: if this is intentional, prefix it with an underscore: `_list`
[INFO] [stdout]    |
[INFO] [stdout]    = note: `#[warn(unused_variables)]` on by default
[INFO] [stdout] 
[INFO] [stdout] 
[INFO] [stdout] warning: unused variable: `res`
[INFO] [stdout]   --> poggers/src/structures/process/implement/linux/external.rs:69:13
[INFO] [stdout]    |
[INFO] [stdout] 69 |         let res = process_vm_writev(self.pid as i32, local.as_ptr(), 2, remote.as_ptr(), 1, 0);
[INFO] [stdout]    |             ^^^ help: if this is intentional, prefix it with an underscore: `_res`
[INFO] [stdout] 
[INFO] [stdout] 
[INFO] [stdout] warning: unused variable: `name`
[INFO] [stdout]    --> poggers/src/structures/process/implement/linux/external.rs:146:13
[INFO] [stdout]     |
[INFO] [stdout] 146 |         let name = std::fs::read_to_string(format!("/proc/{}/comm", pid))
[INFO] [stdout]     |             ^^^^ help: if this is intentional, prefix it with an underscore: `_name`
[INFO] [stdout] 
[INFO] [stdout] 
[INFO] [stdout] warning: unused variable: `name`
[INFO] [stdout]   --> poggers/src/structures/process/implement/linux/internal.rs:83:13
[INFO] [stdout]    |
[INFO] [stdout] 83 |         let name = std::fs::read_to_string("/proc/self/comm").unwrap();
[INFO] [stdout]    |             ^^^^ help: if this is intentional, prefix it with an underscore: `_name`
[INFO] [stdout] 
[INFO] [stdout] 
[INFO] [stdout] warning: field `handle` is never read
[INFO] [stdout]   --> poggers/src/structures/modules/mod.rs:14:16
[INFO] [stdout]    |
[INFO] [stdout] 8  | pub struct Module<T: SigScan> {
[INFO] [stdout]    |            ------ field in this struct
[INFO] [stdout] ...
[INFO] [stdout] 14 |     pub(crate) handle: isize,
[INFO] [stdout]    |                ^^^^^^
[INFO] [stdout]    |
[INFO] [stdout]    = note: `Module` has a derived impl for the trait `Debug`, but this is intentionally ignored during dead code analysis
[INFO] [stdout]    = note: `#[warn(dead_code)]` on by default
[INFO] [stdout] 
[INFO] [stdout] 
[INFO] [stdout] warning: constant `WIN_PAGE_SIZE` is never used
[INFO] [stdout]   --> poggers/src/structures/modules/implement.rs:64:18
[INFO] [stdout]    |
[INFO] [stdout] 64 | pub(super) const WIN_PAGE_SIZE: usize = 0x1000;
[INFO] [stdout]    |                  ^^^^^^^^^^^^^
[INFO] [stdout] 
[INFO] [stdout] 
[INFO] [stdout] warning: trait `Proc` is never used
[INFO] [stdout]   --> poggers/src/structures/process/mod.rs:94:7
[INFO] [stdout]    |
[INFO] [stdout] 94 | trait Proc {
[INFO] [stdout]    |       ^^^^
[INFO] [stdout] 
[INFO] [stdout] 
[INFO] [stdout] warning: missing documentation for an associated function
[INFO] [stdout]   --> poggers/src/structures/protections.rs:30:1
[INFO] [stdout]    |
[INFO] [stdout] 30 | #[bitfield_struct::bitfield(u8)]
[INFO] [stdout]    | ^^^^^^^^^^^^^^^^^^^^^^^^^^^^^^^^
[INFO] [stdout]    |
[INFO] [stdout] note: the lint level is defined here
[INFO] [stdout]   --> poggers/src/lib.rs:55:9
[INFO] [stdout]    |
[INFO] [stdout] 55 | #![warn(missing_docs)]
[INFO] [stdout]    |         ^^^^^^^^^^^^
[INFO] [stdout]    = note: this warning originates in the attribute macro `bitfield_struct::bitfield` (in Nightly builds, run with -Z macro-backtrace for more info)
[INFO] [stdout] 
[INFO] [stdout] 
[INFO] [stdout] warning: missing documentation for a method
[INFO] [stdout]   --> poggers/src/structures/protections.rs:30:1
[INFO] [stdout]    |
[INFO] [stdout] 30 | #[bitfield_struct::bitfield(u8)]
[INFO] [stdout]    | ^^^^^^^^^^^^^^^^^^^^^^^^^^^^^^^^
[INFO] [stdout]    |
[INFO] [stdout]    = note: this warning originates in the attribute macro `bitfield_struct::bitfield` (in Nightly builds, run with -Z macro-backtrace for more info)
[INFO] [stdout] 
[INFO] [stdout] 
[INFO] [stderr]    Compiling macos-libproc v0.1.0 (/opt/rustwide/workdir/macos-libproc)
[INFO] [stdout] warning: unused imports: `CStr`, `CString`, and `c_void`
[INFO] [stdout]  --> macos-libproc/src/main.rs:1:16
[INFO] [stdout]   |
[INFO] [stdout] 1 | use std::ffi::{c_void, CStr, CString};
[INFO] [stdout]   |                ^^^^^^  ^^^^  ^^^^^^^
[INFO] [stdout]   |
[INFO] [stdout]   = note: `#[warn(unused_imports)]` on by default
[INFO] [stdout] 
[INFO] [stdout] 
[INFO] [stderr]     Finished `test` profile [unoptimized + debuginfo] target(s) in 24.44s
[INFO] running `Command { std: "docker" "inspect" "6b21054d05bfdbd1f7d1cde07d9958c3107da91472db13d3bc17ece8c642e257", kill_on_drop: false }`
[INFO] running `Command { std: "docker" "rm" "-f" "6b21054d05bfdbd1f7d1cde07d9958c3107da91472db13d3bc17ece8c642e257", kill_on_drop: false }`
[INFO] [stdout] 6b21054d05bfdbd1f7d1cde07d9958c3107da91472db13d3bc17ece8c642e257
[INFO] running `Command { std: "docker" "create" "-v" "/var/lib/crater-agent-workspace/builds/worker-6-tc2/target:/opt/rustwide/target:rw,Z" "-v" "/var/lib/crater-agent-workspace/builds/worker-6-tc2/source:/opt/rustwide/workdir:ro,Z" "-v" "/var/lib/crater-agent-workspace/cargo-home:/opt/rustwide/cargo-home:ro,Z" "-v" "/var/lib/crater-agent-workspace/rustup-home:/opt/rustwide/rustup-home:ro,Z" "-e" "SOURCE_DIR=/opt/rustwide/workdir" "-e" "CARGO_TARGET_DIR=/opt/rustwide/target" "-e" "CARGO_INCREMENTAL=0" "-e" "RUST_BACKTRACE=full" "-e" "RUSTFLAGS=--cap-lints=warn" "-e" "RUSTDOCFLAGS=--cap-lints=warn" "-e" "CARGO_HOME=/opt/rustwide/cargo-home" "-e" "RUSTUP_HOME=/opt/rustwide/rustup-home" "-w" "/opt/rustwide/workdir" "-m" "1610612736" "--user" "0:0" "--network" "none" "ghcr.io/rust-lang/crates-build-env/linux@sha256:f3a9d4ad9d972b27faf3965f35b62e55ba32bbce8f20bc8fe909558a86702fde" "/opt/rustwide/cargo-home/bin/cargo" "+beta-2024-12-08" "test" "--frozen", kill_on_drop: false }`
[INFO] [stdout] 7d213dce41e0657d5ca01ca116b2876897e3779edc3710c4564e05c354860d6a
[INFO] running `Command { std: "docker" "start" "-a" "7d213dce41e0657d5ca01ca116b2876897e3779edc3710c4564e05c354860d6a", kill_on_drop: false }`
[INFO] [stderr] warning: profiles for the non root package will be ignored, specify profiles at the workspace root:
[INFO] [stderr] package:   /opt/rustwide/workdir/poggers/Cargo.toml
[INFO] [stderr] workspace: /opt/rustwide/workdir/Cargo.toml
[INFO] [stderr] warning: unused import: `traits::MemError`
[INFO] [stderr]  --> poggers/src/structures/modules/implement.rs:1:31
[INFO] [stderr]   |
[INFO] [stderr] 1 | use crate::{sigscan::SigScan, traits::MemError};
[INFO] [stderr]   |                               ^^^^^^^^^^^^^^^^
[INFO] [stderr]   |
[INFO] [stderr]   = note: `#[warn(unused_imports)]` on by default
[INFO] [stderr] 
[INFO] [stderr] warning: unused import: `External`
[INFO] [stderr]  --> poggers/src/structures/process/implement/linux/internal.rs:6:51
[INFO] [stderr]   |
[INFO] [stderr] 6 |         process::{implement::utils::ProcessUtils, External, Internal, Process},
[INFO] [stderr]   |                                                   ^^^^^^^^
[INFO] [stderr] 
[INFO] [stderr] warning: unused import: `Debug`
[INFO] [stderr]   --> poggers/src/structures/protections.rs:39:16
[INFO] [stderr]    |
[INFO] [stderr] 39 | use std::fmt::{Debug, Display};
[INFO] [stderr]    |                ^^^^^
[INFO] [stderr] 
[INFO] [stderr] warning: crate-level attribute should be an inner attribute: add an exclamation mark: `#![foo]`
[INFO] [stderr]  --> poggers/src/structures/mod.rs:3:1
[INFO] [stderr]   |
[INFO] [stderr] 3 | #[feature(modules)]
[INFO] [stderr]   | ^^^^^^^^^^^^^^^^^^^
[INFO] [stderr]   |
[INFO] [stderr]   = note: `#[warn(unused_attributes)]` on by default
[INFO] [stderr] 
[INFO] [stderr] warning: crate-level attribute should be an inner attribute: add an exclamation mark: `#![foo]`
[INFO] [stderr]  --> poggers/src/structures/mod.rs:6:1
[INFO] [stderr]   |
[INFO] [stderr] 6 | #[feature(processes)]
[INFO] [stderr]   | ^^^^^^^^^^^^^^^^^^^^^
[INFO] [stderr] 
[INFO] [stderr] warning: crate-level attribute should be an inner attribute: add an exclamation mark: `#![foo]`
[INFO] [stderr]  --> poggers/src/structures/mod.rs:9:1
[INFO] [stderr]   |
[INFO] [stderr] 9 | #[feature(processes)]
[INFO] [stderr]   | ^^^^^^^^^^^^^^^^^^^^^
[INFO] [stderr] 
[INFO] [stderr] warning: crate-level attribute should be an inner attribute: add an exclamation mark: `#![foo]`
[INFO] [stderr]  --> poggers/src/structures/process/implement/linux/mod.rs:2:1
[INFO] [stderr]   |
[INFO] [stderr] 2 | #[feature(external)]
[INFO] [stderr]   | ^^^^^^^^^^^^^^^^^^^^
[INFO] [stderr] 
[INFO] [stderr] warning: crate-level attribute should be an inner attribute: add an exclamation mark: `#![foo]`
[INFO] [stderr]  --> poggers/src/structures/process/implement/linux/mod.rs:5:1
[INFO] [stderr]   |
[INFO] [stderr] 5 | #[feature(internal)]
[INFO] [stderr]   | ^^^^^^^^^^^^^^^^^^^^
[INFO] [stderr] 
[INFO] [stderr] warning: unused variable: `res`
[INFO] [stderr]   --> poggers/src/structures/process/implement/linux/external.rs:69:13
[INFO] [stderr]    |
[INFO] [stderr] 69 |         let res = process_vm_writev(self.pid as i32, local.as_ptr(), 2, remote.as_ptr(), 1, 0);
[INFO] [stderr]    |             ^^^ help: if this is intentional, prefix it with an underscore: `_res`
[INFO] [stderr]    |
[INFO] [stderr]    = note: `#[warn(unused_variables)]` on by default
[INFO] [stderr] 
[INFO] [stderr] warning: unused variable: `name`
[INFO] [stderr]    --> poggers/src/structures/process/implement/linux/external.rs:146:13
[INFO] [stderr]     |
[INFO] [stderr] 146 |         let name = std::fs::read_to_string(format!("/proc/{}/comm", pid))
[INFO] [stderr]     |             ^^^^ help: if this is intentional, prefix it with an underscore: `_name`
[INFO] [stderr] 
[INFO] [stderr] warning: unused variable: `name`
[INFO] [stderr]   --> poggers/src/structures/process/implement/linux/internal.rs:83:13
[INFO] [stderr]    |
[INFO] [stderr] 83 |         let name = std::fs::read_to_string("/proc/self/comm").unwrap();
[INFO] [stderr]    |             ^^^^ help: if this is intentional, prefix it with an underscore: `_name`
[INFO] [stderr] 
[INFO] [stderr] warning: field `handle` is never read
[INFO] [stderr]   --> poggers/src/structures/modules/mod.rs:14:16
[INFO] [stderr]    |
[INFO] [stderr] 8  | pub struct Module<T: SigScan> {
[INFO] [stderr]    |            ------ field in this struct
[INFO] [stderr] ...
[INFO] [stderr] 14 |     pub(crate) handle: isize,
[INFO] [stderr]    |                ^^^^^^
[INFO] [stderr]    |
[INFO] [stderr]    = note: `Module` has a derived impl for the trait `Debug`, but this is intentionally ignored during dead code analysis
[INFO] [stderr]    = note: `#[warn(dead_code)]` on by default
[INFO] [stderr] 
[INFO] [stderr] warning: constant `WIN_PAGE_SIZE` is never used
[INFO] [stderr]   --> poggers/src/structures/modules/implement.rs:64:18
[INFO] [stderr]    |
[INFO] [stderr] 64 | pub(super) const WIN_PAGE_SIZE: usize = 0x1000;
[INFO] [stderr]    |                  ^^^^^^^^^^^^^
[INFO] [stderr] 
[INFO] [stderr] warning: trait `Proc` is never used
[INFO] [stderr]   --> poggers/src/structures/process/mod.rs:94:7
[INFO] [stderr]    |
[INFO] [stderr] 94 | trait Proc {
[INFO] [stderr]    |       ^^^^
[INFO] [stderr] 
[INFO] [stderr] warning: missing documentation for an associated function
[INFO] [stderr]   --> poggers/src/structures/protections.rs:30:1
[INFO] [stderr]    |
[INFO] [stderr] 30 | #[bitfield_struct::bitfield(u8)]
[INFO] [stderr]    | ^^^^^^^^^^^^^^^^^^^^^^^^^^^^^^^^
[INFO] [stderr]    |
[INFO] [stderr] note: the lint level is defined here
[INFO] [stderr]   --> poggers/src/lib.rs:55:9
[INFO] [stderr]    |
[INFO] [stderr] 55 | #![warn(missing_docs)]
[INFO] [stderr]    |         ^^^^^^^^^^^^
[INFO] [stderr]    = note: this warning originates in the attribute macro `bitfield_struct::bitfield` (in Nightly builds, run with -Z macro-backtrace for more info)
[INFO] [stderr] 
[INFO] [stderr] warning: missing documentation for a method
[INFO] [stderr]   --> poggers/src/structures/protections.rs:30:1
[INFO] [stderr]    |
[INFO] [stderr] 30 | #[bitfield_struct::bitfield(u8)]
[INFO] [stderr]    | ^^^^^^^^^^^^^^^^^^^^^^^^^^^^^^^^
[INFO] [stderr]    |
[INFO] [stderr]    = note: this warning originates in the attribute macro `bitfield_struct::bitfield` (in Nightly builds, run with -Z macro-backtrace for more info)
[INFO] [stderr] 
[INFO] [stderr] warning: unused variable: `attr`
[INFO] [stderr]   --> poggers-derive/src/lib.rs:48:21
[INFO] [stderr]    |
[INFO] [stderr] 48 | pub fn create_entry(attr: TokenStream, item: TokenStream) -> TokenStream {
[INFO] [stderr]    |                     ^^^^ help: if this is intentional, prefix it with an underscore: `_attr`
[INFO] [stderr]    |
[INFO] [stderr]    = note: `#[warn(unused_variables)]` on by default
[INFO] [stderr] 
[INFO] [stderr] warning: fields `no_console`, `no_thread`, and `no_free` are never read
[INFO] [stderr]   --> poggers-derive/src/lib.rs:9:5
[INFO] [stderr]    |
[INFO] [stderr] 8  | struct CreateEntryArguments {
[INFO] [stderr]    |        -------------------- fields in this struct
[INFO] [stderr] 9  |     no_console: bool,
[INFO] [stderr]    |     ^^^^^^^^^^
[INFO] [stderr] 10 |     no_thread: bool,
[INFO] [stderr]    |     ^^^^^^^^^
[INFO] [stderr] 11 |     no_free: bool,
[INFO] [stderr]    |     ^^^^^^^
[INFO] [stderr]    |
[INFO] [stderr]    = note: `#[warn(dead_code)]` on by default
[INFO] [stderr] 
[INFO] [stderr] warning: `poggers` (lib) generated 16 warnings (run `cargo fix --lib -p poggers` to apply 3 suggestions)
[INFO] [stderr] warning: `poggers-derive` (lib) generated 2 warnings
[INFO] [stderr] warning: `poggers-derive` (lib test) generated 2 warnings (2 duplicates)
[INFO] [stderr] warning: unused imports: `Registry` and `layer::SubscriberExt`
[INFO] [stderr]   --> poggers/src/structures/proc_list/implement/mod.rs:20:30
[INFO] [stderr]    |
[INFO] [stderr] 20 |     use tracing_subscriber::{layer::SubscriberExt, Registry};
[INFO] [stderr]    |                              ^^^^^^^^^^^^^^^^^^^^  ^^^^^^^^
[INFO] [stderr] 
[INFO] [stderr] warning: unused import: `tracing_tree::HierarchicalLayer`
[INFO] [stderr]   --> poggers/src/structures/proc_list/implement/mod.rs:21:9
[INFO] [stderr]    |
[INFO] [stderr] 21 |     use tracing_tree::HierarchicalLayer;
[INFO] [stderr]    |         ^^^^^^^^^^^^^^^^^^^^^^^^^^^^^^^
[INFO] [stderr] 
[INFO] [stderr] warning: unused variable: `list`
[INFO] [stderr]   --> poggers/src/structures/proc_list/implement/mod.rs:28:13
[INFO] [stderr]    |
[INFO] [stderr] 28 |         let list = ProcessList::get_list().unwrap();
[INFO] [stderr]    |             ^^^^ help: if this is intentional, prefix it with an underscore: `_list`
[INFO] [stderr]    |
[INFO] [stderr]    = note: `#[warn(unused_variables)]` on by default
[INFO] [stderr] 
[INFO] [stderr] warning: unused variable: `res`
[INFO] [stderr]   --> poggers/src/structures/process/implement/linux/external.rs:69:13
[INFO] [stderr]    |
[INFO] [stderr] 69 |         let res = process_vm_writev(self.pid as i32, local.as_ptr(), 2, remote.as_ptr(), 1, 0);
[INFO] [stderr]    |             ^^^ help: if this is intentional, prefix it with an underscore: `_res`
[INFO] [stderr] 
[INFO] [stderr] warning: `poggers` (lib test) generated 19 warnings (15 duplicates) (run `cargo fix --lib -p poggers --tests` to apply 2 suggestions)
[INFO] [stderr] warning: unused imports: `CStr`, `CString`, and `c_void`
[INFO] [stderr]  --> macos-libproc/src/main.rs:1:16
[INFO] [stderr]   |
[INFO] [stderr] 1 | use std::ffi::{c_void, CStr, CString};
[INFO] [stderr]   |                ^^^^^^  ^^^^  ^^^^^^^
[INFO] [stderr]   |
[INFO] [stderr]   = note: `#[warn(unused_imports)]` on by default
[INFO] [stderr] 
[INFO] [stderr] warning: `macos-libproc` (bin "macos-libproc" test) generated 1 warning (run `cargo fix --bin "macos-libproc" --tests` to apply 1 suggestion)
[INFO] [stderr]     Finished `test` profile [unoptimized + debuginfo] target(s) in 0.14s
[INFO] [stderr]      Running unittests src/lib.rs (/opt/rustwide/target/debug/deps/macos_libproc-6972495e70ea8b42)
[INFO] [stdout] 
[INFO] [stdout] running 0 tests
[INFO] [stdout] 
[INFO] [stdout] test result: ok. 0 passed; 0 failed; 0 ignored; 0 measured; 0 filtered out; finished in 0.00s
[INFO] [stdout] 
[INFO] [stderr]      Running unittests src/main.rs (/opt/rustwide/target/debug/deps/macos_libproc-593d1972ee88a19a)
[INFO] [stderr]      Running unittests src/main.rs (/opt/rustwide/target/debug/deps/macos_tests-6cca518103ca9a4b)
[INFO] [stdout] 
[INFO] [stdout] running 0 tests
[INFO] [stdout] 
[INFO] [stdout] test result: ok. 0 passed; 0 failed; 0 ignored; 0 measured; 0 filtered out; finished in 0.00s
[INFO] [stdout] 
[INFO] [stdout] 
[INFO] [stdout] running 0 tests
[INFO] [stdout] 
[INFO] [stdout] test result: ok. 0 passed; 0 failed; 0 ignored; 0 measured; 0 filtered out; finished in 0.00s
[INFO] [stdout] 
[INFO] [stderr]      Running unittests src/lib.rs (/opt/rustwide/target/debug/deps/poggers-233449fb3b2f5f13)
[INFO] [stdout] 
[INFO] [stdout] running 6 tests
[INFO] [stdout] ┐poggers::structures::proc_list::implement::linux::new 
[INFO] [stdout] ├─┐poggers::structures::proc_list::implement::linux::get_pids 
[INFO] [stdout] ├─┘
[INFO] [stdout] ├─  2ms DEBUG poggers::structures::proc_list::implement::linux pid amount = 2
[INFO] [stdout] ┘
[INFO] [stdout] DEBUG poggers::structures::proc_list::implement::linux found process "poggers-233449f"
[INFO] [stdout] DEBUG poggers::structures::proc_list::implement::linux found process "cargo"
[INFO] [stdout] test structures::protections::tests::test_linux_prot2 ... ok
[INFO] [stdout] test structures::proc_list::implement::tests::test_list ... ok
[INFO] [stdout] test structures::protections::tests::test_linux_prot ... ok
[INFO] [stdout] test structures::process::implement::test::test_reading ... FAILED
[INFO] [stdout] test structures::process::implement::test::test_writing ... FAILED
[INFO] [stdout] test structures::process::implement::test::test_name_lookup ... FAILED
[INFO] [stdout] 
[INFO] [stdout] failures:
[INFO] [stdout] 
[INFO] [stdout] ---- structures::process::implement::test::test_reading stdout ----
[INFO] [stdout] thread 'structures::process::implement::test::test_reading' panicked at poggers/src/structures/process/implement/mod.rs:31:14:
[INFO] [stdout] called `Result::unwrap()` on an `Err` value: Os { code: 2, kind: NotFound, message: "No such file or directory" }
[INFO] [stdout] stack backtrace:
[INFO] [stdout]    0:     0x632ff192f14a - std::backtrace_rs::backtrace::libunwind::trace::h8810477743020387
[INFO] [stdout]                                at /rustc/202008a1b8de96d2e5b6bc02d379db03a877d34d/library/std/src/../../backtrace/src/backtrace/libunwind.rs:116:5
[INFO] [stdout]    1:     0x632ff192f14a - std::backtrace_rs::backtrace::trace_unsynchronized::h3aa55355dd6c54a6
[INFO] [stdout]                                at /rustc/202008a1b8de96d2e5b6bc02d379db03a877d34d/library/std/src/../../backtrace/src/backtrace/mod.rs:66:5
[INFO] [stdout]    2:     0x632ff192f14a - std::sys::backtrace::_print_fmt::h8588b0f62410823f
[INFO] [stdout]                                at /rustc/202008a1b8de96d2e5b6bc02d379db03a877d34d/library/std/src/sys/backtrace.rs:66:9
[INFO] [stdout]    3:     0x632ff192f14a - <std::sys::backtrace::BacktraceLock::print::DisplayBacktrace as core::fmt::Display>::fmt::h98c26ac25ffe89bb
[INFO] [stdout]                                at /rustc/202008a1b8de96d2e5b6bc02d379db03a877d34d/library/std/src/sys/backtrace.rs:39:26
[INFO] [stdout]    4:     0x632ff1955cd3 - core::fmt::rt::Argument::fmt::hf95377f4aebd453b
[INFO] [stdout]                                at /rustc/202008a1b8de96d2e5b6bc02d379db03a877d34d/library/core/src/fmt/rt.rs:177:76
[INFO] [stdout]    5:     0x632ff1955cd3 - core::fmt::write::h0dd5f6e2238c7982
[INFO] [stdout]                                at /rustc/202008a1b8de96d2e5b6bc02d379db03a877d34d/library/core/src/fmt/mod.rs:1189:21
[INFO] [stdout]    6:     0x632ff192c003 - std::io::Write::write_fmt::h03bb0ca26e6faf8c
[INFO] [stdout]                                at /rustc/202008a1b8de96d2e5b6bc02d379db03a877d34d/library/std/src/io/mod.rs:1884:15
[INFO] [stdout]    7:     0x632ff192ef92 - std::sys::backtrace::BacktraceLock::print::h5c19c1c038ee186d
[INFO] [stdout]                                at /rustc/202008a1b8de96d2e5b6bc02d379db03a877d34d/library/std/src/sys/backtrace.rs:42:9
[INFO] [stdout]    8:     0x632ff19305cd - std::panicking::default_hook::{{closure}}::h77172f079a1fcb13
[INFO] [stdout]                                at /rustc/202008a1b8de96d2e5b6bc02d379db03a877d34d/library/std/src/panicking.rs:268:22
[INFO] [stdout]    9:     0x632ff19303d7 - std::panicking::default_hook::he5f8e3b203ccddba
[INFO] [stdout]                                at /rustc/202008a1b8de96d2e5b6bc02d379db03a877d34d/library/std/src/panicking.rs:292:9
[INFO] [stdout]   10:     0x632ff18a72e7 - <alloc::boxed::Box<F,A> as core::ops::function::Fn<Args>>::call::h7a3c7b4a1ae77f2f
[INFO] [stdout]                                at /rustc/202008a1b8de96d2e5b6bc02d379db03a877d34d/library/alloc/src/boxed.rs:1986:9
[INFO] [stdout]   11:     0x632ff18a72e7 - test::test_main::{{closure}}::hf0d3b69ae9b353d1
[INFO] [stdout]                                at /rustc/202008a1b8de96d2e5b6bc02d379db03a877d34d/library/test/src/lib.rs:134:21
[INFO] [stdout]   12:     0x632ff1930c78 - <alloc::boxed::Box<F,A> as core::ops::function::Fn<Args>>::call::h6332e82e7b189abd
[INFO] [stdout]                                at /rustc/202008a1b8de96d2e5b6bc02d379db03a877d34d/library/alloc/src/boxed.rs:1986:9
[INFO] [stdout]   13:     0x632ff1930c78 - std::panicking::rust_panic_with_hook::h53863d4e9018df39
[INFO] [stdout]                                at /rustc/202008a1b8de96d2e5b6bc02d379db03a877d34d/library/std/src/panicking.rs:809:13
[INFO] [stdout]   14:     0x632ff1930a3a - std::panicking::begin_panic_handler::{{closure}}::h67280e6fa0757873
[INFO] [stdout]                                at /rustc/202008a1b8de96d2e5b6bc02d379db03a877d34d/library/std/src/panicking.rs:674:13
[INFO] [stdout]   15:     0x632ff192f629 - std::sys::backtrace::__rust_end_short_backtrace::h1dac3f54d6fbbeb2
[INFO] [stdout]                                at /rustc/202008a1b8de96d2e5b6bc02d379db03a877d34d/library/std/src/sys/backtrace.rs:170:18
[INFO] [stdout]   16:     0x632ff19306cc - rust_begin_unwind
[INFO] [stdout]                                at /rustc/202008a1b8de96d2e5b6bc02d379db03a877d34d/library/std/src/panicking.rs:665:5
[INFO] [stdout]   17:     0x632ff184dba0 - core::panicking::panic_fmt::h6792bd1b2bf01041
[INFO] [stdout]                                at /rustc/202008a1b8de96d2e5b6bc02d379db03a877d34d/library/core/src/panicking.rs:76:14
[INFO] [stdout]   18:     0x632ff184dfe6 - core::result::unwrap_failed::h05e0602ed34287c5
[INFO] [stdout]                                at /rustc/202008a1b8de96d2e5b6bc02d379db03a877d34d/library/core/src/result.rs:1699:5
[INFO] [stdout]   19:     0x632ff186b291 - core::result::Result<T,E>::unwrap::h435feb7e1fbe690d
[INFO] [stdout]                                at /rustc/202008a1b8de96d2e5b6bc02d379db03a877d34d/library/core/src/result.rs:1104:23
[INFO] [stdout]   20:     0x632ff186b291 - poggers::structures::process::implement::test::spawn_test_process::h25888392ed58ccee
[INFO] [stdout]                                at /opt/rustwide/workdir/poggers/src/structures/process/implement/mod.rs:28:20
[INFO] [stdout]   21:     0x632ff186b7f4 - poggers::structures::process::implement::test::test_reading::h664cb7d3cf1d0667
[INFO] [stdout]                                at /opt/rustwide/workdir/poggers/src/structures/process/implement/mod.rs:43:24
[INFO] [stdout]   22:     0x632ff186b7c7 - poggers::structures::process::implement::test::test_reading::{{closure}}::h6e129402fa0f1177
[INFO] [stdout]                                at /opt/rustwide/workdir/poggers/src/structures/process/implement/mod.rs:42:22
[INFO] [stdout]   23:     0x632ff1862836 - core::ops::function::FnOnce::call_once::hbc3eccbe219a3fb6
[INFO] [stdout]                                at /rustc/202008a1b8de96d2e5b6bc02d379db03a877d34d/library/core/src/ops/function.rs:250:5
[INFO] [stdout]   24:     0x632ff18abe0b - core::ops::function::FnOnce::call_once::h871bf86719ec9aa4
[INFO] [stdout]                                at /rustc/202008a1b8de96d2e5b6bc02d379db03a877d34d/library/core/src/ops/function.rs:250:5
[INFO] [stdout]   25:     0x632ff18abe0b - test::__rust_begin_short_backtrace::h2167df1e2b7d76fd
[INFO] [stdout]                                at /rustc/202008a1b8de96d2e5b6bc02d379db03a877d34d/library/test/src/lib.rs:632:18
[INFO] [stdout]   26:     0x632ff18ab7f8 - test::run_test_in_process::{{closure}}::h15d92f75a3adfb79
[INFO] [stdout]                                at /rustc/202008a1b8de96d2e5b6bc02d379db03a877d34d/library/test/src/lib.rs:655:60
[INFO] [stdout]   27:     0x632ff18ab7f8 - <core::panic::unwind_safe::AssertUnwindSafe<F> as core::ops::function::FnOnce<()>>::call_once::hb6c8955835a8dbbb
[INFO] [stdout]                                at /rustc/202008a1b8de96d2e5b6bc02d379db03a877d34d/library/core/src/panic/unwind_safe.rs:272:9
[INFO] [stdout]   28:     0x632ff18ab7f8 - std::panicking::try::do_call::hc79d0fc888a0bd30
[INFO] [stdout]                                at /rustc/202008a1b8de96d2e5b6bc02d379db03a877d34d/library/std/src/panicking.rs:557:40
[INFO] [stdout]   29:     0x632ff18ab7f8 - std::panicking::try::hb8a7878e3a8589d6
[INFO] [stdout]                                at /rustc/202008a1b8de96d2e5b6bc02d379db03a877d34d/library/std/src/panicking.rs:520:19
[INFO] [stdout]   30:     0x632ff18ab7f8 - std::panic::catch_unwind::hb8e4600ff0ff5cfa
[INFO] [stdout]                                at /rustc/202008a1b8de96d2e5b6bc02d379db03a877d34d/library/std/src/panic.rs:358:14
[INFO] [stdout]   31:     0x632ff18ab7f8 - test::run_test_in_process::hc2900b0b18688dd6
[INFO] [stdout]                                at /rustc/202008a1b8de96d2e5b6bc02d379db03a877d34d/library/test/src/lib.rs:655:27
[INFO] [stdout]   32:     0x632ff18ab7f8 - test::run_test::{{closure}}::hac2a9cb07be3d48d
[INFO] [stdout]                                at /rustc/202008a1b8de96d2e5b6bc02d379db03a877d34d/library/test/src/lib.rs:576:43
[INFO] [stdout]   33:     0x632ff186f29a - test::run_test::{{closure}}::h4a5b729e66a38cd8
[INFO] [stdout]                                at /rustc/202008a1b8de96d2e5b6bc02d379db03a877d34d/library/test/src/lib.rs:606:41
[INFO] [stdout]   34:     0x632ff186f29a - std::sys::backtrace::__rust_begin_short_backtrace::h0496fb742492f573
[INFO] [stdout]                                at /rustc/202008a1b8de96d2e5b6bc02d379db03a877d34d/library/std/src/sys/backtrace.rs:154:18
[INFO] [stdout]   35:     0x632ff1872c14 - std::thread::Builder::spawn_unchecked_::{{closure}}::{{closure}}::hbb6d257c550a54bd
[INFO] [stdout]                                at /rustc/202008a1b8de96d2e5b6bc02d379db03a877d34d/library/std/src/thread/mod.rs:561:17
[INFO] [stdout]   36:     0x632ff1872c14 - <core::panic::unwind_safe::AssertUnwindSafe<F> as core::ops::function::FnOnce<()>>::call_once::h46696fe4a6832328
[INFO] [stdout]                                at /rustc/202008a1b8de96d2e5b6bc02d379db03a877d34d/library/core/src/panic/unwind_safe.rs:272:9
[INFO] [stdout]   37:     0x632ff1872c14 - std::panicking::try::do_call::h2625a51b667bfb64
[INFO] [stdout]                                at /rustc/202008a1b8de96d2e5b6bc02d379db03a877d34d/library/std/src/panicking.rs:557:40
[INFO] [stdout]   38:     0x632ff1872c14 - std::panicking::try::hb956a59a1973aa4c
[INFO] [stdout]                                at /rustc/202008a1b8de96d2e5b6bc02d379db03a877d34d/library/std/src/panicking.rs:520:19
[INFO] [stdout]   39:     0x632ff1872c14 - std::panic::catch_unwind::h64f3b9d1067ef6a0
[INFO] [stdout]                                at /rustc/202008a1b8de96d2e5b6bc02d379db03a877d34d/library/std/src/panic.rs:358:14
[INFO] [stdout]   40:     0x632ff1872c14 - std::thread::Builder::spawn_unchecked_::{{closure}}::h42b2841295b6c0b2
[INFO] [stdout]                                at /rustc/202008a1b8de96d2e5b6bc02d379db03a877d34d/library/std/src/thread/mod.rs:559:30
[INFO] [stdout]   41:     0x632ff1872c14 - core::ops::function::FnOnce::call_once{{vtable.shim}}::h6127de71b8124639
[INFO] [stdout]                                at /rustc/202008a1b8de96d2e5b6bc02d379db03a877d34d/library/core/src/ops/function.rs:250:5
[INFO] [stdout]   42:     0x632ff193501b - <alloc::boxed::Box<F,A> as core::ops::function::FnOnce<Args>>::call_once::h42f0ba71002a1b2c
[INFO] [stdout]                                at /rustc/202008a1b8de96d2e5b6bc02d379db03a877d34d/library/alloc/src/boxed.rs:1972:9
[INFO] [stdout]   43:     0x632ff193501b - <alloc::boxed::Box<F,A> as core::ops::function::FnOnce<Args>>::call_once::had9e47d7a3dcecb8
[INFO] [stdout]                                at /rustc/202008a1b8de96d2e5b6bc02d379db03a877d34d/library/alloc/src/boxed.rs:1972:9
[INFO] [stdout]   44:     0x632ff193501b - std::sys::pal::unix::thread::Thread::new::thread_start::h48cf765408f6f5f2
[INFO] [stdout]                                at /rustc/202008a1b8de96d2e5b6bc02d379db03a877d34d/library/std/src/sys/pal/unix/thread.rs:105:17
[INFO] [stdout]   45:     0x77a4a5969ac3 - <unknown>
[INFO] [stdout]   46:     0x77a4a59faa04 - clone
[INFO] [stdout]   47:                0x0 - <unknown>
[INFO] [stdout] 
[INFO] [stdout] ---- structures::process::implement::test::test_writing stdout ----
[INFO] [stdout] thread 'structures::process::implement::test::test_writing' panicked at poggers/src/structures/process/implement/mod.rs:31:14:
[INFO] [stdout] called `Result::unwrap()` on an `Err` value: Os { code: 2, kind: NotFound, message: "No such file or directory" }
[INFO] [stdout] stack backtrace:
[INFO] [stdout]    0:     0x632ff192f14a - std::backtrace_rs::backtrace::libunwind::trace::h8810477743020387
[INFO] [stdout]                                at /rustc/202008a1b8de96d2e5b6bc02d379db03a877d34d/library/std/src/../../backtrace/src/backtrace/libunwind.rs:116:5
[INFO] [stdout]    1:     0x632ff192f14a - std::backtrace_rs::backtrace::trace_unsynchronized::h3aa55355dd6c54a6
[INFO] [stdout]                                at /rustc/202008a1b8de96d2e5b6bc02d379db03a877d34d/library/std/src/../../backtrace/src/backtrace/mod.rs:66:5
[INFO] [stdout]    2:     0x632ff192f14a - std::sys::backtrace::_print_fmt::h8588b0f62410823f
[INFO] [stdout]                                at /rustc/202008a1b8de96d2e5b6bc02d379db03a877d34d/library/std/src/sys/backtrace.rs:66:9
[INFO] [stdout]    3:     0x632ff192f14a - <std::sys::backtrace::BacktraceLock::print::DisplayBacktrace as core::fmt::Display>::fmt::h98c26ac25ffe89bb
[INFO] [stdout]                                at /rustc/202008a1b8de96d2e5b6bc02d379db03a877d34d/library/std/src/sys/backtrace.rs:39:26
[INFO] [stdout]    4:     0x632ff1955cd3 - core::fmt::rt::Argument::fmt::hf95377f4aebd453b
[INFO] [stdout]                                at /rustc/202008a1b8de96d2e5b6bc02d379db03a877d34d/library/core/src/fmt/rt.rs:177:76
[INFO] [stdout]    5:     0x632ff1955cd3 - core::fmt::write::h0dd5f6e2238c7982
[INFO] [stdout]                                at /rustc/202008a1b8de96d2e5b6bc02d379db03a877d34d/library/core/src/fmt/mod.rs:1189:21
[INFO] [stdout]    6:     0x632ff192c003 - std::io::Write::write_fmt::h03bb0ca26e6faf8c
[INFO] [stdout]                                at /rustc/202008a1b8de96d2e5b6bc02d379db03a877d34d/library/std/src/io/mod.rs:1884:15
[INFO] [stdout]    7:     0x632ff192ef92 - std::sys::backtrace::BacktraceLock::print::h5c19c1c038ee186d
[INFO] [stdout]                                at /rustc/202008a1b8de96d2e5b6bc02d379db03a877d34d/library/std/src/sys/backtrace.rs:42:9
[INFO] [stdout]    8:     0x632ff19305cd - std::panicking::default_hook::{{closure}}::h77172f079a1fcb13
[INFO] [stdout]                                at /rustc/202008a1b8de96d2e5b6bc02d379db03a877d34d/library/std/src/panicking.rs:268:22
[INFO] [stdout]    9:     0x632ff19303d7 - std::panicking::default_hook::he5f8e3b203ccddba
[INFO] [stdout]                                at /rustc/202008a1b8de96d2e5b6bc02d379db03a877d34d/library/std/src/panicking.rs:292:9
[INFO] [stdout]   10:     0x632ff18a72e7 - <alloc::boxed::Box<F,A> as core::ops::function::Fn<Args>>::call::h7a3c7b4a1ae77f2f
[INFO] [stdout]                                at /rustc/202008a1b8de96d2e5b6bc02d379db03a877d34d/library/alloc/src/boxed.rs:1986:9
[INFO] [stdout]   11:     0x632ff18a72e7 - test::test_main::{{closure}}::hf0d3b69ae9b353d1
[INFO] [stdout]                                at /rustc/202008a1b8de96d2e5b6bc02d379db03a877d34d/library/test/src/lib.rs:134:21
[INFO] [stdout]   12:     0x632ff1930c78 - <alloc::boxed::Box<F,A> as core::ops::function::Fn<Args>>::call::h6332e82e7b189abd
[INFO] [stdout]                                at /rustc/202008a1b8de96d2e5b6bc02d379db03a877d34d/library/alloc/src/boxed.rs:1986:9
[INFO] [stdout]   13:     0x632ff1930c78 - std::panicking::rust_panic_with_hook::h53863d4e9018df39
[INFO] [stdout]                                at /rustc/202008a1b8de96d2e5b6bc02d379db03a877d34d/library/std/src/panicking.rs:809:13
[INFO] [stdout]   14:     0x632ff1930a3a - std::panicking::begin_panic_handler::{{closure}}::h67280e6fa0757873
[INFO] [stdout]                                at /rustc/202008a1b8de96d2e5b6bc02d379db03a877d34d/library/std/src/panicking.rs:674:13
[INFO] [stdout]   15:     0x632ff192f629 - std::sys::backtrace::__rust_end_short_backtrace::h1dac3f54d6fbbeb2
[INFO] [stdout]                                at /rustc/202008a1b8de96d2e5b6bc02d379db03a877d34d/library/std/src/sys/backtrace.rs:170:18
[INFO] [stdout]   16:     0x632ff19306cc - rust_begin_unwind
[INFO] [stdout]                                at /rustc/202008a1b8de96d2e5b6bc02d379db03a877d34d/library/std/src/panicking.rs:665:5
[INFO] [stdout]   17:     0x632ff184dba0 - core::panicking::panic_fmt::h6792bd1b2bf01041
[INFO] [stdout]                                at /rustc/202008a1b8de96d2e5b6bc02d379db03a877d34d/library/core/src/panicking.rs:76:14
[INFO] [stdout]   18:     0x632ff184dfe6 - core::result::unwrap_failed::h05e0602ed34287c5
[INFO] [stdout]                                at /rustc/202008a1b8de96d2e5b6bc02d379db03a877d34d/library/core/src/result.rs:1699:5
[INFO] [stdout]   19:     0x632ff186b291 - core::result::Result<T,E>::unwrap::h435feb7e1fbe690d
[INFO] [stdout]                                at /rustc/202008a1b8de96d2e5b6bc02d379db03a877d34d/library/core/src/result.rs:1104:23
[INFO] [stdout]   20:     0x632ff186b291 - poggers::structures::process::implement::test::spawn_test_process::h25888392ed58ccee
[INFO] [stdout]                                at /opt/rustwide/workdir/poggers/src/structures/process/implement/mod.rs:28:20
[INFO] [stdout]   21:     0x632ff186cd04 - poggers::structures::process::implement::test::test_writing::h1cdea25c87ba5888
[INFO] [stdout]                                at /opt/rustwide/workdir/poggers/src/structures/process/implement/mod.rs:98:24
[INFO] [stdout]   22:     0x632ff186ccd7 - poggers::structures::process::implement::test::test_writing::{{closure}}::h2211e9da3b13ec47
[INFO] [stdout]                                at /opt/rustwide/workdir/poggers/src/structures/process/implement/mod.rs:97:22
[INFO] [stdout]   23:     0x632ff18628a6 - core::ops::function::FnOnce::call_once::hdd3f36d032a698ed
[INFO] [stdout]                                at /rustc/202008a1b8de96d2e5b6bc02d379db03a877d34d/library/core/src/ops/function.rs:250:5
[INFO] [stdout]   24:     0x632ff18abe0b - core::ops::function::FnOnce::call_once::h871bf86719ec9aa4
[INFO] [stdout]                                at /rustc/202008a1b8de96d2e5b6bc02d379db03a877d34d/library/core/src/ops/function.rs:250:5
[INFO] [stdout]   25:     0x632ff18abe0b - test::__rust_begin_short_backtrace::h2167df1e2b7d76fd
[INFO] [stdout]                                at /rustc/202008a1b8de96d2e5b6bc02d379db03a877d34d/library/test/src/lib.rs:632:18
[INFO] [stdout]   26:     0x632ff18ab7f8 - test::run_test_in_process::{{closure}}::h15d92f75a3adfb79
[INFO] [stdout]                                at /rustc/202008a1b8de96d2e5b6bc02d379db03a877d34d/library/test/src/lib.rs:655:60
[INFO] [stdout]   27:     0x632ff18ab7f8 - <core::panic::unwind_safe::AssertUnwindSafe<F> as core::ops::function::FnOnce<()>>::call_once::hb6c8955835a8dbbb
[INFO] [stdout]                                at /rustc/202008a1b8de96d2e5b6bc02d379db03a877d34d/library/core/src/panic/unwind_safe.rs:272:9
[INFO] [stdout]   28:     0x632ff18ab7f8 - std::panicking::try::do_call::hc79d0fc888a0bd30
[INFO] [stdout]                                at /rustc/202008a1b8de96d2e5b6bc02d379db03a877d34d/library/std/src/panicking.rs:557:40
[INFO] [stdout]   29:     0x632ff18ab7f8 - std::panicking::try::hb8a7878e3a8589d6
[INFO] [stdout]                                at /rustc/202008a1b8de96d2e5b6bc02d379db03a877d34d/library/std/src/panicking.rs:520:19
[INFO] [stdout]   30:     0x632ff18ab7f8 - std::panic::catch_unwind::hb8e4600ff0ff5cfa
[INFO] [stdout]                                at /rustc/202008a1b8de96d2e5b6bc02d379db03a877d34d/library/std/src/panic.rs:358:14
[INFO] [stdout]   31:     0x632ff18ab7f8 - test::run_test_in_process::hc2900b0b18688dd6
[INFO] [stdout]                                at /rustc/202008a1b8de96d2e5b6bc02d379db03a877d34d/library/test/src/lib.rs:655:27
[INFO] [stdout]   32:     0x632ff18ab7f8 - test::run_test::{{closure}}::hac2a9cb07be3d48d
[INFO] [stdout]                                at /rustc/202008a1b8de96d2e5b6bc02d379db03a877d34d/library/test/src/lib.rs:576:43
[INFO] [stdout]   33:     0x632ff186f29a - test::run_test::{{closure}}::h4a5b729e66a38cd8
[INFO] [stdout]                                at /rustc/202008a1b8de96d2e5b6bc02d379db03a877d34d/library/test/src/lib.rs:606:41
[INFO] [stdout]   34:     0x632ff186f29a - std::sys::backtrace::__rust_begin_short_backtrace::h0496fb742492f573
[INFO] [stdout]                                at /rustc/202008a1b8de96d2e5b6bc02d379db03a877d34d/library/std/src/sys/backtrace.rs:154:18
[INFO] [stdout]   35:     0x632ff1872c14 - std::thread::Builder::spawn_unchecked_::{{closure}}::{{closure}}::hbb6d257c550a54bd
[INFO] [stdout]                                at /rustc/202008a1b8de96d2e5b6bc02d379db03a877d34d/library/std/src/thread/mod.rs:561:17
[INFO] [stdout]   36:     0x632ff1872c14 - <core::panic::unwind_safe::AssertUnwindSafe<F> as core::ops::function::FnOnce<()>>::call_once::h46696fe4a6832328
[INFO] [stdout]                                at /rustc/202008a1b8de96d2e5b6bc02d379db03a877d34d/library/core/src/panic/unwind_safe.rs:272:9
[INFO] [stdout]   37:     0x632ff1872c14 - std::panicking::try::do_call::h2625a51b667bfb64
[INFO] [stdout]                                at /rustc/202008a1b8de96d2e5b6bc02d379db03a877d34d/library/std/src/panicking.rs:557:40
[INFO] [stdout]   38:     0x632ff1872c14 - std::panicking::try::hb956a59a1973aa4c
[INFO] [stdout]                                at /rustc/202008a1b8de96d2e5b6bc02d379db03a877d34d/library/std/src/panicking.rs:520:19
[INFO] [stdout]   39:     0x632ff1872c14 - std::panic::catch_unwind::h64f3b9d1067ef6a0
[INFO] [stdout]                                at /rustc/202008a1b8de96d2e5b6bc02d379db03a877d34d/library/std/src/panic.rs:358:14
[INFO] [stdout]   40:     0x632ff1872c14 - std::thread::Builder::spawn_unchecked_::{{closure}}::h42b2841295b6c0b2
[INFO] [stdout]                                at /rustc/202008a1b8de96d2e5b6bc02d379db03a877d34d/library/std/src/thread/mod.rs:559:30
[INFO] [stdout]   41:     0x632ff1872c14 - core::ops::function::FnOnce::call_once{{vtable.shim}}::h6127de71b8124639
[INFO] [stdout]                                at /rustc/202008a1b8de96d2e5b6bc02d379db03a877d34d/library/core/src/ops/function.rs:250:5
[INFO] [stdout]   42:     0x632ff193501b - <alloc::boxed::Box<F,A> as core::ops::function::FnOnce<Args>>::call_once::h42f0ba71002a1b2c
[INFO] [stdout]                                at /rustc/202008a1b8de96d2e5b6bc02d379db03a877d34d/library/alloc/src/boxed.rs:1972:9
[INFO] [stdout]   43:     0x632ff193501b - <alloc::boxed::Box<F,A> as core::ops::function::FnOnce<Args>>::call_once::had9e47d7a3dcecb8
[INFO] [stdout]                                at /rustc/202008a1b8de96d2e5b6bc02d379db03a877d34d/library/alloc/src/boxed.rs:1972:9
[INFO] [stdout]   44:     0x632ff193501b - std::sys::pal::unix::thread::Thread::new::thread_start::h48cf765408f6f5f2
[INFO] [stdout]                                at /rustc/202008a1b8de96d2e5b6bc02d379db03a877d34d/library/std/src/sys/pal/unix/thread.rs:105:17
[INFO] [stdout]   45:     0x77a4a5969ac3 - <unknown>
[INFO] [stdout]   46:     0x77a4a59faa04 - clone
[INFO] [stdout]   47:                0x0 - <unknown>
[INFO] [stdout] 
[INFO] [stdout] ---- structures::process::implement::test::test_name_lookup stdout ----
[INFO] [stdout] thread 'structures::process::implement::test::test_name_lookup' panicked at poggers/src/structures/process/implement/mod.rs:31:14:
[INFO] [stdout] called `Result::unwrap()` on an `Err` value: Os { code: 2, kind: NotFound, message: "No such file or directory" }
[INFO] [stdout] stack backtrace:
[INFO] [stdout]    0:     0x632ff192f14a - std::backtrace_rs::backtrace::libunwind::trace::h8810477743020387
[INFO] [stdout]                                at /rustc/202008a1b8de96d2e5b6bc02d379db03a877d34d/library/std/src/../../backtrace/src/backtrace/libunwind.rs:116:5
[INFO] [stdout]    1:     0x632ff192f14a - std::backtrace_rs::backtrace::trace_unsynchronized::h3aa55355dd6c54a6
[INFO] [stdout]                                at /rustc/202008a1b8de96d2e5b6bc02d379db03a877d34d/library/std/src/../../backtrace/src/backtrace/mod.rs:66:5
[INFO] [stdout]    2:     0x632ff192f14a - std::sys::backtrace::_print_fmt::h8588b0f62410823f
[INFO] [stdout]                                at /rustc/202008a1b8de96d2e5b6bc02d379db03a877d34d/library/std/src/sys/backtrace.rs:66:9
[INFO] [stdout]    3:     0x632ff192f14a - <std::sys::backtrace::BacktraceLock::print::DisplayBacktrace as core::fmt::Display>::fmt::h98c26ac25ffe89bb
[INFO] [stdout]                                at /rustc/202008a1b8de96d2e5b6bc02d379db03a877d34d/library/std/src/sys/backtrace.rs:39:26
[INFO] [stdout]    4:     0x632ff1955cd3 - core::fmt::rt::Argument::fmt::hf95377f4aebd453b
[INFO] [stdout]                                at /rustc/202008a1b8de96d2e5b6bc02d379db03a877d34d/library/core/src/fmt/rt.rs:177:76
[INFO] [stdout]    5:     0x632ff1955cd3 - core::fmt::write::h0dd5f6e2238c7982
[INFO] [stdout]                                at /rustc/202008a1b8de96d2e5b6bc02d379db03a877d34d/library/core/src/fmt/mod.rs:1189:21
[INFO] [stdout]    6:     0x632ff192c003 - std::io::Write::write_fmt::h03bb0ca26e6faf8c
[INFO] [stdout]                                at /rustc/202008a1b8de96d2e5b6bc02d379db03a877d34d/library/std/src/io/mod.rs:1884:15
[INFO] [stdout]    7:     0x632ff192ef92 - std::sys::backtrace::BacktraceLock::print::h5c19c1c038ee186d
[INFO] [stdout]                                at /rustc/202008a1b8de96d2e5b6bc02d379db03a877d34d/library/std/src/sys/backtrace.rs:42:9
[INFO] [stdout]    8:     0x632ff19305cd - std::panicking::default_hook::{{closure}}::h77172f079a1fcb13
[INFO] [stdout]                                at /rustc/202008a1b8de96d2e5b6bc02d379db03a877d34d/library/std/src/panicking.rs:268:22
[INFO] [stdout]    9:     0x632ff19303d7 - std::panicking::default_hook::he5f8e3b203ccddba
[INFO] [stdout]                                at /rustc/202008a1b8de96d2e5b6bc02d379db03a877d34d/library/std/src/panicking.rs:292:9
[INFO] [stdout]   10:     0x632ff18a72e7 - <alloc::boxed::Box<F,A> as core::ops::function::Fn<Args>>::call::h7a3c7b4a1ae77f2f
[INFO] [stdout]                                at /rustc/202008a1b8de96d2e5b6bc02d379db03a877d34d/library/alloc/src/boxed.rs:1986:9
[INFO] [stdout]   11:     0x632ff18a72e7 - test::test_main::{{closure}}::hf0d3b69ae9b353d1
[INFO] [stdout]                                at /rustc/202008a1b8de96d2e5b6bc02d379db03a877d34d/library/test/src/lib.rs:134:21
[INFO] [stdout]   12:     0x632ff1930c78 - <alloc::boxed::Box<F,A> as core::ops::function::Fn<Args>>::call::h6332e82e7b189abd
[INFO] [stdout]                                at /rustc/202008a1b8de96d2e5b6bc02d379db03a877d34d/library/alloc/src/boxed.rs:1986:9
[INFO] [stdout]   13:     0x632ff1930c78 - std::panicking::rust_panic_with_hook::h53863d4e9018df39
[INFO] [stdout]                                at /rustc/202008a1b8de96d2e5b6bc02d379db03a877d34d/library/std/src/panicking.rs:809:13
[INFO] [stdout]   14:     0x632ff1930a3a - std::panicking::begin_panic_handler::{{closure}}::h67280e6fa0757873
[INFO] [stdout]                                at /rustc/202008a1b8de96d2e5b6bc02d379db03a877d34d/library/std/src/panicking.rs:674:13
[INFO] [stdout]   15:     0x632ff192f629 - std::sys::backtrace::__rust_end_short_backtrace::h1dac3f54d6fbbeb2
[INFO] [stdout]                                at /rustc/202008a1b8de96d2e5b6bc02d379db03a877d34d/library/std/src/sys/backtrace.rs:170:18
[INFO] [stdout]   16:     0x632ff19306cc - rust_begin_unwind
[INFO] [stdout]                                at /rustc/202008a1b8de96d2e5b6bc02d379db03a877d34d/library/std/src/panicking.rs:665:5
[INFO] [stdout]   17:     0x632ff184dba0 - core::panicking::panic_fmt::h6792bd1b2bf01041
[INFO] [stdout]                                at /rustc/202008a1b8de96d2e5b6bc02d379db03a877d34d/library/core/src/panicking.rs:76:14
[INFO] [stdout]   18:     0x632ff184dfe6 - core::result::unwrap_failed::h05e0602ed34287c5
[INFO] [stdout]                                at /rustc/202008a1b8de96d2e5b6bc02d379db03a877d34d/library/core/src/result.rs:1699:5
[INFO] [stderr] error: test failed, to rerun pass `-p poggers --lib`
[INFO] [stdout]   19:     0x632ff186b291 - core::result::Result<T,E>::unwrap::h435feb7e1fbe690d
[INFO] [stdout]                                at /rustc/202008a1b8de96d2e5b6bc02d379db03a877d34d/library/core/src/result.rs:1104:23
[INFO] [stdout]   20:     0x632ff186b291 - poggers::structures::process::implement::test::spawn_test_process::h25888392ed58ccee
[INFO] [stdout]                                at /opt/rustwide/workdir/poggers/src/structures/process/implement/mod.rs:28:20
[INFO] [stdout]   21:     0x632ff186c4c4 - poggers::structures::process::implement::test::test_name_lookup::h23a24a7baebdc3e5
[INFO] [stdout]                                at /opt/rustwide/workdir/poggers/src/structures/process/implement/mod.rs:74:24
[INFO] [stdout]   22:     0x632ff186c497 - poggers::structures::process::implement::test::test_name_lookup::{{closure}}::h378361d48e191ac8
[INFO] [stdout]                                at /opt/rustwide/workdir/poggers/src/structures/process/implement/mod.rs:73:26
[INFO] [stdout]   23:     0x632ff18628f6 - core::ops::function::FnOnce::call_once::hf1a627f8ad839a41
[INFO] [stdout]                                at /rustc/202008a1b8de96d2e5b6bc02d379db03a877d34d/library/core/src/ops/function.rs:250:5
[INFO] [stdout]   24:     0x632ff18abe0b - core::ops::function::FnOnce::call_once::h871bf86719ec9aa4
[INFO] [stdout]                                at /rustc/202008a1b8de96d2e5b6bc02d379db03a877d34d/library/core/src/ops/function.rs:250:5
[INFO] [stdout]   25:     0x632ff18abe0b - test::__rust_begin_short_backtrace::h2167df1e2b7d76fd
[INFO] [stdout]                                at /rustc/202008a1b8de96d2e5b6bc02d379db03a877d34d/library/test/src/lib.rs:632:18
[INFO] [stdout]   26:     0x632ff18ab7f8 - test::run_test_in_process::{{closure}}::h15d92f75a3adfb79
[INFO] [stdout]                                at /rustc/202008a1b8de96d2e5b6bc02d379db03a877d34d/library/test/src/lib.rs:655:60
[INFO] [stdout]   27:     0x632ff18ab7f8 - <core::panic::unwind_safe::AssertUnwindSafe<F> as core::ops::function::FnOnce<()>>::call_once::hb6c8955835a8dbbb
[INFO] [stdout]                                at /rustc/202008a1b8de96d2e5b6bc02d379db03a877d34d/library/core/src/panic/unwind_safe.rs:272:9
[INFO] [stdout]   28:     0x632ff18ab7f8 - std::panicking::try::do_call::hc79d0fc888a0bd30
[INFO] [stdout]                                at /rustc/202008a1b8de96d2e5b6bc02d379db03a877d34d/library/std/src/panicking.rs:557:40
[INFO] [stdout]   29:     0x632ff18ab7f8 - std::panicking::try::hb8a7878e3a8589d6
[INFO] [stdout]                                at /rustc/202008a1b8de96d2e5b6bc02d379db03a877d34d/library/std/src/panicking.rs:520:19
[INFO] [stdout]   30:     0x632ff18ab7f8 - std::panic::catch_unwind::hb8e4600ff0ff5cfa
[INFO] [stdout]                                at /rustc/202008a1b8de96d2e5b6bc02d379db03a877d34d/library/std/src/panic.rs:358:14
[INFO] [stdout]   31:     0x632ff18ab7f8 - test::run_test_in_process::hc2900b0b18688dd6
[INFO] [stdout]                                at /rustc/202008a1b8de96d2e5b6bc02d379db03a877d34d/library/test/src/lib.rs:655:27
[INFO] [stdout]   32:     0x632ff18ab7f8 - test::run_test::{{closure}}::hac2a9cb07be3d48d
[INFO] [stdout]                                at /rustc/202008a1b8de96d2e5b6bc02d379db03a877d34d/library/test/src/lib.rs:576:43
[INFO] [stdout]   33:     0x632ff186f29a - test::run_test::{{closure}}::h4a5b729e66a38cd8
[INFO] [stdout]                                at /rustc/202008a1b8de96d2e5b6bc02d379db03a877d34d/library/test/src/lib.rs:606:41
[INFO] [stdout]   34:     0x632ff186f29a - std::sys::backtrace::__rust_begin_short_backtrace::h0496fb742492f573
[INFO] [stdout]                                at /rustc/202008a1b8de96d2e5b6bc02d379db03a877d34d/library/std/src/sys/backtrace.rs:154:18
[INFO] [stdout]   35:     0x632ff1872c14 - std::thread::Builder::spawn_unchecked_::{{closure}}::{{closure}}::hbb6d257c550a54bd
[INFO] [stdout]                                at /rustc/202008a1b8de96d2e5b6bc02d379db03a877d34d/library/std/src/thread/mod.rs:561:17
[INFO] [stdout]   36:     0x632ff1872c14 - <core::panic::unwind_safe::AssertUnwindSafe<F> as core::ops::function::FnOnce<()>>::call_once::h46696fe4a6832328
[INFO] [stdout]                                at /rustc/202008a1b8de96d2e5b6bc02d379db03a877d34d/library/core/src/panic/unwind_safe.rs:272:9
[INFO] [stdout]   37:     0x632ff1872c14 - std::panicking::try::do_call::h2625a51b667bfb64
[INFO] [stdout]                                at /rustc/202008a1b8de96d2e5b6bc02d379db03a877d34d/library/std/src/panicking.rs:557:40
[INFO] [stdout]   38:     0x632ff1872c14 - std::panicking::try::hb956a59a1973aa4c
[INFO] [stdout]                                at /rustc/202008a1b8de96d2e5b6bc02d379db03a877d34d/library/std/src/panicking.rs:520:19
[INFO] [stdout]   39:     0x632ff1872c14 - std::panic::catch_unwind::h64f3b9d1067ef6a0
[INFO] [stdout]                                at /rustc/202008a1b8de96d2e5b6bc02d379db03a877d34d/library/std/src/panic.rs:358:14
[INFO] [stdout]   40:     0x632ff1872c14 - std::thread::Builder::spawn_unchecked_::{{closure}}::h42b2841295b6c0b2
[INFO] [stdout]                                at /rustc/202008a1b8de96d2e5b6bc02d379db03a877d34d/library/std/src/thread/mod.rs:559:30
[INFO] [stdout]   41:     0x632ff1872c14 - core::ops::function::FnOnce::call_once{{vtable.shim}}::h6127de71b8124639
[INFO] [stdout]                                at /rustc/202008a1b8de96d2e5b6bc02d379db03a877d34d/library/core/src/ops/function.rs:250:5
[INFO] [stdout]   42:     0x632ff193501b - <alloc::boxed::Box<F,A> as core::ops::function::FnOnce<Args>>::call_once::h42f0ba71002a1b2c
[INFO] [stdout]                                at /rustc/202008a1b8de96d2e5b6bc02d379db03a877d34d/library/alloc/src/boxed.rs:1972:9
[INFO] [stdout]   43:     0x632ff193501b - <alloc::boxed::Box<F,A> as core::ops::function::FnOnce<Args>>::call_once::had9e47d7a3dcecb8
[INFO] [stdout]                                at /rustc/202008a1b8de96d2e5b6bc02d379db03a877d34d/library/alloc/src/boxed.rs:1972:9
[INFO] [stdout]   44:     0x632ff193501b - std::sys::pal::unix::thread::Thread::new::thread_start::h48cf765408f6f5f2
[INFO] [stdout]                                at /rustc/202008a1b8de96d2e5b6bc02d379db03a877d34d/library/std/src/sys/pal/unix/thread.rs:105:17
[INFO] [stdout]   45:     0x77a4a5969ac3 - <unknown>
[INFO] [stdout]   46:     0x77a4a59faa04 - clone
[INFO] [stdout]   47:                0x0 - <unknown>
[INFO] [stdout] 
[INFO] [stdout] 
[INFO] [stdout] failures:
[INFO] [stdout]     structures::process::implement::test::test_name_lookup
[INFO] [stdout]     structures::process::implement::test::test_reading
[INFO] [stdout]     structures::process::implement::test::test_writing
[INFO] [stdout] 
[INFO] [stdout] test result: FAILED. 3 passed; 3 failed; 0 ignored; 0 measured; 0 filtered out; finished in 0.05s
[INFO] [stdout] 
[INFO] running `Command { std: "docker" "inspect" "7d213dce41e0657d5ca01ca116b2876897e3779edc3710c4564e05c354860d6a", kill_on_drop: false }`
[INFO] running `Command { std: "docker" "rm" "-f" "7d213dce41e0657d5ca01ca116b2876897e3779edc3710c4564e05c354860d6a", kill_on_drop: false }`
[INFO] [stdout] 7d213dce41e0657d5ca01ca116b2876897e3779edc3710c4564e05c354860d6a
