[INFO] cloning repository https://github.com/pnor/terminal-dungeon
[INFO] running `Command { std: "git" "-c" "credential.helper=" "-c" "credential.helper=/workspace/cargo-home/bin/git-credential-null" "clone" "--bare" "https://github.com/pnor/terminal-dungeon" "/workspace/cache/git-repos/https%3A%2F%2Fgithub.com%2Fpnor%2Fterminal-dungeon", kill_on_drop: false }`
[INFO] [stderr] Cloning into bare repository '/workspace/cache/git-repos/https%3A%2F%2Fgithub.com%2Fpnor%2Fterminal-dungeon'...
[INFO] running `Command { std: "git" "rev-parse" "HEAD", kill_on_drop: false }`
[INFO] [stdout] 3ad5c4a854b9069c4bc8be4b4abe65bd6461ab5b
[INFO] testing pnor/terminal-dungeon against 1.83.0 for beta-1.84.0-4-retry
[INFO] running `Command { std: "git" "clone" "/workspace/cache/git-repos/https%3A%2F%2Fgithub.com%2Fpnor%2Fterminal-dungeon" "/workspace/builds/worker-5-tc1/source", kill_on_drop: false }`
[INFO] [stderr] Cloning into '/workspace/builds/worker-5-tc1/source'...
[INFO] [stderr] done.
[INFO] validating manifest of git repo https://github.com/pnor/terminal-dungeon on toolchain 1.83.0
[INFO] running `Command { std: CARGO_HOME="/workspace/cargo-home" RUSTUP_HOME="/workspace/rustup-home" "/workspace/cargo-home/bin/cargo" "+1.83.0" "metadata" "--manifest-path" "Cargo.toml" "--no-deps", kill_on_drop: false }`
[INFO] started tweaking git repo https://github.com/pnor/terminal-dungeon
[INFO] finished tweaking git repo https://github.com/pnor/terminal-dungeon
[INFO] tweaked toml for git repo https://github.com/pnor/terminal-dungeon written to /workspace/builds/worker-5-tc1/source/Cargo.toml
[INFO] crate git repo https://github.com/pnor/terminal-dungeon already has a lockfile, it will not be regenerated
[INFO] running `Command { std: CARGO_HOME="/workspace/cargo-home" RUSTUP_HOME="/workspace/rustup-home" "/workspace/cargo-home/bin/cargo" "+1.83.0" "fetch" "--manifest-path" "Cargo.toml", kill_on_drop: false }`
[INFO] [stderr]     Updating crates.io index
[INFO] [stderr]  Downloading crates ...
[INFO] [stderr]   Downloaded ntest_proc_macro_helper v0.7.3
[INFO] [stderr]   Downloaded rand_distr v0.3.0
[INFO] [stderr]   Downloaded ntest_test_cases v0.7.3
[INFO] [stderr]   Downloaded ntest v0.7.3
[INFO] [stderr]   Downloaded simba v0.3.1
[INFO] [stderr]   Downloaded crossterm v0.18.2
[INFO] [stderr]   Downloaded ntest_timeout v0.7.3
[INFO] [stderr]   Downloaded tui v0.14.0
[INFO] [stderr]   Downloaded nalgebra v0.24.0
[INFO] [stderr]   Downloaded splines v4.0.0
[INFO] running `Command { std: "docker" "create" "-v" "/var/lib/crater-agent-workspace/builds/worker-5-tc1/target:/opt/rustwide/target:rw,Z" "-v" "/var/lib/crater-agent-workspace/builds/worker-5-tc1/source:/opt/rustwide/workdir:ro,Z" "-v" "/var/lib/crater-agent-workspace/cargo-home:/opt/rustwide/cargo-home:ro,Z" "-v" "/var/lib/crater-agent-workspace/rustup-home:/opt/rustwide/rustup-home:ro,Z" "-e" "SOURCE_DIR=/opt/rustwide/workdir" "-e" "CARGO_TARGET_DIR=/opt/rustwide/target" "-e" "CARGO_HOME=/opt/rustwide/cargo-home" "-e" "RUSTUP_HOME=/opt/rustwide/rustup-home" "-w" "/opt/rustwide/workdir" "-m" "1610612736" "--user" "0:0" "--network" "none" "ghcr.io/rust-lang/crates-build-env/linux@sha256:f3a9d4ad9d972b27faf3965f35b62e55ba32bbce8f20bc8fe909558a86702fde" "/opt/rustwide/cargo-home/bin/cargo" "+1.83.0" "metadata" "--no-deps" "--format-version=1", kill_on_drop: false }`
[INFO] [stdout] 959884730c9ade0fa07f982b36543c601d909c976ab648addfc3d92aedb403e9
[INFO] running `Command { std: "docker" "start" "-a" "959884730c9ade0fa07f982b36543c601d909c976ab648addfc3d92aedb403e9", kill_on_drop: false }`
[INFO] running `Command { std: "docker" "inspect" "959884730c9ade0fa07f982b36543c601d909c976ab648addfc3d92aedb403e9", kill_on_drop: false }`
[INFO] running `Command { std: "docker" "rm" "-f" "959884730c9ade0fa07f982b36543c601d909c976ab648addfc3d92aedb403e9", kill_on_drop: false }`
[INFO] [stdout] 959884730c9ade0fa07f982b36543c601d909c976ab648addfc3d92aedb403e9
[INFO] running `Command { std: "docker" "create" "-v" "/var/lib/crater-agent-workspace/builds/worker-5-tc1/target:/opt/rustwide/target:rw,Z" "-v" "/var/lib/crater-agent-workspace/builds/worker-5-tc1/source:/opt/rustwide/workdir:ro,Z" "-v" "/var/lib/crater-agent-workspace/cargo-home:/opt/rustwide/cargo-home:ro,Z" "-v" "/var/lib/crater-agent-workspace/rustup-home:/opt/rustwide/rustup-home:ro,Z" "-e" "SOURCE_DIR=/opt/rustwide/workdir" "-e" "CARGO_TARGET_DIR=/opt/rustwide/target" "-e" "CARGO_INCREMENTAL=0" "-e" "RUST_BACKTRACE=full" "-e" "RUSTFLAGS=--cap-lints=warn" "-e" "RUSTDOCFLAGS=--cap-lints=warn" "-e" "CARGO_HOME=/opt/rustwide/cargo-home" "-e" "RUSTUP_HOME=/opt/rustwide/rustup-home" "-w" "/opt/rustwide/workdir" "-m" "1610612736" "--user" "0:0" "--network" "none" "ghcr.io/rust-lang/crates-build-env/linux@sha256:f3a9d4ad9d972b27faf3965f35b62e55ba32bbce8f20bc8fe909558a86702fde" "/opt/rustwide/cargo-home/bin/cargo" "+1.83.0" "build" "--frozen" "--message-format=json", kill_on_drop: false }`
[INFO] [stdout] e8a832cc31673fd0ff641b94a7b0fe47d92f2d7289d48073f19d00f833efd5ff
[INFO] running `Command { std: "docker" "start" "-a" "e8a832cc31673fd0ff641b94a7b0fe47d92f2d7289d48073f19d00f833efd5ff", kill_on_drop: false }`
[INFO] [stderr]    Compiling libc v0.2.81
[INFO] [stderr]    Compiling libm v0.2.1
[INFO] [stderr]    Compiling num-traits v0.2.14
[INFO] [stderr]    Compiling version_check v0.9.2
[INFO] [stderr]    Compiling crossbeam-utils v0.8.1
[INFO] [stderr]    Compiling memoffset v0.6.1
[INFO] [stderr]    Compiling const_fn v0.4.5
[INFO] [stderr]    Compiling getrandom v0.1.16
[INFO] [stderr]    Compiling rayon-core v1.9.0
[INFO] [stderr]    Compiling log v0.4.11
[INFO] [stderr]    Compiling proc-macro2 v1.0.24
[INFO] [stderr]    Compiling smallvec v1.5.1
[INFO] [stderr]    Compiling memchr v2.3.4
[INFO] [stderr]    Compiling num-integer v0.1.44
[INFO] [stderr]    Compiling rayon v1.5.0
[INFO] [stderr]    Compiling ppv-lite86 v0.2.10
[INFO] [stderr]    Compiling unicode-xid v0.2.1
[INFO] [stderr]    Compiling typenum v1.12.0
[INFO] [stderr]    Compiling instant v0.1.9
[INFO] [stderr]    Compiling crossbeam-utils v0.7.2
[INFO] [stderr]    Compiling nom v5.1.2
[INFO] [stderr]    Compiling generic-array v0.14.4
[INFO] [stderr]    Compiling num-rational v0.3.2
[INFO] [stderr]    Compiling hashbrown v0.7.2
[INFO] [stderr]    Compiling either v1.6.1
[INFO] [stderr]    Compiling bitflags v1.2.1
[INFO] [stderr]    Compiling syn v1.0.57
[INFO] [stderr]    Compiling maybe-uninit v2.0.0
[INFO] [stderr]    Compiling lock_api v0.4.2
[INFO] [stderr]    Compiling rawpointer v0.2.1
[INFO] [stderr]    Compiling num_cpus v1.13.0
[INFO] [stderr]    Compiling signal-hook-registry v1.3.0
[INFO] [stderr]    Compiling parking_lot_core v0.8.2
[INFO] [stderr]    Compiling mio v0.7.7
[INFO] [stderr]    Compiling rand_core v0.5.1
[INFO] [stderr]    Compiling paste v1.0.4
[INFO] [stderr]    Compiling crossbeam-channel v0.5.0
[INFO] [stderr]    Compiling crossbeam-epoch v0.9.1
[INFO] [stderr]    Compiling rand_chacha v0.2.2
[INFO] [stderr]    Compiling ahash v0.3.8
[INFO] [stderr]    Compiling quote v1.0.8
[INFO] [stderr]    Compiling rand v0.7.3
[INFO] [stderr]    Compiling signal-hook v0.1.17
[INFO] [stderr]    Compiling crossbeam-deque v0.8.0
[INFO] [stderr]    Compiling parking_lot v0.11.1
[INFO] [stderr]    Compiling matrixmultiply v0.2.4
[INFO] [stderr]    Compiling mopa v0.2.2
[INFO] [stderr]    Compiling atom v0.3.6
[INFO] [stderr]    Compiling arrayvec v0.5.2
[INFO] [stderr]    Compiling crossbeam-queue v0.2.3
[INFO] [stderr]    Compiling tuple_utils v0.3.0
[INFO] [stderr]    Compiling shrev v1.1.1
[INFO] [stderr]    Compiling unicode-segmentation v1.7.1
[INFO] [stderr]    Compiling cassowary v0.3.0
[INFO] [stderr]    Compiling crossterm v0.18.2
[INFO] [stderr]    Compiling approx v0.4.0
[INFO] [stderr]    Compiling num-complex v0.3.1
[INFO] [stderr]    Compiling float-cmp v0.8.0
[INFO] [stderr]    Compiling rand_distr v0.3.0
[INFO] [stderr]    Compiling tui v0.14.0
[INFO] [stderr]    Compiling tynm v0.1.6
[INFO] [stderr]    Compiling simba v0.3.1
[INFO] [stderr]    Compiling hibitset v0.6.3
[INFO] [stderr]    Compiling shred v0.10.2
[INFO] [stderr]    Compiling specs-derive v0.4.1
[INFO] [stderr]    Compiling specs v0.16.1
[INFO] [stderr]    Compiling nalgebra v0.24.0
[INFO] [stderr]    Compiling splines v4.0.0
[INFO] [stderr]    Compiling terminal-dungeon v0.1.0 (/opt/rustwide/workdir)
[INFO] [stdout] warning: function `test_room` is never used
[INFO] [stdout]   --> src/world/map.rs:73:8
[INFO] [stdout]    |
[INFO] [stdout] 73 | pub fn test_room() -> Map {
[INFO] [stdout]    |        ^^^^^^^^^
[INFO] [stdout]    |
[INFO] [stdout]    = note: `#[warn(dead_code)]` on by default
[INFO] [stdout] 
[INFO] [stdout] 
[INFO] [stdout] warning: fields `color` and `alpha` are never read
[INFO] [stdout]   --> src/entities/component.rs:32:9
[INFO] [stdout]    |
[INFO] [stdout] 31 | pub struct Shade {
[INFO] [stdout]    |            ----- fields in this struct
[INFO] [stdout] 32 |     pub color: Color,
[INFO] [stdout]    |         ^^^^^
[INFO] [stdout] 33 |     /// 0.0 .. 1.0
[INFO] [stdout] 34 |     pub alpha: f32
[INFO] [stdout]    |         ^^^^^
[INFO] [stdout]    |
[INFO] [stdout]    = note: `Shade` has a derived impl for the trait `Debug`, but this is intentionally ignored during dead code analysis
[INFO] [stdout] 
[INFO] [stdout] 
[INFO] [stdout] warning: fields `current` and `total` are never read
[INFO] [stdout]   --> src/entities/component.rs:64:9
[INFO] [stdout]    |
[INFO] [stdout] 63 | pub struct AnimationProgress {
[INFO] [stdout]    |            ----------------- fields in this struct
[INFO] [stdout] 64 |     pub current: Duration,
[INFO] [stdout]    |         ^^^^^^^
[INFO] [stdout] 65 |     pub total: Duration,
[INFO] [stdout]    |         ^^^^^
[INFO] [stdout] 
[INFO] [stdout] 
[INFO] [stdout] warning: fields `x_spline` and `y_spline` are never read
[INFO] [stdout]   --> src/entities/component.rs:73:9
[INFO] [stdout]    |
[INFO] [stdout] 71 | pub struct PositionAnimation {
[INFO] [stdout]    |            ----------------- fields in this struct
[INFO] [stdout] 72 |     /// Spline used to sample for x position
[INFO] [stdout] 73 |     pub x_spline: Spline<f32, i32>,
[INFO] [stdout]    |         ^^^^^^^^
[INFO] [stdout] 74 |     /// Spline used to sample for y position
[INFO] [stdout] 75 |     pub y_spline: Spline<f32, i32>,
[INFO] [stdout]    |         ^^^^^^^^
[INFO] [stdout] 
[INFO] [stdout] 
[INFO] [stdout] warning: associated functions `new` and `with_splines` are never used
[INFO] [stdout]   --> src/entities/component.rs:80:8
[INFO] [stdout]    |
[INFO] [stdout] 78 | impl PositionAnimation {
[INFO] [stdout]    | ---------------------- associated functions in this implementation
[INFO] [stdout] 79 |     /// Create `PositionAnimation` that uses `interpolation` for entirety of both the x spline and the y spline
[INFO] [stdout] 80 |     fn new(start: Vector2<i32>, end: Vector2<i32>, interpolation: Interpolation<f32, i32>) -> Self {
[INFO] [stdout]    |        ^^^
[INFO] [stdout] ...
[INFO] [stdout] 93 |     fn with_splines(x_spline: Spline<f32, i32>, y_spline: Spline<f32, i32>) -> Self {
[INFO] [stdout]    |        ^^^^^^^^^^^^
[INFO] [stdout] 
[INFO] [stdout] 
[INFO] [stdout] warning: fields `foreground_spline` and `background_spline` are never read
[INFO] [stdout]    --> src/entities/component.rs:102:9
[INFO] [stdout]     |
[INFO] [stdout] 101 | pub struct AppearanceAnimation {
[INFO] [stdout]     |            ------------------- fields in this struct
[INFO] [stdout] 102 |     pub foreground_spline: Option<Spline<f32, (u8, u8, u8)>>,
[INFO] [stdout]     |         ^^^^^^^^^^^^^^^^^
[INFO] [stdout] 103 |     pub background_spline: Option<Spline<f32, (u8, u8, u8)>>,
[INFO] [stdout]     |         ^^^^^^^^^^^^^^^^^
[INFO] [stdout] 
[INFO] [stdout] 
[INFO] [stdout] warning: function `color_to_rgb` is never used
[INFO] [stdout]  --> src/utility/color_util.rs:4:8
[INFO] [stdout]   |
[INFO] [stdout] 4 | pub fn color_to_rgb(color: Color) -> Color {
[INFO] [stdout]   |        ^^^^^^^^^^^^
[INFO] [stdout] 
[INFO] [stdout] 
[INFO] [stdout] warning: multiple associated items are never used
[INFO] [stdout]    --> src/utility/text_canvas.rs:30:12
[INFO] [stdout]     |
[INFO] [stdout] 22  | impl TextCanvas {
[INFO] [stdout]     | --------------- associated items in this implementation
[INFO] [stdout] ...
[INFO] [stdout] 30  |     pub fn for_map(map: &Map) -> Self {
[INFO] [stdout]     |            ^^^^^^^
[INFO] [stdout] ...
[INFO] [stdout] 82  |     pub fn set_character(&mut self, vec2: Vector2<usize>, character: char) {
[INFO] [stdout]     |            ^^^^^^^^^^^^^
[INFO] [stdout] ...
[INFO] [stdout] 87  |     pub fn add_modifier(&mut self, vec2: Vector2<usize>, modifier: Modifier) {
[INFO] [stdout]     |            ^^^^^^^^^^^^
[INFO] [stdout] ...
[INFO] [stdout] 92  |     pub fn clear_modifiers(&mut self, vec2: Vector2<usize>) {
[INFO] [stdout]     |            ^^^^^^^^^^^^^^^
[INFO] [stdout] ...
[INFO] [stdout] 97  |     pub fn set_fg_color(&mut self, vec2: Vector2<usize>, color: Color) {
[INFO] [stdout]     |            ^^^^^^^^^^^^
[INFO] [stdout] ...
[INFO] [stdout] 102 |     pub fn set_bg_color(&mut self, vec2: Vector2<usize>, color: Color) {
[INFO] [stdout]     |            ^^^^^^^^^^^^
[INFO] [stdout] ...
[INFO] [stdout] 107 |     pub fn apply_fg_color(&mut self, vec2: Vector2<usize>, color: Color, alpha: f64) {
[INFO] [stdout]     |            ^^^^^^^^^^^^^^
[INFO] [stdout] ...
[INFO] [stdout] 113 |     pub fn apply_bg_color(&mut self, vec2: Vector2<usize>, color: Color, alpha: f64) {
[INFO] [stdout]     |            ^^^^^^^^^^^^^^
[INFO] [stdout] ...
[INFO] [stdout] 118 |     fn apply_color(base_color: Color, color: Color, alpha: f64) -> Color {
[INFO] [stdout]     |        ^^^^^^^^^^^
[INFO] [stdout] 
[INFO] [stdout] 
[INFO] [stdout] warning: type alias `Result` is never used
[INFO] [stdout]  --> src/utility/icon_spline.rs:6:6
[INFO] [stdout]   |
[INFO] [stdout] 6 | type Result<T> = std::result::Result<T, IconSplineConstructorError>;
[INFO] [stdout]   |      ^^^^^^
[INFO] [stdout] 
[INFO] [stdout] 
[INFO] [stdout] warning: struct `IconSpline` is never constructed
[INFO] [stdout]   --> src/utility/icon_spline.rs:11:8
[INFO] [stdout]    |
[INFO] [stdout] 11 | struct IconSpline {
[INFO] [stdout]    |        ^^^^^^^^^^
[INFO] [stdout] 
[INFO] [stdout] 
[INFO] [stdout] warning: associated items `new`, `sample`, and `clamped_sample` are never used
[INFO] [stdout]   --> src/utility/icon_spline.rs:20:8
[INFO] [stdout]    |
[INFO] [stdout] 15 | impl IconSpline {
[INFO] [stdout]    | --------------- associated items in this implementation
[INFO] [stdout] ...
[INFO] [stdout] 20 |     fn new(mut icon_ranges: Vec<(f32, char)>) -> Result<Self> {
[INFO] [stdout]    |        ^^^
[INFO] [stdout] ...
[INFO] [stdout] 33 |     fn sample(&self, point: f32) -> Option<char> {
[INFO] [stdout]    |        ^^^^^^
[INFO] [stdout] ...
[INFO] [stdout] 37 |     fn clamped_sample(&self, point: f32) -> Option<char> {
[INFO] [stdout]    |        ^^^^^^^^^^^^^^
[INFO] [stdout] 
[INFO] [stdout] 
[INFO] [stdout] warning: function `validate_ranges` is never used
[INFO] [stdout]   --> src/utility/icon_spline.rs:43:4
[INFO] [stdout]    |
[INFO] [stdout] 43 | fn validate_ranges(icon_ranges: &Vec<(f32, f32)>) -> bool {
[INFO] [stdout]    |    ^^^^^^^^^^^^^^^
[INFO] [stdout] 
[INFO] [stdout] 
[INFO] [stdout] warning: function `create_spline` is never used
[INFO] [stdout]   --> src/utility/icon_spline.rs:62:4
[INFO] [stdout]    |
[INFO] [stdout] 62 | fn create_spline(icon_ranges: Vec<(f32, f32)>) -> Spline<f32, f32> {
[INFO] [stdout]    |    ^^^^^^^^^^^^^
[INFO] [stdout] 
[INFO] [stdout] 
[INFO] [stdout] warning: struct `IconSplineConstructorError` is never constructed
[INFO] [stdout]   --> src/utility/icon_spline.rs:79:8
[INFO] [stdout]    |
[INFO] [stdout] 79 | struct IconSplineConstructorError(Vec<(f32, f32)>);
[INFO] [stdout]    |        ^^^^^^^^^^^^^^^^^^^^^^^^^^
[INFO] [stdout] 
[INFO] [stdout] 
[INFO] [stdout] warning: associated function `new` is never used
[INFO] [stdout]   --> src/game/source.rs:49:12
[INFO] [stdout]    |
[INFO] [stdout] 47 | impl FakeSource {
[INFO] [stdout]    | --------------- associated function in this implementation
[INFO] [stdout] 48 |
[INFO] [stdout] 49 |     pub fn new(mut events: Vec<Event>) -> Self {
[INFO] [stdout]    |            ^^^
[INFO] [stdout] 
[INFO] [stdout] 
[INFO] [stdout] warning: field `0` is never read
[INFO] [stdout]    --> src/game/input_manager.rs:118:20
[INFO] [stdout]     |
[INFO] [stdout] 118 |     CrosstermError(crossterm::ErrorKind),
[INFO] [stdout]     |     -------------- ^^^^^^^^^^^^^^^^^^^^
[INFO] [stdout]     |     |
[INFO] [stdout]     |     field in this variant
[INFO] [stdout]     |
[INFO] [stdout]     = note: `InputManagerError` has a derived impl for the trait `Debug`, but this is intentionally ignored during dead code analysis
[INFO] [stdout] help: consider changing the field to be of unit type to suppress this warning while preserving the field numbering, or remove the field
[INFO] [stdout]     |
[INFO] [stdout] 118 |     CrosstermError(()),
[INFO] [stdout]     |                    ~~
[INFO] [stdout] 
[INFO] [stdout] 
[INFO] [stdout] warning: field `0` is never read
[INFO] [stdout]    --> src/game/input_manager.rs:119:21
[INFO] [stdout]     |
[INFO] [stdout] 119 |     RecvTimoutERror(mpsc::RecvTimeoutError),
[INFO] [stdout]     |     --------------- ^^^^^^^^^^^^^^^^^^^^^^
[INFO] [stdout]     |     |
[INFO] [stdout]     |     field in this variant
[INFO] [stdout]     |
[INFO] [stdout]     = note: `InputManagerError` has a derived impl for the trait `Debug`, but this is intentionally ignored during dead code analysis
[INFO] [stdout] help: consider changing the field to be of unit type to suppress this warning while preserving the field numbering, or remove the field
[INFO] [stdout]     |
[INFO] [stdout] 119 |     RecvTimoutERror(()),
[INFO] [stdout]     |                     ~~
[INFO] [stdout] 
[INFO] [stdout] 
[INFO] [stdout] warning: associated items `new`, `draw_location`, and `add_screen_manager_callback` are never used
[INFO] [stdout]   --> src/views/popup.rs:11:8
[INFO] [stdout]    |
[INFO] [stdout] 8  | pub trait Popup {
[INFO] [stdout]    |           ----- associated items in this trait
[INFO] [stdout] ...
[INFO] [stdout] 11 |     fn new() -> Self where Self:Sized;
[INFO] [stdout]    |        ^^^
[INFO] [stdout] ...
[INFO] [stdout] 17 |     fn draw_location(&self) -> Rect;
[INFO] [stdout]    |        ^^^^^^^^^^^^^
[INFO] [stdout] ...
[INFO] [stdout] 23 |     fn add_screen_manager_callback(&mut self, callback: BoxedCallback);
[INFO] [stdout]    |        ^^^^^^^^^^^^^^^^^^^^^^^^^^^
[INFO] [stdout] 
[INFO] [stdout] 
[INFO] [stdout] warning: associated items `debug_new`, `pop_screen`, `push_popup`, and `pop_popup` are never used
[INFO] [stdout]    --> src/views/screen_manager.rs:42:12
[INFO] [stdout]     |
[INFO] [stdout] 34  | impl ScreenManager {
[INFO] [stdout]     | ------------------ associated items in this implementation
[INFO] [stdout] ...
[INFO] [stdout] 42  |     pub fn debug_new(events: Vec<Event>) -> Result<ScreenManager> {
[INFO] [stdout]     |            ^^^^^^^^^
[INFO] [stdout] ...
[INFO] [stdout] 129 |     pub fn pop_screen(&mut self) -> Option<Box<dyn Screen>> {
[INFO] [stdout]     |            ^^^^^^^^^^
[INFO] [stdout] ...
[INFO] [stdout] 134 |     pub fn push_popup(&mut self, popup: impl Popup + 'static) {
[INFO] [stdout]     |            ^^^^^^^^^^
[INFO] [stdout] ...
[INFO] [stdout] 139 |     pub fn pop_popup(&mut self) -> Option<Box<dyn Popup>> {
[INFO] [stdout]     |            ^^^^^^^^^
[INFO] [stdout] 
[INFO] [stdout] 
[INFO] [stdout] warning: field `0` is never read
[INFO] [stdout]    --> src/views/screen_manager.rs:218:13
[INFO] [stdout]     |
[INFO] [stdout] 218 |     IoError(io::Error),
[INFO] [stdout]     |     ------- ^^^^^^^^^
[INFO] [stdout]     |     |
[INFO] [stdout]     |     field in this variant
[INFO] [stdout]     |
[INFO] [stdout]     = note: `ScreenManagerError` has a derived impl for the trait `Debug`, but this is intentionally ignored during dead code analysis
[INFO] [stdout] help: consider changing the field to be of unit type to suppress this warning while preserving the field numbering, or remove the field
[INFO] [stdout]     |
[INFO] [stdout] 218 |     IoError(()),
[INFO] [stdout]     |             ~~
[INFO] [stdout] 
[INFO] [stdout] 
[INFO] [stdout] warning: field `0` is never read
[INFO] [stdout]    --> src/views/screen_manager.rs:219:20
[INFO] [stdout]     |
[INFO] [stdout] 219 |     CrosstermError(crossterm::ErrorKind),
[INFO] [stdout]     |     -------------- ^^^^^^^^^^^^^^^^^^^^
[INFO] [stdout]     |     |
[INFO] [stdout]     |     field in this variant
[INFO] [stdout]     |
[INFO] [stdout]     = note: `ScreenManagerError` has a derived impl for the trait `Debug`, but this is intentionally ignored during dead code analysis
[INFO] [stdout] help: consider changing the field to be of unit type to suppress this warning while preserving the field numbering, or remove the field
[INFO] [stdout]     |
[INFO] [stdout] 219 |     CrosstermError(()),
[INFO] [stdout]     |                    ~~
[INFO] [stdout] 
[INFO] [stdout] 
[INFO] [stdout] warning: field `0` is never read
[INFO] [stdout]    --> src/views/screen_manager.rs:220:23
[INFO] [stdout]     |
[INFO] [stdout] 220 |     InputManagerError(InputManagerError)
[INFO] [stdout]     |     ----------------- ^^^^^^^^^^^^^^^^^
[INFO] [stdout]     |     |
[INFO] [stdout]     |     field in this variant
[INFO] [stdout]     |
[INFO] [stdout]     = note: `ScreenManagerError` has a derived impl for the trait `Debug`, but this is intentionally ignored during dead code analysis
[INFO] [stdout] help: consider changing the field to be of unit type to suppress this warning while preserving the field numbering, or remove the field
[INFO] [stdout]     |
[INFO] [stdout] 220 |     InputManagerError(())
[INFO] [stdout]     |                       ~~
[INFO] [stdout] 
[INFO] [stdout] 
[INFO] [stderr]     Finished `dev` profile [unoptimized + debuginfo] target(s) in 36.53s
[INFO] [stderr] warning: the following packages contain code that will be rejected by a future version of Rust: nom v5.1.2
[INFO] [stderr] note: to see what the problems were, use the option `--future-incompat-report`, or run `cargo report future-incompatibilities --id 3`
[INFO] running `Command { std: "docker" "inspect" "e8a832cc31673fd0ff641b94a7b0fe47d92f2d7289d48073f19d00f833efd5ff", kill_on_drop: false }`
[INFO] running `Command { std: "docker" "rm" "-f" "e8a832cc31673fd0ff641b94a7b0fe47d92f2d7289d48073f19d00f833efd5ff", kill_on_drop: false }`
[INFO] [stdout] e8a832cc31673fd0ff641b94a7b0fe47d92f2d7289d48073f19d00f833efd5ff
[INFO] running `Command { std: "docker" "create" "-v" "/var/lib/crater-agent-workspace/builds/worker-5-tc1/target:/opt/rustwide/target:rw,Z" "-v" "/var/lib/crater-agent-workspace/builds/worker-5-tc1/source:/opt/rustwide/workdir:ro,Z" "-v" "/var/lib/crater-agent-workspace/cargo-home:/opt/rustwide/cargo-home:ro,Z" "-v" "/var/lib/crater-agent-workspace/rustup-home:/opt/rustwide/rustup-home:ro,Z" "-e" "SOURCE_DIR=/opt/rustwide/workdir" "-e" "CARGO_TARGET_DIR=/opt/rustwide/target" "-e" "CARGO_INCREMENTAL=0" "-e" "RUST_BACKTRACE=full" "-e" "RUSTFLAGS=--cap-lints=warn" "-e" "RUSTDOCFLAGS=--cap-lints=warn" "-e" "CARGO_HOME=/opt/rustwide/cargo-home" "-e" "RUSTUP_HOME=/opt/rustwide/rustup-home" "-w" "/opt/rustwide/workdir" "-m" "1610612736" "--user" "0:0" "--network" "none" "ghcr.io/rust-lang/crates-build-env/linux@sha256:f3a9d4ad9d972b27faf3965f35b62e55ba32bbce8f20bc8fe909558a86702fde" "/opt/rustwide/cargo-home/bin/cargo" "+1.83.0" "test" "--frozen" "--no-run" "--message-format=json", kill_on_drop: false }`
[INFO] [stdout] e6626735b0e5bc22e0310761ba4ba954be87cf9ccfb32d5fbb0e21de42657ce1
[INFO] running `Command { std: "docker" "start" "-a" "e6626735b0e5bc22e0310761ba4ba954be87cf9ccfb32d5fbb0e21de42657ce1", kill_on_drop: false }`
[INFO] [stderr]    Compiling serde v1.0.124
[INFO] [stderr]    Compiling ntest_proc_macro_helper v0.7.3
[INFO] [stderr]    Compiling ntest_test_cases v0.7.3
[INFO] [stderr]    Compiling toml v0.5.8
[INFO] [stderr]    Compiling proc-macro-crate v0.1.5
[INFO] [stderr]    Compiling ntest_timeout v0.7.3
[INFO] [stderr]    Compiling ntest v0.7.3
[INFO] [stderr]    Compiling terminal-dungeon v0.1.0 (/opt/rustwide/workdir)
[INFO] [stdout] warning: function `test_room` is never used
[INFO] [stdout]   --> src/world/map.rs:73:8
[INFO] [stdout]    |
[INFO] [stdout] 73 | pub fn test_room() -> Map {
[INFO] [stdout]    |        ^^^^^^^^^
[INFO] [stdout]    |
[INFO] [stdout]    = note: `#[warn(dead_code)]` on by default
[INFO] [stdout] 
[INFO] [stdout] 
[INFO] [stdout] warning: fields `color` and `alpha` are never read
[INFO] [stdout]   --> src/entities/component.rs:32:9
[INFO] [stdout]    |
[INFO] [stdout] 31 | pub struct Shade {
[INFO] [stdout]    |            ----- fields in this struct
[INFO] [stdout] 32 |     pub color: Color,
[INFO] [stdout]    |         ^^^^^
[INFO] [stdout] 33 |     /// 0.0 .. 1.0
[INFO] [stdout] 34 |     pub alpha: f32
[INFO] [stdout]    |         ^^^^^
[INFO] [stdout]    |
[INFO] [stdout]    = note: `Shade` has a derived impl for the trait `Debug`, but this is intentionally ignored during dead code analysis
[INFO] [stdout] 
[INFO] [stdout] 
[INFO] [stdout] warning: fields `current` and `total` are never read
[INFO] [stdout]   --> src/entities/component.rs:64:9
[INFO] [stdout]    |
[INFO] [stdout] 63 | pub struct AnimationProgress {
[INFO] [stdout]    |            ----------------- fields in this struct
[INFO] [stdout] 64 |     pub current: Duration,
[INFO] [stdout]    |         ^^^^^^^
[INFO] [stdout] 65 |     pub total: Duration,
[INFO] [stdout]    |         ^^^^^
[INFO] [stdout] 
[INFO] [stdout] 
[INFO] [stdout] warning: fields `x_spline` and `y_spline` are never read
[INFO] [stdout]   --> src/entities/component.rs:73:9
[INFO] [stdout]    |
[INFO] [stdout] 71 | pub struct PositionAnimation {
[INFO] [stdout]    |            ----------------- fields in this struct
[INFO] [stdout] 72 |     /// Spline used to sample for x position
[INFO] [stdout] 73 |     pub x_spline: Spline<f32, i32>,
[INFO] [stdout]    |         ^^^^^^^^
[INFO] [stdout] 74 |     /// Spline used to sample for y position
[INFO] [stdout] 75 |     pub y_spline: Spline<f32, i32>,
[INFO] [stdout]    |         ^^^^^^^^
[INFO] [stdout] 
[INFO] [stdout] 
[INFO] [stdout] warning: associated functions `new` and `with_splines` are never used
[INFO] [stdout]   --> src/entities/component.rs:80:8
[INFO] [stdout]    |
[INFO] [stdout] 78 | impl PositionAnimation {
[INFO] [stdout]    | ---------------------- associated functions in this implementation
[INFO] [stdout] 79 |     /// Create `PositionAnimation` that uses `interpolation` for entirety of both the x spline and the y spline
[INFO] [stdout] 80 |     fn new(start: Vector2<i32>, end: Vector2<i32>, interpolation: Interpolation<f32, i32>) -> Self {
[INFO] [stdout]    |        ^^^
[INFO] [stdout] ...
[INFO] [stdout] 93 |     fn with_splines(x_spline: Spline<f32, i32>, y_spline: Spline<f32, i32>) -> Self {
[INFO] [stdout]    |        ^^^^^^^^^^^^
[INFO] [stdout] 
[INFO] [stdout] 
[INFO] [stdout] warning: fields `foreground_spline` and `background_spline` are never read
[INFO] [stdout]    --> src/entities/component.rs:102:9
[INFO] [stdout]     |
[INFO] [stdout] 101 | pub struct AppearanceAnimation {
[INFO] [stdout]     |            ------------------- fields in this struct
[INFO] [stdout] 102 |     pub foreground_spline: Option<Spline<f32, (u8, u8, u8)>>,
[INFO] [stdout]     |         ^^^^^^^^^^^^^^^^^
[INFO] [stdout] 103 |     pub background_spline: Option<Spline<f32, (u8, u8, u8)>>,
[INFO] [stdout]     |         ^^^^^^^^^^^^^^^^^
[INFO] [stdout] 
[INFO] [stdout] 
[INFO] [stdout] warning: multiple associated items are never used
[INFO] [stdout]    --> src/utility/text_canvas.rs:30:12
[INFO] [stdout]     |
[INFO] [stdout] 22  | impl TextCanvas {
[INFO] [stdout]     | --------------- associated items in this implementation
[INFO] [stdout] ...
[INFO] [stdout] 30  |     pub fn for_map(map: &Map) -> Self {
[INFO] [stdout]     |            ^^^^^^^
[INFO] [stdout] ...
[INFO] [stdout] 82  |     pub fn set_character(&mut self, vec2: Vector2<usize>, character: char) {
[INFO] [stdout]     |            ^^^^^^^^^^^^^
[INFO] [stdout] ...
[INFO] [stdout] 87  |     pub fn add_modifier(&mut self, vec2: Vector2<usize>, modifier: Modifier) {
[INFO] [stdout]     |            ^^^^^^^^^^^^
[INFO] [stdout] ...
[INFO] [stdout] 92  |     pub fn clear_modifiers(&mut self, vec2: Vector2<usize>) {
[INFO] [stdout]     |            ^^^^^^^^^^^^^^^
[INFO] [stdout] ...
[INFO] [stdout] 97  |     pub fn set_fg_color(&mut self, vec2: Vector2<usize>, color: Color) {
[INFO] [stdout]     |            ^^^^^^^^^^^^
[INFO] [stdout] ...
[INFO] [stdout] 102 |     pub fn set_bg_color(&mut self, vec2: Vector2<usize>, color: Color) {
[INFO] [stdout]     |            ^^^^^^^^^^^^
[INFO] [stdout] ...
[INFO] [stdout] 107 |     pub fn apply_fg_color(&mut self, vec2: Vector2<usize>, color: Color, alpha: f64) {
[INFO] [stdout]     |            ^^^^^^^^^^^^^^
[INFO] [stdout] ...
[INFO] [stdout] 113 |     pub fn apply_bg_color(&mut self, vec2: Vector2<usize>, color: Color, alpha: f64) {
[INFO] [stdout]     |            ^^^^^^^^^^^^^^
[INFO] [stdout] ...
[INFO] [stdout] 118 |     fn apply_color(base_color: Color, color: Color, alpha: f64) -> Color {
[INFO] [stdout]     |        ^^^^^^^^^^^
[INFO] [stdout] 
[INFO] [stdout] 
[INFO] [stdout] warning: method `clamped_sample` is never used
[INFO] [stdout]   --> src/utility/icon_spline.rs:37:8
[INFO] [stdout]    |
[INFO] [stdout] 15 | impl IconSpline {
[INFO] [stdout]    | --------------- method in this implementation
[INFO] [stdout] ...
[INFO] [stdout] 37 |     fn clamped_sample(&self, point: f32) -> Option<char> {
[INFO] [stdout]    |        ^^^^^^^^^^^^^^
[INFO] [stdout] 
[INFO] [stdout] 
[INFO] [stdout] warning: function `test_applying_clamped_splines` is never used
[INFO] [stdout]    --> src/utility/icon_spline.rs:180:8
[INFO] [stdout]     |
[INFO] [stdout] 180 |     fn test_applying_clamped_splines() {
[INFO] [stdout]     |        ^^^^^^^^^^^^^^^^^^^^^^^^^^^^^
[INFO] [stdout] 
[INFO] [stdout] 
[INFO] [stdout] warning: function `clear_inputs` is never used
[INFO] [stdout]   --> src/utility/test_util.rs:14:8
[INFO] [stdout]    |
[INFO] [stdout] 14 | pub fn clear_inputs(timeout: Duration) {
[INFO] [stdout]    |        ^^^^^^^^^^^^
[INFO] [stdout] 
[INFO] [stdout] 
[INFO] [stdout] warning: field `0` is never read
[INFO] [stdout]    --> src/game/input_manager.rs:118:20
[INFO] [stdout]     |
[INFO] [stdout] 118 |     CrosstermError(crossterm::ErrorKind),
[INFO] [stdout]     |     -------------- ^^^^^^^^^^^^^^^^^^^^
[INFO] [stdout]     |     |
[INFO] [stdout]     |     field in this variant
[INFO] [stdout]     |
[INFO] [stdout]     = note: `InputManagerError` has a derived impl for the trait `Debug`, but this is intentionally ignored during dead code analysis
[INFO] [stdout] help: consider changing the field to be of unit type to suppress this warning while preserving the field numbering, or remove the field
[INFO] [stdout]     |
[INFO] [stdout] 118 |     CrosstermError(()),
[INFO] [stdout]     |                    ~~
[INFO] [stdout] 
[INFO] [stdout] 
[INFO] [stdout] warning: field `0` is never read
[INFO] [stdout]    --> src/game/input_manager.rs:119:21
[INFO] [stdout]     |
[INFO] [stdout] 119 |     RecvTimoutERror(mpsc::RecvTimeoutError),
[INFO] [stdout]     |     --------------- ^^^^^^^^^^^^^^^^^^^^^^
[INFO] [stdout]     |     |
[INFO] [stdout]     |     field in this variant
[INFO] [stdout]     |
[INFO] [stdout]     = note: `InputManagerError` has a derived impl for the trait `Debug`, but this is intentionally ignored during dead code analysis
[INFO] [stdout] help: consider changing the field to be of unit type to suppress this warning while preserving the field numbering, or remove the field
[INFO] [stdout]     |
[INFO] [stdout] 119 |     RecvTimoutERror(()),
[INFO] [stdout]     |                     ~~
[INFO] [stdout] 
[INFO] [stdout] 
[INFO] [stdout] warning: method `draw_location` is never used
[INFO] [stdout]   --> src/views/popup.rs:17:8
[INFO] [stdout]    |
[INFO] [stdout] 8  | pub trait Popup {
[INFO] [stdout]    |           ----- method in this trait
[INFO] [stdout] ...
[INFO] [stdout] 17 |     fn draw_location(&self) -> Rect;
[INFO] [stdout]    |        ^^^^^^^^^^^^^
[INFO] [stdout] 
[INFO] [stdout] 
[INFO] [stdout] warning: field `0` is never read
[INFO] [stdout]    --> src/views/screen_manager.rs:218:13
[INFO] [stdout]     |
[INFO] [stdout] 218 |     IoError(io::Error),
[INFO] [stdout]     |     ------- ^^^^^^^^^
[INFO] [stdout]     |     |
[INFO] [stdout]     |     field in this variant
[INFO] [stdout]     |
[INFO] [stdout]     = note: `ScreenManagerError` has a derived impl for the trait `Debug`, but this is intentionally ignored during dead code analysis
[INFO] [stdout] help: consider changing the field to be of unit type to suppress this warning while preserving the field numbering, or remove the field
[INFO] [stdout]     |
[INFO] [stdout] 218 |     IoError(()),
[INFO] [stdout]     |             ~~
[INFO] [stdout] 
[INFO] [stdout] 
[INFO] [stdout] warning: field `0` is never read
[INFO] [stdout]    --> src/views/screen_manager.rs:219:20
[INFO] [stdout]     |
[INFO] [stdout] 219 |     CrosstermError(crossterm::ErrorKind),
[INFO] [stdout]     |     -------------- ^^^^^^^^^^^^^^^^^^^^
[INFO] [stdout]     |     |
[INFO] [stdout]     |     field in this variant
[INFO] [stdout]     |
[INFO] [stdout]     = note: `ScreenManagerError` has a derived impl for the trait `Debug`, but this is intentionally ignored during dead code analysis
[INFO] [stdout] help: consider changing the field to be of unit type to suppress this warning while preserving the field numbering, or remove the field
[INFO] [stdout]     |
[INFO] [stdout] 219 |     CrosstermError(()),
[INFO] [stdout]     |                    ~~
[INFO] [stdout] 
[INFO] [stdout] 
[INFO] [stdout] warning: field `0` is never read
[INFO] [stdout]    --> src/views/screen_manager.rs:220:23
[INFO] [stdout]     |
[INFO] [stdout] 220 |     InputManagerError(InputManagerError)
[INFO] [stdout]     |     ----------------- ^^^^^^^^^^^^^^^^^
[INFO] [stdout]     |     |
[INFO] [stdout]     |     field in this variant
[INFO] [stdout]     |
[INFO] [stdout]     = note: `ScreenManagerError` has a derived impl for the trait `Debug`, but this is intentionally ignored during dead code analysis
[INFO] [stdout] help: consider changing the field to be of unit type to suppress this warning while preserving the field numbering, or remove the field
[INFO] [stdout]     |
[INFO] [stdout] 220 |     InputManagerError(())
[INFO] [stdout]     |                       ~~
[INFO] [stdout] 
[INFO] [stdout] 
[INFO] [stderr]     Finished `test` profile [unoptimized + debuginfo] target(s) in 9.22s
[INFO] [stderr] warning: the following packages contain code that will be rejected by a future version of Rust: nom v5.1.2
[INFO] [stderr] note: to see what the problems were, use the option `--future-incompat-report`, or run `cargo report future-incompatibilities --id 3`
[INFO] running `Command { std: "docker" "inspect" "e6626735b0e5bc22e0310761ba4ba954be87cf9ccfb32d5fbb0e21de42657ce1", kill_on_drop: false }`
[INFO] running `Command { std: "docker" "rm" "-f" "e6626735b0e5bc22e0310761ba4ba954be87cf9ccfb32d5fbb0e21de42657ce1", kill_on_drop: false }`
[INFO] [stdout] e6626735b0e5bc22e0310761ba4ba954be87cf9ccfb32d5fbb0e21de42657ce1
[INFO] running `Command { std: "docker" "create" "-v" "/var/lib/crater-agent-workspace/builds/worker-5-tc1/target:/opt/rustwide/target:rw,Z" "-v" "/var/lib/crater-agent-workspace/builds/worker-5-tc1/source:/opt/rustwide/workdir:ro,Z" "-v" "/var/lib/crater-agent-workspace/cargo-home:/opt/rustwide/cargo-home:ro,Z" "-v" "/var/lib/crater-agent-workspace/rustup-home:/opt/rustwide/rustup-home:ro,Z" "-e" "SOURCE_DIR=/opt/rustwide/workdir" "-e" "CARGO_TARGET_DIR=/opt/rustwide/target" "-e" "CARGO_INCREMENTAL=0" "-e" "RUST_BACKTRACE=full" "-e" "RUSTFLAGS=--cap-lints=warn" "-e" "RUSTDOCFLAGS=--cap-lints=warn" "-e" "CARGO_HOME=/opt/rustwide/cargo-home" "-e" "RUSTUP_HOME=/opt/rustwide/rustup-home" "-w" "/opt/rustwide/workdir" "-m" "1610612736" "--user" "0:0" "--network" "none" "ghcr.io/rust-lang/crates-build-env/linux@sha256:f3a9d4ad9d972b27faf3965f35b62e55ba32bbce8f20bc8fe909558a86702fde" "/opt/rustwide/cargo-home/bin/cargo" "+1.83.0" "test" "--frozen", kill_on_drop: false }`
[INFO] [stdout] 7e950fdb7a8fcdd80a3c7188fcfa6c716ad5eb558720959b09f0bc2a7058e103
[INFO] running `Command { std: "docker" "start" "-a" "7e950fdb7a8fcdd80a3c7188fcfa6c716ad5eb558720959b09f0bc2a7058e103", kill_on_drop: false }`
[INFO] [stderr] warning: function `test_room` is never used
[INFO] [stderr]   --> src/world/map.rs:73:8
[INFO] [stderr]    |
[INFO] [stderr] 73 | pub fn test_room() -> Map {
[INFO] [stderr]    |        ^^^^^^^^^
[INFO] [stderr]    |
[INFO] [stderr]    = note: `#[warn(dead_code)]` on by default
[INFO] [stderr] 
[INFO] [stderr] warning: fields `color` and `alpha` are never read
[INFO] [stderr]   --> src/entities/component.rs:32:9
[INFO] [stderr]    |
[INFO] [stderr] 31 | pub struct Shade {
[INFO] [stderr]    |            ----- fields in this struct
[INFO] [stderr] 32 |     pub color: Color,
[INFO] [stderr]    |         ^^^^^
[INFO] [stderr] 33 |     /// 0.0 .. 1.0
[INFO] [stderr] 34 |     pub alpha: f32
[INFO] [stderr]    |         ^^^^^
[INFO] [stderr]    |
[INFO] [stderr]    = note: `Shade` has a derived impl for the trait `Debug`, but this is intentionally ignored during dead code analysis
[INFO] [stderr] 
[INFO] [stderr] warning: fields `current` and `total` are never read
[INFO] [stderr]   --> src/entities/component.rs:64:9
[INFO] [stderr]    |
[INFO] [stderr] 63 | pub struct AnimationProgress {
[INFO] [stderr]    |            ----------------- fields in this struct
[INFO] [stderr] 64 |     pub current: Duration,
[INFO] [stderr]    |         ^^^^^^^
[INFO] [stderr] 65 |     pub total: Duration,
[INFO] [stderr]    |         ^^^^^
[INFO] [stderr] 
[INFO] [stderr] warning: fields `x_spline` and `y_spline` are never read
[INFO] [stderr]   --> src/entities/component.rs:73:9
[INFO] [stderr]    |
[INFO] [stderr] 71 | pub struct PositionAnimation {
[INFO] [stderr]    |            ----------------- fields in this struct
[INFO] [stderr] 72 |     /// Spline used to sample for x position
[INFO] [stderr] 73 |     pub x_spline: Spline<f32, i32>,
[INFO] [stderr]    |         ^^^^^^^^
[INFO] [stderr] 74 |     /// Spline used to sample for y position
[INFO] [stderr] 75 |     pub y_spline: Spline<f32, i32>,
[INFO] [stderr]    |         ^^^^^^^^
[INFO] [stderr] 
[INFO] [stderr] warning: associated functions `new` and `with_splines` are never used
[INFO] [stderr]   --> src/entities/component.rs:80:8
[INFO] [stderr]    |
[INFO] [stderr] 78 | impl PositionAnimation {
[INFO] [stderr]    | ---------------------- associated functions in this implementation
[INFO] [stderr] 79 |     /// Create `PositionAnimation` that uses `interpolation` for entirety of both the x spline and the y spline
[INFO] [stderr] 80 |     fn new(start: Vector2<i32>, end: Vector2<i32>, interpolation: Interpolation<f32, i32>) -> Self {
[INFO] [stderr]    |        ^^^
[INFO] [stderr] ...
[INFO] [stderr] 93 |     fn with_splines(x_spline: Spline<f32, i32>, y_spline: Spline<f32, i32>) -> Self {
[INFO] [stderr]    |        ^^^^^^^^^^^^
[INFO] [stderr] 
[INFO] [stderr] warning: fields `foreground_spline` and `background_spline` are never read
[INFO] [stderr]    --> src/entities/component.rs:102:9
[INFO] [stderr]     |
[INFO] [stderr] 101 | pub struct AppearanceAnimation {
[INFO] [stderr]     |            ------------------- fields in this struct
[INFO] [stderr] 102 |     pub foreground_spline: Option<Spline<f32, (u8, u8, u8)>>,
[INFO] [stderr]     |         ^^^^^^^^^^^^^^^^^
[INFO] [stderr] 103 |     pub background_spline: Option<Spline<f32, (u8, u8, u8)>>,
[INFO] [stderr]     |         ^^^^^^^^^^^^^^^^^
[INFO] [stderr] 
[INFO] [stderr] warning: multiple associated items are never used
[INFO] [stderr]    --> src/utility/text_canvas.rs:30:12
[INFO] [stderr]     |
[INFO] [stderr] 22  | impl TextCanvas {
[INFO] [stderr]     | --------------- associated items in this implementation
[INFO] [stderr] ...
[INFO] [stderr] 30  |     pub fn for_map(map: &Map) -> Self {
[INFO] [stderr]     |            ^^^^^^^
[INFO] [stderr] ...
[INFO] [stderr] 82  |     pub fn set_character(&mut self, vec2: Vector2<usize>, character: char) {
[INFO] [stderr]     |            ^^^^^^^^^^^^^
[INFO] [stderr] ...
[INFO] [stderr] 87  |     pub fn add_modifier(&mut self, vec2: Vector2<usize>, modifier: Modifier) {
[INFO] [stderr]     |            ^^^^^^^^^^^^
[INFO] [stderr] ...
[INFO] [stderr] 92  |     pub fn clear_modifiers(&mut self, vec2: Vector2<usize>) {
[INFO] [stderr]     |            ^^^^^^^^^^^^^^^
[INFO] [stderr] ...
[INFO] [stderr] 97  |     pub fn set_fg_color(&mut self, vec2: Vector2<usize>, color: Color) {
[INFO] [stderr]     |            ^^^^^^^^^^^^
[INFO] [stderr] ...
[INFO] [stderr] 102 |     pub fn set_bg_color(&mut self, vec2: Vector2<usize>, color: Color) {
[INFO] [stderr]     |            ^^^^^^^^^^^^
[INFO] [stderr] ...
[INFO] [stderr] 107 |     pub fn apply_fg_color(&mut self, vec2: Vector2<usize>, color: Color, alpha: f64) {
[INFO] [stderr]     |            ^^^^^^^^^^^^^^
[INFO] [stderr] ...
[INFO] [stderr] 113 |     pub fn apply_bg_color(&mut self, vec2: Vector2<usize>, color: Color, alpha: f64) {
[INFO] [stderr]     |            ^^^^^^^^^^^^^^
[INFO] [stderr] ...
[INFO] [stderr] 118 |     fn apply_color(base_color: Color, color: Color, alpha: f64) -> Color {
[INFO] [stderr]     |        ^^^^^^^^^^^
[INFO] [stderr] 
[INFO] [stderr] warning: method `clamped_sample` is never used
[INFO] [stderr]   --> src/utility/icon_spline.rs:37:8
[INFO] [stderr]    |
[INFO] [stderr] 15 | impl IconSpline {
[INFO] [stderr]    | --------------- method in this implementation
[INFO] [stderr] ...
[INFO] [stderr] 37 |     fn clamped_sample(&self, point: f32) -> Option<char> {
[INFO] [stderr]    |        ^^^^^^^^^^^^^^
[INFO] [stderr] 
[INFO] [stderr] warning: function `test_applying_clamped_splines` is never used
[INFO] [stderr]    --> src/utility/icon_spline.rs:180:8
[INFO] [stderr]     |
[INFO] [stderr] 180 |     fn test_applying_clamped_splines() {
[INFO] [stderr]     |        ^^^^^^^^^^^^^^^^^^^^^^^^^^^^^
[INFO] [stderr] 
[INFO] [stderr] warning: function `clear_inputs` is never used
[INFO] [stderr]   --> src/utility/test_util.rs:14:8
[INFO] [stderr]    |
[INFO] [stderr] 14 | pub fn clear_inputs(timeout: Duration) {
[INFO] [stderr]    |        ^^^^^^^^^^^^
[INFO] [stderr] 
[INFO] [stderr] warning: field `0` is never read
[INFO] [stderr]    --> src/game/input_manager.rs:118:20
[INFO] [stderr]     |
[INFO] [stderr] 118 |     CrosstermError(crossterm::ErrorKind),
[INFO] [stderr]     |     -------------- ^^^^^^^^^^^^^^^^^^^^
[INFO] [stderr]     |     |
[INFO] [stderr]     |     field in this variant
[INFO] [stderr]     |
[INFO] [stderr]     = note: `InputManagerError` has a derived impl for the trait `Debug`, but this is intentionally ignored during dead code analysis
[INFO] [stderr] help: consider changing the field to be of unit type to suppress this warning while preserving the field numbering, or remove the field
[INFO] [stderr]     |
[INFO] [stderr] 118 |     CrosstermError(()),
[INFO] [stderr]     |                    ~~
[INFO] [stderr] 
[INFO] [stderr] warning: field `0` is never read
[INFO] [stderr]    --> src/game/input_manager.rs:119:21
[INFO] [stderr]     |
[INFO] [stderr] 119 |     RecvTimoutERror(mpsc::RecvTimeoutError),
[INFO] [stderr]     |     --------------- ^^^^^^^^^^^^^^^^^^^^^^
[INFO] [stderr]     |     |
[INFO] [stderr]     |     field in this variant
[INFO] [stderr]     |
[INFO] [stderr]     = note: `InputManagerError` has a derived impl for the trait `Debug`, but this is intentionally ignored during dead code analysis
[INFO] [stderr] help: consider changing the field to be of unit type to suppress this warning while preserving the field numbering, or remove the field
[INFO] [stderr]     |
[INFO] [stderr] 119 |     RecvTimoutERror(()),
[INFO] [stderr]     |                     ~~
[INFO] [stderr] 
[INFO] [stderr] warning: method `draw_location` is never used
[INFO] [stderr]   --> src/views/popup.rs:17:8
[INFO] [stderr]    |
[INFO] [stderr] 8  | pub trait Popup {
[INFO] [stderr]    |           ----- method in this trait
[INFO] [stderr] ...
[INFO] [stderr] 17 |     fn draw_location(&self) -> Rect;
[INFO] [stderr]    |        ^^^^^^^^^^^^^
[INFO] [stderr] 
[INFO] [stderr] warning: field `0` is never read
[INFO] [stderr]    --> src/views/screen_manager.rs:218:13
[INFO] [stderr]     |
[INFO] [stderr] 218 |     IoError(io::Error),
[INFO] [stderr]     |     ------- ^^^^^^^^^
[INFO] [stderr]     |     |
[INFO] [stderr]     |     field in this variant
[INFO] [stderr]     |
[INFO] [stderr]     = note: `ScreenManagerError` has a derived impl for the trait `Debug`, but this is intentionally ignored during dead code analysis
[INFO] [stderr] help: consider changing the field to be of unit type to suppress this warning while preserving the field numbering, or remove the field
[INFO] [stderr]     |
[INFO] [stderr] 218 |     IoError(()),
[INFO] [stderr]     |             ~~
[INFO] [stderr] 
[INFO] [stderr] warning: field `0` is never read
[INFO] [stderr]    --> src/views/screen_manager.rs:219:20
[INFO] [stderr]     |
[INFO] [stderr] 219 |     CrosstermError(crossterm::ErrorKind),
[INFO] [stderr]     |     -------------- ^^^^^^^^^^^^^^^^^^^^
[INFO] [stderr]     |     |
[INFO] [stderr]     |     field in this variant
[INFO] [stderr]     |
[INFO] [stderr]     = note: `ScreenManagerError` has a derived impl for the trait `Debug`, but this is intentionally ignored during dead code analysis
[INFO] [stderr] help: consider changing the field to be of unit type to suppress this warning while preserving the field numbering, or remove the field
[INFO] [stderr]     |
[INFO] [stderr] 219 |     CrosstermError(()),
[INFO] [stderr]     |                    ~~
[INFO] [stderr] 
[INFO] [stderr] warning: field `0` is never read
[INFO] [stderr]    --> src/views/screen_manager.rs:220:23
[INFO] [stderr]     |
[INFO] [stderr] 220 |     InputManagerError(InputManagerError)
[INFO] [stderr]     |     ----------------- ^^^^^^^^^^^^^^^^^
[INFO] [stderr]     |     |
[INFO] [stderr]     |     field in this variant
[INFO] [stderr]     |
[INFO] [stderr]     = note: `ScreenManagerError` has a derived impl for the trait `Debug`, but this is intentionally ignored during dead code analysis
[INFO] [stderr] help: consider changing the field to be of unit type to suppress this warning while preserving the field numbering, or remove the field
[INFO] [stderr]     |
[INFO] [stderr] 220 |     InputManagerError(())
[INFO] [stderr]     |                       ~~
[INFO] [stderr] 
[INFO] [stderr] warning: `terminal-dungeon` (bin "terminal-dungeon" test) generated 16 warnings
[INFO] [stderr]     Finished `test` profile [unoptimized + debuginfo] target(s) in 0.19s
[INFO] [stderr] warning: the following packages contain code that will be rejected by a future version of Rust: nom v5.1.2
[INFO] [stderr] note: to see what the problems were, use the option `--future-incompat-report`, or run `cargo report future-incompatibilities --id 3`
[INFO] [stderr]      Running unittests src/main.rs (/opt/rustwide/target/debug/deps/terminal_dungeon-af484a1c28cac0bc)
[INFO] [stdout] 
[INFO] [stdout] running 19 tests
[INFO] [stdout] test utility::icon_spline::test::test_good_new ... ok
[INFO] [stdout] test utility::color_util::tests::test_dark_colors ... ok
[INFO] [stdout] test utility::icon_spline::test::test_bad_new ... ok
[INFO] [stdout] test game::input_manager::test::test_simple_input ... ok
[INFO] [stdout] test game::input_manager::test::test_no_input ... ok
[INFO] [stdout] test utility::icon_spline::test::test_applying_spline ... ok
[INFO] [stdout] test views::screen_manager::test::test_render_popup_and_screen ... FAILED
[INFO] [stdout] test game::input_manager::test::test_multiple_keys ... ok
[INFO] [stdout] test views::screen_manager::test::test_render_screens ... FAILED
[INFO] [stdout] test views::screen_manager::test::test_tear_down_called ... FAILED
[INFO] [stdout] test game::input_manager::test::test_key_order ... ok
[INFO] [stdout] test views::screen_manager::test::test_pop_popup ... FAILED
[INFO] [stdout] test views::screen_manager::test::test_pop_screen ... FAILED
[INFO] [stdout] test views::screen_manager::test::test_new ... FAILED
[INFO] [stdout] test views::screen_manager::test::test_push_popup ... FAILED
[INFO] [stdout] test views::screen_manager::test::test_push_screen ... FAILED
[INFO] [stdout] test views::screen_manager::test::test_main_loop_screen ... FAILED
[INFO] [stdout] test views::screen_manager::test::test_main_loop_screens_and_popups ... FAILED
[INFO] [stdout] test views::screen_manager::test::test_main_loop_popup ... FAILED
[INFO] [stdout] 
[INFO] [stdout] failures:
[INFO] [stdout] 
[INFO] [stdout] ---- views::screen_manager::test::test_render_popup_and_screen stdout ----
[INFO] [stdout] Error: IoError(Custom { kind: Other, error: "IO-error occurred" })
[INFO] [stdout] 
[INFO] [stdout] ---- views::screen_manager::test::test_render_screens stdout ----
[INFO] [stdout] Error: IoError(Custom { kind: Other, error: "IO-error occurred" })
[INFO] [stdout] 
[INFO] [stdout] ---- views::screen_manager::test::test_tear_down_called stdout ----
[INFO] [stdout] Error: IoError(Custom { kind: Other, error: "IO-error occurred" })
[INFO] [stdout] 
[INFO] [stdout] ---- views::screen_manager::test::test_pop_popup stdout ----
[INFO] [stdout] Error: IoError(Custom { kind: Other, error: "IO-error occurred" })
[INFO] [stdout] 
[INFO] [stdout] ---- views::screen_manager::test::test_pop_screen stdout ----
[INFO] [stdout] Error: IoError(Custom { kind: Other, error: "IO-error occurred" })
[INFO] [stdout] 
[INFO] [stdout] ---- views::screen_manager::test::test_new stdout ----
[INFO] [stdout] Error: IoError(Custom { kind: Other, error: "IO-error occurred" })
[INFO] [stdout] 
[INFO] [stdout] ---- views::screen_manager::test::test_push_popup stdout ----
[INFO] [stdout] Error: IoError(Custom { kind: Other, error: "IO-error occurred" })
[INFO] [stdout] 
[INFO] [stdout] ---- views::screen_manager::test::test_push_screen stdout ----
[INFO] [stdout] Error: IoError(Custom { kind: Other, error: "IO-error occurred" })
[INFO] [stdout] 
[INFO] [stdout] ---- views::screen_manager::test::test_main_loop_screen stdout ----
[INFO] [stdout] thread '<unnamed>' panicked at src/views/screen_manager.rs:578:12:
[INFO] [stdout] called `Result::unwrap()` on an `Err` value: IoError(Custom { kind: Other, error: "IO-error occurred" })
[INFO] [stdout] stack backtrace:
[INFO] [stdout]    0:     0x58d955e2ecaa - std::backtrace_rs::backtrace::libunwind::trace::h5a5b8284f2d0c266
[INFO] [stdout]                                at /rustc/90b35a6239c3d8bdabc530a6a0816f7ff89a0aaf/library/std/src/../../backtrace/src/backtrace/libunwind.rs:116:5
[INFO] [stdout]    1:     0x58d955e2ecaa - std::backtrace_rs::backtrace::trace_unsynchronized::h76d4f1c9b0b875e3
[INFO] [stdout]                                at /rustc/90b35a6239c3d8bdabc530a6a0816f7ff89a0aaf/library/std/src/../../backtrace/src/backtrace/mod.rs:66:5
[INFO] [stdout]    2:     0x58d955e2ecaa - std::sys::backtrace::_print_fmt::hc4546b8364a537c6
[INFO] [stdout]                                at /rustc/90b35a6239c3d8bdabc530a6a0816f7ff89a0aaf/library/std/src/sys/backtrace.rs:66:9
[INFO] [stdout]    3:     0x58d955e2ecaa - <std::sys::backtrace::BacktraceLock::print::DisplayBacktrace as core::fmt::Display>::fmt::h5b6bd5631a6d1f6b
[INFO] [stdout]                                at /rustc/90b35a6239c3d8bdabc530a6a0816f7ff89a0aaf/library/std/src/sys/backtrace.rs:39:26
[INFO] [stdout]    4:     0x58d955e547b3 - core::fmt::rt::Argument::fmt::h270f6602a2b96f62
[INFO] [stdout]                                at /rustc/90b35a6239c3d8bdabc530a6a0816f7ff89a0aaf/library/core/src/fmt/rt.rs:177:76
[INFO] [stdout]    5:     0x58d955e547b3 - core::fmt::write::h7550c97b06c86515
[INFO] [stdout]                                at /rustc/90b35a6239c3d8bdabc530a6a0816f7ff89a0aaf/library/core/src/fmt/mod.rs:1186:21
[INFO] [stdout]    6:     0x58d955e2be23 - std::io::Write::write_fmt::h509ff860e5956e5e
[INFO] [stdout]                                at /rustc/90b35a6239c3d8bdabc530a6a0816f7ff89a0aaf/library/std/src/io/mod.rs:1839:15
[INFO] [stdout]    7:     0x58d955e2eaf2 - std::sys::backtrace::BacktraceLock::print::h2395ccd2c84ba3aa
[INFO] [stdout]                                at /rustc/90b35a6239c3d8bdabc530a6a0816f7ff89a0aaf/library/std/src/sys/backtrace.rs:42:9
[INFO] [stdout]    8:     0x58d955e3010a - std::panicking::default_hook::{{closure}}::he19d4c7230e07961
[INFO] [stdout]                                at /rustc/90b35a6239c3d8bdabc530a6a0816f7ff89a0aaf/library/std/src/panicking.rs:268:22
[INFO] [stdout]    9:     0x58d955e2ff14 - std::panicking::default_hook::hf614597d3c67bbdb
[INFO] [stdout]                                at /rustc/90b35a6239c3d8bdabc530a6a0816f7ff89a0aaf/library/std/src/panicking.rs:292:9
[INFO] [stdout]   10:     0x58d955d9c759 - <alloc::boxed::Box<F,A> as core::ops::function::Fn<Args>>::call::h39b51ce4599c23d1
[INFO] [stdout]                                at /rustc/90b35a6239c3d8bdabc530a6a0816f7ff89a0aaf/library/alloc/src/boxed.rs:2468:9
[INFO] [stdout]   11:     0x58d955d9c759 - test::test_main::{{closure}}::he977ae839a582784
[INFO] [stdout]                                at /rustc/90b35a6239c3d8bdabc530a6a0816f7ff89a0aaf/library/test/src/lib.rs:133:21
[INFO] [stdout]   12:     0x58d955e307a8 - <alloc::boxed::Box<F,A> as core::ops::function::Fn<Args>>::call::h9455091b6b06f9fb
[INFO] [stdout]                                at /rustc/90b35a6239c3d8bdabc530a6a0816f7ff89a0aaf/library/alloc/src/boxed.rs:2468:9
[INFO] [stdout]   13:     0x58d955e307a8 - std::panicking::rust_panic_with_hook::h8942133a8b252070
[INFO] [stdout]                                at /rustc/90b35a6239c3d8bdabc530a6a0816f7ff89a0aaf/library/std/src/panicking.rs:809:13
[INFO] [stdout]   14:     0x58d955e3056a - std::panicking::begin_panic_handler::{{closure}}::hb5f5963570096b29
[INFO] [stdout]                                at /rustc/90b35a6239c3d8bdabc530a6a0816f7ff89a0aaf/library/std/src/panicking.rs:674:13
[INFO] [stdout]   15:     0x58d955e2f189 - std::sys::backtrace::__rust_end_short_backtrace::h6208cedc1922feda
[INFO] [stdout]                                at /rustc/90b35a6239c3d8bdabc530a6a0816f7ff89a0aaf/library/std/src/sys/backtrace.rs:170:18
[INFO] [stdout]   16:     0x58d955e301fc - rust_begin_unwind
[INFO] [stdout]                                at /rustc/90b35a6239c3d8bdabc530a6a0816f7ff89a0aaf/library/std/src/panicking.rs:665:5
[INFO] [stdout]   17:     0x58d955d0daa0 - core::panicking::panic_fmt::h0c3082644d1bf418
[INFO] [stdout]                                at /rustc/90b35a6239c3d8bdabc530a6a0816f7ff89a0aaf/library/core/src/panicking.rs:74:14
[INFO] [stdout]   18:     0x58d955d0dee6 - core::result::unwrap_failed::hd20b4aa073bda1e2
[INFO] [stdout]                                at /rustc/90b35a6239c3d8bdabc530a6a0816f7ff89a0aaf/library/core/src/result.rs:1700:5
[INFO] [stdout]   19:     0x58d955d4b3ff - core::result::Result<T,E>::unwrap::h272f9ad479bb1050
[INFO] [stdout]                                at /rustc/90b35a6239c3d8bdabc530a6a0816f7ff89a0aaf/library/core/src/result.rs:1104:23
[INFO] [stdout]   20:     0x58d955d4b3ff - terminal_dungeon::views::screen_manager::test::test_main_loop_screen::ntest_callback::hb94bc02172729848
[INFO] [stdout]                                at /opt/rustwide/workdir/src/views/screen_manager.rs:576:34
[INFO] [stdout]   21:     0x58d955d5a53e - core::ops::function::Fn::call::h1b36003cb053c624
[INFO] [stdout]                                at /rustc/90b35a6239c3d8bdabc530a6a0816f7ff89a0aaf/library/core/src/ops/function.rs:79:5
[INFO] [stdout]   22:     0x58d955d4d1aa - ntest_proc_macro_helper::execute_with_timeout::{{closure}}::hd614b876166d8f41
[INFO] [stdout]                                at /opt/rustwide/cargo-home/registry/src/index.crates.io-6f17d22bba15001f/ntest_proc_macro_helper-0.7.3/src/lib.rs:14:27
[INFO] [stdout]   23:     0x58d955d35e16 - std::sys::backtrace::__rust_begin_short_backtrace::h54e2a21eaa385f96
[INFO] [stdout]                                at /rustc/90b35a6239c3d8bdabc530a6a0816f7ff89a0aaf/library/std/src/sys/backtrace.rs:154:18
[INFO] [stdout]   24:     0x58d955d57931 - std::thread::Builder::spawn_unchecked_::{{closure}}::{{closure}}::he23cda1bc459d2a1
[INFO] [stdout]                                at /rustc/90b35a6239c3d8bdabc530a6a0816f7ff89a0aaf/library/std/src/thread/mod.rs:538:17
[INFO] [stdout]   25:     0x58d955d2f361 - <core::panic::unwind_safe::AssertUnwindSafe<F> as core::ops::function::FnOnce<()>>::call_once::h33648b1374f958b5
[INFO] [stdout]                                at /rustc/90b35a6239c3d8bdabc530a6a0816f7ff89a0aaf/library/core/src/panic/unwind_safe.rs:272:9
[INFO] [stdout]   26:     0x58d955d26dc2 - std::panicking::try::do_call::h1bde7f1a889a5609
[INFO] [stdout]                                at /rustc/90b35a6239c3d8bdabc530a6a0816f7ff89a0aaf/library/std/src/panicking.rs:557:40
[INFO] [stdout]   27:     0x58d955d580eb - __rust_try
[INFO] [stdout]   28:     0x58d955d56053 - std::panicking::try::h4bc600310d202c62
[INFO] [stdout]                                at /rustc/90b35a6239c3d8bdabc530a6a0816f7ff89a0aaf/library/std/src/panicking.rs:520:19
[INFO] [stdout]   29:     0x58d955d56053 - std::panic::catch_unwind::h842e5ceb346446f4
[INFO] [stdout]                                at /rustc/90b35a6239c3d8bdabc530a6a0816f7ff89a0aaf/library/std/src/panic.rs:358:14
[INFO] [stdout]   30:     0x58d955d56053 - std::thread::Builder::spawn_unchecked_::{{closure}}::h2b6b177ba505244f
[INFO] [stdout]                                at /rustc/90b35a6239c3d8bdabc530a6a0816f7ff89a0aaf/library/std/src/thread/mod.rs:537:30
[INFO] [stdout]   31:     0x58d955d5a63e - core::ops::function::FnOnce::call_once{{vtable.shim}}::h40c0b3784c5be34b
[INFO] [stdout]                                at /rustc/90b35a6239c3d8bdabc530a6a0816f7ff89a0aaf/library/core/src/ops/function.rs:250:5
[INFO] [stdout]   32:     0x58d955e345eb - <alloc::boxed::Box<F,A> as core::ops::function::FnOnce<Args>>::call_once::hf75717d9f28faebf
[INFO] [stdout]                                at /rustc/90b35a6239c3d8bdabc530a6a0816f7ff89a0aaf/library/alloc/src/boxed.rs:2454:9
[INFO] [stdout]   33:     0x58d955e345eb - <alloc::boxed::Box<F,A> as core::ops::function::FnOnce<Args>>::call_once::h7bd883a5f3c5f3c1
[INFO] [stdout]                                at /rustc/90b35a6239c3d8bdabc530a6a0816f7ff89a0aaf/library/alloc/src/boxed.rs:2454:9
[INFO] [stdout]   34:     0x58d955e345eb - std::sys::pal::unix::thread::Thread::new::thread_start::hcc78f3943333fa94
[INFO] [stdout]                                at /rustc/90b35a6239c3d8bdabc530a6a0816f7ff89a0aaf/library/std/src/sys/pal/unix/thread.rs:105:17
[INFO] [stdout]   35:     0x7c1607425ac3 - <unknown>
[INFO] [stdout]   36:     0x7c16074b6a04 - clone
[INFO] [stdout]   37:                0x0 - <unknown>
[INFO] [stdout] thread 'views::screen_manager::test::test_main_loop_screen' panicked at src/views/screen_manager.rs:574:5:
[INFO] [stdout] timeout: the function call took 116 ms. Max time 2000 ms
[INFO] [stdout] stack backtrace:
[INFO] [stdout]    0:     0x58d955e2ecaa - std::backtrace_rs::backtrace::libunwind::trace::h5a5b8284f2d0c266
[INFO] [stdout]                                at /rustc/90b35a6239c3d8bdabc530a6a0816f7ff89a0aaf/library/std/src/../../backtrace/src/backtrace/libunwind.rs:116:5
[INFO] [stdout]    1:     0x58d955e2ecaa - std::backtrace_rs::backtrace::trace_unsynchronized::h76d4f1c9b0b875e3
[INFO] [stdout]                                at /rustc/90b35a6239c3d8bdabc530a6a0816f7ff89a0aaf/library/std/src/../../backtrace/src/backtrace/mod.rs:66:5
[INFO] [stdout]    2:     0x58d955e2ecaa - std::sys::backtrace::_print_fmt::hc4546b8364a537c6
[INFO] [stdout]                                at /rustc/90b35a6239c3d8bdabc530a6a0816f7ff89a0aaf/library/std/src/sys/backtrace.rs:66:9
[INFO] [stdout]    3:     0x58d955e2ecaa - <std::sys::backtrace::BacktraceLock::print::DisplayBacktrace as core::fmt::Display>::fmt::h5b6bd5631a6d1f6b
[INFO] [stdout]                                at /rustc/90b35a6239c3d8bdabc530a6a0816f7ff89a0aaf/library/std/src/sys/backtrace.rs:39:26
[INFO] [stdout]    4:     0x58d955e547b3 - core::fmt::rt::Argument::fmt::h270f6602a2b96f62
[INFO] [stdout]                                at /rustc/90b35a6239c3d8bdabc530a6a0816f7ff89a0aaf/library/core/src/fmt/rt.rs:177:76
[INFO] [stdout]    5:     0x58d955e547b3 - core::fmt::write::h7550c97b06c86515
[INFO] [stdout]                                at /rustc/90b35a6239c3d8bdabc530a6a0816f7ff89a0aaf/library/core/src/fmt/mod.rs:1186:21
[INFO] [stdout]    6:     0x58d955e2be23 - std::io::Write::write_fmt::h509ff860e5956e5e
[INFO] [stdout]                                at /rustc/90b35a6239c3d8bdabc530a6a0816f7ff89a0aaf/library/std/src/io/mod.rs:1839:15
[INFO] [stdout]    7:     0x58d955e2eaf2 - std::sys::backtrace::BacktraceLock::print::h2395ccd2c84ba3aa
[INFO] [stdout]                                at /rustc/90b35a6239c3d8bdabc530a6a0816f7ff89a0aaf/library/std/src/sys/backtrace.rs:42:9
[INFO] [stdout]    8:     0x58d955e3010a - std::panicking::default_hook::{{closure}}::he19d4c7230e07961
[INFO] [stdout]                                at /rustc/90b35a6239c3d8bdabc530a6a0816f7ff89a0aaf/library/std/src/panicking.rs:268:22
[INFO] [stdout]    9:     0x58d955e2ff14 - std::panicking::default_hook::hf614597d3c67bbdb
[INFO] [stdout]                                at /rustc/90b35a6239c3d8bdabc530a6a0816f7ff89a0aaf/library/std/src/panicking.rs:292:9
[INFO] [stdout]   10:     0x58d955d9c759 - <alloc::boxed::Box<F,A> as core::ops::function::Fn<Args>>::call::h39b51ce4599c23d1
[INFO] [stdout]                                at /rustc/90b35a6239c3d8bdabc530a6a0816f7ff89a0aaf/library/alloc/src/boxed.rs:2468:9
[INFO] [stdout]   11:     0x58d955d9c759 - test::test_main::{{closure}}::he977ae839a582784
[INFO] [stdout]                                at /rustc/90b35a6239c3d8bdabc530a6a0816f7ff89a0aaf/library/test/src/lib.rs:133:21
[INFO] [stdout]   12:     0x58d955e307a8 - <alloc::boxed::Box<F,A> as core::ops::function::Fn<Args>>::call::h9455091b6b06f9fb
[INFO] [stdout]                                at /rustc/90b35a6239c3d8bdabc530a6a0816f7ff89a0aaf/library/alloc/src/boxed.rs:2468:9
[INFO] [stdout]   13:     0x58d955e307a8 - std::panicking::rust_panic_with_hook::h8942133a8b252070
[INFO] [stdout]                                at /rustc/90b35a6239c3d8bdabc530a6a0816f7ff89a0aaf/library/std/src/panicking.rs:809:13
[INFO] [stdout]   14:     0x58d955e3056a - std::panicking::begin_panic_handler::{{closure}}::hb5f5963570096b29
[INFO] [stdout]                                at /rustc/90b35a6239c3d8bdabc530a6a0816f7ff89a0aaf/library/std/src/panicking.rs:674:13
[INFO] [stdout]   15:     0x58d955e2f189 - std::sys::backtrace::__rust_end_short_backtrace::h6208cedc1922feda
[INFO] [stdout]                                at /rustc/90b35a6239c3d8bdabc530a6a0816f7ff89a0aaf/library/std/src/sys/backtrace.rs:170:18
[INFO] [stdout]   16:     0x58d955e301fc - rust_begin_unwind
[INFO] [stdout]                                at /rustc/90b35a6239c3d8bdabc530a6a0816f7ff89a0aaf/library/std/src/panicking.rs:665:5
[INFO] [stdout]   17:     0x58d955d0daa0 - core::panicking::panic_fmt::h0c3082644d1bf418
[INFO] [stdout]                                at /rustc/90b35a6239c3d8bdabc530a6a0816f7ff89a0aaf/library/core/src/panicking.rs:74:14
[INFO] [stdout]   18:     0x58d955d4b2b6 - terminal_dungeon::views::screen_manager::test::test_main_loop_screen::h30a8637a8338ea52
[INFO] [stdout]                                at /opt/rustwide/workdir/src/views/screen_manager.rs:574:5
[INFO] [stdout]   19:     0x58d955d4b1a7 - terminal_dungeon::views::screen_manager::test::test_main_loop_screen::{{closure}}::h8df2843bd167aefd
[INFO] [stdout]                                at /opt/rustwide/workdir/src/views/screen_manager.rs:575:31
[INFO] [stdout]   20:     0x58d955d5adf6 - core::ops::function::FnOnce::call_once::he395d3dc69c29ee7
[INFO] [stdout]                                at /rustc/90b35a6239c3d8bdabc530a6a0816f7ff89a0aaf/library/core/src/ops/function.rs:250:5
[INFO] [stdout]   21:     0x58d955da111b - core::ops::function::FnOnce::call_once::h109cf8051a59b34e
[INFO] [stdout]                                at /rustc/90b35a6239c3d8bdabc530a6a0816f7ff89a0aaf/library/core/src/ops/function.rs:250:5
[INFO] [stdout]   22:     0x58d955da111b - test::__rust_begin_short_backtrace::hf4fff89d377446ba
[INFO] [stdout]                                at /rustc/90b35a6239c3d8bdabc530a6a0816f7ff89a0aaf/library/test/src/lib.rs:621:18
[INFO] [stdout]   23:     0x58d955da0957 - test::run_test_in_process::{{closure}}::h0e39181dd7ee5a43
[INFO] [stdout]                                at /rustc/90b35a6239c3d8bdabc530a6a0816f7ff89a0aaf/library/test/src/lib.rs:644:60
[INFO] [stdout]   24:     0x58d955da0957 - <core::panic::unwind_safe::AssertUnwindSafe<F> as core::ops::function::FnOnce<()>>::call_once::hc5a66a30f0bdfd1f
[INFO] [stdout]                                at /rustc/90b35a6239c3d8bdabc530a6a0816f7ff89a0aaf/library/core/src/panic/unwind_safe.rs:272:9
[INFO] [stdout]   25:     0x58d955da0957 - std::panicking::try::do_call::h873b7cf639554a5e
[INFO] [stdout]                                at /rustc/90b35a6239c3d8bdabc530a6a0816f7ff89a0aaf/library/std/src/panicking.rs:557:40
[INFO] [stdout]   26:     0x58d955da0957 - std::panicking::try::hdb19862fad9c8bd1
[INFO] [stdout]                                at /rustc/90b35a6239c3d8bdabc530a6a0816f7ff89a0aaf/library/std/src/panicking.rs:520:19
[INFO] [stdout]   27:     0x58d955da0957 - std::panic::catch_unwind::h281fe732d236d260
[INFO] [stdout]                                at /rustc/90b35a6239c3d8bdabc530a6a0816f7ff89a0aaf/library/std/src/panic.rs:358:14
[INFO] [stdout]   28:     0x58d955da0957 - test::run_test_in_process::h949b6df8457ed338
[INFO] [stdout]                                at /rustc/90b35a6239c3d8bdabc530a6a0816f7ff89a0aaf/library/test/src/lib.rs:644:27
[INFO] [stdout]   29:     0x58d955da0957 - test::run_test::{{closure}}::h52c556a6d4740e10
[INFO] [stdout]                                at /rustc/90b35a6239c3d8bdabc530a6a0816f7ff89a0aaf/library/test/src/lib.rs:565:43
[INFO] [stdout]   30:     0x58d955d65c34 - test::run_test::{{closure}}::h4237f6381c45ccb9
[INFO] [stdout]                                at /rustc/90b35a6239c3d8bdabc530a6a0816f7ff89a0aaf/library/test/src/lib.rs:595:41
[INFO] [stdout]   31:     0x58d955d65c34 - std::sys::backtrace::__rust_begin_short_backtrace::h505c97a579eca628
[INFO] [stdout]                                at /rustc/90b35a6239c3d8bdabc530a6a0816f7ff89a0aaf/library/std/src/sys/backtrace.rs:154:18
[INFO] [stdout]   32:     0x58d955d692fe - std::thread::Builder::spawn_unchecked_::{{closure}}::{{closure}}::h9e86b2e2bc107ea3
[INFO] [stdout]                                at /rustc/90b35a6239c3d8bdabc530a6a0816f7ff89a0aaf/library/std/src/thread/mod.rs:538:17
[INFO] [stdout]   33:     0x58d955d692fe - <core::panic::unwind_safe::AssertUnwindSafe<F> as core::ops::function::FnOnce<()>>::call_once::h8b06ddb275ff4a25
[INFO] [stdout]                                at /rustc/90b35a6239c3d8bdabc530a6a0816f7ff89a0aaf/library/core/src/panic/unwind_safe.rs:272:9
[INFO] [stdout]   34:     0x58d955d692fe - std::panicking::try::do_call::hb26ecd7cd9a9355d
[INFO] [stdout]                                at /rustc/90b35a6239c3d8bdabc530a6a0816f7ff89a0aaf/library/std/src/panicking.rs:557:40
[INFO] [stdout]   35:     0x58d955d692fe - std::panicking::try::h8ddeca9d705f9069
[INFO] [stdout]                                at /rustc/90b35a6239c3d8bdabc530a6a0816f7ff89a0aaf/library/std/src/panicking.rs:520:19
[INFO] [stdout]   36:     0x58d955d692fe - std::panic::catch_unwind::h49e1c33078844c46
[INFO] [stdout]                                at /rustc/90b35a6239c3d8bdabc530a6a0816f7ff89a0aaf/library/std/src/panic.rs:358:14
[INFO] [stdout]   37:     0x58d955d692fe - std::thread::Builder::spawn_unchecked_::{{closure}}::h6073db6ff56ad35d
[INFO] [stdout]                                at /rustc/90b35a6239c3d8bdabc530a6a0816f7ff89a0aaf/library/std/src/thread/mod.rs:537:30
[INFO] [stdout]   38:     0x58d955d692fe - core::ops::function::FnOnce::call_once{{vtable.shim}}::h2c5a5f3779c774f1
[INFO] [stdout]                                at /rustc/90b35a6239c3d8bdabc530a6a0816f7ff89a0aaf/library/core/src/ops/function.rs:250:5
[INFO] [stdout]   39:     0x58d955e345eb - <alloc::boxed::Box<F,A> as core::ops::function::FnOnce<Args>>::call_once::hf75717d9f28faebf
[INFO] [stdout]                                at /rustc/90b35a6239c3d8bdabc530a6a0816f7ff89a0aaf/library/alloc/src/boxed.rs:2454:9
[INFO] [stdout]   40:     0x58d955e345eb - <alloc::boxed::Box<F,A> as core::ops::function::FnOnce<Args>>::call_once::h7bd883a5f3c5f3c1
[INFO] [stdout]                                at /rustc/90b35a6239c3d8bdabc530a6a0816f7ff89a0aaf/library/alloc/src/boxed.rs:2454:9
[INFO] [stdout]   41:     0x58d955e345eb - std::sys::pal::unix::thread::Thread::new::thread_start::hcc78f3943333fa94
[INFO] [stdout]                                at /rustc/90b35a6239c3d8bdabc530a6a0816f7ff89a0aaf/library/std/src/sys/pal/unix/thread.rs:105:17
[INFO] [stdout]   42:     0x7c1607425ac3 - <unknown>
[INFO] [stdout]   43:     0x7c16074b6a04 - clone
[INFO] [stdout]   44:                0x0 - <unknown>
[INFO] [stdout] 
[INFO] [stdout] ---- views::screen_manager::test::test_main_loop_screens_and_popups stdout ----
[INFO] [stdout] thread '<unnamed>' panicked at src/views/screen_manager.rs:630:12:
[INFO] [stdout] called `Result::unwrap()` on an `Err` value: IoError(Custom { kind: Other, error: "IO-error occurred" })
[INFO] [stdout] stack backtrace:
[INFO] [stdout]    0:     0x58d955e2ecaa - std::backtrace_rs::backtrace::libunwind::trace::h5a5b8284f2d0c266
[INFO] [stdout]                                at /rustc/90b35a6239c3d8bdabc530a6a0816f7ff89a0aaf/library/std/src/../../backtrace/src/backtrace/libunwind.rs:116:5
[INFO] [stdout]    1:     0x58d955e2ecaa - std::backtrace_rs::backtrace::trace_unsynchronized::h76d4f1c9b0b875e3
[INFO] [stdout]                                at /rustc/90b35a6239c3d8bdabc530a6a0816f7ff89a0aaf/library/std/src/../../backtrace/src/backtrace/mod.rs:66:5
[INFO] [stdout]    2:     0x58d955e2ecaa - std::sys::backtrace::_print_fmt::hc4546b8364a537c6
[INFO] [stdout]                                at /rustc/90b35a6239c3d8bdabc530a6a0816f7ff89a0aaf/library/std/src/sys/backtrace.rs:66:9
[INFO] [stdout]    3:     0x58d955e2ecaa - <std::sys::backtrace::BacktraceLock::print::DisplayBacktrace as core::fmt::Display>::fmt::h5b6bd5631a6d1f6b
[INFO] [stdout]                                at /rustc/90b35a6239c3d8bdabc530a6a0816f7ff89a0aaf/library/std/src/sys/backtrace.rs:39:26
[INFO] [stdout]    4:     0x58d955e547b3 - core::fmt::rt::Argument::fmt::h270f6602a2b96f62
[INFO] [stdout]                                at /rustc/90b35a6239c3d8bdabc530a6a0816f7ff89a0aaf/library/core/src/fmt/rt.rs:177:76
[INFO] [stdout]    5:     0x58d955e547b3 - core::fmt::write::h7550c97b06c86515
[INFO] [stdout]                                at /rustc/90b35a6239c3d8bdabc530a6a0816f7ff89a0aaf/library/core/src/fmt/mod.rs:1186:21
[INFO] [stdout]    6:     0x58d955e2be23 - std::io::Write::write_fmt::h509ff860e5956e5e
[INFO] [stdout]                                at /rustc/90b35a6239c3d8bdabc530a6a0816f7ff89a0aaf/library/std/src/io/mod.rs:1839:15
[INFO] [stdout]    7:     0x58d955e2eaf2 - std::sys::backtrace::BacktraceLock::print::h2395ccd2c84ba3aa
[INFO] [stdout]                                at /rustc/90b35a6239c3d8bdabc530a6a0816f7ff89a0aaf/library/std/src/sys/backtrace.rs:42:9
[INFO] [stdout]    8:     0x58d955e3010a - std::panicking::default_hook::{{closure}}::he19d4c7230e07961
[INFO] [stdout]                                at /rustc/90b35a6239c3d8bdabc530a6a0816f7ff89a0aaf/library/std/src/panicking.rs:268:22
[INFO] [stdout]    9:     0x58d955e2ff14 - std::panicking::default_hook::hf614597d3c67bbdb
[INFO] [stdout]                                at /rustc/90b35a6239c3d8bdabc530a6a0816f7ff89a0aaf/library/std/src/panicking.rs:292:9
[INFO] [stdout]   10:     0x58d955d9c759 - <alloc::boxed::Box<F,A> as core::ops::function::Fn<Args>>::call::h39b51ce4599c23d1
[INFO] [stdout]                                at /rustc/90b35a6239c3d8bdabc530a6a0816f7ff89a0aaf/library/alloc/src/boxed.rs:2468:9
[INFO] [stdout]   11:     0x58d955d9c759 - test::test_main::{{closure}}::he977ae839a582784
[INFO] [stdout]                                at /rustc/90b35a6239c3d8bdabc530a6a0816f7ff89a0aaf/library/test/src/lib.rs:133:21
[INFO] [stdout]   12:     0x58d955e307a8 - <alloc::boxed::Box<F,A> as core::ops::function::Fn<Args>>::call::h9455091b6b06f9fb
[INFO] [stdout]                                at /rustc/90b35a6239c3d8bdabc530a6a0816f7ff89a0aaf/library/alloc/src/boxed.rs:2468:9
[INFO] [stdout]   13:     0x58d955e307a8 - std::panicking::rust_panic_with_hook::h8942133a8b252070
[INFO] [stdout]                                at /rustc/90b35a6239c3d8bdabc530a6a0816f7ff89a0aaf/library/std/src/panicking.rs:809:13
[INFO] [stdout]   14:     0x58d955e3056a - std::panicking::begin_panic_handler::{{closure}}::hb5f5963570096b29
[INFO] [stdout]                                at /rustc/90b35a6239c3d8bdabc530a6a0816f7ff89a0aaf/library/std/src/panicking.rs:674:13
[INFO] [stdout]   15:     0x58d955e2f189 - std::sys::backtrace::__rust_end_short_backtrace::h6208cedc1922feda
[INFO] [stdout]                                at /rustc/90b35a6239c3d8bdabc530a6a0816f7ff89a0aaf/library/std/src/sys/backtrace.rs:170:18
[INFO] [stdout]   16:     0x58d955e301fc - rust_begin_unwind
[INFO] [stdout]                                at /rustc/90b35a6239c3d8bdabc530a6a0816f7ff89a0aaf/library/std/src/panicking.rs:665:5
[INFO] [stdout]   17:     0x58d955d0daa0 - core::panicking::panic_fmt::h0c3082644d1bf418
[INFO] [stdout]                                at /rustc/90b35a6239c3d8bdabc530a6a0816f7ff89a0aaf/library/core/src/panicking.rs:74:14
[INFO] [stdout]   18:     0x58d955d0dee6 - core::result::unwrap_failed::hd20b4aa073bda1e2
[INFO] [stdout]                                at /rustc/90b35a6239c3d8bdabc530a6a0816f7ff89a0aaf/library/core/src/result.rs:1700:5
[INFO] [stdout]   19:     0x58d955d4c1ed - core::result::Result<T,E>::unwrap::h272f9ad479bb1050
[INFO] [stdout]                                at /rustc/90b35a6239c3d8bdabc530a6a0816f7ff89a0aaf/library/core/src/result.rs:1104:23
[INFO] [stdout]   20:     0x58d955d4c1ed - terminal_dungeon::views::screen_manager::test::test_main_loop_screens_and_popups::ntest_callback::h20e00e584cecc9a5
[INFO] [stdout]                                at /opt/rustwide/workdir/src/views/screen_manager.rs:628:34
[INFO] [stdout]   21:     0x58d955d5a55e - core::ops::function::Fn::call::h961535fe56ac970a
[INFO] [stdout]                                at /rustc/90b35a6239c3d8bdabc530a6a0816f7ff89a0aaf/library/core/src/ops/function.rs:79:5
[INFO] [stdout]   22:     0x58d955d4d1aa - ntest_proc_macro_helper::execute_with_timeout::{{closure}}::hd614b876166d8f41
[INFO] [stdout]                                at /opt/rustwide/cargo-home/registry/src/index.crates.io-6f17d22bba15001f/ntest_proc_macro_helper-0.7.3/src/lib.rs:14:27
[INFO] [stdout]   23:     0x58d955d35e16 - std::sys::backtrace::__rust_begin_short_backtrace::h54e2a21eaa385f96
[INFO] [stdout]                                at /rustc/90b35a6239c3d8bdabc530a6a0816f7ff89a0aaf/library/std/src/sys/backtrace.rs:154:18
[INFO] [stdout]   24:     0x58d955d57931 - std::thread::Builder::spawn_unchecked_::{{closure}}::{{closure}}::he23cda1bc459d2a1
[INFO] [stdout]                                at /rustc/90b35a6239c3d8bdabc530a6a0816f7ff89a0aaf/library/std/src/thread/mod.rs:538:17
[INFO] [stdout]   25:     0x58d955d2f361 - <core::panic::unwind_safe::AssertUnwindSafe<F> as core::ops::function::FnOnce<()>>::call_once::h33648b1374f958b5
[INFO] [stdout]                                at /rustc/90b35a6239c3d8bdabc530a6a0816f7ff89a0aaf/library/core/src/panic/unwind_safe.rs:272:9
[INFO] [stdout]   26:     0x58d955d26dc2 - std::panicking::try::do_call::h1bde7f1a889a5609
[INFO] [stdout]                                at /rustc/90b35a6239c3d8bdabc530a6a0816f7ff89a0aaf/library/std/src/panicking.rs:557:40
[INFO] [stdout]   27:     0x58d955d580eb - __rust_try
[INFO] [stdout]   28:     0x58d955d56053 - std::panicking::try::h4bc600310d202c62
[INFO] [stdout]                                at /rustc/90b35a6239c3d8bdabc530a6a0816f7ff89a0aaf/library/std/src/panicking.rs:520:19
[INFO] [stdout]   29:     0x58d955d56053 - std::panic::catch_unwind::h842e5ceb346446f4
[INFO] [stdout]                                at /rustc/90b35a6239c3d8bdabc530a6a0816f7ff89a0aaf/library/std/src/panic.rs:358:14
[INFO] [stdout]   30:     0x58d955d56053 - std::thread::Builder::spawn_unchecked_::{{closure}}::h2b6b177ba505244f
[INFO] [stdout]                                at /rustc/90b35a6239c3d8bdabc530a6a0816f7ff89a0aaf/library/std/src/thread/mod.rs:537:30
[INFO] [stdout]   31:     0x58d955d5a63e - core::ops::function::FnOnce::call_once{{vtable.shim}}::h40c0b3784c5be34b
[INFO] [stdout]                                at /rustc/90b35a6239c3d8bdabc530a6a0816f7ff89a0aaf/library/core/src/ops/function.rs:250:5
[INFO] [stdout]   32:     0x58d955e345eb - <alloc::boxed::Box<F,A> as core::ops::function::FnOnce<Args>>::call_once::hf75717d9f28faebf
[INFO] [stdout]                                at /rustc/90b35a6239c3d8bdabc530a6a0816f7ff89a0aaf/library/alloc/src/boxed.rs:2454:9
[INFO] [stdout]   33:     0x58d955e345eb - <alloc::boxed::Box<F,A> as core::ops::function::FnOnce<Args>>::call_once::h7bd883a5f3c5f3c1
[INFO] [stdout]                                at /rustc/90b35a6239c3d8bdabc530a6a0816f7ff89a0aaf/library/alloc/src/boxed.rs:2454:9
[INFO] [stdout]   34:     0x58d955e345eb - std::sys::pal::unix::thread::Thread::new::thread_start::hcc78f3943333fa94
[INFO] [stdout]                                at /rustc/90b35a6239c3d8bdabc530a6a0816f7ff89a0aaf/library/std/src/sys/pal/unix/thread.rs:105:17
[INFO] [stdout]   35:     0x7c1607425ac3 - <unknown>
[INFO] [stdout]   36:     0x7c16074b6a04 - clone
[INFO] [stdout]   37:                0x0 - <unknown>
[INFO] [stdout] thread 'views::screen_manager::test::test_main_loop_screens_and_popups' panicked at src/views/screen_manager.rs:626:5:
[INFO] [stdout] timeout: the function call took 116 ms. Max time 2000 ms
[INFO] [stdout] stack backtrace:
[INFO] [stdout]    0:     0x58d955e2ecaa - std::backtrace_rs::backtrace::libunwind::trace::h5a5b8284f2d0c266
[INFO] [stdout]                                at /rustc/90b35a6239c3d8bdabc530a6a0816f7ff89a0aaf/library/std/src/../../backtrace/src/backtrace/libunwind.rs:116:5
[INFO] [stdout]    1:     0x58d955e2ecaa - std::backtrace_rs::backtrace::trace_unsynchronized::h76d4f1c9b0b875e3
[INFO] [stdout]                                at /rustc/90b35a6239c3d8bdabc530a6a0816f7ff89a0aaf/library/std/src/../../backtrace/src/backtrace/mod.rs:66:5
[INFO] [stdout]    2:     0x58d955e2ecaa - std::sys::backtrace::_print_fmt::hc4546b8364a537c6
[INFO] [stdout]                                at /rustc/90b35a6239c3d8bdabc530a6a0816f7ff89a0aaf/library/std/src/sys/backtrace.rs:66:9
[INFO] [stdout]    3:     0x58d955e2ecaa - <std::sys::backtrace::BacktraceLock::print::DisplayBacktrace as core::fmt::Display>::fmt::h5b6bd5631a6d1f6b
[INFO] [stdout]                                at /rustc/90b35a6239c3d8bdabc530a6a0816f7ff89a0aaf/library/std/src/sys/backtrace.rs:39:26
[INFO] [stdout]    4:     0x58d955e547b3 - core::fmt::rt::Argument::fmt::h270f6602a2b96f62
[INFO] [stdout]                                at /rustc/90b35a6239c3d8bdabc530a6a0816f7ff89a0aaf/library/core/src/fmt/rt.rs:177:76
[INFO] [stdout]    5:     0x58d955e547b3 - core::fmt::write::h7550c97b06c86515
[INFO] [stdout]                                at /rustc/90b35a6239c3d8bdabc530a6a0816f7ff89a0aaf/library/core/src/fmt/mod.rs:1186:21
[INFO] [stdout]    6:     0x58d955e2be23 - std::io::Write::write_fmt::h509ff860e5956e5e
[INFO] [stdout]                                at /rustc/90b35a6239c3d8bdabc530a6a0816f7ff89a0aaf/library/std/src/io/mod.rs:1839:15
[INFO] [stdout]    7:     0x58d955e2eaf2 - std::sys::backtrace::BacktraceLock::print::h2395ccd2c84ba3aa
[INFO] [stdout]                                at /rustc/90b35a6239c3d8bdabc530a6a0816f7ff89a0aaf/library/std/src/sys/backtrace.rs:42:9
[INFO] [stdout]    8:     0x58d955e3010a - std::panicking::default_hook::{{closure}}::he19d4c7230e07961
[INFO] [stdout]                                at /rustc/90b35a6239c3d8bdabc530a6a0816f7ff89a0aaf/library/std/src/panicking.rs:268:22
[INFO] [stdout]    9:     0x58d955e2ff14 - std::panicking::default_hook::hf614597d3c67bbdb
[INFO] [stdout]                                at /rustc/90b35a6239c3d8bdabc530a6a0816f7ff89a0aaf/library/std/src/panicking.rs:292:9
[INFO] [stdout]   10:     0x58d955d9c759 - <alloc::boxed::Box<F,A> as core::ops::function::Fn<Args>>::call::h39b51ce4599c23d1
[INFO] [stdout]                                at /rustc/90b35a6239c3d8bdabc530a6a0816f7ff89a0aaf/library/alloc/src/boxed.rs:2468:9
[INFO] [stdout]   11:     0x58d955d9c759 - test::test_main::{{closure}}::he977ae839a582784
[INFO] [stdout]                                at /rustc/90b35a6239c3d8bdabc530a6a0816f7ff89a0aaf/library/test/src/lib.rs:133:21
[INFO] [stdout]   12:     0x58d955e307a8 - <alloc::boxed::Box<F,A> as core::ops::function::Fn<Args>>::call::h9455091b6b06f9fb
[INFO] [stdout]                                at /rustc/90b35a6239c3d8bdabc530a6a0816f7ff89a0aaf/library/alloc/src/boxed.rs:2468:9
[INFO] [stdout]   13:     0x58d955e307a8 - std::panicking::rust_panic_with_hook::h8942133a8b252070
[INFO] [stdout]                                at /rustc/90b35a6239c3d8bdabc530a6a0816f7ff89a0aaf/library/std/src/panicking.rs:809:13
[INFO] [stdout]   14:     0x58d955e3056a - std::panicking::begin_panic_handler::{{closure}}::hb5f5963570096b29
[INFO] [stdout]                                at /rustc/90b35a6239c3d8bdabc530a6a0816f7ff89a0aaf/library/std/src/panicking.rs:674:13
[INFO] [stdout]   15:     0x58d955e2f189 - std::sys::backtrace::__rust_end_short_backtrace::h6208cedc1922feda
[INFO] [stdout]                                at /rustc/90b35a6239c3d8bdabc530a6a0816f7ff89a0aaf/library/std/src/sys/backtrace.rs:170:18
[INFO] [stdout]   16:     0x58d955e301fc - rust_begin_unwind
[INFO] [stdout]                                at /rustc/90b35a6239c3d8bdabc530a6a0816f7ff89a0aaf/library/std/src/panicking.rs:665:5
[INFO] [stdout]   17:     0x58d955d0daa0 - core::panicking::panic_fmt::h0c3082644d1bf418
[INFO] [stdout]                                at /rustc/90b35a6239c3d8bdabc530a6a0816f7ff89a0aaf/library/core/src/panicking.rs:74:14
[INFO] [stdout]   18:     0x58d955d4c096 - terminal_dungeon::views::screen_manager::test::test_main_loop_screens_and_popups::h1d6270aa47e21c96
[INFO] [stdout]                                at /opt/rustwide/workdir/src/views/screen_manager.rs:626:5
[INFO] [stdout]   19:     0x58d955d4bf87 - terminal_dungeon::views::screen_manager::test::test_main_loop_screens_and_popups::{{closure}}::h859de0252915264b
[INFO] [stdout]                                at /opt/rustwide/workdir/src/views/screen_manager.rs:627:43
[INFO] [stdout]   20:     0x58d955d5ad26 - core::ops::function::FnOnce::call_once::hcc01dc2d9f960c41
[INFO] [stdout]                                at /rustc/90b35a6239c3d8bdabc530a6a0816f7ff89a0aaf/library/core/src/ops/function.rs:250:5
[INFO] [stdout]   21:     0x58d955da111b - core::ops::function::FnOnce::call_once::h109cf8051a59b34e
[INFO] [stdout]                                at /rustc/90b35a6239c3d8bdabc530a6a0816f7ff89a0aaf/library/core/src/ops/function.rs:250:5
[INFO] [stdout]   22:     0x58d955da111b - test::__rust_begin_short_backtrace::hf4fff89d377446ba
[INFO] [stdout]                                at /rustc/90b35a6239c3d8bdabc530a6a0816f7ff89a0aaf/library/test/src/lib.rs:621:18
[INFO] [stdout]   23:     0x58d955da0957 - test::run_test_in_process::{{closure}}::h0e39181dd7ee5a43
[INFO] [stdout]                                at /rustc/90b35a6239c3d8bdabc530a6a0816f7ff89a0aaf/library/test/src/lib.rs:644:60
[INFO] [stdout]   24:     0x58d955da0957 - <core::panic::unwind_safe::AssertUnwindSafe<F> as core::ops::function::FnOnce<()>>::call_once::hc5a66a30f0bdfd1f
[INFO] [stdout]                                at /rustc/90b35a6239c3d8bdabc530a6a0816f7ff89a0aaf/library/core/src/panic/unwind_safe.rs:272:9
[INFO] [stdout]   25:     0x58d955da0957 - std::panicking::try::do_call::h873b7cf639554a5e
[INFO] [stdout]                                at /rustc/90b35a6239c3d8bdabc530a6a0816f7ff89a0aaf/library/std/src/panicking.rs:557:40
[INFO] [stdout]   26:     0x58d955da0957 - std::panicking::try::hdb19862fad9c8bd1
[INFO] [stdout]                                at /rustc/90b35a6239c3d8bdabc530a6a0816f7ff89a0aaf/library/std/src/panicking.rs:520:19
[INFO] [stdout]   27:     0x58d955da0957 - std::panic::catch_unwind::h281fe732d236d260
[INFO] [stdout]                                at /rustc/90b35a6239c3d8bdabc530a6a0816f7ff89a0aaf/library/std/src/panic.rs:358:14
[INFO] [stdout]   28:     0x58d955da0957 - test::run_test_in_process::h949b6df8457ed338
[INFO] [stdout]                                at /rustc/90b35a6239c3d8bdabc530a6a0816f7ff89a0aaf/library/test/src/lib.rs:644:27
[INFO] [stdout]   29:     0x58d955da0957 - test::run_test::{{closure}}::h52c556a6d4740e10
[INFO] [stdout]                                at /rustc/90b35a6239c3d8bdabc530a6a0816f7ff89a0aaf/library/test/src/lib.rs:565:43
[INFO] [stdout]   30:     0x58d955d65c34 - test::run_test::{{closure}}::h4237f6381c45ccb9
[INFO] [stdout]                                at /rustc/90b35a6239c3d8bdabc530a6a0816f7ff89a0aaf/library/test/src/lib.rs:595:41
[INFO] [stdout]   31:     0x58d955d65c34 - std::sys::backtrace::__rust_begin_short_backtrace::h505c97a579eca628
[INFO] [stdout]                                at /rustc/90b35a6239c3d8bdabc530a6a0816f7ff89a0aaf/library/std/src/sys/backtrace.rs:154:18
[INFO] [stdout]   32:     0x58d955d692fe - std::thread::Builder::spawn_unchecked_::{{closure}}::{{closure}}::h9e86b2e2bc107ea3
[INFO] [stdout]                                at /rustc/90b35a6239c3d8bdabc530a6a0816f7ff89a0aaf/library/std/src/thread/mod.rs:538:17
[INFO] [stdout]   33:     0x58d955d692fe - <core::panic::unwind_safe::AssertUnwindSafe<F> as core::ops::function::FnOnce<()>>::call_once::h8b06ddb275ff4a25
[INFO] [stdout]                                at /rustc/90b35a6239c3d8bdabc530a6a0816f7ff89a0aaf/library/core/src/panic/unwind_safe.rs:272:9
[INFO] [stdout]   34:     0x58d955d692fe - std::panicking::try::do_call::hb26ecd7cd9a9355d
[INFO] [stdout]                                at /rustc/90b35a6239c3d8bdabc530a6a0816f7ff89a0aaf/library/std/src/panicking.rs:557:40
[INFO] [stdout]   35:     0x58d955d692fe - std::panicking::try::h8ddeca9d705f9069
[INFO] [stdout]                                at /rustc/90b35a6239c3d8bdabc530a6a0816f7ff89a0aaf/library/std/src/panicking.rs:520:19
[INFO] [stdout]   36:     0x58d955d692fe - std::panic::catch_unwind::h49e1c33078844c46
[INFO] [stdout]                                at /rustc/90b35a6239c3d8bdabc530a6a0816f7ff89a0aaf/library/std/src/panic.rs:358:14
[INFO] [stdout]   37:     0x58d955d692fe - std::thread::Builder::spawn_unchecked_::{{closure}}::h6073db6ff56ad35d
[INFO] [stdout]                                at /rustc/90b35a6239c3d8bdabc530a6a0816f7ff89a0aaf/library/std/src/thread/mod.rs:537:30
[INFO] [stdout]   38:     0x58d955d692fe - core::ops::function::FnOnce::call_once{{vtable.shim}}::h2c5a5f3779c774f1
[INFO] [stdout]                                at /rustc/90b35a6239c3d8bdabc530a6a0816f7ff89a0aaf/library/core/src/ops/function.rs:250:5
[INFO] [stdout]   39:     0x58d955e345eb - <alloc::boxed::Box<F,A> as core::ops::function::FnOnce<Args>>::call_once::hf75717d9f28faebf
[INFO] [stdout]                                at /rustc/90b35a6239c3d8bdabc530a6a0816f7ff89a0aaf/library/alloc/src/boxed.rs:2454:9
[INFO] [stdout]   40:     0x58d955e345eb - <alloc::boxed::Box<F,A> as core::ops::function::FnOnce<Args>>::call_once::h7bd883a5f3c5f3c1
[INFO] [stdout]                                at /rustc/90b35a6239c3d8bdabc530a6a0816f7ff89a0aaf/library/alloc/src/boxed.rs:2454:9
[INFO] [stdout]   41:     0x58d955e345eb - std::sys::pal::unix::thread::Thread::new::thread_start::hcc78f3943333fa94
[INFO] [stdout]                                at /rustc/90b35a6239c3d8bdabc530a6a0816f7ff89a0aaf/library/std/src/sys/pal/unix/thread.rs:105:17
[INFO] [stdout]   42:     0x7c1607425ac3 - <unknown>
[INFO] [stdout]   43:     0x7c16074b6a04 - clone
[INFO] [stdout]   44:                0x0 - <unknown>
[INFO] [stdout] 
[INFO] [stdout] ---- views::screen_manager::test::test_main_loop_popup stdout ----
[INFO] [stdout] thread '<unnamed>' panicked at src/views/screen_manager.rs:604:12:
[INFO] [stdout] called `Result::unwrap()` on an `Err` value: IoError(Custom { kind: Other, error: "IO-error occurred" })
[INFO] [stdout] stack backtrace:
[INFO] [stdout]    0:     0x58d955e2ecaa - std::backtrace_rs::backtrace::libunwind::trace::h5a5b8284f2d0c266
[INFO] [stdout]                                at /rustc/90b35a6239c3d8bdabc530a6a0816f7ff89a0aaf/library/std/src/../../backtrace/src/backtrace/libunwind.rs:116:5
[INFO] [stdout]    1:     0x58d955e2ecaa - std::backtrace_rs::backtrace::trace_unsynchronized::h76d4f1c9b0b875e3
[INFO] [stdout]                                at /rustc/90b35a6239c3d8bdabc530a6a0816f7ff89a0aaf/library/std/src/../../backtrace/src/backtrace/mod.rs:66:5
[INFO] [stdout]    2:     0x58d955e2ecaa - std::sys::backtrace::_print_fmt::hc4546b8364a537c6
[INFO] [stdout]                                at /rustc/90b35a6239c3d8bdabc530a6a0816f7ff89a0aaf/library/std/src/sys/backtrace.rs:66:9
[INFO] [stdout]    3:     0x58d955e2ecaa - <std::sys::backtrace::BacktraceLock::print::DisplayBacktrace as core::fmt::Display>::fmt::h5b6bd5631a6d1f6b
[INFO] [stdout]                                at /rustc/90b35a6239c3d8bdabc530a6a0816f7ff89a0aaf/library/std/src/sys/backtrace.rs:39:26
[INFO] [stdout]    4:     0x58d955e547b3 - core::fmt::rt::Argument::fmt::h270f6602a2b96f62
[INFO] [stdout]                                at /rustc/90b35a6239c3d8bdabc530a6a0816f7ff89a0aaf/library/core/src/fmt/rt.rs:177:76
[INFO] [stdout]    5:     0x58d955e547b3 - core::fmt::write::h7550c97b06c86515
[INFO] [stdout]                                at /rustc/90b35a6239c3d8bdabc530a6a0816f7ff89a0aaf/library/core/src/fmt/mod.rs:1186:21
[INFO] [stdout]    6:     0x58d955e2be23 - std::io::Write::write_fmt::h509ff860e5956e5e
[INFO] [stdout]                                at /rustc/90b35a6239c3d8bdabc530a6a0816f7ff89a0aaf/library/std/src/io/mod.rs:1839:15
[INFO] [stdout]    7:     0x58d955e2eaf2 - std::sys::backtrace::BacktraceLock::print::h2395ccd2c84ba3aa
[INFO] [stdout]                                at /rustc/90b35a6239c3d8bdabc530a6a0816f7ff89a0aaf/library/std/src/sys/backtrace.rs:42:9
[INFO] [stdout]    8:     0x58d955e3010a - std::panicking::default_hook::{{closure}}::he19d4c7230e07961
[INFO] [stdout]                                at /rustc/90b35a6239c3d8bdabc530a6a0816f7ff89a0aaf/library/std/src/panicking.rs:268:22
[INFO] [stdout]    9:     0x58d955e2ff14 - std::panicking::default_hook::hf614597d3c67bbdb
[INFO] [stdout]                                at /rustc/90b35a6239c3d8bdabc530a6a0816f7ff89a0aaf/library/std/src/panicking.rs:292:9
[INFO] [stdout]   10:     0x58d955d9c759 - <alloc::boxed::Box<F,A> as core::ops::function::Fn<Args>>::call::h39b51ce4599c23d1
[INFO] [stdout]                                at /rustc/90b35a6239c3d8bdabc530a6a0816f7ff89a0aaf/library/alloc/src/boxed.rs:2468:9
[INFO] [stdout]   11:     0x58d955d9c759 - test::test_main::{{closure}}::he977ae839a582784
[INFO] [stdout]                                at /rustc/90b35a6239c3d8bdabc530a6a0816f7ff89a0aaf/library/test/src/lib.rs:133:21
[INFO] [stdout]   12:     0x58d955e307a8 - <alloc::boxed::Box<F,A> as core::ops::function::Fn<Args>>::call::h9455091b6b06f9fb
[INFO] [stdout]                                at /rustc/90b35a6239c3d8bdabc530a6a0816f7ff89a0aaf/library/alloc/src/boxed.rs:2468:9
[INFO] [stdout]   13:     0x58d955e307a8 - std::panicking::rust_panic_with_hook::h8942133a8b252070
[INFO] [stdout]                                at /rustc/90b35a6239c3d8bdabc530a6a0816f7ff89a0aaf/library/std/src/panicking.rs:809:13
[INFO] [stdout]   14:     0x58d955e3056a - std::panicking::begin_panic_handler::{{closure}}::hb5f5963570096b29
[INFO] [stdout]                                at /rustc/90b35a6239c3d8bdabc530a6a0816f7ff89a0aaf/library/std/src/panicking.rs:674:13
[INFO] [stdout]   15:     0x58d955e2f189 - std::sys::backtrace::__rust_end_short_backtrace::h6208cedc1922feda
[INFO] [stdout]                                at /rustc/90b35a6239c3d8bdabc530a6a0816f7ff89a0aaf/library/std/src/sys/backtrace.rs:170:18
[INFO] [stdout]   16:     0x58d955e301fc - rust_begin_unwind
[INFO] [stdout]                                at /rustc/90b35a6239c3d8bdabc530a6a0816f7ff89a0aaf/library/std/src/panicking.rs:665:5
[INFO] [stdout]   17:     0x58d955d0daa0 - core::panicking::panic_fmt::h0c3082644d1bf418
[INFO] [stdout]                                at /rustc/90b35a6239c3d8bdabc530a6a0816f7ff89a0aaf/library/core/src/panicking.rs:74:14
[INFO] [stdout]   18:     0x58d955d0dee6 - core::result::unwrap_failed::hd20b4aa073bda1e2
[INFO] [stdout]                                at /rustc/90b35a6239c3d8bdabc530a6a0816f7ff89a0aaf/library/core/src/result.rs:1700:5
[INFO] [stdout]   19:     0x58d955d4baef - core::result::Result<T,E>::unwrap::h272f9ad479bb1050
[INFO] [stdout]                                at /rustc/90b35a6239c3d8bdabc530a6a0816f7ff89a0aaf/library/core/src/result.rs:1104:23
[INFO] [stdout]   20:     0x58d955d4baef - terminal_dungeon::views::screen_manager::test::test_main_loop_popup::ntest_callback::h7ff0085e0ab8b845
[INFO] [stdout]                                at /opt/rustwide/workdir/src/views/screen_manager.rs:602:34
[INFO] [stdout]   21:     0x58d955d5a57e - core::ops::function::Fn::call::hf34e595d7df443f6
[INFO] [stdout]                                at /rustc/90b35a6239c3d8bdabc530a6a0816f7ff89a0aaf/library/core/src/ops/function.rs:79:5
[INFO] [stdout]   22:     0x58d955d4d1aa - ntest_proc_macro_helper::execute_with_timeout::{{closure}}::hd614b876166d8f41
[INFO] [stdout]                                at /opt/rustwide/cargo-home/registry/src/index.crates.io-6f17d22bba15001f/ntest_proc_macro_helper-0.7.3/src/lib.rs:14:27
[INFO] [stdout]   23:     0x58d955d35e16 - std::sys::backtrace::__rust_begin_short_backtrace::h54e2a21eaa385f96
[INFO] [stdout]                                at /rustc/90b35a6239c3d8bdabc530a6a0816f7ff89a0aaf/library/std/src/sys/backtrace.rs:154:18
[INFO] [stdout]   24:     0x58d955d57931 - std::thread::Builder::spawn_unchecked_::{{closure}}::{{closure}}::he23cda1bc459d2a1
[INFO] [stdout]                                at /rustc/90b35a6239c3d8bdabc530a6a0816f7ff89a0aaf/library/std/src/thread/mod.rs:538:17
[INFO] [stdout]   25:     0x58d955d2f361 - <core::panic::unwind_safe::AssertUnwindSafe<F> as core::ops::function::FnOnce<()>>::call_once::h33648b1374f958b5
[INFO] [stdout]                                at /rustc/90b35a6239c3d8bdabc530a6a0816f7ff89a0aaf/library/core/src/panic/unwind_safe.rs:272:9
[INFO] [stdout]   26:     0x58d955d26dc2 - std::panicking::try::do_call::h1bde7f1a889a5609
[INFO] [stdout]                                at /rustc/90b35a6239c3d8bdabc530a6a0816f7ff89a0aaf/library/std/src/panicking.rs:557:40
[INFO] [stdout]   27:     0x58d955d580eb - __rust_try
[INFO] [stdout]   28:     0x58d955d56053 - std::panicking::try::h4bc600310d202c62
[INFO] [stdout]                                at /rustc/90b35a6239c3d8bdabc530a6a0816f7ff89a0aaf/library/std/src/panicking.rs:520:19
[INFO] [stdout]   29:     0x58d955d56053 - std::panic::catch_unwind::h842e5ceb346446f4
[INFO] [stdout]                                at /rustc/90b35a6239c3d8bdabc530a6a0816f7ff89a0aaf/library/std/src/panic.rs:358:14
[INFO] [stdout]   30:     0x58d955d56053 - std::thread::Builder::spawn_unchecked_::{{closure}}::h2b6b177ba505244f
[INFO] [stdout]                                at /rustc/90b35a6239c3d8bdabc530a6a0816f7ff89a0aaf/library/std/src/thread/mod.rs:537:30
[INFO] [stdout]   31:     0x58d955d5a63e - core::ops::function::FnOnce::call_once{{vtable.shim}}::h40c0b3784c5be34b
[INFO] [stdout]                                at /rustc/90b35a6239c3d8bdabc530a6a0816f7ff89a0aaf/library/core/src/ops/function.rs:250:5
[INFO] [stdout]   32:     0x58d955e345eb - <alloc::boxed::Box<F,A> as core::ops::function::FnOnce<Args>>::call_once::hf75717d9f28faebf
[INFO] [stdout]                                at /rustc/90b35a6239c3d8bdabc530a6a0816f7ff89a0aaf/library/alloc/src/boxed.rs:2454:9
[INFO] [stdout]   33:     0x58d955e345eb - <alloc::boxed::Box<F,A> as core::ops::function::FnOnce<Args>>::call_once::h7bd883a5f3c5f3c1
[INFO] [stdout]                                at /rustc/90b35a6239c3d8bdabc530a6a0816f7ff89a0aaf/library/alloc/src/boxed.rs:2454:9
[INFO] [stdout]   34:     0x58d955e345eb - std::sys::pal::unix::thread::Thread::new::thread_start::hcc78f3943333fa94
[INFO] [stdout]                                at /rustc/90b35a6239c3d8bdabc530a6a0816f7ff89a0aaf/library/std/src/sys/pal/unix/thread.rs:105:17
[INFO] [stdout]   35:     0x7c1607425ac3 - <unknown>
[INFO] [stdout]   36:     0x7c16074b6a04 - clone
[INFO] [stdout]   37:                0x0 - <unknown>
[INFO] [stdout] thread 'views::screen_manager::test::test_main_loop_popup' panicked at src/views/screen_manager.rs:600:5:
[INFO] [stdout] timeout: the function call took 116 ms. Max time 2000 ms
[INFO] [stdout] stack backtrace:
[INFO] [stdout]    0:     0x58d955e2ecaa - std::backtrace_rs::backtrace::libunwind::trace::h5a5b8284f2d0c266
[INFO] [stdout]                                at /rustc/90b35a6239c3d8bdabc530a6a0816f7ff89a0aaf/library/std/src/../../backtrace/src/backtrace/libunwind.rs:116:5
[INFO] [stdout]    1:     0x58d955e2ecaa - std::backtrace_rs::backtrace::trace_unsynchronized::h76d4f1c9b0b875e3
[INFO] [stdout]                                at /rustc/90b35a6239c3d8bdabc530a6a0816f7ff89a0aaf/library/std/src/../../backtrace/src/backtrace/mod.rs:66:5
[INFO] [stdout]    2:     0x58d955e2ecaa - std::sys::backtrace::_print_fmt::hc4546b8364a537c6
[INFO] [stdout]                                at /rustc/90b35a6239c3d8bdabc530a6a0816f7ff89a0aaf/library/std/src/sys/backtrace.rs:66:9
[INFO] [stdout]    3:     0x58d955e2ecaa - <std::sys::backtrace::BacktraceLock::print::DisplayBacktrace as core::fmt::Display>::fmt::h5b6bd5631a6d1f6b
[INFO] [stdout]                                at /rustc/90b35a6239c3d8bdabc530a6a0816f7ff89a0aaf/library/std/src/sys/backtrace.rs:39:26
[INFO] [stdout]    4:     0x58d955e547b3 - core::fmt::rt::Argument::fmt::h270f6602a2b96f62
[INFO] [stdout]                                at /rustc/90b35a6239c3d8bdabc530a6a0816f7ff89a0aaf/library/core/src/fmt/rt.rs:177:76
[INFO] [stdout]    5:     0x58d955e547b3 - core::fmt::write::h7550c97b06c86515
[INFO] [stdout]                                at /rustc/90b35a6239c3d8bdabc530a6a0816f7ff89a0aaf/library/core/src/fmt/mod.rs:1186:21
[INFO] [stdout]    6:     0x58d955e2be23 - std::io::Write::write_fmt::h509ff860e5956e5e
[INFO] [stdout]                                at /rustc/90b35a6239c3d8bdabc530a6a0816f7ff89a0aaf/library/std/src/io/mod.rs:1839:15
[INFO] [stdout]    7:     0x58d955e2eaf2 - std::sys::backtrace::BacktraceLock::print::h2395ccd2c84ba3aa
[INFO] [stdout]                                at /rustc/90b35a6239c3d8bdabc530a6a0816f7ff89a0aaf/library/std/src/sys/backtrace.rs:42:9
[INFO] [stdout]    8:     0x58d955e3010a - std::panicking::default_hook::{{closure}}::he19d4c7230e07961
[INFO] [stdout]                                at /rustc/90b35a6239c3d8bdabc530a6a0816f7ff89a0aaf/library/std/src/panicking.rs:268:22
[INFO] [stdout]    9:     0x58d955e2ff14 - std::panicking::default_hook::hf614597d3c67bbdb
[INFO] [stdout]                                at /rustc/90b35a6239c3d8bdabc530a6a0816f7ff89a0aaf/library/std/src/panicking.rs:292:9
[INFO] [stdout]   10:     0x58d955d9c759 - <alloc::boxed::Box<F,A> as core::ops::function::Fn<Args>>::call::h39b51ce4599c23d1
[INFO] [stdout]                                at /rustc/90b35a6239c3d8bdabc530a6a0816f7ff89a0aaf/library/alloc/src/boxed.rs:2468:9
[INFO] [stdout]   11:     0x58d955d9c759 - test::test_main::{{closure}}::he977ae839a582784
[INFO] [stdout]                                at /rustc/90b35a6239c3d8bdabc530a6a0816f7ff89a0aaf/library/test/src/lib.rs:133:21
[INFO] [stdout]   12:     0x58d955e307a8 - <alloc::boxed::Box<F,A> as core::ops::function::Fn<Args>>::call::h9455091b6b06f9fb
[INFO] [stdout]                                at /rustc/90b35a6239c3d8bdabc530a6a0816f7ff89a0aaf/library/alloc/src/boxed.rs:2468:9
[INFO] [stdout]   13:     0x58d955e307a8 - std::panicking::rust_panic_with_hook::h8942133a8b252070
[INFO] [stdout]                                at /rustc/90b35a6239c3d8bdabc530a6a0816f7ff89a0aaf/library/std/src/panicking.rs:809:13
[INFO] [stdout]   14:     0x58d955e3056a - std::panicking::begin_panic_handler::{{closure}}::hb5f5963570096b29
[INFO] [stdout]                                at /rustc/90b35a6239c3d8bdabc530a6a0816f7ff89a0aaf/library/std/src/panicking.rs:674:13
[INFO] [stdout]   15:     0x58d955e2f189 - std::sys::backtrace::__rust_end_short_backtrace::h6208cedc1922feda
[INFO] [stdout]                                at /rustc/90b35a6239c3d8bdabc530a6a0816f7ff89a0aaf/library/std/src/sys/backtrace.rs:170:18
[INFO] [stdout]   16:     0x58d955e301fc - rust_begin_unwind
[INFO] [stdout]                                at /rustc/90b35a6239c3d8bdabc530a6a0816f7ff89a0aaf/library/std/src/panicking.rs:665:5
[INFO] [stdout]   17:     0x58d955d0daa0 - core::panicking::panic_fmt::h0c3082644d1bf418
[INFO] [stdout]                                at /rustc/90b35a6239c3d8bdabc530a6a0816f7ff89a0aaf/library/core/src/panicking.rs:74:14
[INFO] [stdout]   18:     0x58d955d4b9a6 - terminal_dungeon::views::screen_manager::test::test_main_loop_popup::h2fd82a9dc8d46222
[INFO] [stdout]                                at /opt/rustwide/workdir/src/views/screen_manager.rs:600:5
[INFO] [stdout]   19:     0x58d955d4b897 - terminal_dungeon::views::screen_manager::test::test_main_loop_popup::{{closure}}::hbf2663978d9016ec
[INFO] [stdout]                                at /opt/rustwide/workdir/src/views/screen_manager.rs:601:30
[INFO] [stdout]   20:     0x58d955d5ac66 - core::ops::function::FnOnce::call_once::hc424fff894445675
[INFO] [stdout]                                at /rustc/90b35a6239c3d8bdabc530a6a0816f7ff89a0aaf/library/core/src/ops/function.rs:250:5
[INFO] [stdout]   21:     0x58d955da111b - core::ops::function::FnOnce::call_once::h109cf8051a59b34e
[INFO] [stdout]                                at /rustc/90b35a6239c3d8bdabc530a6a0816f7ff89a0aaf/library/core/src/ops/function.rs:250:5
[INFO] [stdout]   22:     0x58d955da111b - test::__rust_begin_short_backtrace::hf4fff89d377446ba
[INFO] [stdout]                                at /rustc/90b35a6239c3d8bdabc530a6a0816f7ff89a0aaf/library/test/src/lib.rs:621:18
[INFO] [stdout]   23:     0x58d955da0957 - test::run_test_in_process::{{closure}}::h0e39181dd7ee5a43
[INFO] [stdout]                                at /rustc/90b35a6239c3d8bdabc530a6a0816f7ff89a0aaf/library/test/src/lib.rs:644:60
[INFO] [stdout]   24:     0x58d955da0957 - <core::panic::unwind_safe::AssertUnwindSafe<F> as core::ops::function::FnOnce<()>>::call_once::hc5a66a30f0bdfd1f
[INFO] [stdout]                                at /rustc/90b35a6239c3d8bdabc530a6a0816f7ff89a0aaf/library/core/src/panic/unwind_safe.rs:272:9
[INFO] [stdout]   25:     0x58d955da0957 - std::panicking::try::do_call::h873b7cf639554a5e
[INFO] [stdout]                                at /rustc/90b35a6239c3d8bdabc530a6a0816f7ff89a0aaf/library/std/src/panicking.rs:557:40
[INFO] [stdout]   26:     0x58d955da0957 - std::panicking::try::hdb19862fad9c8bd1
[INFO] [stdout]                                at /rustc/90b35a6239c3d8bdabc530a6a0816f7ff89a0aaf/library/std/src/panicking.rs:520:19
[INFO] [stdout]   27:     0x58d955da0957 - std::panic::catch_unwind::h281fe732d236d260
[INFO] [stdout]                                at /rustc/90b35a6239c3d8bdabc530a6a0816f7ff89a0aaf/library/std/src/panic.rs:358:14
[INFO] [stdout]   28:     0x58d955da0957 - test::run_test_in_process::h949b6df8457ed338
[INFO] [stdout]                                at /rustc/90b35a6239c3d8bdabc530a6a0816f7ff89a0aaf/library/test/src/lib.rs:644:27
[INFO] [stdout]   29:     0x58d955da0957 - test::run_test::{{closure}}::h52c556a6d4740e10
[INFO] [stdout]                                at /rustc/90b35a6239c3d8bdabc530a6a0816f7ff89a0aaf/library/test/src/lib.rs:565:43
[INFO] [stdout]   30:     0x58d955d65c34 - test::run_test::{{closure}}::h4237f6381c45ccb9
[INFO] [stdout]                                at /rustc/90b35a6239c3d8bdabc530a6a0816f7ff89a0aaf/library/test/src/lib.rs:595:41
[INFO] [stdout]   31:     0x58d955d65c34 - std::sys::backtrace::__rust_begin_short_backtrace::h505c97a579eca628
[INFO] [stdout]                                at /rustc/90b35a6239c3d8bdabc530a6a0816f7ff89a0aaf/library/std/src/sys/backtrace.rs:154:18
[INFO] [stdout]   32:     0x58d955d692fe - std::thread::Builder::spawn_unchecked_::{{closure}}::{{closure}}::h9e86b2e2bc107ea3
[INFO] [stdout]                                at /rustc/90b35a6239c3d8bdabc530a6a0816f7ff89a0aaf/library/std/src/thread/mod.rs:538:17
[INFO] [stdout]   33:     0x58d955d692fe - <core::panic::unwind_safe::AssertUnwindSafe<F> as core::ops::function::FnOnce<()>>::call_once::h8b06ddb275ff4a25
[INFO] [stdout]                                at /rustc/90b35a6239c3d8bdabc530a6a0816f7ff89a0aaf/library/core/src/panic/unwind_safe.rs:272:9
[INFO] [stdout]   34:     0x58d955d692fe - std::panicking::try::do_call::hb26ecd7cd9a9355d
[INFO] [stdout]                                at /rustc/90b35a6239c3d8bdabc530a6a0816f7ff89a0aaf/library/std/src/panicking.rs:557:40
[INFO] [stdout]   35:     0x58d955d692fe - std::panicking::try::h8ddeca9d705f9069
[INFO] [stdout]                                at /rustc/90b35a6239c3d8bdabc530a6a0816f7ff89a0aaf/library/std/src/panicking.rs:520:19
[INFO] [stdout]   36:     0x58d955d692fe - std::panic::catch_unwind::h49e1c33078844c46
[INFO] [stdout]                                at /rustc/90b35a6239c3d8bdabc530a6a0816f7ff89a0aaf/library/std/src/panic.rs:358:14
[INFO] [stdout]   37:     0x58d955d692fe - std::thread::Builder::spawn_unchecked_::{{closure}}::h6073db6ff56ad35d
[INFO] [stdout]                                at /rustc/90b35a6239c3d8bdabc530a6a0816f7ff89a0aaf/library/std/src/thread/mod.rs:537:30
[INFO] [stdout]   38:     0x58d955d692fe - core::ops::function::FnOnce::call_once{{vtable.shim}}::h2c5a5f3779c774f1
[INFO] [stdout]                                at /rustc/90b35a6239c3d8bdabc530a6a0816f7ff89a0aaf/library/core/src/ops/function.rs:250:5
[INFO] [stdout]   39:     0x58d955e345eb - <alloc::boxed::Box<F,A> as core::ops::function::FnOnce<Args>>::call_once::hf75717d9f28faebf
[INFO] [stdout]                                at /rustc/90b35a6239c3d8bdabc530a6a0816f7ff89a0aaf/library/alloc/src/boxed.rs:2454:9
[INFO] [stdout]   40:     0x58d955e345eb - <alloc::boxed::Box<F,A> as core::ops::function::FnOnce<Args>>::call_once::h7bd883a5f3c5f3c1
[INFO] [stdout]                                at /rustc/90b35a6239c3d8bdabc530a6a0816f7ff89a0aaf/library/alloc/src/boxed.rs:2454:9
[INFO] [stdout]   41:     0x58d955e345eb - std::sys::pal::unix::thread::Thread::new::thread_start::hcc78f3943333fa94
[INFO] [stdout]                                at /rustc/90b35a6239c3d8bdabc530a6a0816f7ff89a0aaf/library/std/src/sys/pal/unix/thread.rs:105:17
[INFO] [stdout]   42:     0x7c1607425ac3 - <unknown>
[INFO] [stdout]   43:     0x7c16074b6a04 - clone
[INFO] [stdout]   44:                0x0 - <unknown>
[INFO] [stdout] 
[INFO] [stdout] 
[INFO] [stdout] failures:
[INFO] [stdout]     views::screen_manager::test::test_main_loop_popup
[INFO] [stdout]     views::screen_manager::test::test_main_loop_screen
[INFO] [stdout]     views::screen_manager::test::test_main_loop_screens_and_popups
[INFO] [stdout]     views::screen_manager::test::test_new
[INFO] [stdout]     views::screen_manager::test::test_pop_popup
[INFO] [stdout]     views::screen_manager::test::test_pop_screen
[INFO] [stdout]     views::screen_manager::test::test_push_popup
[INFO] [stdout]     views::screen_manager::test::test_push_screen
[INFO] [stdout]     views::screen_manager::test::test_render_popup_and_screen
[INFO] [stdout]     views::screen_manager::test::test_render_screens
[INFO] [stdout]     views::screen_manager::test::test_tear_down_called
[INFO] [stdout] 
[INFO] [stdout] test result: FAILED. 8 passed; 11 failed; 0 ignored; 0 measured; 0 filtered out; finished in 0.12s
[INFO] [stdout] 
[INFO] [stderr] error: test failed, to rerun pass `--bin terminal-dungeon`
[INFO] running `Command { std: "docker" "inspect" "7e950fdb7a8fcdd80a3c7188fcfa6c716ad5eb558720959b09f0bc2a7058e103", kill_on_drop: false }`
[INFO] running `Command { std: "docker" "rm" "-f" "7e950fdb7a8fcdd80a3c7188fcfa6c716ad5eb558720959b09f0bc2a7058e103", kill_on_drop: false }`
[INFO] [stdout] 7e950fdb7a8fcdd80a3c7188fcfa6c716ad5eb558720959b09f0bc2a7058e103
