[INFO] cloning repository https://github.com/playonbsd-rs/pobsd-server
[INFO] running `Command { std: "git" "-c" "credential.helper=" "-c" "credential.helper=/workspace/cargo-home/bin/git-credential-null" "clone" "--bare" "https://github.com/playonbsd-rs/pobsd-server" "/workspace/cache/git-repos/https%3A%2F%2Fgithub.com%2Fplayonbsd-rs%2Fpobsd-server", kill_on_drop: false }`
[INFO] [stderr] Cloning into bare repository '/workspace/cache/git-repos/https%3A%2F%2Fgithub.com%2Fplayonbsd-rs%2Fpobsd-server'...
[INFO] running `Command { std: "git" "rev-parse" "HEAD", kill_on_drop: false }`
[INFO] [stdout] b835f92ce20393fe48b0aaa8ab5fe3325ab4dd2f
[INFO] testing playonbsd-rs/pobsd-server against 1.83.0 for beta-1.84.0-4-retry
[INFO] running `Command { std: "git" "clone" "/workspace/cache/git-repos/https%3A%2F%2Fgithub.com%2Fplayonbsd-rs%2Fpobsd-server" "/workspace/builds/worker-1-tc1/source", kill_on_drop: false }`
[INFO] [stderr] Cloning into '/workspace/builds/worker-1-tc1/source'...
[INFO] [stderr] done.
[INFO] validating manifest of git repo https://github.com/playonbsd-rs/pobsd-server on toolchain 1.83.0
[INFO] running `Command { std: CARGO_HOME="/workspace/cargo-home" RUSTUP_HOME="/workspace/rustup-home" "/workspace/cargo-home/bin/cargo" "+1.83.0" "metadata" "--manifest-path" "Cargo.toml" "--no-deps", kill_on_drop: false }`
[INFO] started tweaking git repo https://github.com/playonbsd-rs/pobsd-server
[INFO] finished tweaking git repo https://github.com/playonbsd-rs/pobsd-server
[INFO] tweaked toml for git repo https://github.com/playonbsd-rs/pobsd-server written to /workspace/builds/worker-1-tc1/source/Cargo.toml
[INFO] crate git repo https://github.com/playonbsd-rs/pobsd-server already has a lockfile, it will not be regenerated
[INFO] running `Command { std: CARGO_HOME="/workspace/cargo-home" RUSTUP_HOME="/workspace/rustup-home" "/workspace/cargo-home/bin/cargo" "+1.83.0" "fetch" "--manifest-path" "Cargo.toml", kill_on_drop: false }`
[INFO] [stderr]     Updating crates.io index
[INFO] [stderr]  Downloading crates ...
[INFO] [stderr]   Downloaded unveil v0.3.2
[INFO] [stderr]   Downloaded rust-ini v0.21.1
[INFO] [stderr]   Downloaded rss v2.0.9
[INFO] [stderr]   Downloaded askama_axum v0.4.0
[INFO] [stderr]   Downloaded atom_syndication v0.12.4
[INFO] [stderr]   Downloaded ordered-multimap v0.7.3
[INFO] [stderr]   Downloaded igdb v0.1.2
[INFO] [stderr]   Downloaded diligent-date-parser v0.1.4
[INFO] [stderr]   Downloaded trim-in-place v0.1.7
[INFO] [stderr]   Downloaded slug v0.1.6
[INFO] [stderr]   Downloaded pledge v0.4.2
[INFO] [stderr]   Downloaded libpobsd v0.4.0
[INFO] running `Command { std: "docker" "create" "-v" "/var/lib/crater-agent-workspace/builds/worker-1-tc1/target:/opt/rustwide/target:rw,Z" "-v" "/var/lib/crater-agent-workspace/builds/worker-1-tc1/source:/opt/rustwide/workdir:ro,Z" "-v" "/var/lib/crater-agent-workspace/cargo-home:/opt/rustwide/cargo-home:ro,Z" "-v" "/var/lib/crater-agent-workspace/rustup-home:/opt/rustwide/rustup-home:ro,Z" "-e" "SOURCE_DIR=/opt/rustwide/workdir" "-e" "CARGO_TARGET_DIR=/opt/rustwide/target" "-e" "CARGO_HOME=/opt/rustwide/cargo-home" "-e" "RUSTUP_HOME=/opt/rustwide/rustup-home" "-w" "/opt/rustwide/workdir" "-m" "1610612736" "--user" "0:0" "--network" "none" "ghcr.io/rust-lang/crates-build-env/linux@sha256:f3a9d4ad9d972b27faf3965f35b62e55ba32bbce8f20bc8fe909558a86702fde" "/opt/rustwide/cargo-home/bin/cargo" "+1.83.0" "metadata" "--no-deps" "--format-version=1", kill_on_drop: false }`
[INFO] [stdout] c392d184a28a60e007ec85634ae17cb886da8e0031e6944fb36af2070de82ff0
[INFO] running `Command { std: "docker" "start" "-a" "c392d184a28a60e007ec85634ae17cb886da8e0031e6944fb36af2070de82ff0", kill_on_drop: false }`
[INFO] running `Command { std: "docker" "inspect" "c392d184a28a60e007ec85634ae17cb886da8e0031e6944fb36af2070de82ff0", kill_on_drop: false }`
[INFO] running `Command { std: "docker" "rm" "-f" "c392d184a28a60e007ec85634ae17cb886da8e0031e6944fb36af2070de82ff0", kill_on_drop: false }`
[INFO] [stdout] c392d184a28a60e007ec85634ae17cb886da8e0031e6944fb36af2070de82ff0
[INFO] running `Command { std: "docker" "create" "-v" "/var/lib/crater-agent-workspace/builds/worker-1-tc1/target:/opt/rustwide/target:rw,Z" "-v" "/var/lib/crater-agent-workspace/builds/worker-1-tc1/source:/opt/rustwide/workdir:ro,Z" "-v" "/var/lib/crater-agent-workspace/cargo-home:/opt/rustwide/cargo-home:ro,Z" "-v" "/var/lib/crater-agent-workspace/rustup-home:/opt/rustwide/rustup-home:ro,Z" "-e" "SOURCE_DIR=/opt/rustwide/workdir" "-e" "CARGO_TARGET_DIR=/opt/rustwide/target" "-e" "CARGO_INCREMENTAL=0" "-e" "RUST_BACKTRACE=full" "-e" "RUSTFLAGS=--cap-lints=warn" "-e" "RUSTDOCFLAGS=--cap-lints=warn" "-e" "CARGO_HOME=/opt/rustwide/cargo-home" "-e" "RUSTUP_HOME=/opt/rustwide/rustup-home" "-w" "/opt/rustwide/workdir" "-m" "1610612736" "--user" "0:0" "--network" "none" "ghcr.io/rust-lang/crates-build-env/linux@sha256:f3a9d4ad9d972b27faf3965f35b62e55ba32bbce8f20bc8fe909558a86702fde" "/opt/rustwide/cargo-home/bin/cargo" "+1.83.0" "build" "--frozen" "--message-format=json", kill_on_drop: false }`
[INFO] [stdout] 44597fe5bbf6c3fb354c8e85a6304ad13d88956b31a3674d6b14b4d69e703a6b
[INFO] running `Command { std: "docker" "start" "-a" "44597fe5bbf6c3fb354c8e85a6304ad13d88956b31a3674d6b14b4d69e703a6b", kill_on_drop: false }`
[INFO] [stderr]    Compiling proc-macro2 v1.0.87
[INFO] [stderr]    Compiling unicode-ident v1.0.13
[INFO] [stderr]    Compiling autocfg v1.4.0
[INFO] [stderr]    Compiling libc v0.2.159
[INFO] [stderr]    Compiling pin-project-lite v0.2.14
[INFO] [stderr]    Compiling once_cell v1.20.2
[INFO] [stderr]    Compiling value-bag v1.9.0
[INFO] [stderr]    Compiling smallvec v1.13.2
[INFO] [stderr]    Compiling futures-core v0.3.31
[INFO] [stderr]    Compiling bytes v1.7.2
[INFO] [stderr]    Compiling serde v1.0.210
[INFO] [stderr]    Compiling siphasher v0.3.11
[INFO] [stderr]    Compiling byteorder v1.5.0
[INFO] [stderr]    Compiling pin-utils v0.1.0
[INFO] [stderr]    Compiling futures-task v0.3.31
[INFO] [stderr]    Compiling crossbeam-utils v0.8.20
[INFO] [stderr]    Compiling cc v1.1.30
[INFO] [stderr]    Compiling pkg-config v0.3.31
[INFO] [stderr]    Compiling futures-sink v0.3.31
[INFO] [stderr]    Compiling phf_shared v0.10.0
[INFO] [stderr]    Compiling futures-util v0.3.31
[INFO] [stderr]    Compiling phf_shared v0.11.2
[INFO] [stderr]    Compiling hashbrown v0.15.0
[INFO] [stderr]    Compiling tower-service v0.3.3
[INFO] [stderr]    Compiling parking v2.2.1
[INFO] [stderr]    Compiling httparse v1.9.5
[INFO] [stderr]    Compiling tracing-core v0.1.32
[INFO] [stderr]    Compiling atomic-waker v1.1.2
[INFO] [stderr]    Compiling log v0.4.22
[INFO] [stderr]    Compiling try-lock v0.2.5
[INFO] [stderr]    Compiling http v1.1.0
[INFO] [stderr]    Compiling lock_api v0.4.12
[INFO] [stderr]    Compiling slab v0.4.9
[INFO] [stderr]    Compiling num-traits v0.2.19
[INFO] [stderr]    Compiling parking_lot_core v0.9.10
[INFO] [stderr]    Compiling signal-hook-registry v1.4.2
[INFO] [stderr]    Compiling mio v1.0.2
[INFO] [stderr]    Compiling socket2 v0.5.7
[INFO] [stderr]    Compiling indexmap v2.6.0
[INFO] [stderr]    Compiling quote v1.0.37
[INFO] [stderr]    Compiling concurrent-queue v2.5.0
[INFO] [stderr]    Compiling parking_lot v0.12.3
[INFO] [stderr]    Compiling want v0.3.1
[INFO] [stderr]    Compiling futures-channel v0.3.31
[INFO] [stderr]    Compiling syn v2.0.79
[INFO] [stderr]    Compiling mime v0.3.17
[INFO] [stderr]    Compiling httpdate v1.0.3
[INFO] [stderr]    Compiling openssl v0.10.66
[INFO] [stderr]    Compiling getrandom v0.2.15
[INFO] [stderr]    Compiling foreign-types-shared v0.1.1
[INFO] [stderr]    Compiling event-listener v5.3.1
[INFO] [stderr]    Compiling foreign-types v0.3.2
[INFO] [stderr]    Compiling unicase v2.7.0
[INFO] [stderr]    Compiling rand_core v0.6.4
[INFO] [stderr]    Compiling crunchy v0.2.2
[INFO] [stderr]    Compiling new_debug_unreachable v1.0.6
[INFO] [stderr]    Compiling native-tls v0.2.12
[INFO] [stderr]    Compiling ident_case v1.0.1
[INFO] [stderr]    Compiling futures-io v0.3.31
[INFO] [stderr]    Compiling fastrand v2.1.1
[INFO] [stderr]    Compiling http-body v1.0.1
[INFO] [stderr]    Compiling event-listener-strategy v0.5.2
[INFO] [stderr]    Compiling openssl-probe v0.1.5
[INFO] [stderr]    Compiling rustix v0.38.37
[INFO] [stderr]    Compiling tiny-keccak v2.0.2
[INFO] [stderr]    Compiling futures-lite v2.3.0
[INFO] [stderr]    Compiling unicode-normalization v0.1.24
[INFO] [stderr]    Compiling http v0.2.12
[INFO] [stderr]    Compiling precomputed-hash v0.1.1
[INFO] [stderr]    Compiling mac v0.1.1
[INFO] [stderr]    Compiling linux-raw-sys v0.4.14
[INFO] [stderr]    Compiling unicode-bidi v0.3.17
[INFO] [stderr]    Compiling mime_guess v2.0.5
[INFO] [stderr]    Compiling futf v0.1.5
[INFO] [stderr]    Compiling tower-layer v0.3.3
[INFO] [stderr]    Compiling openssl-sys v0.9.103
[INFO] [stderr]    Compiling minimal-lexical v0.2.1
[INFO] [stderr]    Compiling serde_json v1.0.128
[INFO] [stderr]    Compiling iana-time-zone v0.1.61
[INFO] [stderr]    Compiling utf-8 v0.7.6
[INFO] [stderr]    Compiling memchr v2.7.4
[INFO] [stderr]    Compiling idna v0.5.0
[INFO] [stderr]    Compiling rustversion v1.0.18
[INFO] [stderr]    Compiling libm v0.2.8
[INFO] [stderr]    Compiling async-task v4.7.1
[INFO] [stderr]    Compiling tendril v0.4.3
[INFO] [stderr]    Compiling const-random-macro v0.1.16
[INFO] [stderr]    Compiling async-lock v3.4.0
[INFO] [stderr]    Compiling async-channel v2.3.1
[INFO] [stderr]    Compiling piper v0.2.4
[INFO] [stderr]    Compiling aho-corasick v1.1.3
[INFO] [stderr]    Compiling http-body-util v0.1.2
[INFO] [stderr]    Compiling nom v7.1.3
[INFO] [stderr]    Compiling sync_wrapper v1.0.1
[INFO] [stderr]    Compiling regex-syntax v0.8.5
[INFO] [stderr]    Compiling http-body v0.4.6
[INFO] [stderr]    Compiling dtoa v1.0.9
[INFO] [stderr]    Compiling sync_wrapper v0.1.2
[INFO] [stderr]    Compiling blocking v1.6.1
[INFO] [stderr]    Compiling const-random v0.1.18
[INFO] [stderr]    Compiling async-executor v1.13.1
[INFO] [stderr]    Compiling dtoa-short v0.3.5
[INFO] [stderr]    Compiling ahash v0.8.11
[INFO] [stderr]    Compiling url v2.5.2
[INFO] [stderr]    Compiling stable_deref_trait v1.2.0
[INFO] [stderr]    Compiling paste v1.0.15
[INFO] [stderr]    Compiling event-listener v2.5.3
[INFO] [stderr]    Compiling base64 v0.21.7
[INFO] [stderr]    Compiling regex-syntax v0.6.29
[INFO] [stderr]    Compiling ipnet v2.10.1
[INFO] [stderr]    Compiling humansize v2.1.3
[INFO] [stderr]    Compiling async-channel v1.9.0
[INFO] [stderr]    Compiling rustls-pemfile v1.0.4
[INFO] [stderr]    Compiling servo_arc v0.3.0
[INFO] [stderr]    Compiling dlv-list v0.5.2
[INFO] [stderr]    Compiling quick-xml v0.36.2
[INFO] [stderr]    Compiling kv-log-macro v1.0.7
[INFO] [stderr]    Compiling fxhash v0.2.1
[INFO] [stderr]    Compiling phf v0.10.1
[INFO] [stderr]    Compiling overload v0.1.1
[INFO] [stderr]    Compiling rustls-pki-types v1.9.0
[INFO] [stderr]    Compiling anyhow v1.0.89
[INFO] [stderr]    Compiling never v0.1.0
[INFO] [stderr]    Compiling askama_escape v0.10.3
[INFO] [stderr]    Compiling unicode-width v0.1.14
[INFO] [stderr]    Compiling hashbrown v0.14.5
[INFO] [stderr]    Compiling sharded-slab v0.1.7
[INFO] [stderr]    Compiling clap_builder v4.5.20
[INFO] [stderr]    Compiling getopts v0.2.21
[INFO] [stderr]    Compiling nu-ansi-term v0.46.0
[INFO] [stderr]    Compiling rustls-pemfile v2.2.0
[INFO] [stderr]    Compiling ordered-multimap v0.7.3
[INFO] [stderr]    Compiling tracing-log v0.2.0
[INFO] [stderr]    Compiling hash32 v0.3.1
[INFO] [stderr]    Compiling thread_local v1.1.8
[INFO] [stderr]    Compiling trim-in-place v0.1.7
[INFO] [stderr]    Compiling matchit v0.7.3
[INFO] [stderr]    Compiling ego-tree v0.6.3
[INFO] [stderr]    Compiling deunicode v1.6.0
[INFO] [stderr]    Compiling maplit v1.0.2
[INFO] [stderr]    Compiling rust-ini v0.21.1
[INFO] [stderr]    Compiling pledge v0.4.2
[INFO] [stderr]    Compiling unveil v0.3.2
[INFO] [stderr]    Compiling slug v0.1.6
[INFO] [stderr]    Compiling regex-automata v0.1.10
[INFO] [stderr]    Compiling askama_parser v0.2.1
[INFO] [stderr]    Compiling regex-automata v0.4.8
[INFO] [stderr]    Compiling matchers v0.1.0
[INFO] [stderr]    Compiling darling_core v0.20.10
[INFO] [stderr]    Compiling zerocopy-derive v0.7.35
[INFO] [stderr]    Compiling serde_derive v1.0.210
[INFO] [stderr]    Compiling tracing-attributes v0.1.27
[INFO] [stderr]    Compiling tokio-macros v2.4.0
[INFO] [stderr]    Compiling openssl-macros v0.1.1
[INFO] [stderr]    Compiling html5ever v0.27.0
[INFO] [stderr]    Compiling async-trait v0.1.83
[INFO] [stderr]    Compiling cssparser-macros v0.6.1
[INFO] [stderr]    Compiling derive_more v0.99.18
[INFO] [stderr]    Compiling serde_repr v0.1.19
[INFO] [stderr]    Compiling clap v4.5.20
[INFO] [stderr]    Compiling regex v1.11.0
[INFO] [stderr]    Compiling zerocopy v0.7.35
[INFO] [stderr]    Compiling tokio v1.40.0
[INFO] [stderr]    Compiling darling_macro v0.20.10
[INFO] [stderr]    Compiling ppv-lite86 v0.2.20
[INFO] [stderr]    Compiling rand_chacha v0.3.1
[INFO] [stderr]    Compiling tracing v0.1.40
[INFO] [stderr]    Compiling rand v0.8.5
[INFO] [stderr]    Compiling polling v3.7.3
[INFO] [stderr]    Compiling axum-core v0.4.5
[INFO] [stderr]    Compiling tower-http v0.6.1
[INFO] [stderr]    Compiling tracing-subscriber v0.3.18
[INFO] [stderr]    Compiling darling v0.20.10
[INFO] [stderr]    Compiling derive_builder_core v0.20.2
[INFO] [stderr]    Compiling async-io v2.3.4
[INFO] [stderr]    Compiling derive_builder_macro v0.20.2
[INFO] [stderr]    Compiling phf_generator v0.11.2
[INFO] [stderr]    Compiling phf_generator v0.10.0
[INFO] [stderr]    Compiling phf_codegen v0.11.2
[INFO] [stderr]    Compiling phf_macros v0.11.2
[INFO] [stderr]    Compiling string_cache_codegen v0.5.2
[INFO] [stderr]    Compiling phf_codegen v0.10.0
[INFO] [stderr]    Compiling selectors v0.25.0
[INFO] [stderr]    Compiling markup5ever v0.12.1
[INFO] [stderr]    Compiling derive_builder v0.20.2
[INFO] [stderr]    Compiling phf v0.11.2
[INFO] [stderr]    Compiling cssparser v0.31.2
[INFO] [stderr]    Compiling tokio-util v0.7.12
[INFO] [stderr]    Compiling tokio-native-tls v0.3.1
[INFO] [stderr]    Compiling async-global-executor v2.4.1
[INFO] [stderr]    Compiling tower v0.5.1
[INFO] [stderr]    Compiling async-std v1.13.0
[INFO] [stderr]    Compiling h2 v0.4.6
[INFO] [stderr]    Compiling h2 v0.3.26
[INFO] [stderr]    Compiling serde_urlencoded v0.7.1
[INFO] [stderr]    Compiling chrono v0.4.38
[INFO] [stderr]    Compiling string_cache v0.8.7
[INFO] [stderr]    Compiling basic-toml v0.1.9
[INFO] [stderr]    Compiling serde_path_to_error v0.1.16
[INFO] [stderr]    Compiling askama_derive v0.12.5
[INFO] [stderr]    Compiling diligent-date-parser v0.1.4
[INFO] [stderr]    Compiling libpobsd v0.4.0
[INFO] [stderr]    Compiling scraper v0.20.0
[INFO] [stderr]    Compiling ammonia v4.0.0
[INFO] [stderr]    Compiling atom_syndication v0.12.4
[INFO] [stderr]    Compiling rss v2.0.9
[INFO] [stderr]    Compiling askama v0.12.1
[INFO] [stderr]    Compiling askama_axum v0.4.0
[INFO] [stderr]    Compiling hyper v0.14.30
[INFO] [stderr]    Compiling hyper v1.4.1
[INFO] [stderr]    Compiling hyper-util v0.1.9
[INFO] [stderr]    Compiling hyper-tls v0.6.0
[INFO] [stderr]    Compiling axum v0.7.7
[INFO] [stderr]    Compiling reqwest v0.12.8
[INFO] [stderr]    Compiling hyper-tls v0.5.0
[INFO] [stderr]    Compiling reqwest v0.11.27
[INFO] [stderr]    Compiling igdb v0.1.2
[INFO] [stderr]    Compiling pobsd-server v0.1.0 (/opt/rustwide/workdir)
[INFO] [stderr]     Finished `dev` profile [unoptimized + debuginfo] target(s) in 1m 32s
[INFO] running `Command { std: "docker" "inspect" "44597fe5bbf6c3fb354c8e85a6304ad13d88956b31a3674d6b14b4d69e703a6b", kill_on_drop: false }`
[INFO] running `Command { std: "docker" "rm" "-f" "44597fe5bbf6c3fb354c8e85a6304ad13d88956b31a3674d6b14b4d69e703a6b", kill_on_drop: false }`
[INFO] [stdout] 44597fe5bbf6c3fb354c8e85a6304ad13d88956b31a3674d6b14b4d69e703a6b
[INFO] running `Command { std: "docker" "create" "-v" "/var/lib/crater-agent-workspace/builds/worker-1-tc1/target:/opt/rustwide/target:rw,Z" "-v" "/var/lib/crater-agent-workspace/builds/worker-1-tc1/source:/opt/rustwide/workdir:ro,Z" "-v" "/var/lib/crater-agent-workspace/cargo-home:/opt/rustwide/cargo-home:ro,Z" "-v" "/var/lib/crater-agent-workspace/rustup-home:/opt/rustwide/rustup-home:ro,Z" "-e" "SOURCE_DIR=/opt/rustwide/workdir" "-e" "CARGO_TARGET_DIR=/opt/rustwide/target" "-e" "CARGO_INCREMENTAL=0" "-e" "RUST_BACKTRACE=full" "-e" "RUSTFLAGS=--cap-lints=warn" "-e" "RUSTDOCFLAGS=--cap-lints=warn" "-e" "CARGO_HOME=/opt/rustwide/cargo-home" "-e" "RUSTUP_HOME=/opt/rustwide/rustup-home" "-w" "/opt/rustwide/workdir" "-m" "1610612736" "--user" "0:0" "--network" "none" "ghcr.io/rust-lang/crates-build-env/linux@sha256:f3a9d4ad9d972b27faf3965f35b62e55ba32bbce8f20bc8fe909558a86702fde" "/opt/rustwide/cargo-home/bin/cargo" "+1.83.0" "test" "--frozen" "--no-run" "--message-format=json", kill_on_drop: false }`
[INFO] [stdout] 8a17c0f11ed08a07ebf5c9ef1b3b4dd5a91a45ef3dc739b45dd493eff9d2aef3
[INFO] running `Command { std: "docker" "start" "-a" "8a17c0f11ed08a07ebf5c9ef1b3b4dd5a91a45ef3dc739b45dd493eff9d2aef3", kill_on_drop: false }`
[INFO] [stderr]    Compiling pobsd-server v0.1.0 (/opt/rustwide/workdir)
[INFO] [stderr]     Finished `test` profile [unoptimized + debuginfo] target(s) in 6.60s
[INFO] running `Command { std: "docker" "inspect" "8a17c0f11ed08a07ebf5c9ef1b3b4dd5a91a45ef3dc739b45dd493eff9d2aef3", kill_on_drop: false }`
[INFO] running `Command { std: "docker" "rm" "-f" "8a17c0f11ed08a07ebf5c9ef1b3b4dd5a91a45ef3dc739b45dd493eff9d2aef3", kill_on_drop: false }`
[INFO] [stdout] 8a17c0f11ed08a07ebf5c9ef1b3b4dd5a91a45ef3dc739b45dd493eff9d2aef3
[INFO] running `Command { std: "docker" "create" "-v" "/var/lib/crater-agent-workspace/builds/worker-1-tc1/target:/opt/rustwide/target:rw,Z" "-v" "/var/lib/crater-agent-workspace/builds/worker-1-tc1/source:/opt/rustwide/workdir:ro,Z" "-v" "/var/lib/crater-agent-workspace/cargo-home:/opt/rustwide/cargo-home:ro,Z" "-v" "/var/lib/crater-agent-workspace/rustup-home:/opt/rustwide/rustup-home:ro,Z" "-e" "SOURCE_DIR=/opt/rustwide/workdir" "-e" "CARGO_TARGET_DIR=/opt/rustwide/target" "-e" "CARGO_INCREMENTAL=0" "-e" "RUST_BACKTRACE=full" "-e" "RUSTFLAGS=--cap-lints=warn" "-e" "RUSTDOCFLAGS=--cap-lints=warn" "-e" "CARGO_HOME=/opt/rustwide/cargo-home" "-e" "RUSTUP_HOME=/opt/rustwide/rustup-home" "-w" "/opt/rustwide/workdir" "-m" "1610612736" "--user" "0:0" "--network" "none" "ghcr.io/rust-lang/crates-build-env/linux@sha256:f3a9d4ad9d972b27faf3965f35b62e55ba32bbce8f20bc8fe909558a86702fde" "/opt/rustwide/cargo-home/bin/cargo" "+1.83.0" "test" "--frozen", kill_on_drop: false }`
[INFO] [stdout] 2b09c3c1ead25bfcbd8ab8c374650f6cd84ab6da929e72f6667f7108a01c5dc9
[INFO] running `Command { std: "docker" "start" "-a" "2b09c3c1ead25bfcbd8ab8c374650f6cd84ab6da929e72f6667f7108a01c5dc9", kill_on_drop: false }`
[INFO] [stderr]     Finished `test` profile [unoptimized + debuginfo] target(s) in 0.20s
[INFO] [stderr]      Running unittests src/lib.rs (/opt/rustwide/target/debug/deps/pobsd_server-ba07f73919743b47)
[INFO] [stdout] 
[INFO] [stdout] running 15 tests
[INFO] [stdout] test app::config::tests::load_config_file_with_missing_client_id ... ok
[INFO] [stdout] test app::config::tests::load_config_file_with_missing_client_secret ... ok
[INFO] [stdout] test app::config::tests::load_no_existing_file ... ok
[INFO] [stdout] test app::config::tests::load_not_well_formed_config_file_with_invalid_address ... ok
[INFO] [stdout] test app::pagination::tests::test_paginator_after_last_page ... ok
[INFO] [stdout] test app::pagination::tests::test_paginator_item_number_multiple_of_page_number_last_page ... ok
[INFO] [stdout] test app::pagination::tests::test_paginator_less_items_than_items_per_page ... ok
[INFO] [stdout] test app::pagination::tests::test_paginator_more_items_than_items_per_page ... ok
[INFO] [stdout] test app::pagination::tests::test_paginator_more_then_two_page_item_number_multiple_of_page_number_last_page ... ok
[INFO] [stdout] test app::pagination::tests::test_paginator_more_then_two_page_item_number_not_multiple_of_page_number_last_page ... ok
[INFO] [stdout] test app::pagination::tests::test_paginator_no_items ... ok
[INFO] [stdout] test app::pagination::tests::test_paginator_no_items_no_items_per_page ... ok
[INFO] [stdout] test app::pagination::tests::test_paginator_no_items_per_page ... ok
[INFO] [stdout] test app::config::tests::load_well_formed_config_file ... FAILED
[INFO] [stdout] test app::config::tests::load_not_well_formed_config_file_with_invalid_port ... ok
[INFO] [stdout] 
[INFO] [stdout] failures:
[INFO] [stdout] 
[INFO] [stdout] ---- app::config::tests::load_well_formed_config_file stdout ----
[INFO] [stdout] thread 'app::config::tests::load_well_formed_config_file' panicked at src/app/config.rs:137:9:
[INFO] [stdout] assertion `left != right` failed
[INFO] [stdout]   left: AppConfig { igdb_config: IgdbConfig { client_id: "", client_secret: "" }, server_config: ServerConfig { port: 8080, address: "127.0.0.1" } }
[INFO] [stdout]  right: AppConfig { igdb_config: IgdbConfig { client_id: "", client_secret: "" }, server_config: ServerConfig { port: 8080, address: "127.0.0.1" } }
[INFO] [stdout] stack backtrace:
[INFO] [stdout]    0:     0x6215f08ce94a - std::backtrace_rs::backtrace::libunwind::trace::h5a5b8284f2d0c266
[INFO] [stdout]                                at /rustc/90b35a6239c3d8bdabc530a6a0816f7ff89a0aaf/library/std/src/../../backtrace/src/backtrace/libunwind.rs:116:5
[INFO] [stdout]    1:     0x6215f08ce94a - std::backtrace_rs::backtrace::trace_unsynchronized::h76d4f1c9b0b875e3
[INFO] [stdout]                                at /rustc/90b35a6239c3d8bdabc530a6a0816f7ff89a0aaf/library/std/src/../../backtrace/src/backtrace/mod.rs:66:5
[INFO] [stdout]    2:     0x6215f08ce94a - std::sys::backtrace::_print_fmt::hc4546b8364a537c6
[INFO] [stdout]                                at /rustc/90b35a6239c3d8bdabc530a6a0816f7ff89a0aaf/library/std/src/sys/backtrace.rs:66:9
[INFO] [stdout]    3:     0x6215f08ce94a - <std::sys::backtrace::BacktraceLock::print::DisplayBacktrace as core::fmt::Display>::fmt::h5b6bd5631a6d1f6b
[INFO] [stdout]                                at /rustc/90b35a6239c3d8bdabc530a6a0816f7ff89a0aaf/library/std/src/sys/backtrace.rs:39:26
[INFO] [stdout]    4:     0x6215f08f47c3 - core::fmt::rt::Argument::fmt::h270f6602a2b96f62
[INFO] [stdout]                                at /rustc/90b35a6239c3d8bdabc530a6a0816f7ff89a0aaf/library/core/src/fmt/rt.rs:177:76
[INFO] [stdout]    5:     0x6215f08f47c3 - core::fmt::write::h7550c97b06c86515
[INFO] [stdout]                                at /rustc/90b35a6239c3d8bdabc530a6a0816f7ff89a0aaf/library/core/src/fmt/mod.rs:1186:21
[INFO] [stdout]    6:     0x6215f08cb943 - std::io::Write::write_fmt::h509ff860e5956e5e
[INFO] [stdout]                                at /rustc/90b35a6239c3d8bdabc530a6a0816f7ff89a0aaf/library/std/src/io/mod.rs:1839:15
[INFO] [stdout]    7:     0x6215f08ce792 - std::sys::backtrace::BacktraceLock::print::h2395ccd2c84ba3aa
[INFO] [stdout]                                at /rustc/90b35a6239c3d8bdabc530a6a0816f7ff89a0aaf/library/std/src/sys/backtrace.rs:42:9
[INFO] [stdout]    8:     0x6215f08cfdaa - std::panicking::default_hook::{{closure}}::he19d4c7230e07961
[INFO] [stdout]                                at /rustc/90b35a6239c3d8bdabc530a6a0816f7ff89a0aaf/library/std/src/panicking.rs:268:22
[INFO] [stdout]    9:     0x6215f08cfbb4 - std::panicking::default_hook::hf614597d3c67bbdb
[INFO] [stdout]                                at /rustc/90b35a6239c3d8bdabc530a6a0816f7ff89a0aaf/library/std/src/panicking.rs:292:9
[INFO] [stdout]   10:     0x6215f086d8f9 - <alloc::boxed::Box<F,A> as core::ops::function::Fn<Args>>::call::h39b51ce4599c23d1
[INFO] [stdout]                                at /rustc/90b35a6239c3d8bdabc530a6a0816f7ff89a0aaf/library/alloc/src/boxed.rs:2468:9
[INFO] [stdout]   11:     0x6215f086d8f9 - test::test_main::{{closure}}::he977ae839a582784
[INFO] [stdout]                                at /rustc/90b35a6239c3d8bdabc530a6a0816f7ff89a0aaf/library/test/src/lib.rs:133:21
[INFO] [stdout]   12:     0x6215f08d0448 - <alloc::boxed::Box<F,A> as core::ops::function::Fn<Args>>::call::h9455091b6b06f9fb
[INFO] [stdout]                                at /rustc/90b35a6239c3d8bdabc530a6a0816f7ff89a0aaf/library/alloc/src/boxed.rs:2468:9
[INFO] [stdout]   13:     0x6215f08d0448 - std::panicking::rust_panic_with_hook::h8942133a8b252070
[INFO] [stdout]                                at /rustc/90b35a6239c3d8bdabc530a6a0816f7ff89a0aaf/library/std/src/panicking.rs:809:13
[INFO] [stdout]   14:     0x6215f08d020a - std::panicking::begin_panic_handler::{{closure}}::hb5f5963570096b29
[INFO] [stdout]                                at /rustc/90b35a6239c3d8bdabc530a6a0816f7ff89a0aaf/library/std/src/panicking.rs:674:13
[INFO] [stdout]   15:     0x6215f08cee29 - std::sys::backtrace::__rust_end_short_backtrace::h6208cedc1922feda
[INFO] [stdout]                                at /rustc/90b35a6239c3d8bdabc530a6a0816f7ff89a0aaf/library/std/src/sys/backtrace.rs:170:18
[INFO] [stdout]   16:     0x6215f08cfe9c - rust_begin_unwind
[INFO] [stdout]                                at /rustc/90b35a6239c3d8bdabc530a6a0816f7ff89a0aaf/library/std/src/panicking.rs:665:5
[INFO] [stdout]   17:     0x6215f082aa60 - core::panicking::panic_fmt::h0c3082644d1bf418
[INFO] [stdout]                                at /rustc/90b35a6239c3d8bdabc530a6a0816f7ff89a0aaf/library/core/src/panicking.rs:74:14
[INFO] [stdout]   18:     0x6215f082ae2b - core::panicking::assert_failed_inner::h2ddf1fcc067fa858
[INFO] [stdout]   19:     0x6215f0832e08 - core::panicking::assert_failed::h207bf0b4f4c0d325
[INFO] [stdout]                                at /rustc/90b35a6239c3d8bdabc530a6a0816f7ff89a0aaf/library/core/src/panicking.rs:367:5
[INFO] [stdout]   20:     0x6215f08308c3 - pobsd_server::app::config::tests::load_well_formed_config_file::h1f57607d203e3add
[INFO] [stdout]                                at /opt/rustwide/workdir/src/app/config.rs:137:9
[INFO] [stdout]   21:     0x6215f08306b7 - pobsd_server::app::config::tests::load_well_formed_config_file::{{closure}}::h35d77a7ba5594536
[INFO] [stdout]                                at /opt/rustwide/workdir/src/app/config.rs:132:38
[INFO] [stdout]   22:     0x6215f0831d36 - core::ops::function::FnOnce::call_once::hb88185aa55fd14dd
[INFO] [stdout]                                at /rustc/90b35a6239c3d8bdabc530a6a0816f7ff89a0aaf/library/core/src/ops/function.rs:250:5
[INFO] [stdout]   23:     0x6215f08722bb - core::ops::function::FnOnce::call_once::h109cf8051a59b34e
[INFO] [stdout]                                at /rustc/90b35a6239c3d8bdabc530a6a0816f7ff89a0aaf/library/core/src/ops/function.rs:250:5
[INFO] [stdout]   24:     0x6215f08722bb - test::__rust_begin_short_backtrace::hf4fff89d377446ba
[INFO] [stdout]                                at /rustc/90b35a6239c3d8bdabc530a6a0816f7ff89a0aaf/library/test/src/lib.rs:621:18
[INFO] [stdout]   25:     0x6215f0871af7 - test::run_test_in_process::{{closure}}::h0e39181dd7ee5a43
[INFO] [stdout]                                at /rustc/90b35a6239c3d8bdabc530a6a0816f7ff89a0aaf/library/test/src/lib.rs:644:60
[INFO] [stdout]   26:     0x6215f0871af7 - <core::panic::unwind_safe::AssertUnwindSafe<F> as core::ops::function::FnOnce<()>>::call_once::hc5a66a30f0bdfd1f
[INFO] [stdout]                                at /rustc/90b35a6239c3d8bdabc530a6a0816f7ff89a0aaf/library/core/src/panic/unwind_safe.rs:272:9
[INFO] [stdout]   27:     0x6215f0871af7 - std::panicking::try::do_call::h873b7cf639554a5e
[INFO] [stdout]                                at /rustc/90b35a6239c3d8bdabc530a6a0816f7ff89a0aaf/library/std/src/panicking.rs:557:40
[INFO] [stdout]   28:     0x6215f0871af7 - std::panicking::try::hdb19862fad9c8bd1
[INFO] [stdout]                                at /rustc/90b35a6239c3d8bdabc530a6a0816f7ff89a0aaf/library/std/src/panicking.rs:520:19
[INFO] [stdout]   29:     0x6215f0871af7 - std::panic::catch_unwind::h281fe732d236d260
[INFO] [stdout]                                at /rustc/90b35a6239c3d8bdabc530a6a0816f7ff89a0aaf/library/std/src/panic.rs:358:14
[INFO] [stdout]   30:     0x6215f0871af7 - test::run_test_in_process::h949b6df8457ed338
[INFO] [stdout]                                at /rustc/90b35a6239c3d8bdabc530a6a0816f7ff89a0aaf/library/test/src/lib.rs:644:27
[INFO] [stdout]   31:     0x6215f0871af7 - test::run_test::{{closure}}::h52c556a6d4740e10
[INFO] [stdout]                                at /rustc/90b35a6239c3d8bdabc530a6a0816f7ff89a0aaf/library/test/src/lib.rs:565:43
[INFO] [stdout]   32:     0x6215f0836dd4 - test::run_test::{{closure}}::h4237f6381c45ccb9
[INFO] [stdout]                                at /rustc/90b35a6239c3d8bdabc530a6a0816f7ff89a0aaf/library/test/src/lib.rs:595:41
[INFO] [stdout]   33:     0x6215f0836dd4 - std::sys::backtrace::__rust_begin_short_backtrace::h505c97a579eca628
[INFO] [stdout]                                at /rustc/90b35a6239c3d8bdabc530a6a0816f7ff89a0aaf/library/std/src/sys/backtrace.rs:154:18
[INFO] [stdout]   34:     0x6215f083a49e - std::thread::Builder::spawn_unchecked_::{{closure}}::{{closure}}::h9e86b2e2bc107ea3
[INFO] [stdout]                                at /rustc/90b35a6239c3d8bdabc530a6a0816f7ff89a0aaf/library/std/src/thread/mod.rs:538:17
[INFO] [stdout]   35:     0x6215f083a49e - <core::panic::unwind_safe::AssertUnwindSafe<F> as core::ops::function::FnOnce<()>>::call_once::h8b06ddb275ff4a25
[INFO] [stdout]                                at /rustc/90b35a6239c3d8bdabc530a6a0816f7ff89a0aaf/library/core/src/panic/unwind_safe.rs:272:9
[INFO] [stdout]   36:     0x6215f083a49e - std::panicking::try::do_call::hb26ecd7cd9a9355d
[INFO] [stdout]                                at /rustc/90b35a6239c3d8bdabc530a6a0816f7ff89a0aaf/library/std/src/panicking.rs:557:40
[INFO] [stdout]   37:     0x6215f083a49e - std::panicking::try::h8ddeca9d705f9069
[INFO] [stdout]                                at /rustc/90b35a6239c3d8bdabc530a6a0816f7ff89a0aaf/library/std/src/panicking.rs:520:19
[INFO] [stdout]   38:     0x6215f083a49e - std::panic::catch_unwind::h49e1c33078844c46
[INFO] [stdout]                                at /rustc/90b35a6239c3d8bdabc530a6a0816f7ff89a0aaf/library/std/src/panic.rs:358:14
[INFO] [stdout]   39:     0x6215f083a49e - std::thread::Builder::spawn_unchecked_::{{closure}}::h6073db6ff56ad35d
[INFO] [stdout]                                at /rustc/90b35a6239c3d8bdabc530a6a0816f7ff89a0aaf/library/std/src/thread/mod.rs:537:30
[INFO] [stdout]   40:     0x6215f083a49e - core::ops::function::FnOnce::call_once{{vtable.shim}}::h2c5a5f3779c774f1
[INFO] [stdout]                                at /rustc/90b35a6239c3d8bdabc530a6a0816f7ff89a0aaf/library/core/src/ops/function.rs:250:5
[INFO] [stdout]   41:     0x6215f08d41ab - <alloc::boxed::Box<F,A> as core::ops::function::FnOnce<Args>>::call_once::hf75717d9f28faebf
[INFO] [stdout]                                at /rustc/90b35a6239c3d8bdabc530a6a0816f7ff89a0aaf/library/alloc/src/boxed.rs:2454:9
[INFO] [stdout]   42:     0x6215f08d41ab - <alloc::boxed::Box<F,A> as core::ops::function::FnOnce<Args>>::call_once::h7bd883a5f3c5f3c1
[INFO] [stdout]                                at /rustc/90b35a6239c3d8bdabc530a6a0816f7ff89a0aaf/library/alloc/src/boxed.rs:2454:9
[INFO] [stdout]   43:     0x6215f08d41ab - std::sys::pal::unix::thread::Thread::new::thread_start::hcc78f3943333fa94
[INFO] [stdout]                                at /rustc/90b35a6239c3d8bdabc530a6a0816f7ff89a0aaf/library/std/src/sys/pal/unix/thread.rs:105:17
[INFO] [stdout]   44:     0x787083cdfac3 - <unknown>
[INFO] [stdout]   45:     0x787083d70a04 - clone
[INFO] [stdout]   46:                0x0 - <unknown>
[INFO] [stdout] 
[INFO] [stdout] 
[INFO] [stdout] failures:
[INFO] [stdout]     app::config::tests::load_well_formed_config_file
[INFO] [stdout] 
[INFO] [stdout] test result: FAILED. 14 passed; 1 failed; 0 ignored; 0 measured; 0 filtered out; finished in 0.09s
[INFO] [stdout] 
[INFO] [stderr] error: test failed, to rerun pass `--lib`
[INFO] running `Command { std: "docker" "inspect" "2b09c3c1ead25bfcbd8ab8c374650f6cd84ab6da929e72f6667f7108a01c5dc9", kill_on_drop: false }`
[INFO] running `Command { std: "docker" "rm" "-f" "2b09c3c1ead25bfcbd8ab8c374650f6cd84ab6da929e72f6667f7108a01c5dc9", kill_on_drop: false }`
[INFO] [stdout] 2b09c3c1ead25bfcbd8ab8c374650f6cd84ab6da929e72f6667f7108a01c5dc9
