[INFO] cloning repository https://github.com/pintariching/sntpr
[INFO] running `Command { std: "git" "-c" "credential.helper=" "-c" "credential.helper=/workspace/cargo-home/bin/git-credential-null" "clone" "--bare" "https://github.com/pintariching/sntpr" "/workspace/cache/git-repos/https%3A%2F%2Fgithub.com%2Fpintariching%2Fsntpr", kill_on_drop: false }`
[INFO] [stderr] Cloning into bare repository '/workspace/cache/git-repos/https%3A%2F%2Fgithub.com%2Fpintariching%2Fsntpr'...
[INFO] running `Command { std: "git" "rev-parse" "HEAD", kill_on_drop: false }`
[INFO] [stdout] 404279c22483db89c2ebf5cdcb1bb5ac94eb351f
[INFO] testing pintariching/sntpr against beta-2024-12-08 for beta-1.84.0-4-retry
[INFO] running `Command { std: "git" "clone" "/workspace/cache/git-repos/https%3A%2F%2Fgithub.com%2Fpintariching%2Fsntpr" "/workspace/builds/worker-2-tc2/source", kill_on_drop: false }`
[INFO] [stderr] Cloning into '/workspace/builds/worker-2-tc2/source'...
[INFO] [stderr] done.
[INFO] validating manifest of git repo https://github.com/pintariching/sntpr on toolchain beta-2024-12-08
[INFO] running `Command { std: CARGO_HOME="/workspace/cargo-home" RUSTUP_HOME="/workspace/rustup-home" "/workspace/cargo-home/bin/cargo" "+beta-2024-12-08" "metadata" "--manifest-path" "Cargo.toml" "--no-deps", kill_on_drop: false }`
[INFO] started tweaking git repo https://github.com/pintariching/sntpr
[INFO] finished tweaking git repo https://github.com/pintariching/sntpr
[INFO] tweaked toml for git repo https://github.com/pintariching/sntpr written to /workspace/builds/worker-2-tc2/source/Cargo.toml
[INFO] crate git repo https://github.com/pintariching/sntpr already has a lockfile, it will not be regenerated
[INFO] running `Command { std: CARGO_HOME="/workspace/cargo-home" RUSTUP_HOME="/workspace/rustup-home" "/workspace/cargo-home/bin/cargo" "+beta-2024-12-08" "fetch" "--manifest-path" "Cargo.toml", kill_on_drop: false }`
[INFO] running `Command { std: "docker" "create" "-v" "/var/lib/crater-agent-workspace/builds/worker-2-tc2/target:/opt/rustwide/target:rw,Z" "-v" "/var/lib/crater-agent-workspace/builds/worker-2-tc2/source:/opt/rustwide/workdir:ro,Z" "-v" "/var/lib/crater-agent-workspace/cargo-home:/opt/rustwide/cargo-home:ro,Z" "-v" "/var/lib/crater-agent-workspace/rustup-home:/opt/rustwide/rustup-home:ro,Z" "-e" "SOURCE_DIR=/opt/rustwide/workdir" "-e" "CARGO_TARGET_DIR=/opt/rustwide/target" "-e" "CARGO_HOME=/opt/rustwide/cargo-home" "-e" "RUSTUP_HOME=/opt/rustwide/rustup-home" "-w" "/opt/rustwide/workdir" "-m" "1610612736" "--user" "0:0" "--network" "none" "ghcr.io/rust-lang/crates-build-env/linux@sha256:f3a9d4ad9d972b27faf3965f35b62e55ba32bbce8f20bc8fe909558a86702fde" "/opt/rustwide/cargo-home/bin/cargo" "+beta-2024-12-08" "metadata" "--no-deps" "--format-version=1", kill_on_drop: false }`
[INFO] [stdout] f18dd683e5eae6072dd26634bd0ed7bc4017a63a7cc797f0ab3807d05a6e56d8
[INFO] running `Command { std: "docker" "start" "-a" "f18dd683e5eae6072dd26634bd0ed7bc4017a63a7cc797f0ab3807d05a6e56d8", kill_on_drop: false }`
[INFO] running `Command { std: "docker" "inspect" "f18dd683e5eae6072dd26634bd0ed7bc4017a63a7cc797f0ab3807d05a6e56d8", kill_on_drop: false }`
[INFO] running `Command { std: "docker" "rm" "-f" "f18dd683e5eae6072dd26634bd0ed7bc4017a63a7cc797f0ab3807d05a6e56d8", kill_on_drop: false }`
[INFO] [stdout] f18dd683e5eae6072dd26634bd0ed7bc4017a63a7cc797f0ab3807d05a6e56d8
[INFO] running `Command { std: "docker" "create" "-v" "/var/lib/crater-agent-workspace/builds/worker-2-tc2/target:/opt/rustwide/target:rw,Z" "-v" "/var/lib/crater-agent-workspace/builds/worker-2-tc2/source:/opt/rustwide/workdir:ro,Z" "-v" "/var/lib/crater-agent-workspace/cargo-home:/opt/rustwide/cargo-home:ro,Z" "-v" "/var/lib/crater-agent-workspace/rustup-home:/opt/rustwide/rustup-home:ro,Z" "-e" "SOURCE_DIR=/opt/rustwide/workdir" "-e" "CARGO_TARGET_DIR=/opt/rustwide/target" "-e" "CARGO_INCREMENTAL=0" "-e" "RUST_BACKTRACE=full" "-e" "RUSTFLAGS=--cap-lints=warn" "-e" "RUSTDOCFLAGS=--cap-lints=warn" "-e" "CARGO_HOME=/opt/rustwide/cargo-home" "-e" "RUSTUP_HOME=/opt/rustwide/rustup-home" "-w" "/opt/rustwide/workdir" "-m" "1610612736" "--user" "0:0" "--network" "none" "ghcr.io/rust-lang/crates-build-env/linux@sha256:f3a9d4ad9d972b27faf3965f35b62e55ba32bbce8f20bc8fe909558a86702fde" "/opt/rustwide/cargo-home/bin/cargo" "+beta-2024-12-08" "build" "--frozen" "--message-format=json", kill_on_drop: false }`
[INFO] [stdout] 3610ff15d98131b51494480c2320dc3114794612c4bf8c6f27c949f9ae84093a
[INFO] running `Command { std: "docker" "start" "-a" "3610ff15d98131b51494480c2320dc3114794612c4bf8c6f27c949f9ae84093a", kill_on_drop: false }`
[INFO] [stderr]    Compiling sntp-server v0.1.0 (/opt/rustwide/workdir/sntp-server)
[INFO] [stderr]    Compiling sntp-client v0.1.0 (/opt/rustwide/workdir/sntp-client)
[INFO] [stdout] warning: unused imports: `Instant` and `SystemTime`
[INFO] [stdout]  --> sntp-client/src/lib.rs:3:27
[INFO] [stdout]   |
[INFO] [stdout] 3 | use std::time::{Duration, Instant, SystemTime};
[INFO] [stdout]   |                           ^^^^^^^  ^^^^^^^^^^
[INFO] [stdout]   |
[INFO] [stdout]   = note: `#[warn(unused_imports)]` on by default
[INFO] [stdout] 
[INFO] [stdout] 
[INFO] [stdout] warning: unused imports: `SystemTime` and `UNIX_EPOCH`
[INFO] [stdout]  --> sntp-client/src/packet.rs:1:17
[INFO] [stdout]   |
[INFO] [stdout] 1 | use std::time::{SystemTime, UNIX_EPOCH};
[INFO] [stdout]   |                 ^^^^^^^^^^  ^^^^^^^^^^
[INFO] [stdout] 
[INFO] [stdout] 
[INFO] [stdout] warning: constant `SNTP_TIME_OFFSET` is never used
[INFO] [stdout]  --> sntp-client/src/lib.rs:7:7
[INFO] [stdout]   |
[INFO] [stdout] 7 | const SNTP_TIME_OFFSET: u32 = 2_208_988_800;
[INFO] [stdout]   |       ^^^^^^^^^^^^^^^^
[INFO] [stdout]   |
[INFO] [stdout]   = note: `#[warn(dead_code)]` on by default
[INFO] [stdout] 
[INFO] [stdout] 
[INFO] [stdout] warning: enum `LeapIndicator` is never used
[INFO] [stdout]   --> sntp-client/src/packet.rs:12:10
[INFO] [stdout]    |
[INFO] [stdout] 12 | pub enum LeapIndicator {
[INFO] [stdout]    |          ^^^^^^^^^^^^^
[INFO] [stdout] 
[INFO] [stdout] 
[INFO] [stdout] warning: struct `VersionNumber` is never constructed
[INFO] [stdout]   --> sntp-client/src/packet.rs:26:12
[INFO] [stdout]    |
[INFO] [stdout] 26 | pub struct VersionNumber(u8);
[INFO] [stdout]    |            ^^^^^^^^^^^^^
[INFO] [stdout] 
[INFO] [stdout] 
[INFO] [stdout] warning: enum `Mode` is never used
[INFO] [stdout]   --> sntp-client/src/packet.rs:36:10
[INFO] [stdout]    |
[INFO] [stdout] 36 | pub enum Mode {
[INFO] [stdout]    |          ^^^^
[INFO] [stdout] 
[INFO] [stdout] 
[INFO] [stdout] warning: enum `Stratum` is never used
[INFO] [stdout]   --> sntp-client/src/packet.rs:51:10
[INFO] [stdout]    |
[INFO] [stdout] 51 | pub enum Stratum {
[INFO] [stdout]    |          ^^^^^^^
[INFO] [stdout] 
[INFO] [stdout] 
[INFO] [stdout] warning: struct `SendPacket` is never constructed
[INFO] [stdout]   --> sntp-client/src/packet.rs:58:12
[INFO] [stdout]    |
[INFO] [stdout] 58 | pub struct SendPacket {
[INFO] [stdout]    |            ^^^^^^^^^^
[INFO] [stdout] 
[INFO] [stdout] 
[INFO] [stdout] warning: associated function `new` is never used
[INFO] [stdout]   --> sntp-client/src/packet.rs:70:12
[INFO] [stdout]    |
[INFO] [stdout] 69 | impl SendPacket {
[INFO] [stdout]    | --------------- associated function in this implementation
[INFO] [stdout] 70 |     pub fn new() -> Self {
[INFO] [stdout]    |            ^^^
[INFO] [stdout] 
[INFO] [stdout] 
[INFO] [stderr]     Finished `dev` profile [unoptimized + debuginfo] target(s) in 0.45s
[INFO] running `Command { std: "docker" "inspect" "3610ff15d98131b51494480c2320dc3114794612c4bf8c6f27c949f9ae84093a", kill_on_drop: false }`
[INFO] running `Command { std: "docker" "rm" "-f" "3610ff15d98131b51494480c2320dc3114794612c4bf8c6f27c949f9ae84093a", kill_on_drop: false }`
[INFO] [stdout] 3610ff15d98131b51494480c2320dc3114794612c4bf8c6f27c949f9ae84093a
[INFO] running `Command { std: "docker" "create" "-v" "/var/lib/crater-agent-workspace/builds/worker-2-tc2/target:/opt/rustwide/target:rw,Z" "-v" "/var/lib/crater-agent-workspace/builds/worker-2-tc2/source:/opt/rustwide/workdir:ro,Z" "-v" "/var/lib/crater-agent-workspace/cargo-home:/opt/rustwide/cargo-home:ro,Z" "-v" "/var/lib/crater-agent-workspace/rustup-home:/opt/rustwide/rustup-home:ro,Z" "-e" "SOURCE_DIR=/opt/rustwide/workdir" "-e" "CARGO_TARGET_DIR=/opt/rustwide/target" "-e" "CARGO_INCREMENTAL=0" "-e" "RUST_BACKTRACE=full" "-e" "RUSTFLAGS=--cap-lints=warn" "-e" "RUSTDOCFLAGS=--cap-lints=warn" "-e" "CARGO_HOME=/opt/rustwide/cargo-home" "-e" "RUSTUP_HOME=/opt/rustwide/rustup-home" "-w" "/opt/rustwide/workdir" "-m" "1610612736" "--user" "0:0" "--network" "none" "ghcr.io/rust-lang/crates-build-env/linux@sha256:f3a9d4ad9d972b27faf3965f35b62e55ba32bbce8f20bc8fe909558a86702fde" "/opt/rustwide/cargo-home/bin/cargo" "+beta-2024-12-08" "test" "--frozen" "--no-run" "--message-format=json", kill_on_drop: false }`
[INFO] [stdout] f823c6aed1a75febe45f891d741412710b08d7de7bc35ceace6678c996150b69
[INFO] running `Command { std: "docker" "start" "-a" "f823c6aed1a75febe45f891d741412710b08d7de7bc35ceace6678c996150b69", kill_on_drop: false }`
[INFO] [stdout] warning: unused imports: `Instant` and `SystemTime`
[INFO] [stdout]  --> sntp-client/src/lib.rs:3:27
[INFO] [stdout]   |
[INFO] [stdout] 3 | use std::time::{Duration, Instant, SystemTime};
[INFO] [stdout]   |                           ^^^^^^^  ^^^^^^^^^^
[INFO] [stdout]   |
[INFO] [stdout]   = note: `#[warn(unused_imports)]` on by default
[INFO] [stdout] 
[INFO] [stdout] 
[INFO] [stdout] warning: unused imports: `SystemTime` and `UNIX_EPOCH`
[INFO] [stdout]  --> sntp-client/src/packet.rs:1:17
[INFO] [stdout]   |
[INFO] [stdout] 1 | use std::time::{SystemTime, UNIX_EPOCH};
[INFO] [stdout]   |                 ^^^^^^^^^^  ^^^^^^^^^^
[INFO] [stdout] 
[INFO] [stdout] 
[INFO] [stdout] warning: constant `SNTP_TIME_OFFSET` is never used
[INFO] [stdout]  --> sntp-client/src/lib.rs:7:7
[INFO] [stdout]   |
[INFO] [stdout] 7 | const SNTP_TIME_OFFSET: u32 = 2_208_988_800;
[INFO] [stdout]   |       ^^^^^^^^^^^^^^^^
[INFO] [stdout]   |
[INFO] [stdout]   = note: `#[warn(dead_code)]` on by default
[INFO] [stdout] 
[INFO] [stdout] 
[INFO] [stdout] warning: enum `LeapIndicator` is never used
[INFO] [stdout]   --> sntp-client/src/packet.rs:12:10
[INFO] [stdout]    |
[INFO] [stdout] 12 | pub enum LeapIndicator {
[INFO] [stdout]    |          ^^^^^^^^^^^^^
[INFO] [stdout] 
[INFO] [stdout] 
[INFO] [stdout] warning: struct `VersionNumber` is never constructed
[INFO] [stdout]   --> sntp-client/src/packet.rs:26:12
[INFO] [stdout]    |
[INFO] [stdout] 26 | pub struct VersionNumber(u8);
[INFO] [stdout]    |            ^^^^^^^^^^^^^
[INFO] [stdout] 
[INFO] [stdout] 
[INFO] [stderr]    Compiling sntp-server v0.1.0 (/opt/rustwide/workdir/sntp-server)
[INFO] [stdout] warning: enum `Mode` is never used
[INFO] [stdout]   --> sntp-client/src/packet.rs:36:10
[INFO] [stdout]    |
[INFO] [stdout] 36 | pub enum Mode {
[INFO] [stdout]    |          ^^^^
[INFO] [stdout] 
[INFO] [stdout] 
[INFO] [stdout] warning: enum `Stratum` is never used
[INFO] [stdout]   --> sntp-client/src/packet.rs:51:10
[INFO] [stdout]    |
[INFO] [stdout] 51 | pub enum Stratum {
[INFO] [stdout]    |          ^^^^^^^
[INFO] [stdout] 
[INFO] [stdout] 
[INFO] [stdout] warning: struct `SendPacket` is never constructed
[INFO] [stdout]   --> sntp-client/src/packet.rs:58:12
[INFO] [stdout]    |
[INFO] [stdout] 58 | pub struct SendPacket {
[INFO] [stdout]    |            ^^^^^^^^^^
[INFO] [stdout] 
[INFO] [stdout] 
[INFO] [stdout] warning: associated function `new` is never used
[INFO] [stdout]   --> sntp-client/src/packet.rs:70:12
[INFO] [stdout]    |
[INFO] [stdout] 69 | impl SendPacket {
[INFO] [stdout]    | --------------- associated function in this implementation
[INFO] [stdout] 70 |     pub fn new() -> Self {
[INFO] [stdout]    |            ^^^
[INFO] [stdout] 
[INFO] [stdout] 
[INFO] [stderr]    Compiling sntp-client v0.1.0 (/opt/rustwide/workdir/sntp-client)
[INFO] [stdout] warning: unused imports: `Instant` and `SystemTime`
[INFO] [stdout]  --> sntp-client/src/lib.rs:3:27
[INFO] [stdout]   |
[INFO] [stdout] 3 | use std::time::{Duration, Instant, SystemTime};
[INFO] [stdout]   |                           ^^^^^^^  ^^^^^^^^^^
[INFO] [stdout]   |
[INFO] [stdout]   = note: `#[warn(unused_imports)]` on by default
[INFO] [stdout] 
[INFO] [stdout] 
[INFO] [stdout] warning: unused imports: `SystemTime` and `UNIX_EPOCH`
[INFO] [stdout]  --> sntp-client/src/packet.rs:1:17
[INFO] [stdout]   |
[INFO] [stdout] 1 | use std::time::{SystemTime, UNIX_EPOCH};
[INFO] [stdout]   |                 ^^^^^^^^^^  ^^^^^^^^^^
[INFO] [stdout] 
[INFO] [stdout] 
[INFO] [stdout] warning: unused import: `Instant`
[INFO] [stdout]   --> sntp-client/src/packet.rs:85:21
[INFO] [stdout]    |
[INFO] [stdout] 85 |     use std::time::{Instant, SystemTime, UNIX_EPOCH};
[INFO] [stdout]    |                     ^^^^^^^
[INFO] [stdout] 
[INFO] [stdout] 
[INFO] [stdout] warning: unused import: `super::*`
[INFO] [stdout]   --> sntp-client/src/packet.rs:87:9
[INFO] [stdout]    |
[INFO] [stdout] 87 |     use super::*;
[INFO] [stdout]    |         ^^^^^^^^
[INFO] [stdout] 
[INFO] [stdout] 
[INFO] [stdout] warning: constant `SNTP_TIME_OFFSET` is never used
[INFO] [stdout]  --> sntp-client/src/lib.rs:7:7
[INFO] [stdout]   |
[INFO] [stdout] 7 | const SNTP_TIME_OFFSET: u32 = 2_208_988_800;
[INFO] [stdout]   |       ^^^^^^^^^^^^^^^^
[INFO] [stdout]   |
[INFO] [stdout]   = note: `#[warn(dead_code)]` on by default
[INFO] [stdout] 
[INFO] [stdout] 
[INFO] [stdout] warning: enum `LeapIndicator` is never used
[INFO] [stdout]   --> sntp-client/src/packet.rs:12:10
[INFO] [stdout]    |
[INFO] [stdout] 12 | pub enum LeapIndicator {
[INFO] [stdout]    |          ^^^^^^^^^^^^^
[INFO] [stdout] 
[INFO] [stdout] 
[INFO] [stdout] warning: struct `VersionNumber` is never constructed
[INFO] [stdout]   --> sntp-client/src/packet.rs:26:12
[INFO] [stdout]    |
[INFO] [stdout] 26 | pub struct VersionNumber(u8);
[INFO] [stdout]    |            ^^^^^^^^^^^^^
[INFO] [stdout] 
[INFO] [stdout] 
[INFO] [stdout] warning: enum `Mode` is never used
[INFO] [stdout]   --> sntp-client/src/packet.rs:36:10
[INFO] [stdout]    |
[INFO] [stdout] 36 | pub enum Mode {
[INFO] [stdout]    |          ^^^^
[INFO] [stdout] 
[INFO] [stdout] 
[INFO] [stdout] warning: enum `Stratum` is never used
[INFO] [stdout]   --> sntp-client/src/packet.rs:51:10
[INFO] [stdout]    |
[INFO] [stdout] 51 | pub enum Stratum {
[INFO] [stdout]    |          ^^^^^^^
[INFO] [stdout] 
[INFO] [stdout] 
[INFO] [stdout] warning: struct `SendPacket` is never constructed
[INFO] [stdout]   --> sntp-client/src/packet.rs:58:12
[INFO] [stdout]    |
[INFO] [stdout] 58 | pub struct SendPacket {
[INFO] [stdout]    |            ^^^^^^^^^^
[INFO] [stdout] 
[INFO] [stdout] 
[INFO] [stdout] warning: associated function `new` is never used
[INFO] [stdout]   --> sntp-client/src/packet.rs:70:12
[INFO] [stdout]    |
[INFO] [stdout] 69 | impl SendPacket {
[INFO] [stdout]    | --------------- associated function in this implementation
[INFO] [stdout] 70 |     pub fn new() -> Self {
[INFO] [stdout]    |            ^^^
[INFO] [stdout] 
[INFO] [stdout] 
[INFO] [stderr]     Finished `test` profile [unoptimized + debuginfo] target(s) in 0.73s
[INFO] running `Command { std: "docker" "inspect" "f823c6aed1a75febe45f891d741412710b08d7de7bc35ceace6678c996150b69", kill_on_drop: false }`
[INFO] running `Command { std: "docker" "rm" "-f" "f823c6aed1a75febe45f891d741412710b08d7de7bc35ceace6678c996150b69", kill_on_drop: false }`
[INFO] [stdout] f823c6aed1a75febe45f891d741412710b08d7de7bc35ceace6678c996150b69
[INFO] running `Command { std: "docker" "create" "-v" "/var/lib/crater-agent-workspace/builds/worker-2-tc2/target:/opt/rustwide/target:rw,Z" "-v" "/var/lib/crater-agent-workspace/builds/worker-2-tc2/source:/opt/rustwide/workdir:ro,Z" "-v" "/var/lib/crater-agent-workspace/cargo-home:/opt/rustwide/cargo-home:ro,Z" "-v" "/var/lib/crater-agent-workspace/rustup-home:/opt/rustwide/rustup-home:ro,Z" "-e" "SOURCE_DIR=/opt/rustwide/workdir" "-e" "CARGO_TARGET_DIR=/opt/rustwide/target" "-e" "CARGO_INCREMENTAL=0" "-e" "RUST_BACKTRACE=full" "-e" "RUSTFLAGS=--cap-lints=warn" "-e" "RUSTDOCFLAGS=--cap-lints=warn" "-e" "CARGO_HOME=/opt/rustwide/cargo-home" "-e" "RUSTUP_HOME=/opt/rustwide/rustup-home" "-w" "/opt/rustwide/workdir" "-m" "1610612736" "--user" "0:0" "--network" "none" "ghcr.io/rust-lang/crates-build-env/linux@sha256:f3a9d4ad9d972b27faf3965f35b62e55ba32bbce8f20bc8fe909558a86702fde" "/opt/rustwide/cargo-home/bin/cargo" "+beta-2024-12-08" "test" "--frozen", kill_on_drop: false }`
[INFO] [stdout] edb23d49356491e9b18a2ace0a057152b6519f6c10da8b763fd75e66fb6338b1
[INFO] running `Command { std: "docker" "start" "-a" "edb23d49356491e9b18a2ace0a057152b6519f6c10da8b763fd75e66fb6338b1", kill_on_drop: false }`
[INFO] [stderr] warning: unused imports: `Instant` and `SystemTime`
[INFO] [stderr]  --> sntp-client/src/lib.rs:3:27
[INFO] [stderr]   |
[INFO] [stderr] 3 | use std::time::{Duration, Instant, SystemTime};
[INFO] [stderr]   |                           ^^^^^^^  ^^^^^^^^^^
[INFO] [stderr]   |
[INFO] [stderr]   = note: `#[warn(unused_imports)]` on by default
[INFO] [stderr] 
[INFO] [stderr] warning: unused imports: `SystemTime` and `UNIX_EPOCH`
[INFO] [stderr]  --> sntp-client/src/packet.rs:1:17
[INFO] [stderr]   |
[INFO] [stderr] 1 | use std::time::{SystemTime, UNIX_EPOCH};
[INFO] [stderr]   |                 ^^^^^^^^^^  ^^^^^^^^^^
[INFO] [stderr] 
[INFO] [stderr] warning: constant `SNTP_TIME_OFFSET` is never used
[INFO] [stderr]  --> sntp-client/src/lib.rs:7:7
[INFO] [stderr]   |
[INFO] [stderr] 7 | const SNTP_TIME_OFFSET: u32 = 2_208_988_800;
[INFO] [stderr]   |       ^^^^^^^^^^^^^^^^
[INFO] [stderr]   |
[INFO] [stderr]   = note: `#[warn(dead_code)]` on by default
[INFO] [stderr] 
[INFO] [stderr] warning: enum `LeapIndicator` is never used
[INFO] [stderr]   --> sntp-client/src/packet.rs:12:10
[INFO] [stderr]    |
[INFO] [stderr] 12 | pub enum LeapIndicator {
[INFO] [stderr]    |          ^^^^^^^^^^^^^
[INFO] [stderr] 
[INFO] [stderr] warning: struct `VersionNumber` is never constructed
[INFO] [stderr]   --> sntp-client/src/packet.rs:26:12
[INFO] [stderr]    |
[INFO] [stderr] 26 | pub struct VersionNumber(u8);
[INFO] [stderr]    |            ^^^^^^^^^^^^^
[INFO] [stderr] 
[INFO] [stderr] warning: enum `Mode` is never used
[INFO] [stderr]   --> sntp-client/src/packet.rs:36:10
[INFO] [stderr]    |
[INFO] [stderr] 36 | pub enum Mode {
[INFO] [stderr]    |          ^^^^
[INFO] [stderr] 
[INFO] [stderr] warning: enum `Stratum` is never used
[INFO] [stderr]   --> sntp-client/src/packet.rs:51:10
[INFO] [stderr]    |
[INFO] [stderr] 51 | pub enum Stratum {
[INFO] [stderr]    |          ^^^^^^^
[INFO] [stderr] 
[INFO] [stderr] warning: struct `SendPacket` is never constructed
[INFO] [stderr]   --> sntp-client/src/packet.rs:58:12
[INFO] [stderr]    |
[INFO] [stderr] 58 | pub struct SendPacket {
[INFO] [stderr]    |            ^^^^^^^^^^
[INFO] [stderr] 
[INFO] [stderr] warning: associated function `new` is never used
[INFO] [stderr]   --> sntp-client/src/packet.rs:70:12
[INFO] [stderr]    |
[INFO] [stderr] 69 | impl SendPacket {
[INFO] [stderr]    | --------------- associated function in this implementation
[INFO] [stderr] 70 |     pub fn new() -> Self {
[INFO] [stderr]    |            ^^^
[INFO] [stderr] 
[INFO] [stderr] warning: `sntp-client` (lib) generated 9 warnings (run `cargo fix --lib -p sntp-client` to apply 2 suggestions)
[INFO] [stderr] warning: unused import: `Instant`
[INFO] [stderr]   --> sntp-client/src/packet.rs:85:21
[INFO] [stderr]    |
[INFO] [stderr] 85 |     use std::time::{Instant, SystemTime, UNIX_EPOCH};
[INFO] [stderr]    |                     ^^^^^^^
[INFO] [stderr] 
[INFO] [stderr] warning: unused import: `super::*`
[INFO] [stderr]   --> sntp-client/src/packet.rs:87:9
[INFO] [stderr]    |
[INFO] [stderr] 87 |     use super::*;
[INFO] [stderr]    |         ^^^^^^^^
[INFO] [stderr] 
[INFO] [stderr] warning: `sntp-client` (lib test) generated 11 warnings (9 duplicates) (run `cargo fix --lib -p sntp-client --tests` to apply 2 suggestions)
[INFO] [stderr]     Finished `test` profile [unoptimized + debuginfo] target(s) in 0.01s
[INFO] [stdout] 
[INFO] [stderr]      Running unittests src/lib.rs (/opt/rustwide/target/debug/deps/sntp_client-e33f36b4a10a30cd)
[INFO] [stdout] running 2 tests
[INFO] [stdout] test packet::tests::test_name ... ok
[INFO] [stdout] test tests::test_request ... FAILED
[INFO] [stderr] error: test failed, to rerun pass `-p sntp-client --lib`
[INFO] [stdout] 
[INFO] [stdout] failures:
[INFO] [stdout] 
[INFO] [stdout] ---- tests::test_request stdout ----
[INFO] [stdout] thread 'tests::test_request' panicked at sntp-client/src/lib.rs:33:19:
[INFO] [stdout] failed to lookup address information: Temporary failure in name resolution
[INFO] [stdout] stack backtrace:
[INFO] [stdout]    0:     0x60ab31fef21a - std::backtrace_rs::backtrace::libunwind::trace::h8810477743020387
[INFO] [stdout]                                at /rustc/202008a1b8de96d2e5b6bc02d379db03a877d34d/library/std/src/../../backtrace/src/backtrace/libunwind.rs:116:5
[INFO] [stdout]    1:     0x60ab31fef21a - std::backtrace_rs::backtrace::trace_unsynchronized::h3aa55355dd6c54a6
[INFO] [stdout]                                at /rustc/202008a1b8de96d2e5b6bc02d379db03a877d34d/library/std/src/../../backtrace/src/backtrace/mod.rs:66:5
[INFO] [stdout]    2:     0x60ab31fef21a - std::sys::backtrace::_print_fmt::h8588b0f62410823f
[INFO] [stdout]                                at /rustc/202008a1b8de96d2e5b6bc02d379db03a877d34d/library/std/src/sys/backtrace.rs:66:9
[INFO] [stdout]    3:     0x60ab31fef21a - <std::sys::backtrace::BacktraceLock::print::DisplayBacktrace as core::fmt::Display>::fmt::h98c26ac25ffe89bb
[INFO] [stdout]                                at /rustc/202008a1b8de96d2e5b6bc02d379db03a877d34d/library/std/src/sys/backtrace.rs:39:26
[INFO] [stdout]    4:     0x60ab32016053 - core::fmt::rt::Argument::fmt::hf95377f4aebd453b
[INFO] [stdout]                                at /rustc/202008a1b8de96d2e5b6bc02d379db03a877d34d/library/core/src/fmt/rt.rs:177:76
[INFO] [stdout]    5:     0x60ab32016053 - core::fmt::write::h0dd5f6e2238c7982
[INFO] [stdout]                                at /rustc/202008a1b8de96d2e5b6bc02d379db03a877d34d/library/core/src/fmt/mod.rs:1189:21
[INFO] [stdout]    6:     0x60ab31febdd3 - std::io::Write::write_fmt::h03bb0ca26e6faf8c
[INFO] [stdout]                                at /rustc/202008a1b8de96d2e5b6bc02d379db03a877d34d/library/std/src/io/mod.rs:1884:15
[INFO] [stdout]    7:     0x60ab31fef062 - std::sys::backtrace::BacktraceLock::print::h5c19c1c038ee186d
[INFO] [stdout]                                at /rustc/202008a1b8de96d2e5b6bc02d379db03a877d34d/library/std/src/sys/backtrace.rs:42:9
[INFO] [stdout]    8:     0x60ab31ff069d - std::panicking::default_hook::{{closure}}::h77172f079a1fcb13
[INFO] [stdout]                                at /rustc/202008a1b8de96d2e5b6bc02d379db03a877d34d/library/std/src/panicking.rs:268:22
[INFO] [stdout]    9:     0x60ab31ff04a7 - std::panicking::default_hook::he5f8e3b203ccddba
[INFO] [stdout]                                at /rustc/202008a1b8de96d2e5b6bc02d379db03a877d34d/library/std/src/panicking.rs:292:9
[INFO] [stdout]   10:     0x60ab31fb97d7 - <alloc::boxed::Box<F,A> as core::ops::function::Fn<Args>>::call::h7a3c7b4a1ae77f2f
[INFO] [stdout]                                at /rustc/202008a1b8de96d2e5b6bc02d379db03a877d34d/library/alloc/src/boxed.rs:1986:9
[INFO] [stdout]   11:     0x60ab31fb97d7 - test::test_main::{{closure}}::hf0d3b69ae9b353d1
[INFO] [stdout]                                at /rustc/202008a1b8de96d2e5b6bc02d379db03a877d34d/library/test/src/lib.rs:134:21
[INFO] [stdout]   12:     0x60ab31ff0d48 - <alloc::boxed::Box<F,A> as core::ops::function::Fn<Args>>::call::h6332e82e7b189abd
[INFO] [stdout]                                at /rustc/202008a1b8de96d2e5b6bc02d379db03a877d34d/library/alloc/src/boxed.rs:1986:9
[INFO] [stdout]   13:     0x60ab31ff0d48 - std::panicking::rust_panic_with_hook::h53863d4e9018df39
[INFO] [stdout]                                at /rustc/202008a1b8de96d2e5b6bc02d379db03a877d34d/library/std/src/panicking.rs:809:13
[INFO] [stdout]   14:     0x60ab31ff0b0a - std::panicking::begin_panic_handler::{{closure}}::h67280e6fa0757873
[INFO] [stdout]                                at /rustc/202008a1b8de96d2e5b6bc02d379db03a877d34d/library/std/src/panicking.rs:674:13
[INFO] [stdout]   15:     0x60ab31fef6f9 - std::sys::backtrace::__rust_end_short_backtrace::h1dac3f54d6fbbeb2
[INFO] [stdout]                                at /rustc/202008a1b8de96d2e5b6bc02d379db03a877d34d/library/std/src/sys/backtrace.rs:170:18
[INFO] [stdout]   16:     0x60ab31ff079c - rust_begin_unwind
[INFO] [stdout]                                at /rustc/202008a1b8de96d2e5b6bc02d379db03a877d34d/library/std/src/panicking.rs:665:5
[INFO] [stdout]   17:     0x60ab31f7ab60 - core::panicking::panic_fmt::h6792bd1b2bf01041
[INFO] [stdout]                                at /rustc/202008a1b8de96d2e5b6bc02d379db03a877d34d/library/core/src/panicking.rs:76:14
[INFO] [stdout]   18:     0x60ab31f7e453 - core::panicking::panic_display::h913b7e7427447777
[INFO] [stdout]                                at /rustc/202008a1b8de96d2e5b6bc02d379db03a877d34d/library/core/src/panicking.rs:269:5
[INFO] [stdout]   19:     0x60ab31f7feea - sntp_client::request::panic_cold_display::h64c2016d3c02c249
[INFO] [stdout]                                at /rustc/202008a1b8de96d2e5b6bc02d379db03a877d34d/library/core/src/panic.rs:100:13
[INFO] [stdout]   20:     0x60ab31f7f5ef - sntp_client::request::hbcaf2ff816bbfe22
[INFO] [stdout]                                at /opt/rustwide/workdir/sntp-client/src/lib.rs:33:19
[INFO] [stdout]   21:     0x60ab31f7ff26 - sntp_client::tests::test_request::hf06155507908698b
[INFO] [stdout]                                at /opt/rustwide/workdir/sntp-client/src/lib.rs:70:9
[INFO] [stdout]   22:     0x60ab31f7ff07 - sntp_client::tests::test_request::{{closure}}::ha8f9f4504d0357d0
[INFO] [stdout]                                at /opt/rustwide/workdir/sntp-client/src/lib.rs:69:22
[INFO] [stdout]   23:     0x60ab31f7d386 - core::ops::function::FnOnce::call_once::h39db3fec56c676a5
[INFO] [stdout]                                at /rustc/202008a1b8de96d2e5b6bc02d379db03a877d34d/library/core/src/ops/function.rs:250:5
[INFO] [stdout]   24:     0x60ab31fbe2fb - core::ops::function::FnOnce::call_once::h871bf86719ec9aa4
[INFO] [stdout]                                at /rustc/202008a1b8de96d2e5b6bc02d379db03a877d34d/library/core/src/ops/function.rs:250:5
[INFO] [stdout]   25:     0x60ab31fbe2fb - test::__rust_begin_short_backtrace::h2167df1e2b7d76fd
[INFO] [stdout]                                at /rustc/202008a1b8de96d2e5b6bc02d379db03a877d34d/library/test/src/lib.rs:632:18
[INFO] [stdout]   26:     0x60ab31fbdce8 - test::run_test_in_process::{{closure}}::h15d92f75a3adfb79
[INFO] [stdout]                                at /rustc/202008a1b8de96d2e5b6bc02d379db03a877d34d/library/test/src/lib.rs:655:60
[INFO] [stdout]   27:     0x60ab31fbdce8 - <core::panic::unwind_safe::AssertUnwindSafe<F> as core::ops::function::FnOnce<()>>::call_once::hb6c8955835a8dbbb
[INFO] [stdout]                                at /rustc/202008a1b8de96d2e5b6bc02d379db03a877d34d/library/core/src/panic/unwind_safe.rs:272:9
[INFO] [stdout]   28:     0x60ab31fbdce8 - std::panicking::try::do_call::hc79d0fc888a0bd30
[INFO] [stdout]                                at /rustc/202008a1b8de96d2e5b6bc02d379db03a877d34d/library/std/src/panicking.rs:557:40
[INFO] [stdout]   29:     0x60ab31fbdce8 - std::panicking::try::hb8a7878e3a8589d6
[INFO] [stdout]                                at /rustc/202008a1b8de96d2e5b6bc02d379db03a877d34d/library/std/src/panicking.rs:520:19
[INFO] [stdout]   30:     0x60ab31fbdce8 - std::panic::catch_unwind::hb8e4600ff0ff5cfa
[INFO] [stdout]                                at /rustc/202008a1b8de96d2e5b6bc02d379db03a877d34d/library/std/src/panic.rs:358:14
[INFO] [stdout]   31:     0x60ab31fbdce8 - test::run_test_in_process::hc2900b0b18688dd6
[INFO] [stdout]                                at /rustc/202008a1b8de96d2e5b6bc02d379db03a877d34d/library/test/src/lib.rs:655:27
[INFO] [stdout]   32:     0x60ab31fbdce8 - test::run_test::{{closure}}::hac2a9cb07be3d48d
[INFO] [stdout]                                at /rustc/202008a1b8de96d2e5b6bc02d379db03a877d34d/library/test/src/lib.rs:576:43
[INFO] [stdout]   33:     0x60ab31f8178a - test::run_test::{{closure}}::h4a5b729e66a38cd8
[INFO] [stdout]                                at /rustc/202008a1b8de96d2e5b6bc02d379db03a877d34d/library/test/src/lib.rs:606:41
[INFO] [stdout]   34:     0x60ab31f8178a - std::sys::backtrace::__rust_begin_short_backtrace::h0496fb742492f573
[INFO] [stdout]                                at /rustc/202008a1b8de96d2e5b6bc02d379db03a877d34d/library/std/src/sys/backtrace.rs:154:18
[INFO] [stdout]   35:     0x60ab31f85104 - std::thread::Builder::spawn_unchecked_::{{closure}}::{{closure}}::hbb6d257c550a54bd
[INFO] [stdout]                                at /rustc/202008a1b8de96d2e5b6bc02d379db03a877d34d/library/std/src/thread/mod.rs:561:17
[INFO] [stdout]   36:     0x60ab31f85104 - <core::panic::unwind_safe::AssertUnwindSafe<F> as core::ops::function::FnOnce<()>>::call_once::h46696fe4a6832328
[INFO] [stdout]                                at /rustc/202008a1b8de96d2e5b6bc02d379db03a877d34d/library/core/src/panic/unwind_safe.rs:272:9
[INFO] [stdout]   37:     0x60ab31f85104 - std::panicking::try::do_call::h2625a51b667bfb64
[INFO] [stdout]                                at /rustc/202008a1b8de96d2e5b6bc02d379db03a877d34d/library/std/src/panicking.rs:557:40
[INFO] [stdout]   38:     0x60ab31f85104 - std::panicking::try::hb956a59a1973aa4c
[INFO] [stdout]                                at /rustc/202008a1b8de96d2e5b6bc02d379db03a877d34d/library/std/src/panicking.rs:520:19
[INFO] [stdout]   39:     0x60ab31f85104 - std::panic::catch_unwind::h64f3b9d1067ef6a0
[INFO] [stdout]                                at /rustc/202008a1b8de96d2e5b6bc02d379db03a877d34d/library/std/src/panic.rs:358:14
[INFO] [stdout]   40:     0x60ab31f85104 - std::thread::Builder::spawn_unchecked_::{{closure}}::h42b2841295b6c0b2
[INFO] [stdout]                                at /rustc/202008a1b8de96d2e5b6bc02d379db03a877d34d/library/std/src/thread/mod.rs:559:30
[INFO] [stdout]   41:     0x60ab31f85104 - core::ops::function::FnOnce::call_once{{vtable.shim}}::h6127de71b8124639
[INFO] [stdout]                                at /rustc/202008a1b8de96d2e5b6bc02d379db03a877d34d/library/core/src/ops/function.rs:250:5
[INFO] [stdout]   42:     0x60ab31ff4e0b - <alloc::boxed::Box<F,A> as core::ops::function::FnOnce<Args>>::call_once::h42f0ba71002a1b2c
[INFO] [stdout]                                at /rustc/202008a1b8de96d2e5b6bc02d379db03a877d34d/library/alloc/src/boxed.rs:1972:9
[INFO] [stdout]   43:     0x60ab31ff4e0b - <alloc::boxed::Box<F,A> as core::ops::function::FnOnce<Args>>::call_once::had9e47d7a3dcecb8
[INFO] [stdout]                                at /rustc/202008a1b8de96d2e5b6bc02d379db03a877d34d/library/alloc/src/boxed.rs:1972:9
[INFO] [stdout]   44:     0x60ab31ff4e0b - std::sys::pal::unix::thread::Thread::new::thread_start::h48cf765408f6f5f2
[INFO] [stdout]                                at /rustc/202008a1b8de96d2e5b6bc02d379db03a877d34d/library/std/src/sys/pal/unix/thread.rs:105:17
[INFO] [stdout]   45:     0x732f6e7f5ac3 - <unknown>
[INFO] [stdout]   46:     0x732f6e886a04 - clone
[INFO] [stdout]   47:                0x0 - <unknown>
[INFO] [stdout] 
[INFO] [stdout] 
[INFO] [stdout] failures:
[INFO] [stdout]     tests::test_request
[INFO] [stdout] 
[INFO] [stdout] test result: FAILED. 1 passed; 1 failed; 0 ignored; 0 measured; 0 filtered out; finished in 0.04s
[INFO] [stdout] 
[INFO] running `Command { std: "docker" "inspect" "edb23d49356491e9b18a2ace0a057152b6519f6c10da8b763fd75e66fb6338b1", kill_on_drop: false }`
[INFO] running `Command { std: "docker" "rm" "-f" "edb23d49356491e9b18a2ace0a057152b6519f6c10da8b763fd75e66fb6338b1", kill_on_drop: false }`
[INFO] [stdout] edb23d49356491e9b18a2ace0a057152b6519f6c10da8b763fd75e66fb6338b1
