[INFO] cloning repository https://github.com/pignacio/d2_itemsorter_rust
[INFO] running `Command { std: "git" "-c" "credential.helper=" "-c" "credential.helper=/workspace/cargo-home/bin/git-credential-null" "clone" "--bare" "https://github.com/pignacio/d2_itemsorter_rust" "/workspace/cache/git-repos/https%3A%2F%2Fgithub.com%2Fpignacio%2Fd2_itemsorter_rust", kill_on_drop: false }`
[INFO] [stderr] Cloning into bare repository '/workspace/cache/git-repos/https%3A%2F%2Fgithub.com%2Fpignacio%2Fd2_itemsorter_rust'...
[INFO] running `Command { std: "git" "rev-parse" "HEAD", kill_on_drop: false }`
[INFO] [stdout] 653fad32bc35af7b9563adb36f3bc8b8c3734998
[INFO] testing pignacio/d2_itemsorter_rust against 1.83.0 for beta-1.84.0-4-retry
[INFO] running `Command { std: "git" "clone" "/workspace/cache/git-repos/https%3A%2F%2Fgithub.com%2Fpignacio%2Fd2_itemsorter_rust" "/workspace/builds/worker-4-tc1/source", kill_on_drop: false }`
[INFO] [stderr] Cloning into '/workspace/builds/worker-4-tc1/source'...
[INFO] [stderr] done.
[INFO] validating manifest of git repo https://github.com/pignacio/d2_itemsorter_rust on toolchain 1.83.0
[INFO] running `Command { std: CARGO_HOME="/workspace/cargo-home" RUSTUP_HOME="/workspace/rustup-home" "/workspace/cargo-home/bin/cargo" "+1.83.0" "metadata" "--manifest-path" "Cargo.toml" "--no-deps", kill_on_drop: false }`
[INFO] started tweaking git repo https://github.com/pignacio/d2_itemsorter_rust
[INFO] finished tweaking git repo https://github.com/pignacio/d2_itemsorter_rust
[INFO] tweaked toml for git repo https://github.com/pignacio/d2_itemsorter_rust written to /workspace/builds/worker-4-tc1/source/Cargo.toml
[INFO] crate git repo https://github.com/pignacio/d2_itemsorter_rust already has a lockfile, it will not be regenerated
[INFO] running `Command { std: CARGO_HOME="/workspace/cargo-home" RUSTUP_HOME="/workspace/rustup-home" "/workspace/cargo-home/bin/cargo" "+1.83.0" "fetch" "--manifest-path" "Cargo.toml", kill_on_drop: false }`
[INFO] [stderr]     Updating crates.io index
[INFO] [stderr]  Downloading crates ...
[INFO] [stderr]   Downloaded bit-array v0.4.4
[INFO] [stderr]   Downloaded generic-array v0.3.2
[INFO] [stderr]   Downloaded bitvec-rs v0.2.0
[INFO] running `Command { std: "docker" "create" "-v" "/var/lib/crater-agent-workspace/builds/worker-4-tc1/target:/opt/rustwide/target:rw,Z" "-v" "/var/lib/crater-agent-workspace/builds/worker-4-tc1/source:/opt/rustwide/workdir:ro,Z" "-v" "/var/lib/crater-agent-workspace/cargo-home:/opt/rustwide/cargo-home:ro,Z" "-v" "/var/lib/crater-agent-workspace/rustup-home:/opt/rustwide/rustup-home:ro,Z" "-e" "SOURCE_DIR=/opt/rustwide/workdir" "-e" "CARGO_TARGET_DIR=/opt/rustwide/target" "-e" "CARGO_HOME=/opt/rustwide/cargo-home" "-e" "RUSTUP_HOME=/opt/rustwide/rustup-home" "-w" "/opt/rustwide/workdir" "-m" "1610612736" "--user" "0:0" "--network" "none" "ghcr.io/rust-lang/crates-build-env/linux@sha256:f3a9d4ad9d972b27faf3965f35b62e55ba32bbce8f20bc8fe909558a86702fde" "/opt/rustwide/cargo-home/bin/cargo" "+1.83.0" "metadata" "--no-deps" "--format-version=1", kill_on_drop: false }`
[INFO] [stdout] c8e20b77193afafff3acdfdd6f3803c5cef1cdb79c9c9b7fad20fa7940a153cd
[INFO] running `Command { std: "docker" "start" "-a" "c8e20b77193afafff3acdfdd6f3803c5cef1cdb79c9c9b7fad20fa7940a153cd", kill_on_drop: false }`
[INFO] running `Command { std: "docker" "inspect" "c8e20b77193afafff3acdfdd6f3803c5cef1cdb79c9c9b7fad20fa7940a153cd", kill_on_drop: false }`
[INFO] running `Command { std: "docker" "rm" "-f" "c8e20b77193afafff3acdfdd6f3803c5cef1cdb79c9c9b7fad20fa7940a153cd", kill_on_drop: false }`
[INFO] [stdout] c8e20b77193afafff3acdfdd6f3803c5cef1cdb79c9c9b7fad20fa7940a153cd
[INFO] running `Command { std: "docker" "create" "-v" "/var/lib/crater-agent-workspace/builds/worker-4-tc1/target:/opt/rustwide/target:rw,Z" "-v" "/var/lib/crater-agent-workspace/builds/worker-4-tc1/source:/opt/rustwide/workdir:ro,Z" "-v" "/var/lib/crater-agent-workspace/cargo-home:/opt/rustwide/cargo-home:ro,Z" "-v" "/var/lib/crater-agent-workspace/rustup-home:/opt/rustwide/rustup-home:ro,Z" "-e" "SOURCE_DIR=/opt/rustwide/workdir" "-e" "CARGO_TARGET_DIR=/opt/rustwide/target" "-e" "CARGO_INCREMENTAL=0" "-e" "RUST_BACKTRACE=full" "-e" "RUSTFLAGS=--cap-lints=warn" "-e" "RUSTDOCFLAGS=--cap-lints=warn" "-e" "CARGO_HOME=/opt/rustwide/cargo-home" "-e" "RUSTUP_HOME=/opt/rustwide/rustup-home" "-w" "/opt/rustwide/workdir" "-m" "1610612736" "--user" "0:0" "--network" "none" "ghcr.io/rust-lang/crates-build-env/linux@sha256:f3a9d4ad9d972b27faf3965f35b62e55ba32bbce8f20bc8fe909558a86702fde" "/opt/rustwide/cargo-home/bin/cargo" "+1.83.0" "build" "--frozen" "--message-format=json", kill_on_drop: false }`
[INFO] [stdout] c61e5fa20076cf4483f0cd18591441e863d01b4588193bf63c0243676f4ee581
[INFO] running `Command { std: "docker" "start" "-a" "c61e5fa20076cf4483f0cd18591441e863d01b4588193bf63c0243676f4ee581", kill_on_drop: false }`
[INFO] [stderr]    Compiling proc-macro2 v1.0.86
[INFO] [stderr]    Compiling unicode-ident v1.0.12
[INFO] [stderr]    Compiling libc v0.2.158
[INFO] [stderr]    Compiling memchr v2.4.1
[INFO] [stderr]    Compiling serde v1.0.209
[INFO] [stderr]    Compiling byteorder v1.5.0
[INFO] [stderr]    Compiling typenum v1.14.0
[INFO] [stderr]    Compiling ryu v1.0.5
[INFO] [stderr]    Compiling cfg-if v1.0.0
[INFO] [stderr]    Compiling radium v0.6.2
[INFO] [stderr]    Compiling nodrop v0.1.14
[INFO] [stderr]    Compiling regex-automata v0.1.10
[INFO] [stderr]    Compiling lazy_static v1.5.0
[INFO] [stderr]    Compiling serde_json v1.0.127
[INFO] [stderr]    Compiling tap v1.0.1
[INFO] [stderr]    Compiling wyz v0.4.0
[INFO] [stderr]    Compiling funty v1.2.0
[INFO] [stderr]    Compiling bit-vec v0.4.4
[INFO] [stderr]    Compiling itoa v0.4.8
[INFO] [stderr]    Compiling itoa v1.0.11
[INFO] [stderr]    Compiling bit-vec v0.6.3
[INFO] [stderr]    Compiling bitvec-rs v0.2.0
[INFO] [stderr]    Compiling csv-core v0.1.10
[INFO] [stderr]    Compiling bitvec v0.22.3
[INFO] [stderr]    Compiling quote v1.0.37
[INFO] [stderr]    Compiling syn v2.0.77
[INFO] [stderr]    Compiling getrandom v0.2.15
[INFO] [stderr]    Compiling rand_core v0.6.4
[INFO] [stderr]    Compiling generic-array v0.3.2
[INFO] [stderr]    Compiling bit-array v0.4.4
[INFO] [stderr]    Compiling serde_derive v1.0.209
[INFO] [stderr]    Compiling zerocopy-derive v0.7.35
[INFO] [stderr]    Compiling zerocopy v0.7.35
[INFO] [stderr]    Compiling ppv-lite86 v0.2.20
[INFO] [stderr]    Compiling rand_chacha v0.3.1
[INFO] [stderr]    Compiling rand v0.8.5
[INFO] [stderr]    Compiling bstr v0.2.17
[INFO] [stderr]    Compiling csv v1.1.6
[INFO] [stderr]    Compiling d2_itemsorter v0.1.0 (/opt/rustwide/workdir)
[INFO] [stdout] warning: unused import: `convert::TryInto`
[INFO] [stdout]  --> src/bitsy/reader.rs:1:37
[INFO] [stdout]   |
[INFO] [stdout] 1 | use std::{any::type_name, cmp::min, convert::TryInto, prelude::rust_2021::TryFrom, rc::Rc};
[INFO] [stdout]   |                                     ^^^^^^^^^^^^^^^^
[INFO] [stdout]   |
[INFO] [stdout]   = note: `#[warn(unused_imports)]` on by default
[INFO] [stdout] 
[INFO] [stdout] 
[INFO] [stdout] warning: unused import: `MyBitSlice`
[INFO] [stdout]   --> src/bitsy/reader.rs:16:23
[INFO] [stdout]    |
[INFO] [stdout] 16 |     BitReader, Bitsy, MyBitSlice, MyBitVec,
[INFO] [stdout]    |                       ^^^^^^^^^^
[INFO] [stdout] 
[INFO] [stdout] 
[INFO] [stdout] warning: unused import: `std::char::MAX`
[INFO] [stdout]  --> src/item/properties.rs:1:5
[INFO] [stdout]   |
[INFO] [stdout] 1 | use std::char::MAX;
[INFO] [stdout]   |     ^^^^^^^^^^^^^^
[INFO] [stdout] 
[INFO] [stdout] 
[INFO] [stdout] warning: unused import: `MyBitVec`
[INFO] [stdout]  --> src/player.rs:8:48
[INFO] [stdout]   |
[INFO] [stdout] 8 |         BitReader, BitSized, BitWriter, Bitsy, MyBitVec,
[INFO] [stdout]   |                                                ^^^^^^^^
[INFO] [stdout] 
[INFO] [stdout] 
[INFO] [stdout] warning: unused import: `BitsyError`
[INFO] [stdout]  --> src/quality.rs:5:13
[INFO] [stdout]   |
[INFO] [stdout] 5 |     error::{BitsyError, BitsyErrorKind},
[INFO] [stdout]   |             ^^^^^^^^^^
[INFO] [stdout] 
[INFO] [stdout] 
[INFO] [stdout] warning: unused variable: `start_bit`
[INFO] [stdout]    --> src/item/mod.rs:519:13
[INFO] [stdout]     |
[INFO] [stdout] 519 |         let start_bit = reader.index();
[INFO] [stdout]     |             ^^^^^^^^^ help: if this is intentional, prefix it with an underscore: `_start_bit`
[INFO] [stdout]     |
[INFO] [stdout]     = note: `#[warn(unused_variables)]` on by default
[INFO] [stdout] 
[INFO] [stdout] 
[INFO] [stdout] warning: function `main` is never used
[INFO] [stdout]   --> src/lib.rs:18:4
[INFO] [stdout]    |
[INFO] [stdout] 18 | fn main() {
[INFO] [stdout]    |    ^^^^
[INFO] [stdout]    |
[INFO] [stdout]    = note: `#[warn(dead_code)]` on by default
[INFO] [stdout] 
[INFO] [stdout] 
[INFO] [stdout] warning: field `item_info` is never read
[INFO] [stdout]    --> src/item/mod.rs:497:5
[INFO] [stdout]     |
[INFO] [stdout] 480 | pub struct NewItem {
[INFO] [stdout]     |            ------- field in this struct
[INFO] [stdout] ...
[INFO] [stdout] 497 |     item_info: ItemInfo,
[INFO] [stdout]     |     ^^^^^^^^^
[INFO] [stdout]     |
[INFO] [stdout]     = note: `NewItem` has a derived impl for the trait `Debug`, but this is intentionally ignored during dead code analysis
[INFO] [stdout] 
[INFO] [stdout] 
[INFO] [stdout] warning: function `search_huffman` is never used
[INFO] [stdout]    --> src/item/mod.rs:506:4
[INFO] [stdout]     |
[INFO] [stdout] 506 | fn search_huffman<R: BitReader>(reader: &mut R, string: &str) {
[INFO] [stdout]     |    ^^^^^^^^^^^^^^
[INFO] [stdout] 
[INFO] [stdout] 
[INFO] [stderr]     Finished `dev` profile [unoptimized + debuginfo] target(s) in 33.13s
[INFO] running `Command { std: "docker" "inspect" "c61e5fa20076cf4483f0cd18591441e863d01b4588193bf63c0243676f4ee581", kill_on_drop: false }`
[INFO] running `Command { std: "docker" "rm" "-f" "c61e5fa20076cf4483f0cd18591441e863d01b4588193bf63c0243676f4ee581", kill_on_drop: false }`
[INFO] [stdout] c61e5fa20076cf4483f0cd18591441e863d01b4588193bf63c0243676f4ee581
[INFO] running `Command { std: "docker" "create" "-v" "/var/lib/crater-agent-workspace/builds/worker-4-tc1/target:/opt/rustwide/target:rw,Z" "-v" "/var/lib/crater-agent-workspace/builds/worker-4-tc1/source:/opt/rustwide/workdir:ro,Z" "-v" "/var/lib/crater-agent-workspace/cargo-home:/opt/rustwide/cargo-home:ro,Z" "-v" "/var/lib/crater-agent-workspace/rustup-home:/opt/rustwide/rustup-home:ro,Z" "-e" "SOURCE_DIR=/opt/rustwide/workdir" "-e" "CARGO_TARGET_DIR=/opt/rustwide/target" "-e" "CARGO_INCREMENTAL=0" "-e" "RUST_BACKTRACE=full" "-e" "RUSTFLAGS=--cap-lints=warn" "-e" "RUSTDOCFLAGS=--cap-lints=warn" "-e" "CARGO_HOME=/opt/rustwide/cargo-home" "-e" "RUSTUP_HOME=/opt/rustwide/rustup-home" "-w" "/opt/rustwide/workdir" "-m" "1610612736" "--user" "0:0" "--network" "none" "ghcr.io/rust-lang/crates-build-env/linux@sha256:f3a9d4ad9d972b27faf3965f35b62e55ba32bbce8f20bc8fe909558a86702fde" "/opt/rustwide/cargo-home/bin/cargo" "+1.83.0" "test" "--frozen" "--no-run" "--message-format=json", kill_on_drop: false }`
[INFO] [stdout] 9535bf23cc1b32fe0dfdb908c6cefc933131b454c03af56635693a576eed269d
[INFO] running `Command { std: "docker" "start" "-a" "9535bf23cc1b32fe0dfdb908c6cefc933131b454c03af56635693a576eed269d", kill_on_drop: false }`
[INFO] [stderr]    Compiling d2_itemsorter v0.1.0 (/opt/rustwide/workdir)
[INFO] [stdout] warning: unused import: `convert::TryInto`
[INFO] [stdout]  --> src/bitsy/reader.rs:1:37
[INFO] [stdout]   |
[INFO] [stdout] 1 | use std::{any::type_name, cmp::min, convert::TryInto, prelude::rust_2021::TryFrom, rc::Rc};
[INFO] [stdout]   |                                     ^^^^^^^^^^^^^^^^
[INFO] [stdout]   |
[INFO] [stdout]   = note: `#[warn(unused_imports)]` on by default
[INFO] [stdout] 
[INFO] [stdout] 
[INFO] [stdout] warning: unused import: `MyBitSlice`
[INFO] [stdout]   --> src/bitsy/reader.rs:16:23
[INFO] [stdout]    |
[INFO] [stdout] 16 |     BitReader, Bitsy, MyBitSlice, MyBitVec,
[INFO] [stdout]    |                       ^^^^^^^^^^
[INFO] [stdout] 
[INFO] [stdout] 
[INFO] [stdout] warning: unused import: `std::char::MAX`
[INFO] [stdout]  --> src/item/properties.rs:1:5
[INFO] [stdout]   |
[INFO] [stdout] 1 | use std::char::MAX;
[INFO] [stdout]   |     ^^^^^^^^^^^^^^
[INFO] [stdout] 
[INFO] [stdout] 
[INFO] [stdout] warning: unused import: `MyBitVec`
[INFO] [stdout]  --> src/player.rs:8:48
[INFO] [stdout]   |
[INFO] [stdout] 8 |         BitReader, BitSized, BitWriter, Bitsy, MyBitVec,
[INFO] [stdout]   |                                                ^^^^^^^^
[INFO] [stdout] 
[INFO] [stdout] 
[INFO] [stdout] warning: unused import: `BitsyError`
[INFO] [stdout]  --> src/quality.rs:5:13
[INFO] [stdout]   |
[INFO] [stdout] 5 |     error::{BitsyError, BitsyErrorKind},
[INFO] [stdout]   |             ^^^^^^^^^^
[INFO] [stdout] 
[INFO] [stdout] 
[INFO] [stdout] warning: unused variable: `start_bit`
[INFO] [stdout]    --> src/item/mod.rs:519:13
[INFO] [stdout]     |
[INFO] [stdout] 519 |         let start_bit = reader.index();
[INFO] [stdout]     |             ^^^^^^^^^ help: if this is intentional, prefix it with an underscore: `_start_bit`
[INFO] [stdout]     |
[INFO] [stdout]     = note: `#[warn(unused_variables)]` on by default
[INFO] [stdout] 
[INFO] [stdout] 
[INFO] [stdout] warning: function `main` is never used
[INFO] [stdout]   --> src/lib.rs:18:4
[INFO] [stdout]    |
[INFO] [stdout] 18 | fn main() {
[INFO] [stdout]    |    ^^^^
[INFO] [stdout]    |
[INFO] [stdout]    = note: `#[warn(dead_code)]` on by default
[INFO] [stdout] 
[INFO] [stdout] 
[INFO] [stdout] warning: field `item_info` is never read
[INFO] [stdout]    --> src/item/mod.rs:497:5
[INFO] [stdout]     |
[INFO] [stdout] 480 | pub struct NewItem {
[INFO] [stdout]     |            ------- field in this struct
[INFO] [stdout] ...
[INFO] [stdout] 497 |     item_info: ItemInfo,
[INFO] [stdout]     |     ^^^^^^^^^
[INFO] [stdout]     |
[INFO] [stdout]     = note: `NewItem` has a derived impl for the trait `Debug`, but this is intentionally ignored during dead code analysis
[INFO] [stdout] 
[INFO] [stdout] 
[INFO] [stdout] warning: function `search_huffman` is never used
[INFO] [stdout]    --> src/item/mod.rs:506:4
[INFO] [stdout]     |
[INFO] [stdout] 506 | fn search_huffman<R: BitReader>(reader: &mut R, string: &str) {
[INFO] [stdout]     |    ^^^^^^^^^^^^^^
[INFO] [stdout] 
[INFO] [stdout] 
[INFO] [stdout] warning: unused import: `convert::TryInto`
[INFO] [stdout]  --> src/bitsy/reader.rs:1:37
[INFO] [stdout]   |
[INFO] [stdout] 1 | use std::{any::type_name, cmp::min, convert::TryInto, prelude::rust_2021::TryFrom, rc::Rc};
[INFO] [stdout]   |                                     ^^^^^^^^^^^^^^^^
[INFO] [stdout]   |
[INFO] [stdout]   = note: `#[warn(unused_imports)]` on by default
[INFO] [stdout] 
[INFO] [stdout] 
[INFO] [stdout] warning: unused import: `MyBitSlice`
[INFO] [stdout]   --> src/bitsy/reader.rs:16:23
[INFO] [stdout]    |
[INFO] [stdout] 16 |     BitReader, Bitsy, MyBitSlice, MyBitVec,
[INFO] [stdout]    |                       ^^^^^^^^^^
[INFO] [stdout] 
[INFO] [stdout] 
[INFO] [stdout] warning: unused import: `MyBitVec`
[INFO] [stdout]   --> src/bitsy/structs/int.rs:69:9
[INFO] [stdout]    |
[INFO] [stdout] 69 |         MyBitVec,
[INFO] [stdout]    |         ^^^^^^^^
[INFO] [stdout] 
[INFO] [stdout] 
[INFO] [stdout] warning: unused import: `std::cmp::min`
[INFO] [stdout]    --> src/bitsy/mod.rs:236:9
[INFO] [stdout]     |
[INFO] [stdout] 236 |     use std::cmp::min;
[INFO] [stdout]     |         ^^^^^^^^^^^^^
[INFO] [stdout] 
[INFO] [stdout] 
[INFO] [stdout] warning: unused import: `std::char::MAX`
[INFO] [stdout]  --> src/item/properties.rs:1:5
[INFO] [stdout]   |
[INFO] [stdout] 1 | use std::char::MAX;
[INFO] [stdout]   |     ^^^^^^^^^^^^^^
[INFO] [stdout] 
[INFO] [stdout] 
[INFO] [stdout] warning: unused import: `BitsyError`
[INFO] [stdout]  --> src/quality.rs:5:13
[INFO] [stdout]   |
[INFO] [stdout] 5 |     error::{BitsyError, BitsyErrorKind},
[INFO] [stdout]   |             ^^^^^^^^^^
[INFO] [stdout] 
[INFO] [stdout] 
[INFO] [stdout] warning: unused variable: `start_bit`
[INFO] [stdout]    --> src/item/mod.rs:519:13
[INFO] [stdout]     |
[INFO] [stdout] 519 |         let start_bit = reader.index();
[INFO] [stdout]     |             ^^^^^^^^^ help: if this is intentional, prefix it with an underscore: `_start_bit`
[INFO] [stdout]     |
[INFO] [stdout]     = note: `#[warn(unused_variables)]` on by default
[INFO] [stdout] 
[INFO] [stdout] 
[INFO] [stdout] warning: field `item_info` is never read
[INFO] [stdout]    --> src/item/mod.rs:497:5
[INFO] [stdout]     |
[INFO] [stdout] 480 | pub struct NewItem {
[INFO] [stdout]     |            ------- field in this struct
[INFO] [stdout] ...
[INFO] [stdout] 497 |     item_info: ItemInfo,
[INFO] [stdout]     |     ^^^^^^^^^
[INFO] [stdout]     |
[INFO] [stdout]     = note: `NewItem` has a derived impl for the trait `Debug`, but this is intentionally ignored during dead code analysis
[INFO] [stdout]     = note: `#[warn(dead_code)]` on by default
[INFO] [stdout] 
[INFO] [stdout] 
[INFO] [stdout] warning: function `search_huffman` is never used
[INFO] [stdout]    --> src/item/mod.rs:506:4
[INFO] [stdout]     |
[INFO] [stdout] 506 | fn search_huffman<R: BitReader>(reader: &mut R, string: &str) {
[INFO] [stdout]     |    ^^^^^^^^^^^^^^
[INFO] [stdout] 
[INFO] [stdout] 
[INFO] [stderr]     Finished `test` profile [unoptimized + debuginfo] target(s) in 4.23s
[INFO] running `Command { std: "docker" "inspect" "9535bf23cc1b32fe0dfdb908c6cefc933131b454c03af56635693a576eed269d", kill_on_drop: false }`
[INFO] running `Command { std: "docker" "rm" "-f" "9535bf23cc1b32fe0dfdb908c6cefc933131b454c03af56635693a576eed269d", kill_on_drop: false }`
[INFO] [stdout] 9535bf23cc1b32fe0dfdb908c6cefc933131b454c03af56635693a576eed269d
[INFO] running `Command { std: "docker" "create" "-v" "/var/lib/crater-agent-workspace/builds/worker-4-tc1/target:/opt/rustwide/target:rw,Z" "-v" "/var/lib/crater-agent-workspace/builds/worker-4-tc1/source:/opt/rustwide/workdir:ro,Z" "-v" "/var/lib/crater-agent-workspace/cargo-home:/opt/rustwide/cargo-home:ro,Z" "-v" "/var/lib/crater-agent-workspace/rustup-home:/opt/rustwide/rustup-home:ro,Z" "-e" "SOURCE_DIR=/opt/rustwide/workdir" "-e" "CARGO_TARGET_DIR=/opt/rustwide/target" "-e" "CARGO_INCREMENTAL=0" "-e" "RUST_BACKTRACE=full" "-e" "RUSTFLAGS=--cap-lints=warn" "-e" "RUSTDOCFLAGS=--cap-lints=warn" "-e" "CARGO_HOME=/opt/rustwide/cargo-home" "-e" "RUSTUP_HOME=/opt/rustwide/rustup-home" "-w" "/opt/rustwide/workdir" "-m" "1610612736" "--user" "0:0" "--network" "none" "ghcr.io/rust-lang/crates-build-env/linux@sha256:f3a9d4ad9d972b27faf3965f35b62e55ba32bbce8f20bc8fe909558a86702fde" "/opt/rustwide/cargo-home/bin/cargo" "+1.83.0" "test" "--frozen", kill_on_drop: false }`
[INFO] [stdout] 4042ad02b8e181a91fdd963c36636d04227f01f2192d16eb488925c88bde9fab
[INFO] running `Command { std: "docker" "start" "-a" "4042ad02b8e181a91fdd963c36636d04227f01f2192d16eb488925c88bde9fab", kill_on_drop: false }`
[INFO] [stderr] warning: unused import: `convert::TryInto`
[INFO] [stderr]  --> src/bitsy/reader.rs:1:37
[INFO] [stderr]   |
[INFO] [stderr] 1 | use std::{any::type_name, cmp::min, convert::TryInto, prelude::rust_2021::TryFrom, rc::Rc};
[INFO] [stderr]   |                                     ^^^^^^^^^^^^^^^^
[INFO] [stderr]   |
[INFO] [stderr]   = note: `#[warn(unused_imports)]` on by default
[INFO] [stderr] 
[INFO] [stderr] warning: unused import: `MyBitSlice`
[INFO] [stderr]   --> src/bitsy/reader.rs:16:23
[INFO] [stderr]    |
[INFO] [stderr] 16 |     BitReader, Bitsy, MyBitSlice, MyBitVec,
[INFO] [stderr]    |                       ^^^^^^^^^^
[INFO] [stderr] 
[INFO] [stderr] warning: unused import: `std::char::MAX`
[INFO] [stderr]  --> src/item/properties.rs:1:5
[INFO] [stderr]   |
[INFO] [stderr] 1 | use std::char::MAX;
[INFO] [stderr]   |     ^^^^^^^^^^^^^^
[INFO] [stderr] 
[INFO] [stderr] warning: unused import: `MyBitVec`
[INFO] [stderr]  --> src/player.rs:8:48
[INFO] [stderr]   |
[INFO] [stderr] 8 |         BitReader, BitSized, BitWriter, Bitsy, MyBitVec,
[INFO] [stderr]   |                                                ^^^^^^^^
[INFO] [stderr] 
[INFO] [stderr] warning: unused import: `BitsyError`
[INFO] [stderr]  --> src/quality.rs:5:13
[INFO] [stderr]   |
[INFO] [stderr] 5 |     error::{BitsyError, BitsyErrorKind},
[INFO] [stderr]   |             ^^^^^^^^^^
[INFO] [stderr] 
[INFO] [stderr] warning: unused variable: `start_bit`
[INFO] [stderr]    --> src/item/mod.rs:519:13
[INFO] [stderr]     |
[INFO] [stderr] 519 |         let start_bit = reader.index();
[INFO] [stderr]     |             ^^^^^^^^^ help: if this is intentional, prefix it with an underscore: `_start_bit`
[INFO] [stderr]     |
[INFO] [stderr]     = note: `#[warn(unused_variables)]` on by default
[INFO] [stderr] 
[INFO] [stderr] warning: function `main` is never used
[INFO] [stderr]   --> src/lib.rs:18:4
[INFO] [stderr]    |
[INFO] [stderr] 18 | fn main() {
[INFO] [stderr]    |    ^^^^
[INFO] [stderr]    |
[INFO] [stderr]    = note: `#[warn(dead_code)]` on by default
[INFO] [stderr] 
[INFO] [stderr] warning: field `item_info` is never read
[INFO] [stderr]    --> src/item/mod.rs:497:5
[INFO] [stderr]     |
[INFO] [stderr] 480 | pub struct NewItem {
[INFO] [stderr]     |            ------- field in this struct
[INFO] [stderr] ...
[INFO] [stderr] 497 |     item_info: ItemInfo,
[INFO] [stderr]     |     ^^^^^^^^^
[INFO] [stderr]     |
[INFO] [stderr]     = note: `NewItem` has a derived impl for the trait `Debug`, but this is intentionally ignored during dead code analysis
[INFO] [stderr] 
[INFO] [stderr] warning: function `search_huffman` is never used
[INFO] [stderr]    --> src/item/mod.rs:506:4
[INFO] [stderr]     |
[INFO] [stderr] 506 | fn search_huffman<R: BitReader>(reader: &mut R, string: &str) {
[INFO] [stderr]     |    ^^^^^^^^^^^^^^
[INFO] [stderr] 
[INFO] [stderr] warning: unused import: `MyBitVec`
[INFO] [stderr]   --> src/bitsy/structs/int.rs:69:9
[INFO] [stderr]    |
[INFO] [stderr] 69 |         MyBitVec,
[INFO] [stderr]    |         ^^^^^^^^
[INFO] [stderr] 
[INFO] [stderr] warning: unused import: `std::cmp::min`
[INFO] [stderr]    --> src/bitsy/mod.rs:236:9
[INFO] [stderr]     |
[INFO] [stderr] 236 |     use std::cmp::min;
[INFO] [stderr]     |         ^^^^^^^^^^^^^
[INFO] [stderr] 
[INFO] [stderr] warning: field `item_info` is never read
[INFO] [stderr]    --> src/item/mod.rs:497:5
[INFO] [stderr]     |
[INFO] [stderr] 480 | pub struct NewItem {
[INFO] [stderr]     |            ------- field in this struct
[INFO] [stderr] ...
[INFO] [stderr] 497 |     item_info: ItemInfo,
[INFO] [stderr]     |     ^^^^^^^^^
[INFO] [stderr]     |
[INFO] [stderr]     = note: `NewItem` has a derived impl for the trait `Debug`, but this is intentionally ignored during dead code analysis
[INFO] [stderr]     = note: `#[warn(dead_code)]` on by default
[INFO] [stderr] 
[INFO] [stderr] warning: `d2_itemsorter` (lib) generated 9 warnings (run `cargo fix --lib -p d2_itemsorter` to apply 5 suggestions)
[INFO] [stderr] warning: `d2_itemsorter` (lib test) generated 9 warnings (6 duplicates) (run `cargo fix --lib -p d2_itemsorter --tests` to apply 2 suggestions)
[INFO] [stderr]     Finished `test` profile [unoptimized + debuginfo] target(s) in 0.05s
[INFO] [stdout] 
[INFO] [stdout] running 20 tests
[INFO] [stderr]      Running unittests src/lib.rs (/opt/rustwide/target/debug/deps/d2_itemsorter-54d02513544e4649)
[INFO] [stdout] test bitsy::structs::bytes::tests::it_reads_aligned_bytes ... ok
[INFO] [stdout] test bitsy::structs::bits::tests::it_writes ... ok
[INFO] [stdout] test bitsy::huffman::tests::it_works ... ok
[INFO] [stdout] test bitsy::structs::bytes::tests::it_writes ... ok
[INFO] [stdout] test bitsy::structs::chars::tests::it_reads ... ok
[INFO] [stdout] test bitsy::structs::chars::tests::it_writes ... ok
[INFO] [stdout] test bitsy::structs::int::tests::it_reads ... ok
[INFO] [stdout] test bitsy::structs::int::tests::it_writes ... ok
[INFO] [stdout] test bitsy::structs::option::tests::it_reads_some ... ok
[INFO] [stdout] test bitsy::structs::option::tests::it_writes_none ... ok
[INFO] [stdout] test bitsy::structs::option::tests::it_writes_some ... ok
[INFO] [stdout] test bitsy::structs::int::tests::random_rountrips ... ok
[INFO] [stdout] test bitsy::structs::option::tests::it_reads_none ... ok
[INFO] [stdout] test bitsy::structs::option::tests::random_roundtrips ... ok
[INFO] [stdout] test bitsy::structs::bits::tests::it_reads ... ok
[INFO] [stdout] test item::tests::parse_item ... ok
[INFO] [stdout] test bitsy::structs::chars::tests::random_rountrips ... ok
[INFO] [stdout] test bitsy::structs::bytes::tests::it_reads_unaligned_bytes ... ok
[INFO] [stdout] test player::tests::it_works ... FAILED
[INFO] [stdout] test bitsy::structs::bits::tests::roundtrip_random_bits ... ok
[INFO] [stdout] 
[INFO] [stdout] failures:
[INFO] [stdout] 
[INFO] [stdout] ---- player::tests::it_works stdout ----
[INFO] [stdout] Finished loading data from data/items/armors.csv. Final size: 16
[INFO] [stdout] Finished loading data from data/items/belts.csv. Final size: 22
[INFO] [stdout] Finished loading data from data/items/boots.csv. Final size: 30
[INFO] [stdout] Finished loading data from data/items/gems.csv. Final size: 65
[INFO] [stdout] Finished loading data from data/items/gloves.csv. Final size: 73
[INFO] [stdout] Finished loading data from data/items/helmets.csv. Final size: 92
[INFO] [stdout] Finished loading data from data/items/items.csv. Final size: 167
[INFO] [stdout] Finished loading data from data/items/runes.csv. Final size: 185
[INFO] [stdout] Finished loading data from data/items/shields.csv. Final size: 202
[INFO] [stdout] Finished loading data from data/items/souls.csv. Final size: 300
[INFO] [stdout] Finished loading data from data/items/stack.csv. Final size: 308
[INFO] [stdout] Finished loading data from data/items/stack-weapons.csv. Final size: 323
[INFO] [stdout] Finished loading data from data/items/weapons.csv. Final size: 433
[INFO] [stdout] thread 'player::tests::it_works' panicked at src/player.rs:403:84:
[INFO] [stdout] called `Result::unwrap()` on an `Err` value: Os { code: 30, kind: ReadOnlyFilesystem, message: "Read-only file system" }
[INFO] [stdout] stack backtrace:
[INFO] [stdout]    0:     0x60a1c6cc779a - std::backtrace_rs::backtrace::libunwind::trace::h5a5b8284f2d0c266
[INFO] [stdout]                                at /rustc/90b35a6239c3d8bdabc530a6a0816f7ff89a0aaf/library/std/src/../../backtrace/src/backtrace/libunwind.rs:116:5
[INFO] [stdout]    1:     0x60a1c6cc779a - std::backtrace_rs::backtrace::trace_unsynchronized::h76d4f1c9b0b875e3
[INFO] [stdout]                                at /rustc/90b35a6239c3d8bdabc530a6a0816f7ff89a0aaf/library/std/src/../../backtrace/src/backtrace/mod.rs:66:5
[INFO] [stdout]    2:     0x60a1c6cc779a - std::sys::backtrace::_print_fmt::hc4546b8364a537c6
[INFO] [stdout]                                at /rustc/90b35a6239c3d8bdabc530a6a0816f7ff89a0aaf/library/std/src/sys/backtrace.rs:66:9
[INFO] [stdout]    3:     0x60a1c6cc779a - <std::sys::backtrace::BacktraceLock::print::DisplayBacktrace as core::fmt::Display>::fmt::h5b6bd5631a6d1f6b
[INFO] [stdout]                                at /rustc/90b35a6239c3d8bdabc530a6a0816f7ff89a0aaf/library/std/src/sys/backtrace.rs:39:26
[INFO] [stdout]    4:     0x60a1c6cecc43 - core::fmt::rt::Argument::fmt::h270f6602a2b96f62
[INFO] [stdout]                                at /rustc/90b35a6239c3d8bdabc530a6a0816f7ff89a0aaf/library/core/src/fmt/rt.rs:177:76
[INFO] [stdout]    5:     0x60a1c6cecc43 - core::fmt::write::h7550c97b06c86515
[INFO] [stdout]                                at /rustc/90b35a6239c3d8bdabc530a6a0816f7ff89a0aaf/library/core/src/fmt/mod.rs:1186:21
[INFO] [stdout]    6:     0x60a1c6cc47c3 - std::io::Write::write_fmt::h509ff860e5956e5e
[INFO] [stdout]                                at /rustc/90b35a6239c3d8bdabc530a6a0816f7ff89a0aaf/library/std/src/io/mod.rs:1839:15
[INFO] [stdout]    7:     0x60a1c6cc75e2 - std::sys::backtrace::BacktraceLock::print::h2395ccd2c84ba3aa
[INFO] [stdout]                                at /rustc/90b35a6239c3d8bdabc530a6a0816f7ff89a0aaf/library/std/src/sys/backtrace.rs:42:9
[INFO] [stdout]    8:     0x60a1c6cc8bfa - std::panicking::default_hook::{{closure}}::he19d4c7230e07961
[INFO] [stdout]                                at /rustc/90b35a6239c3d8bdabc530a6a0816f7ff89a0aaf/library/std/src/panicking.rs:268:22
[INFO] [stdout]    9:     0x60a1c6cc8a04 - std::panicking::default_hook::hf614597d3c67bbdb
[INFO] [stdout]                                at /rustc/90b35a6239c3d8bdabc530a6a0816f7ff89a0aaf/library/std/src/panicking.rs:292:9
[INFO] [stdout]   10:     0x60a1c6c8c4b9 - <alloc::boxed::Box<F,A> as core::ops::function::Fn<Args>>::call::h39b51ce4599c23d1
[INFO] [stdout]                                at /rustc/90b35a6239c3d8bdabc530a6a0816f7ff89a0aaf/library/alloc/src/boxed.rs:2468:9
[INFO] [stdout]   11:     0x60a1c6c8c4b9 - test::test_main::{{closure}}::he977ae839a582784
[INFO] [stdout]                                at /rustc/90b35a6239c3d8bdabc530a6a0816f7ff89a0aaf/library/test/src/lib.rs:133:21
[INFO] [stdout]   12:     0x60a1c6cc9298 - <alloc::boxed::Box<F,A> as core::ops::function::Fn<Args>>::call::h9455091b6b06f9fb
[INFO] [stdout]                                at /rustc/90b35a6239c3d8bdabc530a6a0816f7ff89a0aaf/library/alloc/src/boxed.rs:2468:9
[INFO] [stdout]   13:     0x60a1c6cc9298 - std::panicking::rust_panic_with_hook::h8942133a8b252070
[INFO] [stdout]                                at /rustc/90b35a6239c3d8bdabc530a6a0816f7ff89a0aaf/library/std/src/panicking.rs:809:13
[INFO] [stdout]   14:     0x60a1c6cc905a - std::panicking::begin_panic_handler::{{closure}}::hb5f5963570096b29
[INFO] [stdout]                                at /rustc/90b35a6239c3d8bdabc530a6a0816f7ff89a0aaf/library/std/src/panicking.rs:674:13
[INFO] [stdout]   15:     0x60a1c6cc7c79 - std::sys::backtrace::__rust_end_short_backtrace::h6208cedc1922feda
[INFO] [stdout]                                at /rustc/90b35a6239c3d8bdabc530a6a0816f7ff89a0aaf/library/std/src/sys/backtrace.rs:170:18
[INFO] [stdout]   16:     0x60a1c6cc8cec - rust_begin_unwind
[INFO] [stdout]                                at /rustc/90b35a6239c3d8bdabc530a6a0816f7ff89a0aaf/library/std/src/panicking.rs:665:5
[INFO] [stdout]   17:     0x60a1c6b6bfe0 - core::panicking::panic_fmt::h0c3082644d1bf418
[INFO] [stdout]                                at /rustc/90b35a6239c3d8bdabc530a6a0816f7ff89a0aaf/library/core/src/panicking.rs:74:14
[INFO] [stdout]   18:     0x60a1c6b6c466 - core::result::unwrap_failed::hd20b4aa073bda1e2
[INFO] [stdout]                                at /rustc/90b35a6239c3d8bdabc530a6a0816f7ff89a0aaf/library/core/src/result.rs:1700:5
[INFO] [stdout]   19:     0x60a1c6be5f1a - core::result::Result<T,E>::unwrap::he045de0c63717b30
[INFO] [stdout]                                at /rustc/90b35a6239c3d8bdabc530a6a0816f7ff89a0aaf/library/core/src/result.rs:1104:23
[INFO] [stdout]   20:     0x60a1c6be5f1a - d2_itemsorter::player::tests::it_works::hbd995bbc61ddb19b
[INFO] [stdout]                                at /opt/rustwide/workdir/src/player.rs:403:9
[INFO] [stdout]   21:     0x60a1c6be5c27 - d2_itemsorter::player::tests::it_works::{{closure}}::hcb4e877ed0b395f8
[INFO] [stdout]                                at /opt/rustwide/workdir/src/player.rs:399:18
[INFO] [stdout]   22:     0x60a1c6bba336 - core::ops::function::FnOnce::call_once::hc4615322946e95b0
[INFO] [stdout]                                at /rustc/90b35a6239c3d8bdabc530a6a0816f7ff89a0aaf/library/core/src/ops/function.rs:250:5
[INFO] [stdout]   23:     0x60a1c6c90e7b - core::ops::function::FnOnce::call_once::h109cf8051a59b34e
[INFO] [stdout]                                at /rustc/90b35a6239c3d8bdabc530a6a0816f7ff89a0aaf/library/core/src/ops/function.rs:250:5
[INFO] [stdout]   24:     0x60a1c6c90e7b - test::__rust_begin_short_backtrace::hf4fff89d377446ba
[INFO] [stdout]                                at /rustc/90b35a6239c3d8bdabc530a6a0816f7ff89a0aaf/library/test/src/lib.rs:621:18
[INFO] [stdout]   25:     0x60a1c6c906b7 - test::run_test_in_process::{{closure}}::h0e39181dd7ee5a43
[INFO] [stdout]                                at /rustc/90b35a6239c3d8bdabc530a6a0816f7ff89a0aaf/library/test/src/lib.rs:644:60
[INFO] [stdout]   26:     0x60a1c6c906b7 - <core::panic::unwind_safe::AssertUnwindSafe<F> as core::ops::function::FnOnce<()>>::call_once::hc5a66a30f0bdfd1f
[INFO] [stdout]                                at /rustc/90b35a6239c3d8bdabc530a6a0816f7ff89a0aaf/library/core/src/panic/unwind_safe.rs:272:9
[INFO] [stdout]   27:     0x60a1c6c906b7 - std::panicking::try::do_call::h873b7cf639554a5e
[INFO] [stdout]                                at /rustc/90b35a6239c3d8bdabc530a6a0816f7ff89a0aaf/library/std/src/panicking.rs:557:40
[INFO] [stdout]   28:     0x60a1c6c906b7 - std::panicking::try::hdb19862fad9c8bd1
[INFO] [stdout]                                at /rustc/90b35a6239c3d8bdabc530a6a0816f7ff89a0aaf/library/std/src/panicking.rs:520:19
[INFO] [stdout]   29:     0x60a1c6c906b7 - std::panic::catch_unwind::h281fe732d236d260
[INFO] [stdout]                                at /rustc/90b35a6239c3d8bdabc530a6a0816f7ff89a0aaf/library/std/src/panic.rs:358:14
[INFO] [stdout]   30:     0x60a1c6c906b7 - test::run_test_in_process::h949b6df8457ed338
[INFO] [stdout]                                at /rustc/90b35a6239c3d8bdabc530a6a0816f7ff89a0aaf/library/test/src/lib.rs:644:27
[INFO] [stdout]   31:     0x60a1c6c906b7 - test::run_test::{{closure}}::h52c556a6d4740e10
[INFO] [stdout]                                at /rustc/90b35a6239c3d8bdabc530a6a0816f7ff89a0aaf/library/test/src/lib.rs:565:43
[INFO] [stdout]   32:     0x60a1c6c55994 - test::run_test::{{closure}}::h4237f6381c45ccb9
[INFO] [stdout]                                at /rustc/90b35a6239c3d8bdabc530a6a0816f7ff89a0aaf/library/test/src/lib.rs:595:41
[INFO] [stdout]   33:     0x60a1c6c55994 - std::sys::backtrace::__rust_begin_short_backtrace::h505c97a579eca628
[INFO] [stdout]                                at /rustc/90b35a6239c3d8bdabc530a6a0816f7ff89a0aaf/library/std/src/sys/backtrace.rs:154:18
[INFO] [stdout]   34:     0x60a1c6c5905e - std::thread::Builder::spawn_unchecked_::{{closure}}::{{closure}}::h9e86b2e2bc107ea3
[INFO] [stdout]                                at /rustc/90b35a6239c3d8bdabc530a6a0816f7ff89a0aaf/library/std/src/thread/mod.rs:538:17
[INFO] [stdout]   35:     0x60a1c6c5905e - <core::panic::unwind_safe::AssertUnwindSafe<F> as core::ops::function::FnOnce<()>>::call_once::h8b06ddb275ff4a25
[INFO] [stdout]                                at /rustc/90b35a6239c3d8bdabc530a6a0816f7ff89a0aaf/library/core/src/panic/unwind_safe.rs:272:9
[INFO] [stdout]   36:     0x60a1c6c5905e - std::panicking::try::do_call::hb26ecd7cd9a9355d
[INFO] [stdout]                                at /rustc/90b35a6239c3d8bdabc530a6a0816f7ff89a0aaf/library/std/src/panicking.rs:557:40
[INFO] [stdout]   37:     0x60a1c6c5905e - std::panicking::try::h8ddeca9d705f9069
[INFO] [stdout]                                at /rustc/90b35a6239c3d8bdabc530a6a0816f7ff89a0aaf/library/std/src/panicking.rs:520:19
[INFO] [stdout]   38:     0x60a1c6c5905e - std::panic::catch_unwind::h49e1c33078844c46
[INFO] [stdout]                                at /rustc/90b35a6239c3d8bdabc530a6a0816f7ff89a0aaf/library/std/src/panic.rs:358:14
[INFO] [stdout]   39:     0x60a1c6c5905e - std::thread::Builder::spawn_unchecked_::{{closure}}::h6073db6ff56ad35d
[INFO] [stdout]                                at /rustc/90b35a6239c3d8bdabc530a6a0816f7ff89a0aaf/library/std/src/thread/mod.rs:537:30
[INFO] [stdout]   40:     0x60a1c6c5905e - core::ops::function::FnOnce::call_once{{vtable.shim}}::h2c5a5f3779c774f1
[INFO] [stdout]                                at /rustc/90b35a6239c3d8bdabc530a6a0816f7ff89a0aaf/library/core/src/ops/function.rs:250:5
[INFO] [stdout]   41:     0x60a1c6cccffb - <alloc::boxed::Box<F,A> as core::ops::function::FnOnce<Args>>::call_once::hf75717d9f28faebf
[INFO] [stdout]                                at /rustc/90b35a6239c3d8bdabc530a6a0816f7ff89a0aaf/library/alloc/src/boxed.rs:2454:9
[INFO] [stdout]   42:     0x60a1c6cccffb - <alloc::boxed::Box<F,A> as core::ops::function::FnOnce<Args>>::call_once::h7bd883a5f3c5f3c1
[INFO] [stdout]                                at /rustc/90b35a6239c3d8bdabc530a6a0816f7ff89a0aaf/library/alloc/src/boxed.rs:2454:9
[INFO] [stdout]   43:     0x60a1c6cccffb - std::sys::pal::unix::thread::Thread::new::thread_start::hcc78f3943333fa94
[INFO] [stdout]                                at /rustc/90b35a6239c3d8bdabc530a6a0816f7ff89a0aaf/library/std/src/sys/pal/unix/thread.rs:105:17
[INFO] [stdout]   44:     0x78d433cf0ac3 - <unknown>
[INFO] [stdout]   45:     0x78d433d81a04 - clone
[INFO] [stdout]   46:                0x0 - <unknown>
[INFO] [stdout] 
[INFO] [stdout] 
[INFO] [stdout] failures:
[INFO] [stdout]     player::tests::it_works
[INFO] [stdout] 
[INFO] [stdout] test result: FAILED. 19 passed; 1 failed; 0 ignored; 0 measured; 0 filtered out; finished in 0.10s
[INFO] [stdout] 
[INFO] [stderr] error: test failed, to rerun pass `--lib`
[INFO] running `Command { std: "docker" "inspect" "4042ad02b8e181a91fdd963c36636d04227f01f2192d16eb488925c88bde9fab", kill_on_drop: false }`
[INFO] running `Command { std: "docker" "rm" "-f" "4042ad02b8e181a91fdd963c36636d04227f01f2192d16eb488925c88bde9fab", kill_on_drop: false }`
[INFO] [stdout] 4042ad02b8e181a91fdd963c36636d04227f01f2192d16eb488925c88bde9fab
