[INFO] cloning repository https://github.com/pierre-l/tokio-capnp-example
[INFO] running `Command { std: "git" "-c" "credential.helper=" "-c" "credential.helper=/workspace/cargo-home/bin/git-credential-null" "clone" "--bare" "https://github.com/pierre-l/tokio-capnp-example" "/workspace/cache/git-repos/https%3A%2F%2Fgithub.com%2Fpierre-l%2Ftokio-capnp-example", kill_on_drop: false }`
[INFO] [stderr] Cloning into bare repository '/workspace/cache/git-repos/https%3A%2F%2Fgithub.com%2Fpierre-l%2Ftokio-capnp-example'...
[INFO] running `Command { std: "git" "rev-parse" "HEAD", kill_on_drop: false }`
[INFO] [stdout] 079542ddb27f0c9f560bba6af8b6aaeb997c55d8
[INFO] testing pierre-l/tokio-capnp-example against beta-2024-12-08 for beta-1.84.0-4-retry
[INFO] running `Command { std: "git" "clone" "/workspace/cache/git-repos/https%3A%2F%2Fgithub.com%2Fpierre-l%2Ftokio-capnp-example" "/workspace/builds/worker-1-tc2/source", kill_on_drop: false }`
[INFO] [stderr] Cloning into '/workspace/builds/worker-1-tc2/source'...
[INFO] [stderr] done.
[INFO] validating manifest of git repo https://github.com/pierre-l/tokio-capnp-example on toolchain beta-2024-12-08
[INFO] running `Command { std: CARGO_HOME="/workspace/cargo-home" RUSTUP_HOME="/workspace/rustup-home" "/workspace/cargo-home/bin/cargo" "+beta-2024-12-08" "metadata" "--manifest-path" "Cargo.toml" "--no-deps", kill_on_drop: false }`
[INFO] started tweaking git repo https://github.com/pierre-l/tokio-capnp-example
[INFO] finished tweaking git repo https://github.com/pierre-l/tokio-capnp-example
[INFO] tweaked toml for git repo https://github.com/pierre-l/tokio-capnp-example written to /workspace/builds/worker-1-tc2/source/Cargo.toml
[INFO] crate git repo https://github.com/pierre-l/tokio-capnp-example already has a lockfile, it will not be regenerated
[INFO] running `Command { std: CARGO_HOME="/workspace/cargo-home" RUSTUP_HOME="/workspace/rustup-home" "/workspace/cargo-home/bin/cargo" "+beta-2024-12-08" "fetch" "--manifest-path" "Cargo.toml", kill_on_drop: false }`
[INFO] [stderr] warning: /workspace/builds/worker-1-tc2/source/core/Cargo.toml: no edition set: defaulting to the 2015 edition while the latest is 2021
[INFO] [stderr] warning: /workspace/builds/worker-1-tc2/source/capnp_schema/Cargo.toml: no edition set: defaulting to the 2015 edition while the latest is 2021
[INFO] running `Command { std: "docker" "create" "-v" "/var/lib/crater-agent-workspace/builds/worker-1-tc2/target:/opt/rustwide/target:rw,Z" "-v" "/var/lib/crater-agent-workspace/builds/worker-1-tc2/source:/opt/rustwide/workdir:ro,Z" "-v" "/var/lib/crater-agent-workspace/cargo-home:/opt/rustwide/cargo-home:ro,Z" "-v" "/var/lib/crater-agent-workspace/rustup-home:/opt/rustwide/rustup-home:ro,Z" "-e" "SOURCE_DIR=/opt/rustwide/workdir" "-e" "CARGO_TARGET_DIR=/opt/rustwide/target" "-e" "CARGO_HOME=/opt/rustwide/cargo-home" "-e" "RUSTUP_HOME=/opt/rustwide/rustup-home" "-w" "/opt/rustwide/workdir" "-m" "1610612736" "--user" "0:0" "--network" "none" "ghcr.io/rust-lang/crates-build-env/linux@sha256:f3a9d4ad9d972b27faf3965f35b62e55ba32bbce8f20bc8fe909558a86702fde" "/opt/rustwide/cargo-home/bin/cargo" "+beta-2024-12-08" "metadata" "--no-deps" "--format-version=1", kill_on_drop: false }`
[INFO] [stdout] 582a1162824794d7900e419883effe30778e6c3067d943e168025330c750461f
[INFO] running `Command { std: "docker" "start" "-a" "582a1162824794d7900e419883effe30778e6c3067d943e168025330c750461f", kill_on_drop: false }`
[INFO] running `Command { std: "docker" "inspect" "582a1162824794d7900e419883effe30778e6c3067d943e168025330c750461f", kill_on_drop: false }`
[INFO] running `Command { std: "docker" "rm" "-f" "582a1162824794d7900e419883effe30778e6c3067d943e168025330c750461f", kill_on_drop: false }`
[INFO] [stdout] 582a1162824794d7900e419883effe30778e6c3067d943e168025330c750461f
[INFO] running `Command { std: "docker" "create" "-v" "/var/lib/crater-agent-workspace/builds/worker-1-tc2/target:/opt/rustwide/target:rw,Z" "-v" "/var/lib/crater-agent-workspace/builds/worker-1-tc2/source:/opt/rustwide/workdir:ro,Z" "-v" "/var/lib/crater-agent-workspace/cargo-home:/opt/rustwide/cargo-home:ro,Z" "-v" "/var/lib/crater-agent-workspace/rustup-home:/opt/rustwide/rustup-home:ro,Z" "-e" "SOURCE_DIR=/opt/rustwide/workdir" "-e" "CARGO_TARGET_DIR=/opt/rustwide/target" "-e" "CARGO_INCREMENTAL=0" "-e" "RUST_BACKTRACE=full" "-e" "RUSTFLAGS=--cap-lints=warn" "-e" "RUSTDOCFLAGS=--cap-lints=warn" "-e" "CARGO_HOME=/opt/rustwide/cargo-home" "-e" "RUSTUP_HOME=/opt/rustwide/rustup-home" "-w" "/opt/rustwide/workdir" "-m" "1610612736" "--user" "0:0" "--network" "none" "ghcr.io/rust-lang/crates-build-env/linux@sha256:f3a9d4ad9d972b27faf3965f35b62e55ba32bbce8f20bc8fe909558a86702fde" "/opt/rustwide/cargo-home/bin/cargo" "+beta-2024-12-08" "build" "--frozen" "--message-format=json", kill_on_drop: false }`
[INFO] [stdout] cf469696071f29a5ad5a41ef746f2053d414e6ce0a269d93d36c2975841c86a9
[INFO] running `Command { std: "docker" "start" "-a" "cf469696071f29a5ad5a41ef746f2053d414e6ce0a269d93d36c2975841c86a9", kill_on_drop: false }`
[INFO] [stderr] warning: /opt/rustwide/workdir/capnp_schema/Cargo.toml: no edition set: defaulting to the 2015 edition while the latest is 2021
[INFO] [stderr] warning: /opt/rustwide/workdir/core/Cargo.toml: no edition set: defaulting to the 2015 edition while the latest is 2021
[INFO] [stderr]    Compiling libc v0.2.40
[INFO] [stderr]    Compiling cfg-if v0.1.2
[INFO] [stderr]    Compiling lazy_static v1.0.0
[INFO] [stderr]    Compiling futures v0.1.21
[INFO] [stderr]    Compiling byteorder v1.2.2
[INFO] [stderr]    Compiling either v1.5.0
[INFO] [stderr]    Compiling lazycell v0.6.0
[INFO] [stderr]    Compiling slab v0.4.0
[INFO] [stderr]    Compiling nodrop v0.1.12
[INFO] [stderr]    Compiling scopeguard v0.3.3
[INFO] [stderr]    Compiling memoffset v0.2.1
[INFO] [stderr]    Compiling void v1.0.2
[INFO] [stderr]    Compiling ucd-util v0.1.1
[INFO] [stderr]    Compiling scoped-tls v0.1.1
[INFO] [stderr]    Compiling regex v0.2.10
[INFO] [stderr]    Compiling quick-error v1.2.1
[INFO] [stderr]    Compiling log v0.4.1
[INFO] [stderr]    Compiling crossbeam-utils v0.3.2
[INFO] [stderr]    Compiling crossbeam-utils v0.2.2
[INFO] [stderr]    Compiling unreachable v1.0.0
[INFO] [stderr]    Compiling utf8-ranges v1.0.0
[INFO] [stderr]    Compiling arrayvec v0.4.7
[INFO] [stderr]    Compiling thread_local v0.3.5
[INFO] [stderr]    Compiling regex-syntax v0.5.5
[INFO] [stderr]    Compiling humantime v1.1.1
[INFO] [stderr]    Compiling termcolor v0.3.6
[INFO] [stderr]    Compiling capnp v0.8.17
[INFO] [stderr]    Compiling futures-core v0.2.1
[INFO] [stderr]    Compiling futures-channel v0.2.1
[INFO] [stderr]    Compiling crossbeam-epoch v0.4.1
[INFO] [stderr]    Compiling futures-sink v0.2.1
[INFO] [stderr]    Compiling iovec v0.1.2
[INFO] [stderr]    Compiling net2 v0.2.32
[INFO] [stderr]    Compiling num_cpus v1.8.0
[INFO] [stderr]    Compiling rand v0.4.2
[INFO] [stderr]    Compiling memchr v2.0.1
[INFO] [stderr]    Compiling atty v0.2.9
[INFO] [stderr]    Compiling bytes v0.4.7
[INFO] [stderr]    Compiling futures-io v0.2.1
[INFO] [stderr]    Compiling aho-corasick v0.6.4
[INFO] [stderr]    Compiling futures-util v0.2.1
[INFO] [stderr]    Compiling crossbeam-deque v0.3.0
[INFO] [stderr]    Compiling mio v0.6.14
[INFO] [stderr]    Compiling capnpc v0.8.9
[INFO] [stderr]    Compiling mio-uds v0.6.4
[INFO] [stderr]    Compiling tokio-executor v0.1.2
[INFO] [stderr]    Compiling tokio-io v0.1.6
[INFO] [stderr]    Compiling capnp-futures v0.1.1
[INFO] [stderr]    Compiling tokio-timer v0.2.1
[INFO] [stderr]    Compiling tokio-threadpool v0.1.2
[INFO] [stderr]    Compiling futures-executor v0.2.1
[INFO] [stderr]    Compiling tokio-reactor v0.1.1
[INFO] [stderr]    Compiling futures-stable v0.2.1
[INFO] [stderr]    Compiling futures-async-runtime v0.2.1
[INFO] [stderr]    Compiling futures v0.2.1
[INFO] [stderr]    Compiling tokio-tcp v0.1.0
[INFO] [stderr]    Compiling tokio-udp v0.1.0
[INFO] [stderr]    Compiling tokio v0.1.5
[INFO] [stderr]    Compiling tokio-core v0.1.17
[INFO] [stderr]    Compiling env_logger v0.5.9
[INFO] [stderr]    Compiling capnp_schema v0.1.0 (/opt/rustwide/workdir/capnp_schema)
[INFO] [stdout] warning: use of deprecated macro `try`: use the `?` operator instead
[INFO] [stdout]   --> capnp_schema/src/addressbook_capnp.rs:28:72
[INFO] [stdout]    |
[INFO] [stdout] 28 |       ::std::result::Result::Ok(::capnp::traits::FromStructReader::new(try!(reader.get_struct(::std::ptr::null()))))
[INFO] [stdout]    |                                                                        ^^^
[INFO] [stdout]    |
[INFO] [stdout]    = note: `#[warn(deprecated)]` on by default
[INFO] [stdout] 
[INFO] [stdout] 
[INFO] [stdout] warning: use of deprecated macro `try`: use the `?` operator instead
[INFO] [stdout]    --> capnp_schema/src/addressbook_capnp.rs:108:73
[INFO] [stdout]     |
[INFO] [stdout] 108 |       ::std::result::Result::Ok(::capnp::traits::FromStructBuilder::new(try!(builder.get_struct(_private::STRUCT_SIZE, ::std::ptr::null()...
[INFO] [stdout]     |                                                                         ^^^
[INFO] [stdout] 
[INFO] [stdout] 
[INFO] [stdout] warning: use of deprecated macro `try`: use the `?` operator instead
[INFO] [stdout]    --> capnp_schema/src/addressbook_capnp.rs:242:74
[INFO] [stdout]     |
[INFO] [stdout] 242 |         ::std::result::Result::Ok(::capnp::traits::FromStructReader::new(try!(reader.get_struct(::std::ptr::null()))))
[INFO] [stdout]     |                                                                          ^^^
[INFO] [stdout] 
[INFO] [stdout] 
[INFO] [stdout] warning: use of deprecated macro `try`: use the `?` operator instead
[INFO] [stdout]    --> capnp_schema/src/addressbook_capnp.rs:304:75
[INFO] [stdout]     |
[INFO] [stdout] 304 | ...   ::std::result::Result::Ok(::capnp::traits::FromStructBuilder::new(try!(builder.get_struct(_private::STRUCT_SIZE, ::std::ptr::null()...
[INFO] [stdout]     |                                                                         ^^^
[INFO] [stdout] 
[INFO] [stdout] 
[INFO] [stdout] warning: use of deprecated macro `try`: use the `?` operator instead
[INFO] [stdout]    --> capnp_schema/src/addressbook_capnp.rs:425:74
[INFO] [stdout]     |
[INFO] [stdout] 425 |         ::std::result::Result::Ok(::capnp::traits::FromStructReader::new(try!(reader.get_struct(::std::ptr::null()))))
[INFO] [stdout]     |                                                                          ^^^
[INFO] [stdout] 
[INFO] [stdout] 
[INFO] [stdout] warning: use of deprecated macro `try`: use the `?` operator instead
[INFO] [stdout]    --> capnp_schema/src/addressbook_capnp.rs:510:75
[INFO] [stdout]     |
[INFO] [stdout] 510 | ...   ::std::result::Result::Ok(::capnp::traits::FromStructBuilder::new(try!(builder.get_struct(_private::STRUCT_SIZE, ::std::ptr::null()...
[INFO] [stdout]     |                                                                         ^^^
[INFO] [stdout] 
[INFO] [stdout] 
[INFO] [stdout] warning: use of deprecated macro `try`: use the `?` operator instead
[INFO] [stdout]    --> capnp_schema/src/addressbook_capnp.rs:650:72
[INFO] [stdout]     |
[INFO] [stdout] 650 |       ::std::result::Result::Ok(::capnp::traits::FromStructReader::new(try!(reader.get_struct(::std::ptr::null()))))
[INFO] [stdout]     |                                                                        ^^^
[INFO] [stdout] 
[INFO] [stdout] 
[INFO] [stdout] warning: use of deprecated macro `try`: use the `?` operator instead
[INFO] [stdout]    --> capnp_schema/src/addressbook_capnp.rs:708:73
[INFO] [stdout]     |
[INFO] [stdout] 708 |       ::std::result::Result::Ok(::capnp::traits::FromStructBuilder::new(try!(builder.get_struct(_private::STRUCT_SIZE, ::std::ptr::null()...
[INFO] [stdout]     |                                                                         ^^^
[INFO] [stdout] 
[INFO] [stdout] 
[INFO] [stdout] warning: use of deprecated macro `try`: use the `?` operator instead
[INFO] [stdout]   --> capnp_schema/src/addressbook_capnp.rs:28:72
[INFO] [stdout]    |
[INFO] [stdout] 28 |       ::std::result::Result::Ok(::capnp::traits::FromStructReader::new(try!(reader.get_struct(::std::ptr::null()))))
[INFO] [stdout]    |                                                                        ^^^
[INFO] [stdout]    |
[INFO] [stdout]    = note: `#[warn(deprecated)]` on by default
[INFO] [stdout] 
[INFO] [stdout] 
[INFO] [stdout] warning: use of deprecated macro `try`: use the `?` operator instead
[INFO] [stdout]    --> capnp_schema/src/addressbook_capnp.rs:108:73
[INFO] [stdout]     |
[INFO] [stdout] 108 |       ::std::result::Result::Ok(::capnp::traits::FromStructBuilder::new(try!(builder.get_struct(_private::STRUCT_SIZE, ::std::ptr::null()...
[INFO] [stdout]     |                                                                         ^^^
[INFO] [stdout] 
[INFO] [stdout] 
[INFO] [stdout] warning: use of deprecated macro `try`: use the `?` operator instead
[INFO] [stdout]    --> capnp_schema/src/addressbook_capnp.rs:242:74
[INFO] [stdout]     |
[INFO] [stdout] 242 |         ::std::result::Result::Ok(::capnp::traits::FromStructReader::new(try!(reader.get_struct(::std::ptr::null()))))
[INFO] [stdout]     |                                                                          ^^^
[INFO] [stdout] 
[INFO] [stdout] 
[INFO] [stdout] warning: use of deprecated macro `try`: use the `?` operator instead
[INFO] [stdout]    --> capnp_schema/src/addressbook_capnp.rs:304:75
[INFO] [stdout]     |
[INFO] [stdout] 304 | ...   ::std::result::Result::Ok(::capnp::traits::FromStructBuilder::new(try!(builder.get_struct(_private::STRUCT_SIZE, ::std::ptr::null()...
[INFO] [stdout]     |                                                                         ^^^
[INFO] [stdout] 
[INFO] [stdout] 
[INFO] [stdout] warning: use of deprecated macro `try`: use the `?` operator instead
[INFO] [stdout]    --> capnp_schema/src/addressbook_capnp.rs:425:74
[INFO] [stdout]     |
[INFO] [stdout] 425 |         ::std::result::Result::Ok(::capnp::traits::FromStructReader::new(try!(reader.get_struct(::std::ptr::null()))))
[INFO] [stdout]     |                                                                          ^^^
[INFO] [stdout] 
[INFO] [stdout] 
[INFO] [stdout] warning: use of deprecated macro `try`: use the `?` operator instead
[INFO] [stdout]    --> capnp_schema/src/addressbook_capnp.rs:510:75
[INFO] [stdout]     |
[INFO] [stdout] 510 | ...   ::std::result::Result::Ok(::capnp::traits::FromStructBuilder::new(try!(builder.get_struct(_private::STRUCT_SIZE, ::std::ptr::null()...
[INFO] [stdout]     |                                                                         ^^^
[INFO] [stdout] 
[INFO] [stdout] 
[INFO] [stdout] warning: use of deprecated macro `try`: use the `?` operator instead
[INFO] [stdout]    --> capnp_schema/src/addressbook_capnp.rs:650:72
[INFO] [stdout]     |
[INFO] [stdout] 650 |       ::std::result::Result::Ok(::capnp::traits::FromStructReader::new(try!(reader.get_struct(::std::ptr::null()))))
[INFO] [stdout]     |                                                                        ^^^
[INFO] [stdout] 
[INFO] [stdout] 
[INFO] [stdout] warning: use of deprecated macro `try`: use the `?` operator instead
[INFO] [stdout]    --> capnp_schema/src/addressbook_capnp.rs:708:73
[INFO] [stdout]     |
[INFO] [stdout] 708 |       ::std::result::Result::Ok(::capnp::traits::FromStructBuilder::new(try!(builder.get_struct(_private::STRUCT_SIZE, ::std::ptr::null()...
[INFO] [stdout]     |                                                                         ^^^
[INFO] [stdout] 
[INFO] [stdout] 
[INFO] [stderr]    Compiling core v0.1.0 (/opt/rustwide/workdir/core)
[INFO] [stderr]     Finished `dev` profile [unoptimized + debuginfo] target(s) in 16.62s
[INFO] running `Command { std: "docker" "inspect" "cf469696071f29a5ad5a41ef746f2053d414e6ce0a269d93d36c2975841c86a9", kill_on_drop: false }`
[INFO] running `Command { std: "docker" "rm" "-f" "cf469696071f29a5ad5a41ef746f2053d414e6ce0a269d93d36c2975841c86a9", kill_on_drop: false }`
[INFO] [stdout] cf469696071f29a5ad5a41ef746f2053d414e6ce0a269d93d36c2975841c86a9
[INFO] running `Command { std: "docker" "create" "-v" "/var/lib/crater-agent-workspace/builds/worker-1-tc2/target:/opt/rustwide/target:rw,Z" "-v" "/var/lib/crater-agent-workspace/builds/worker-1-tc2/source:/opt/rustwide/workdir:ro,Z" "-v" "/var/lib/crater-agent-workspace/cargo-home:/opt/rustwide/cargo-home:ro,Z" "-v" "/var/lib/crater-agent-workspace/rustup-home:/opt/rustwide/rustup-home:ro,Z" "-e" "SOURCE_DIR=/opt/rustwide/workdir" "-e" "CARGO_TARGET_DIR=/opt/rustwide/target" "-e" "CARGO_INCREMENTAL=0" "-e" "RUST_BACKTRACE=full" "-e" "RUSTFLAGS=--cap-lints=warn" "-e" "RUSTDOCFLAGS=--cap-lints=warn" "-e" "CARGO_HOME=/opt/rustwide/cargo-home" "-e" "RUSTUP_HOME=/opt/rustwide/rustup-home" "-w" "/opt/rustwide/workdir" "-m" "1610612736" "--user" "0:0" "--network" "none" "ghcr.io/rust-lang/crates-build-env/linux@sha256:f3a9d4ad9d972b27faf3965f35b62e55ba32bbce8f20bc8fe909558a86702fde" "/opt/rustwide/cargo-home/bin/cargo" "+beta-2024-12-08" "test" "--frozen" "--no-run" "--message-format=json", kill_on_drop: false }`
[INFO] [stdout] e97459ffa81fba348eb93dbd4f867cfa136625d80fc4a125f593ac852a4b24af
[INFO] running `Command { std: "docker" "start" "-a" "e97459ffa81fba348eb93dbd4f867cfa136625d80fc4a125f593ac852a4b24af", kill_on_drop: false }`
[INFO] [stderr] warning: /opt/rustwide/workdir/capnp_schema/Cargo.toml: no edition set: defaulting to the 2015 edition while the latest is 2021
[INFO] [stderr] warning: /opt/rustwide/workdir/core/Cargo.toml: no edition set: defaulting to the 2015 edition while the latest is 2021
[INFO] [stderr]    Compiling capnp_schema v0.1.0 (/opt/rustwide/workdir/capnp_schema)
[INFO] [stderr]    Compiling core v0.1.0 (/opt/rustwide/workdir/core)
[INFO] [stdout] warning: use of deprecated macro `try`: use the `?` operator instead
[INFO] [stdout]   --> capnp_schema/src/addressbook_capnp.rs:28:72
[INFO] [stdout]    |
[INFO] [stdout] 28 |       ::std::result::Result::Ok(::capnp::traits::FromStructReader::new(try!(reader.get_struct(::std::ptr::null()))))
[INFO] [stdout]    |                                                                        ^^^
[INFO] [stdout]    |
[INFO] [stdout]    = note: `#[warn(deprecated)]` on by default
[INFO] [stdout] 
[INFO] [stdout] 
[INFO] [stdout] warning: use of deprecated macro `try`: use the `?` operator instead
[INFO] [stdout]    --> capnp_schema/src/addressbook_capnp.rs:108:73
[INFO] [stdout]     |
[INFO] [stdout] 108 |       ::std::result::Result::Ok(::capnp::traits::FromStructBuilder::new(try!(builder.get_struct(_private::STRUCT_SIZE, ::std::ptr::null()...
[INFO] [stdout]     |                                                                         ^^^
[INFO] [stdout] 
[INFO] [stdout] 
[INFO] [stdout] warning: use of deprecated macro `try`: use the `?` operator instead
[INFO] [stdout]    --> capnp_schema/src/addressbook_capnp.rs:242:74
[INFO] [stdout]     |
[INFO] [stdout] 242 |         ::std::result::Result::Ok(::capnp::traits::FromStructReader::new(try!(reader.get_struct(::std::ptr::null()))))
[INFO] [stdout]     |                                                                          ^^^
[INFO] [stdout] 
[INFO] [stdout] 
[INFO] [stdout] warning: use of deprecated macro `try`: use the `?` operator instead
[INFO] [stdout]    --> capnp_schema/src/addressbook_capnp.rs:304:75
[INFO] [stdout]     |
[INFO] [stdout] 304 | ...   ::std::result::Result::Ok(::capnp::traits::FromStructBuilder::new(try!(builder.get_struct(_private::STRUCT_SIZE, ::std::ptr::null()...
[INFO] [stdout]     |                                                                         ^^^
[INFO] [stdout] 
[INFO] [stdout] 
[INFO] [stdout] warning: use of deprecated macro `try`: use the `?` operator instead
[INFO] [stdout]    --> capnp_schema/src/addressbook_capnp.rs:425:74
[INFO] [stdout]     |
[INFO] [stdout] 425 |         ::std::result::Result::Ok(::capnp::traits::FromStructReader::new(try!(reader.get_struct(::std::ptr::null()))))
[INFO] [stdout]     |                                                                          ^^^
[INFO] [stdout] 
[INFO] [stdout] 
[INFO] [stdout] warning: use of deprecated macro `try`: use the `?` operator instead
[INFO] [stdout]    --> capnp_schema/src/addressbook_capnp.rs:510:75
[INFO] [stdout]     |
[INFO] [stdout] 510 | ...   ::std::result::Result::Ok(::capnp::traits::FromStructBuilder::new(try!(builder.get_struct(_private::STRUCT_SIZE, ::std::ptr::null()...
[INFO] [stdout]     |                                                                         ^^^
[INFO] [stdout] 
[INFO] [stdout] 
[INFO] [stdout] warning: use of deprecated macro `try`: use the `?` operator instead
[INFO] [stdout]    --> capnp_schema/src/addressbook_capnp.rs:650:72
[INFO] [stdout]     |
[INFO] [stdout] 650 |       ::std::result::Result::Ok(::capnp::traits::FromStructReader::new(try!(reader.get_struct(::std::ptr::null()))))
[INFO] [stdout]     |                                                                        ^^^
[INFO] [stdout] 
[INFO] [stdout] 
[INFO] [stdout] warning: use of deprecated macro `try`: use the `?` operator instead
[INFO] [stdout]    --> capnp_schema/src/addressbook_capnp.rs:708:73
[INFO] [stdout]     |
[INFO] [stdout] 708 |       ::std::result::Result::Ok(::capnp::traits::FromStructBuilder::new(try!(builder.get_struct(_private::STRUCT_SIZE, ::std::ptr::null()...
[INFO] [stdout]     |                                                                         ^^^
[INFO] [stdout] 
[INFO] [stdout] 
[INFO] [stdout] warning: use of deprecated macro `try`: use the `?` operator instead
[INFO] [stdout]   --> capnp_schema/src/addressbook_capnp.rs:28:72
[INFO] [stdout]    |
[INFO] [stdout] 28 |       ::std::result::Result::Ok(::capnp::traits::FromStructReader::new(try!(reader.get_struct(::std::ptr::null()))))
[INFO] [stdout]    |                                                                        ^^^
[INFO] [stdout]    |
[INFO] [stdout]    = note: `#[warn(deprecated)]` on by default
[INFO] [stdout] 
[INFO] [stdout] 
[INFO] [stdout] warning: use of deprecated macro `try`: use the `?` operator instead
[INFO] [stdout]    --> capnp_schema/src/addressbook_capnp.rs:108:73
[INFO] [stdout]     |
[INFO] [stdout] 108 |       ::std::result::Result::Ok(::capnp::traits::FromStructBuilder::new(try!(builder.get_struct(_private::STRUCT_SIZE, ::std::ptr::null()...
[INFO] [stdout]     |                                                                         ^^^
[INFO] [stdout] 
[INFO] [stdout] 
[INFO] [stdout] warning: use of deprecated macro `try`: use the `?` operator instead
[INFO] [stdout]    --> capnp_schema/src/addressbook_capnp.rs:242:74
[INFO] [stdout]     |
[INFO] [stdout] 242 |         ::std::result::Result::Ok(::capnp::traits::FromStructReader::new(try!(reader.get_struct(::std::ptr::null()))))
[INFO] [stdout]     |                                                                          ^^^
[INFO] [stdout] 
[INFO] [stdout] 
[INFO] [stdout] warning: use of deprecated macro `try`: use the `?` operator instead
[INFO] [stdout]    --> capnp_schema/src/addressbook_capnp.rs:304:75
[INFO] [stdout]     |
[INFO] [stdout] 304 | ...   ::std::result::Result::Ok(::capnp::traits::FromStructBuilder::new(try!(builder.get_struct(_private::STRUCT_SIZE, ::std::ptr::null()...
[INFO] [stdout]     |                                                                         ^^^
[INFO] [stdout] 
[INFO] [stdout] 
[INFO] [stdout] warning: use of deprecated macro `try`: use the `?` operator instead
[INFO] [stdout]    --> capnp_schema/src/addressbook_capnp.rs:425:74
[INFO] [stdout]     |
[INFO] [stdout] 425 |         ::std::result::Result::Ok(::capnp::traits::FromStructReader::new(try!(reader.get_struct(::std::ptr::null()))))
[INFO] [stdout]     |                                                                          ^^^
[INFO] [stdout] 
[INFO] [stdout] 
[INFO] [stdout] warning: use of deprecated macro `try`: use the `?` operator instead
[INFO] [stdout]    --> capnp_schema/src/addressbook_capnp.rs:510:75
[INFO] [stdout]     |
[INFO] [stdout] 510 | ...   ::std::result::Result::Ok(::capnp::traits::FromStructBuilder::new(try!(builder.get_struct(_private::STRUCT_SIZE, ::std::ptr::null()...
[INFO] [stdout]     |                                                                         ^^^
[INFO] [stdout] 
[INFO] [stdout] 
[INFO] [stdout] warning: use of deprecated macro `try`: use the `?` operator instead
[INFO] [stdout]    --> capnp_schema/src/addressbook_capnp.rs:650:72
[INFO] [stdout]     |
[INFO] [stdout] 650 |       ::std::result::Result::Ok(::capnp::traits::FromStructReader::new(try!(reader.get_struct(::std::ptr::null()))))
[INFO] [stdout]     |                                                                        ^^^
[INFO] [stdout] 
[INFO] [stdout] 
[INFO] [stdout] warning: use of deprecated macro `try`: use the `?` operator instead
[INFO] [stdout]    --> capnp_schema/src/addressbook_capnp.rs:708:73
[INFO] [stdout]     |
[INFO] [stdout] 708 |       ::std::result::Result::Ok(::capnp::traits::FromStructBuilder::new(try!(builder.get_struct(_private::STRUCT_SIZE, ::std::ptr::null()...
[INFO] [stdout]     |                                                                         ^^^
[INFO] [stdout] 
[INFO] [stdout] 
[INFO] [stdout] warning: use of deprecated macro `try`: use the `?` operator instead
[INFO] [stdout]   --> capnp_schema/src/addressbook_capnp.rs:28:72
[INFO] [stdout]    |
[INFO] [stdout] 28 |       ::std::result::Result::Ok(::capnp::traits::FromStructReader::new(try!(reader.get_struct(::std::ptr::null()))))
[INFO] [stdout]    |                                                                        ^^^
[INFO] [stdout]    |
[INFO] [stdout]    = note: `#[warn(deprecated)]` on by default
[INFO] [stdout] 
[INFO] [stdout] 
[INFO] [stdout] warning: use of deprecated macro `try`: use the `?` operator instead
[INFO] [stdout]    --> capnp_schema/src/addressbook_capnp.rs:108:73
[INFO] [stdout]     |
[INFO] [stdout] 108 |       ::std::result::Result::Ok(::capnp::traits::FromStructBuilder::new(try!(builder.get_struct(_private::STRUCT_SIZE, ::std::ptr::null()...
[INFO] [stdout]     |                                                                         ^^^
[INFO] [stdout] 
[INFO] [stdout] 
[INFO] [stdout] warning: use of deprecated macro `try`: use the `?` operator instead
[INFO] [stdout]    --> capnp_schema/src/addressbook_capnp.rs:242:74
[INFO] [stdout]     |
[INFO] [stdout] 242 |         ::std::result::Result::Ok(::capnp::traits::FromStructReader::new(try!(reader.get_struct(::std::ptr::null()))))
[INFO] [stdout]     |                                                                          ^^^
[INFO] [stdout] 
[INFO] [stdout] 
[INFO] [stdout] warning: use of deprecated macro `try`: use the `?` operator instead
[INFO] [stdout]    --> capnp_schema/src/addressbook_capnp.rs:304:75
[INFO] [stdout]     |
[INFO] [stdout] 304 | ...   ::std::result::Result::Ok(::capnp::traits::FromStructBuilder::new(try!(builder.get_struct(_private::STRUCT_SIZE, ::std::ptr::null()...
[INFO] [stdout]     |                                                                         ^^^
[INFO] [stdout] 
[INFO] [stdout] 
[INFO] [stdout] warning: use of deprecated macro `try`: use the `?` operator instead
[INFO] [stdout]    --> capnp_schema/src/addressbook_capnp.rs:425:74
[INFO] [stdout]     |
[INFO] [stdout] 425 |         ::std::result::Result::Ok(::capnp::traits::FromStructReader::new(try!(reader.get_struct(::std::ptr::null()))))
[INFO] [stdout]     |                                                                          ^^^
[INFO] [stdout] 
[INFO] [stdout] 
[INFO] [stdout] warning: use of deprecated macro `try`: use the `?` operator instead
[INFO] [stdout]    --> capnp_schema/src/addressbook_capnp.rs:510:75
[INFO] [stdout]     |
[INFO] [stdout] 510 | ...   ::std::result::Result::Ok(::capnp::traits::FromStructBuilder::new(try!(builder.get_struct(_private::STRUCT_SIZE, ::std::ptr::null()...
[INFO] [stdout]     |                                                                         ^^^
[INFO] [stdout] 
[INFO] [stdout] 
[INFO] [stdout] warning: use of deprecated macro `try`: use the `?` operator instead
[INFO] [stdout]    --> capnp_schema/src/addressbook_capnp.rs:650:72
[INFO] [stdout]     |
[INFO] [stdout] 650 |       ::std::result::Result::Ok(::capnp::traits::FromStructReader::new(try!(reader.get_struct(::std::ptr::null()))))
[INFO] [stdout]     |                                                                        ^^^
[INFO] [stdout] 
[INFO] [stdout] 
[INFO] [stdout] warning: use of deprecated macro `try`: use the `?` operator instead
[INFO] [stdout]    --> capnp_schema/src/addressbook_capnp.rs:708:73
[INFO] [stdout]     |
[INFO] [stdout] 708 |       ::std::result::Result::Ok(::capnp::traits::FromStructBuilder::new(try!(builder.get_struct(_private::STRUCT_SIZE, ::std::ptr::null()...
[INFO] [stdout]     |                                                                         ^^^
[INFO] [stdout] 
[INFO] [stdout] 
[INFO] [stderr]     Finished `test` profile [unoptimized + debuginfo] target(s) in 2.43s
[INFO] running `Command { std: "docker" "inspect" "e97459ffa81fba348eb93dbd4f867cfa136625d80fc4a125f593ac852a4b24af", kill_on_drop: false }`
[INFO] running `Command { std: "docker" "rm" "-f" "e97459ffa81fba348eb93dbd4f867cfa136625d80fc4a125f593ac852a4b24af", kill_on_drop: false }`
[INFO] [stdout] e97459ffa81fba348eb93dbd4f867cfa136625d80fc4a125f593ac852a4b24af
[INFO] running `Command { std: "docker" "create" "-v" "/var/lib/crater-agent-workspace/builds/worker-1-tc2/target:/opt/rustwide/target:rw,Z" "-v" "/var/lib/crater-agent-workspace/builds/worker-1-tc2/source:/opt/rustwide/workdir:ro,Z" "-v" "/var/lib/crater-agent-workspace/cargo-home:/opt/rustwide/cargo-home:ro,Z" "-v" "/var/lib/crater-agent-workspace/rustup-home:/opt/rustwide/rustup-home:ro,Z" "-e" "SOURCE_DIR=/opt/rustwide/workdir" "-e" "CARGO_TARGET_DIR=/opt/rustwide/target" "-e" "CARGO_INCREMENTAL=0" "-e" "RUST_BACKTRACE=full" "-e" "RUSTFLAGS=--cap-lints=warn" "-e" "RUSTDOCFLAGS=--cap-lints=warn" "-e" "CARGO_HOME=/opt/rustwide/cargo-home" "-e" "RUSTUP_HOME=/opt/rustwide/rustup-home" "-w" "/opt/rustwide/workdir" "-m" "1610612736" "--user" "0:0" "--network" "none" "ghcr.io/rust-lang/crates-build-env/linux@sha256:f3a9d4ad9d972b27faf3965f35b62e55ba32bbce8f20bc8fe909558a86702fde" "/opt/rustwide/cargo-home/bin/cargo" "+beta-2024-12-08" "test" "--frozen", kill_on_drop: false }`
[INFO] [stdout] 227ed4287edfcde4b1b69303271fd9b2feb26c4ed23f6b1938c8da1d64075019
[INFO] running `Command { std: "docker" "start" "-a" "227ed4287edfcde4b1b69303271fd9b2feb26c4ed23f6b1938c8da1d64075019", kill_on_drop: false }`
[INFO] [stderr] warning: /opt/rustwide/workdir/capnp_schema/Cargo.toml: no edition set: defaulting to the 2015 edition while the latest is 2021
[INFO] [stderr] warning: /opt/rustwide/workdir/core/Cargo.toml: no edition set: defaulting to the 2015 edition while the latest is 2021
[INFO] [stderr] warning: use of deprecated macro `try`: use the `?` operator instead
[INFO] [stderr]   --> capnp_schema/src/addressbook_capnp.rs:28:72
[INFO] [stderr]    |
[INFO] [stderr] 28 |       ::std::result::Result::Ok(::capnp::traits::FromStructReader::new(try!(reader.get_struct(::std::ptr::null()))))
[INFO] [stderr]    |                                                                        ^^^
[INFO] [stderr]    |
[INFO] [stderr]    = note: `#[warn(deprecated)]` on by default
[INFO] [stderr] 
[INFO] [stderr] warning: use of deprecated macro `try`: use the `?` operator instead
[INFO] [stderr]    --> capnp_schema/src/addressbook_capnp.rs:108:73
[INFO] [stderr]     |
[INFO] [stderr] 108 |       ::std::result::Result::Ok(::capnp::traits::FromStructBuilder::new(try!(builder.get_struct(_private::STRUCT_SIZE, ::std::ptr::null()...
[INFO] [stderr]     |                                                                         ^^^
[INFO] [stderr] 
[INFO] [stderr] warning: use of deprecated macro `try`: use the `?` operator instead
[INFO] [stderr]    --> capnp_schema/src/addressbook_capnp.rs:242:74
[INFO] [stderr]     |
[INFO] [stderr] 242 |         ::std::result::Result::Ok(::capnp::traits::FromStructReader::new(try!(reader.get_struct(::std::ptr::null()))))
[INFO] [stderr]     |                                                                          ^^^
[INFO] [stderr] 
[INFO] [stderr] warning: use of deprecated macro `try`: use the `?` operator instead
[INFO] [stderr]    --> capnp_schema/src/addressbook_capnp.rs:304:75
[INFO] [stderr]     |
[INFO] [stderr] 304 | ...   ::std::result::Result::Ok(::capnp::traits::FromStructBuilder::new(try!(builder.get_struct(_private::STRUCT_SIZE, ::std::ptr::null()...
[INFO] [stderr]     |                                                                         ^^^
[INFO] [stderr] 
[INFO] [stderr] warning: use of deprecated macro `try`: use the `?` operator instead
[INFO] [stderr]    --> capnp_schema/src/addressbook_capnp.rs:425:74
[INFO] [stderr]     |
[INFO] [stderr] 425 |         ::std::result::Result::Ok(::capnp::traits::FromStructReader::new(try!(reader.get_struct(::std::ptr::null()))))
[INFO] [stderr]     |                                                                          ^^^
[INFO] [stderr] 
[INFO] [stderr] warning: use of deprecated macro `try`: use the `?` operator instead
[INFO] [stderr]    --> capnp_schema/src/addressbook_capnp.rs:510:75
[INFO] [stderr]     |
[INFO] [stderr] 510 | ...   ::std::result::Result::Ok(::capnp::traits::FromStructBuilder::new(try!(builder.get_struct(_private::STRUCT_SIZE, ::std::ptr::null()...
[INFO] [stderr]     |                                                                         ^^^
[INFO] [stderr] 
[INFO] [stderr] warning: use of deprecated macro `try`: use the `?` operator instead
[INFO] [stderr]    --> capnp_schema/src/addressbook_capnp.rs:650:72
[INFO] [stderr]     |
[INFO] [stderr] 650 |       ::std::result::Result::Ok(::capnp::traits::FromStructReader::new(try!(reader.get_struct(::std::ptr::null()))))
[INFO] [stderr]     |                                                                        ^^^
[INFO] [stderr] 
[INFO] [stderr] warning: use of deprecated macro `try`: use the `?` operator instead
[INFO] [stderr]    --> capnp_schema/src/addressbook_capnp.rs:708:73
[INFO] [stderr]     |
[INFO] [stderr] 708 |       ::std::result::Result::Ok(::capnp::traits::FromStructBuilder::new(try!(builder.get_struct(_private::STRUCT_SIZE, ::std::ptr::null()...
[INFO] [stderr]     |                                                                         ^^^
[INFO] [stderr] 
[INFO] [stderr] warning: `capnp_schema` (lib) generated 8 warnings
[INFO] [stderr] warning: `capnp_schema` (bin "capnp_schema" test) generated 8 warnings (8 duplicates)
[INFO] [stderr] warning: `capnp_schema` (lib test) generated 8 warnings (8 duplicates)
[INFO] [stderr]     Finished `test` profile [unoptimized + debuginfo] target(s) in 0.07s
[INFO] [stderr]      Running unittests src/lib.rs (/opt/rustwide/target/debug/deps/capnp_schema-69ce01e39842ef5f)
[INFO] [stdout] 
[INFO] [stderr]      Running unittests src/main.rs (/opt/rustwide/target/debug/deps/capnp_schema-b7345ce14fe21566)
[INFO] [stdout] running 0 tests
[INFO] [stdout] 
[INFO] [stdout] test result: ok. 0 passed; 0 failed; 0 ignored; 0 measured; 0 filtered out; finished in 0.00s
[INFO] [stdout] 
[INFO] [stdout] 
[INFO] [stdout] running 0 tests
[INFO] [stdout] 
[INFO] [stdout] test result: ok. 0 passed; 0 failed; 0 ignored; 0 measured; 0 filtered out; finished in 0.00s
[INFO] [stdout] 
[INFO] [stderr]      Running unittests src/main.rs (/opt/rustwide/target/debug/deps/core-388ce2e281bec0e7)
[INFO] [stdout] 
[INFO] [stdout] running 1 test
[INFO] [stdout] test tests::can_run ... FAILED
[INFO] [stdout] 
[INFO] [stdout] failures:
[INFO] [stdout] 
[INFO] [stdout] ---- tests::can_run stdout ----
[INFO] [stdout] thread 'tests::can_run' panicked at core/src/main.rs:25:10:
[INFO] [stdout] unable to bind TCP listener: Os { code: 22, kind: InvalidInput, message: "Invalid argument" }
[INFO] [stdout] stack backtrace:
[INFO] [stdout]    0:     0x571145c2692a - std::backtrace_rs::backtrace::libunwind::trace::h8810477743020387
[INFO] [stdout]                                at /rustc/202008a1b8de96d2e5b6bc02d379db03a877d34d/library/std/src/../../backtrace/src/backtrace/libunwind.rs:116:5
[INFO] [stdout]    1:     0x571145c2692a - std::backtrace_rs::backtrace::trace_unsynchronized::h3aa55355dd6c54a6
[INFO] [stdout]                                at /rustc/202008a1b8de96d2e5b6bc02d379db03a877d34d/library/std/src/../../backtrace/src/backtrace/mod.rs:66:5
[INFO] [stdout]    2:     0x571145c2692a - std::sys::backtrace::_print_fmt::h8588b0f62410823f
[INFO] [stdout]                                at /rustc/202008a1b8de96d2e5b6bc02d379db03a877d34d/library/std/src/sys/backtrace.rs:66:9
[INFO] [stdout]    3:     0x571145c2692a - <std::sys::backtrace::BacktraceLock::print::DisplayBacktrace as core::fmt::Display>::fmt::h98c26ac25ffe89bb
[INFO] [stdout]                                at /rustc/202008a1b8de96d2e5b6bc02d379db03a877d34d/library/std/src/sys/backtrace.rs:39:26
[INFO] [stdout]    4:     0x571145c4d323 - core::fmt::rt::Argument::fmt::hf95377f4aebd453b
[INFO] [stdout]                                at /rustc/202008a1b8de96d2e5b6bc02d379db03a877d34d/library/core/src/fmt/rt.rs:177:76
[INFO] [stdout]    5:     0x571145c4d323 - core::fmt::write::h0dd5f6e2238c7982
[INFO] [stdout]                                at /rustc/202008a1b8de96d2e5b6bc02d379db03a877d34d/library/core/src/fmt/mod.rs:1189:21
[INFO] [stdout]    6:     0x571145c23783 - std::io::Write::write_fmt::h03bb0ca26e6faf8c
[INFO] [stdout]                                at /rustc/202008a1b8de96d2e5b6bc02d379db03a877d34d/library/std/src/io/mod.rs:1884:15
[INFO] [stdout]    7:     0x571145c26772 - std::sys::backtrace::BacktraceLock::print::h5c19c1c038ee186d
[INFO] [stdout]                                at /rustc/202008a1b8de96d2e5b6bc02d379db03a877d34d/library/std/src/sys/backtrace.rs:42:9
[INFO] [stdout]    8:     0x571145c27dad - std::panicking::default_hook::{{closure}}::h77172f079a1fcb13
[INFO] [stdout]                                at /rustc/202008a1b8de96d2e5b6bc02d379db03a877d34d/library/std/src/panicking.rs:268:22
[INFO] [stdout]    9:     0x571145c27bb7 - std::panicking::default_hook::he5f8e3b203ccddba
[INFO] [stdout]                                at /rustc/202008a1b8de96d2e5b6bc02d379db03a877d34d/library/std/src/panicking.rs:292:9
[INFO] [stdout]   10:     0x571145a6ca07 - <alloc::boxed::Box<F,A> as core::ops::function::Fn<Args>>::call::h7a3c7b4a1ae77f2f
[INFO] [stdout]                                at /rustc/202008a1b8de96d2e5b6bc02d379db03a877d34d/library/alloc/src/boxed.rs:1986:9
[INFO] [stdout]   11:     0x571145a6ca07 - test::test_main::{{closure}}::hf0d3b69ae9b353d1
[INFO] [stdout]                                at /rustc/202008a1b8de96d2e5b6bc02d379db03a877d34d/library/test/src/lib.rs:134:21
[INFO] [stdout]   12:     0x571145c28458 - <alloc::boxed::Box<F,A> as core::ops::function::Fn<Args>>::call::h6332e82e7b189abd
[INFO] [stdout]                                at /rustc/202008a1b8de96d2e5b6bc02d379db03a877d34d/library/alloc/src/boxed.rs:1986:9
[INFO] [stdout]   13:     0x571145c28458 - std::panicking::rust_panic_with_hook::h53863d4e9018df39
[INFO] [stdout]                                at /rustc/202008a1b8de96d2e5b6bc02d379db03a877d34d/library/std/src/panicking.rs:809:13
[INFO] [stdout]   14:     0x571145c2821a - std::panicking::begin_panic_handler::{{closure}}::h67280e6fa0757873
[INFO] [stdout]                                at /rustc/202008a1b8de96d2e5b6bc02d379db03a877d34d/library/std/src/panicking.rs:674:13
[INFO] [stdout]   15:     0x571145c26e09 - std::sys::backtrace::__rust_end_short_backtrace::h1dac3f54d6fbbeb2
[INFO] [stdout]                                at /rustc/202008a1b8de96d2e5b6bc02d379db03a877d34d/library/std/src/sys/backtrace.rs:170:18
[INFO] [stdout]   16:     0x571145c27eac - rust_begin_unwind
[INFO] [stdout]                                at /rustc/202008a1b8de96d2e5b6bc02d379db03a877d34d/library/std/src/panicking.rs:665:5
[INFO] [stdout]   17:     0x571145a1dbb0 - core::panicking::panic_fmt::h6792bd1b2bf01041
[INFO] [stdout]                                at /rustc/202008a1b8de96d2e5b6bc02d379db03a877d34d/library/core/src/panicking.rs:76:14
[INFO] [stdout]   18:     0x571145a1dff6 - core::result::unwrap_failed::h05e0602ed34287c5
[INFO] [stdout]                                at /rustc/202008a1b8de96d2e5b6bc02d379db03a877d34d/library/core/src/result.rs:1699:5
[INFO] [stdout]   19:     0x571145a2e194 - core::result::Result<T,E>::expect::h276cc33253b0119a
[INFO] [stdout]                                at /rustc/202008a1b8de96d2e5b6bc02d379db03a877d34d/library/core/src/result.rs:1061:23
[INFO] [stdout]   20:     0x571145a27f46 - core::main::he437ddf1af6ab3ee
[INFO] [stdout]                                at /opt/rustwide/workdir/core/src/main.rs:24:20
[INFO] [stdout]   21:     0x571145a2af26 - core::tests::can_run::h1059d3c0a9ca78ce
[INFO] [stdout]                                at /opt/rustwide/workdir/core/src/main.rs:156:9
[INFO] [stdout]   22:     0x571145a2af07 - core::tests::can_run::{{closure}}::h59d7298956abcbba
[INFO] [stdout]                                at /opt/rustwide/workdir/core/src/main.rs:155:17
[INFO] [stdout]   23:     0x571145a2b9d6 - core::ops::function::FnOnce::call_once::h6a802992f449d01c
[INFO] [stdout]                                at /rustc/202008a1b8de96d2e5b6bc02d379db03a877d34d/library/core/src/ops/function.rs:250:5
[INFO] [stdout]   24:     0x571145a7152b - core::ops::function::FnOnce::call_once::h871bf86719ec9aa4
[INFO] [stdout]                                at /rustc/202008a1b8de96d2e5b6bc02d379db03a877d34d/library/core/src/ops/function.rs:250:5
[INFO] [stdout]   25:     0x571145a7152b - test::__rust_begin_short_backtrace::h2167df1e2b7d76fd
[INFO] [stdout]                                at /rustc/202008a1b8de96d2e5b6bc02d379db03a877d34d/library/test/src/lib.rs:632:18
[INFO] [stdout]   26:     0x571145a70f18 - test::run_test_in_process::{{closure}}::h15d92f75a3adfb79
[INFO] [stdout]                                at /rustc/202008a1b8de96d2e5b6bc02d379db03a877d34d/library/test/src/lib.rs:655:60
[INFO] [stdout]   27:     0x571145a70f18 - <core::panic::unwind_safe::AssertUnwindSafe<F> as core::ops::function::FnOnce<()>>::call_once::hb6c8955835a8dbbb
[INFO] [stdout]                                at /rustc/202008a1b8de96d2e5b6bc02d379db03a877d34d/library/core/src/panic/unwind_safe.rs:272:9
[INFO] [stdout]   28:     0x571145a70f18 - std::panicking::try::do_call::hc79d0fc888a0bd30
[INFO] [stdout]                                at /rustc/202008a1b8de96d2e5b6bc02d379db03a877d34d/library/std/src/panicking.rs:557:40
[INFO] [stdout]   29:     0x571145a70f18 - std::panicking::try::hb8a7878e3a8589d6
[INFO] [stdout]                                at /rustc/202008a1b8de96d2e5b6bc02d379db03a877d34d/library/std/src/panicking.rs:520:19
[INFO] [stdout]   30:     0x571145a70f18 - std::panic::catch_unwind::hb8e4600ff0ff5cfa
[INFO] [stdout]                                at /rustc/202008a1b8de96d2e5b6bc02d379db03a877d34d/library/std/src/panic.rs:358:14
[INFO] [stdout]   31:     0x571145a70f18 - test::run_test_in_process::hc2900b0b18688dd6
[INFO] [stdout]                                at /rustc/202008a1b8de96d2e5b6bc02d379db03a877d34d/library/test/src/lib.rs:655:27
[INFO] [stdout]   32:     0x571145a70f18 - test::run_test::{{closure}}::hac2a9cb07be3d48d
[INFO] [stdout]                                at /rustc/202008a1b8de96d2e5b6bc02d379db03a877d34d/library/test/src/lib.rs:576:43
[INFO] [stdout]   33:     0x571145a349ba - test::run_test::{{closure}}::h4a5b729e66a38cd8
[INFO] [stdout]                                at /rustc/202008a1b8de96d2e5b6bc02d379db03a877d34d/library/test/src/lib.rs:606:41
[INFO] [stdout]   34:     0x571145a349ba - std::sys::backtrace::__rust_begin_short_backtrace::h0496fb742492f573
[INFO] [stdout]                                at /rustc/202008a1b8de96d2e5b6bc02d379db03a877d34d/library/std/src/sys/backtrace.rs:154:18
[INFO] [stdout]   35:     0x571145a38334 - std::thread::Builder::spawn_unchecked_::{{closure}}::{{closure}}::hbb6d257c550a54bd
[INFO] [stdout]                                at /rustc/202008a1b8de96d2e5b6bc02d379db03a877d34d/library/std/src/thread/mod.rs:561:17
[INFO] [stdout]   36:     0x571145a38334 - <core::panic::unwind_safe::AssertUnwindSafe<F> as core::ops::function::FnOnce<()>>::call_once::h46696fe4a6832328
[INFO] [stdout]                                at /rustc/202008a1b8de96d2e5b6bc02d379db03a877d34d/library/core/src/panic/unwind_safe.rs:272:9
[INFO] [stdout]   37:     0x571145a38334 - std::panicking::try::do_call::h2625a51b667bfb64
[INFO] [stdout]                                at /rustc/202008a1b8de96d2e5b6bc02d379db03a877d34d/library/std/src/panicking.rs:557:40
[INFO] [stdout]   38:     0x571145a38334 - std::panicking::try::hb956a59a1973aa4c
[INFO] [stdout]                                at /rustc/202008a1b8de96d2e5b6bc02d379db03a877d34d/library/std/src/panicking.rs:520:19
[INFO] [stdout]   39:     0x571145a38334 - std::panic::catch_unwind::h64f3b9d1067ef6a0
[INFO] [stdout]                                at /rustc/202008a1b8de96d2e5b6bc02d379db03a877d34d/library/std/src/panic.rs:358:14
[INFO] [stdout]   40:     0x571145a38334 - std::thread::Builder::spawn_unchecked_::{{closure}}::h42b2841295b6c0b2
[INFO] [stdout]                                at /rustc/202008a1b8de96d2e5b6bc02d379db03a877d34d/library/std/src/thread/mod.rs:559:30
[INFO] [stdout]   41:     0x571145a38334 - core::ops::function::FnOnce::call_once{{vtable.shim}}::h6127de71b8124639
[INFO] [stdout]                                at /rustc/202008a1b8de96d2e5b6bc02d379db03a877d34d/library/core/src/ops/function.rs:250:5
[INFO] [stdout]   42:     0x571145c2c3fb - <alloc::boxed::Box<F,A> as core::ops::function::FnOnce<Args>>::call_once::h42f0ba71002a1b2c
[INFO] [stdout]                                at /rustc/202008a1b8de96d2e5b6bc02d379db03a877d34d/library/alloc/src/boxed.rs:1972:9
[INFO] [stdout]   43:     0x571145c2c3fb - <alloc::boxed::Box<F,A> as core::ops::function::FnOnce<Args>>::call_once::had9e47d7a3dcecb8
[INFO] [stdout]                                at /rustc/202008a1b8de96d2e5b6bc02d379db03a877d34d/library/alloc/src/boxed.rs:1972:9
[INFO] [stdout]   44:     0x571145c2c3fb - std::sys::pal::unix::thread::Thread::new::thread_start::h48cf765408f6f5f2
[INFO] [stdout]                                at /rustc/202008a1b8de96d2e5b6bc02d379db03a877d34d/library/std/src/sys/pal/unix/thread.rs:105:17
[INFO] [stdout]   45:     0x768c6589dac3 - <unknown>
[INFO] [stdout]   46:     0x768c6592ea04 - clone
[INFO] [stdout]   47:                0x0 - <unknown>
[INFO] [stdout] 
[INFO] [stdout] 
[INFO] [stdout] failures:
[INFO] [stdout]     tests::can_run
[INFO] [stdout] 
[INFO] [stdout] test result: FAILED. 0 passed; 1 failed; 0 ignored; 0 measured; 0 filtered out; finished in 0.07s
[INFO] [stdout] 
[INFO] [stderr] error: test failed, to rerun pass `-p core --bin core`
[INFO] running `Command { std: "docker" "inspect" "227ed4287edfcde4b1b69303271fd9b2feb26c4ed23f6b1938c8da1d64075019", kill_on_drop: false }`
[INFO] running `Command { std: "docker" "rm" "-f" "227ed4287edfcde4b1b69303271fd9b2feb26c4ed23f6b1938c8da1d64075019", kill_on_drop: false }`
[INFO] [stdout] 227ed4287edfcde4b1b69303271fd9b2feb26c4ed23f6b1938c8da1d64075019
