[INFO] cloning repository https://github.com/physics515/starsystem-ecs
[INFO] running `Command { std: "git" "-c" "credential.helper=" "-c" "credential.helper=/workspace/cargo-home/bin/git-credential-null" "clone" "--bare" "https://github.com/physics515/starsystem-ecs" "/workspace/cache/git-repos/https%3A%2F%2Fgithub.com%2Fphysics515%2Fstarsystem-ecs", kill_on_drop: false }`
[INFO] [stderr] Cloning into bare repository '/workspace/cache/git-repos/https%3A%2F%2Fgithub.com%2Fphysics515%2Fstarsystem-ecs'...
[INFO] running `Command { std: "git" "rev-parse" "HEAD", kill_on_drop: false }`
[INFO] [stdout] 9607484cb433ae166bfb0d6a7846e39064e94f28
[INFO] testing physics515/starsystem-ecs against 1.83.0 for beta-1.84.0-4-retry
[INFO] running `Command { std: "git" "clone" "/workspace/cache/git-repos/https%3A%2F%2Fgithub.com%2Fphysics515%2Fstarsystem-ecs" "/workspace/builds/worker-6-tc1/source", kill_on_drop: false }`
[INFO] [stderr] Cloning into '/workspace/builds/worker-6-tc1/source'...
[INFO] [stderr] done.
[INFO] validating manifest of git repo https://github.com/physics515/starsystem-ecs on toolchain 1.83.0
[INFO] running `Command { std: CARGO_HOME="/workspace/cargo-home" RUSTUP_HOME="/workspace/rustup-home" "/workspace/cargo-home/bin/cargo" "+1.83.0" "metadata" "--manifest-path" "Cargo.toml" "--no-deps", kill_on_drop: false }`
[INFO] started tweaking git repo https://github.com/physics515/starsystem-ecs
[INFO] finished tweaking git repo https://github.com/physics515/starsystem-ecs
[INFO] tweaked toml for git repo https://github.com/physics515/starsystem-ecs written to /workspace/builds/worker-6-tc1/source/Cargo.toml
[INFO] crate git repo https://github.com/physics515/starsystem-ecs already has a lockfile, it will not be regenerated
[INFO] running `Command { std: CARGO_HOME="/workspace/cargo-home" RUSTUP_HOME="/workspace/rustup-home" "/workspace/cargo-home/bin/cargo" "+1.83.0" "fetch" "--manifest-path" "Cargo.toml", kill_on_drop: false }`
[INFO] [stderr]     Blocking waiting for file lock on package cache
[INFO] [stderr]     Updating crates.io index
[INFO] [stderr]     Blocking waiting for file lock on package cache
[INFO] [stderr]  Downloading crates ...
[INFO] [stderr]   Downloaded random-string v1.0.0
[INFO] running `Command { std: "docker" "create" "-v" "/var/lib/crater-agent-workspace/builds/worker-6-tc1/target:/opt/rustwide/target:rw,Z" "-v" "/var/lib/crater-agent-workspace/builds/worker-6-tc1/source:/opt/rustwide/workdir:ro,Z" "-v" "/var/lib/crater-agent-workspace/cargo-home:/opt/rustwide/cargo-home:ro,Z" "-v" "/var/lib/crater-agent-workspace/rustup-home:/opt/rustwide/rustup-home:ro,Z" "-e" "SOURCE_DIR=/opt/rustwide/workdir" "-e" "CARGO_TARGET_DIR=/opt/rustwide/target" "-e" "CARGO_HOME=/opt/rustwide/cargo-home" "-e" "RUSTUP_HOME=/opt/rustwide/rustup-home" "-w" "/opt/rustwide/workdir" "-m" "1610612736" "--user" "0:0" "--network" "none" "ghcr.io/rust-lang/crates-build-env/linux@sha256:f3a9d4ad9d972b27faf3965f35b62e55ba32bbce8f20bc8fe909558a86702fde" "/opt/rustwide/cargo-home/bin/cargo" "+1.83.0" "metadata" "--no-deps" "--format-version=1", kill_on_drop: false }`
[INFO] [stdout] c668965ef5cf38f1820503a2eb193e5c09d9164821a73ee5d5b0cdcee56471b6
[INFO] running `Command { std: "docker" "start" "-a" "c668965ef5cf38f1820503a2eb193e5c09d9164821a73ee5d5b0cdcee56471b6", kill_on_drop: false }`
[INFO] running `Command { std: "docker" "inspect" "c668965ef5cf38f1820503a2eb193e5c09d9164821a73ee5d5b0cdcee56471b6", kill_on_drop: false }`
[INFO] running `Command { std: "docker" "rm" "-f" "c668965ef5cf38f1820503a2eb193e5c09d9164821a73ee5d5b0cdcee56471b6", kill_on_drop: false }`
[INFO] [stdout] c668965ef5cf38f1820503a2eb193e5c09d9164821a73ee5d5b0cdcee56471b6
[INFO] running `Command { std: "docker" "create" "-v" "/var/lib/crater-agent-workspace/builds/worker-6-tc1/target:/opt/rustwide/target:rw,Z" "-v" "/var/lib/crater-agent-workspace/builds/worker-6-tc1/source:/opt/rustwide/workdir:ro,Z" "-v" "/var/lib/crater-agent-workspace/cargo-home:/opt/rustwide/cargo-home:ro,Z" "-v" "/var/lib/crater-agent-workspace/rustup-home:/opt/rustwide/rustup-home:ro,Z" "-e" "SOURCE_DIR=/opt/rustwide/workdir" "-e" "CARGO_TARGET_DIR=/opt/rustwide/target" "-e" "CARGO_INCREMENTAL=0" "-e" "RUST_BACKTRACE=full" "-e" "RUSTFLAGS=--cap-lints=warn" "-e" "RUSTDOCFLAGS=--cap-lints=warn" "-e" "CARGO_HOME=/opt/rustwide/cargo-home" "-e" "RUSTUP_HOME=/opt/rustwide/rustup-home" "-w" "/opt/rustwide/workdir" "-m" "1610612736" "--user" "0:0" "--network" "none" "ghcr.io/rust-lang/crates-build-env/linux@sha256:f3a9d4ad9d972b27faf3965f35b62e55ba32bbce8f20bc8fe909558a86702fde" "/opt/rustwide/cargo-home/bin/cargo" "+1.83.0" "build" "--frozen" "--message-format=json", kill_on_drop: false }`
[INFO] [stdout] 984abc968bfa53a96678b49a866482a0284ae5114682600b8ca1936ca0983fec
[INFO] running `Command { std: "docker" "start" "-a" "984abc968bfa53a96678b49a866482a0284ae5114682600b8ca1936ca0983fec", kill_on_drop: false }`
[INFO] [stderr]    Compiling libc v0.2.137
[INFO] [stderr]    Compiling crossbeam-utils v0.8.12
[INFO] [stderr]    Compiling memoffset v0.6.5
[INFO] [stderr]    Compiling proc-macro2 v1.0.47
[INFO] [stderr]    Compiling crossbeam-epoch v0.9.11
[INFO] [stderr]    Compiling unicode-ident v1.0.5
[INFO] [stderr]    Compiling quote v1.0.21
[INFO] [stderr]    Compiling rayon-core v1.9.3
[INFO] [stderr]    Compiling syn v1.0.103
[INFO] [stderr]    Compiling serde_derive v1.0.147
[INFO] [stderr]    Compiling rayon v1.5.3
[INFO] [stderr]    Compiling serde v1.0.147
[INFO] [stderr]    Compiling fastrand v1.8.0
[INFO] [stderr]    Compiling either v1.8.0
[INFO] [stderr]    Compiling strum v0.24.1
[INFO] [stderr]    Compiling random-string v1.0.0
[INFO] [stderr]    Compiling crossbeam-channel v0.5.6
[INFO] [stderr]    Compiling crossbeam-deque v0.8.2
[INFO] [stderr]    Compiling getrandom v0.2.8
[INFO] [stderr]    Compiling num_cpus v1.13.1
[INFO] [stderr]    Compiling rand_core v0.6.4
[INFO] [stderr]    Compiling rand_chacha v0.3.1
[INFO] [stderr]    Compiling rand v0.8.5
[INFO] [stderr]    Compiling starsystem v0.0.1 (/opt/rustwide/workdir)
[INFO] [stderr]     Finished `dev` profile [unoptimized + debuginfo] target(s) in 12.44s
[INFO] running `Command { std: "docker" "inspect" "984abc968bfa53a96678b49a866482a0284ae5114682600b8ca1936ca0983fec", kill_on_drop: false }`
[INFO] running `Command { std: "docker" "rm" "-f" "984abc968bfa53a96678b49a866482a0284ae5114682600b8ca1936ca0983fec", kill_on_drop: false }`
[INFO] [stdout] 984abc968bfa53a96678b49a866482a0284ae5114682600b8ca1936ca0983fec
[INFO] running `Command { std: "docker" "create" "-v" "/var/lib/crater-agent-workspace/builds/worker-6-tc1/target:/opt/rustwide/target:rw,Z" "-v" "/var/lib/crater-agent-workspace/builds/worker-6-tc1/source:/opt/rustwide/workdir:ro,Z" "-v" "/var/lib/crater-agent-workspace/cargo-home:/opt/rustwide/cargo-home:ro,Z" "-v" "/var/lib/crater-agent-workspace/rustup-home:/opt/rustwide/rustup-home:ro,Z" "-e" "SOURCE_DIR=/opt/rustwide/workdir" "-e" "CARGO_TARGET_DIR=/opt/rustwide/target" "-e" "CARGO_INCREMENTAL=0" "-e" "RUST_BACKTRACE=full" "-e" "RUSTFLAGS=--cap-lints=warn" "-e" "RUSTDOCFLAGS=--cap-lints=warn" "-e" "CARGO_HOME=/opt/rustwide/cargo-home" "-e" "RUSTUP_HOME=/opt/rustwide/rustup-home" "-w" "/opt/rustwide/workdir" "-m" "1610612736" "--user" "0:0" "--network" "none" "ghcr.io/rust-lang/crates-build-env/linux@sha256:f3a9d4ad9d972b27faf3965f35b62e55ba32bbce8f20bc8fe909558a86702fde" "/opt/rustwide/cargo-home/bin/cargo" "+1.83.0" "test" "--frozen" "--no-run" "--message-format=json", kill_on_drop: false }`
[INFO] [stdout] 42cfe78b074de598256d855a85ba13367574b90fdcc81ef0412475db920839b2
[INFO] running `Command { std: "docker" "start" "-a" "42cfe78b074de598256d855a85ba13367574b90fdcc81ef0412475db920839b2", kill_on_drop: false }`
[INFO] [stderr]    Compiling starsystem v0.0.1 (/opt/rustwide/workdir)
[INFO] [stderr]     Finished `test` profile [unoptimized + debuginfo] target(s) in 1.00s
[INFO] running `Command { std: "docker" "inspect" "42cfe78b074de598256d855a85ba13367574b90fdcc81ef0412475db920839b2", kill_on_drop: false }`
[INFO] running `Command { std: "docker" "rm" "-f" "42cfe78b074de598256d855a85ba13367574b90fdcc81ef0412475db920839b2", kill_on_drop: false }`
[INFO] [stdout] 42cfe78b074de598256d855a85ba13367574b90fdcc81ef0412475db920839b2
[INFO] running `Command { std: "docker" "create" "-v" "/var/lib/crater-agent-workspace/builds/worker-6-tc1/target:/opt/rustwide/target:rw,Z" "-v" "/var/lib/crater-agent-workspace/builds/worker-6-tc1/source:/opt/rustwide/workdir:ro,Z" "-v" "/var/lib/crater-agent-workspace/cargo-home:/opt/rustwide/cargo-home:ro,Z" "-v" "/var/lib/crater-agent-workspace/rustup-home:/opt/rustwide/rustup-home:ro,Z" "-e" "SOURCE_DIR=/opt/rustwide/workdir" "-e" "CARGO_TARGET_DIR=/opt/rustwide/target" "-e" "CARGO_INCREMENTAL=0" "-e" "RUST_BACKTRACE=full" "-e" "RUSTFLAGS=--cap-lints=warn" "-e" "RUSTDOCFLAGS=--cap-lints=warn" "-e" "CARGO_HOME=/opt/rustwide/cargo-home" "-e" "RUSTUP_HOME=/opt/rustwide/rustup-home" "-w" "/opt/rustwide/workdir" "-m" "1610612736" "--user" "0:0" "--network" "none" "ghcr.io/rust-lang/crates-build-env/linux@sha256:f3a9d4ad9d972b27faf3965f35b62e55ba32bbce8f20bc8fe909558a86702fde" "/opt/rustwide/cargo-home/bin/cargo" "+1.83.0" "test" "--frozen", kill_on_drop: false }`
[INFO] [stdout] 2c0e1d36c3db15ae540e63a649b6ea0cb729c1d76827548e0903c32abb6f5eb8
[INFO] running `Command { std: "docker" "start" "-a" "2c0e1d36c3db15ae540e63a649b6ea0cb729c1d76827548e0903c32abb6f5eb8", kill_on_drop: false }`
[INFO] [stderr]     Finished `test` profile [unoptimized + debuginfo] target(s) in 0.05s
[INFO] [stderr]      Running unittests src/lib.rs (/opt/rustwide/target/debug/deps/starsystem-1f5c9868753e3627)
[INFO] [stdout] 
[INFO] [stderr]    Doc-tests starsystem
[INFO] [stdout] running 0 tests
[INFO] [stdout] 
[INFO] [stdout] test result: ok. 0 passed; 0 failed; 0 ignored; 0 measured; 0 filtered out; finished in 0.00s
[INFO] [stdout] 
[INFO] [stdout] 
[INFO] [stdout] running 4 tests
[INFO] [stdout] test src/lib.rs - (line 159) ... FAILED
[INFO] [stdout] test src/lib.rs - (line 139) ... FAILED
[INFO] [stdout] test src/lib.rs - (line 30) ... FAILED
[INFO] [stdout] test src/lib.rs - (line 61) ... FAILED
[INFO] [stdout] 
[INFO] [stdout] failures:
[INFO] [stdout] 
[INFO] [stdout] ---- src/lib.rs - (line 159) stdout ----
[INFO] [stdout] error: unexpected token: `...`
[INFO] [stdout]  --> src/lib.rs:161:1
[INFO] [stdout]   |
[INFO] [stdout] 5 | ...
[INFO] [stdout]   | ^^^
[INFO] [stdout]   |
[INFO] [stdout] help: use `..` for an exclusive range
[INFO] [stdout]   |
[INFO] [stdout] 5 | ..
[INFO] [stdout]   |
[INFO] [stdout] help: or `..=` for an inclusive range
[INFO] [stdout]   |
[INFO] [stdout] 5 | ..=
[INFO] [stdout]   |
[INFO] [stdout] 
[INFO] [stdout] error: expected expression, found `let` statement
[INFO] [stdout]  --> src/lib.rs:163:5
[INFO] [stdout]   |
[INFO] [stdout] 7 |     let mut file = std::fs::File::open("./config.json").unwrap();
[INFO] [stdout]   |     ^^^
[INFO] [stdout]   |
[INFO] [stdout]   = note: only supported directly in conditions of `if` and `while` expressions
[INFO] [stdout] 
[INFO] [stdout] error: unexpected token: `...`
[INFO] [stdout]   --> src/lib.rs:190:1
[INFO] [stdout]    |
[INFO] [stdout] 34 | ...
[INFO] [stdout]    | ^^^
[INFO] [stdout]    |
[INFO] [stdout] help: use `..` for an exclusive range
[INFO] [stdout]    |
[INFO] [stdout] 34 | ..
[INFO] [stdout]    |
[INFO] [stdout] help: or `..=` for an inclusive range
[INFO] [stdout]    |
[INFO] [stdout] 34 | ..=
[INFO] [stdout]    |
[INFO] [stdout] 
[INFO] [stdout] error[E0586]: inclusive range with no end
[INFO] [stdout]   --> src/lib.rs:190:1
[INFO] [stdout]    |
[INFO] [stdout] 34 | ...
[INFO] [stdout]    | ^^^
[INFO] [stdout]    |
[INFO] [stdout]    = note: inclusive ranges must be bounded at the end (`..=b` or `a..=b`)
[INFO] [stdout] help: use `..` instead
[INFO] [stdout]    |
[INFO] [stdout] 34 - ...
[INFO] [stdout] 34 + ..
[INFO] [stdout]    |
[INFO] [stdout] 
[INFO] [stdout] error[E0412]: cannot find type `AscendedBeing` in this scope
[INFO] [stdout]  --> src/lib.rs:164:21
[INFO] [stdout]   |
[INFO] [stdout] 8 |     let beings: Vec<AscendedBeing<Edification>> = serde_json::from_reader(&mut file).unwrap();
[INFO] [stdout]   |                     ^^^^^^^^^^^^^ not found in this scope
[INFO] [stdout]   |
[INFO] [stdout] help: consider importing this struct
[INFO] [stdout]   |
[INFO] [stdout] 2 + use starsystem::AscendedBeing;
[INFO] [stdout]   |
[INFO] [stdout] 
[INFO] [stdout] error[E0412]: cannot find type `Edification` in this scope
[INFO] [stdout]  --> src/lib.rs:164:35
[INFO] [stdout]   |
[INFO] [stdout] 8 |     let beings: Vec<AscendedBeing<Edification>> = serde_json::from_reader(&mut file).unwrap();
[INFO] [stdout]   |                                   ^^^^^^^^^^^ not found in this scope
[INFO] [stdout]   |
[INFO] [stdout] help: you might be missing a type parameter
[INFO] [stdout]   |
[INFO] [stdout] 4 | fn main() { #[allow(non_snake_case)] fn _doctest_main_src_lib_rs_159_0<Edification>() {
[INFO] [stdout]   |                                                                       +++++++++++++
[INFO] [stdout] 
[INFO] [stdout] error[E0433]: failed to resolve: use of undeclared type `StarSystem`
[INFO] [stdout]   --> src/lib.rs:167:27
[INFO] [stdout]    |
[INFO] [stdout] 11 |     let mut starsystem2 = StarSystem::<Edification>::new().await;
[INFO] [stdout]    |                           ^^^^^^^^^^ use of undeclared type `StarSystem`
[INFO] [stdout]    |
[INFO] [stdout] help: consider importing this struct
[INFO] [stdout]    |
[INFO] [stdout] 2  + use starsystem::StarSystem;
[INFO] [stdout]    |
[INFO] [stdout] 
[INFO] [stdout] error[E0412]: cannot find type `Edification` in this scope
[INFO] [stdout]   --> src/lib.rs:167:40
[INFO] [stdout]    |
[INFO] [stdout] 11 |     let mut starsystem2 = StarSystem::<Edification>::new().await;
[INFO] [stdout]    |                                        ^^^^^^^^^^^ not found in this scope
[INFO] [stdout]    |
[INFO] [stdout] help: you might be missing a type parameter
[INFO] [stdout]    |
[INFO] [stdout] 4  | fn main() { #[allow(non_snake_case)] fn _doctest_main_src_lib_rs_159_0<Edification>() {
[INFO] [stdout]    |                                                                       +++++++++++++
[INFO] [stdout] 
[INFO] [stdout] error[E0423]: expected value, found crate `starsystem`
[INFO] [stdout]   --> src/lib.rs:181:34
[INFO] [stdout]    |
[INFO] [stdout] 25 |     let ascended_configuration = starsystem
[INFO] [stdout]    |                                  ^^^^^^^^^^
[INFO] [stdout]    |
[INFO] [stdout] help: use the path separator to refer to an item
[INFO] [stdout]    |
[INFO] [stdout] 25 |     let ascended_configuration = starsystem::ascend_being(configuration.clone())
[INFO] [stdout]    |                                            ~~
[INFO] [stdout] help: a local variable with a similar name exists
[INFO] [stdout]    |
[INFO] [stdout] 25 |     let ascended_configuration = starsystem2
[INFO] [stdout]    |                                  ~~~~~~~~~~~
[INFO] [stdout] 
[INFO] [stdout] error[E0425]: cannot find value `configuration` in this scope
[INFO] [stdout]   --> src/lib.rs:182:23
[INFO] [stdout]    |
[INFO] [stdout] 26 |         .ascend_being(configuration.clone())
[INFO] [stdout]    |                       ^^^^^^^^^^^^^ help: a local variable with a similar name exists: `configuration2`
[INFO] [stdout] 
[INFO] [stdout] error[E0728]: `await` is only allowed inside `async` functions and blocks
[INFO] [stdout]   --> src/lib.rs:167:60
[INFO] [stdout]    |
[INFO] [stdout] 4  | fn main() { #[allow(non_snake_case)] fn _doctest_main_src_lib_rs_159_0() {
[INFO] [stdout]    |                                      ----------------------------------- this is not `async`
[INFO] [stdout] ...
[INFO] [stdout] 11 |     let mut starsystem2 = StarSystem::<Edification>::new().await;
[INFO] [stdout]    |                                                            ^^^^^ only allowed inside `async` functions and blocks
[INFO] [stdout] 
[INFO] [stdout] error[E0728]: `await` is only allowed inside `async` functions and blocks
[INFO] [stdout]   --> src/lib.rs:171:10
[INFO] [stdout]    |
[INFO] [stdout] 4  | fn main() { #[allow(non_snake_case)] fn _doctest_main_src_lib_rs_159_0() {
[INFO] [stdout]    |                                      ----------------------------------- this is not `async`
[INFO] [stdout] ...
[INFO] [stdout] 15 |         .await
[INFO] [stdout]    |          ^^^^^ only allowed inside `async` functions and blocks
[INFO] [stdout] 
[INFO] [stdout] error[E0728]: `await` is only allowed inside `async` functions and blocks
[INFO] [stdout]   --> src/lib.rs:177:10
[INFO] [stdout]    |
[INFO] [stdout] 4  | fn main() { #[allow(non_snake_case)] fn _doctest_main_src_lib_rs_159_0() {
[INFO] [stdout]    |                                      ----------------------------------- this is not `async`
[INFO] [stdout] ...
[INFO] [stdout] 21 |         .await
[INFO] [stdout]    |          ^^^^^ only allowed inside `async` functions and blocks
[INFO] [stdout] 
[INFO] [stdout] error[E0728]: `await` is only allowed inside `async` functions and blocks
[INFO] [stdout]   --> src/lib.rs:183:10
[INFO] [stdout]    |
[INFO] [stdout] 4  | fn main() { #[allow(non_snake_case)] fn _doctest_main_src_lib_rs_159_0() {
[INFO] [stdout]    |                                      ----------------------------------- this is not `async`
[INFO] [stdout] ...
[INFO] [stdout] 27 |         .await
[INFO] [stdout]    |          ^^^^^ only allowed inside `async` functions and blocks
[INFO] [stdout] 
[INFO] [stdout] error[E0433]: failed to resolve: use of undeclared crate or module `serde_json`
[INFO] [stdout]  --> src/lib.rs:164:51
[INFO] [stdout]   |
[INFO] [stdout] 8 |     let beings: Vec<AscendedBeing<Edification>> = serde_json::from_reader(&mut file).unwrap();
[INFO] [stdout]   |                                                   ^^^^^^^^^^ use of undeclared crate or module `serde_json`
[INFO] [stdout] 
[INFO] [stdout] error[E0433]: failed to resolve: use of undeclared crate or module `serde_json`
[INFO] [stdout]   --> src/lib.rs:188:9
[INFO] [stdout]    |
[INFO] [stdout] 32 |         serde_json::to_string_pretty(&ascended_configuration).unwrap()
[INFO] [stdout]    |         ^^^^^^^^^^ use of undeclared crate or module `serde_json`
[INFO] [stdout] 
[INFO] [stdout] error: aborting due to 16 previous errors
[INFO] [stdout] 
[INFO] [stdout] Some errors have detailed explanations: E0412, E0423, E0425, E0433, E0586, E0728.
[INFO] [stdout] For more information about an error, try `rustc --explain E0412`.
[INFO] [stdout] Couldn't compile the test.
[INFO] [stdout] ---- src/lib.rs - (line 139) stdout ----
[INFO] [stdout] error: unexpected token: `...`
[INFO] [stdout]  --> src/lib.rs:140:1
[INFO] [stdout]   |
[INFO] [stdout] 3 | ...
[INFO] [stdout]   | ^^^
[INFO] [stdout]   |
[INFO] [stdout] help: use `..` for an exclusive range
[INFO] [stdout]   |
[INFO] [stdout] 3 | ..
[INFO] [stdout]   |
[INFO] [stdout] help: or `..=` for an inclusive range
[INFO] [stdout]   |
[INFO] [stdout] 3 | ..=
[INFO] [stdout]   |
[INFO] [stdout] 
[INFO] [stdout] error: expected expression, found `let` statement
[INFO] [stdout]  --> src/lib.rs:143:5
[INFO] [stdout]   |
[INFO] [stdout] 6 |     let mut beings: Vec<AscendedBeing<Edification>> = vec![];
[INFO] [stdout]   |     ^^^
[INFO] [stdout]   |
[INFO] [stdout]   = note: only supported directly in conditions of `if` and `while` expressions
[INFO] [stdout] 
[INFO] [stdout] error: expected one of `@` or `|`, found `:`
[INFO] [stdout]  --> src/lib.rs:143:19
[INFO] [stdout]   |
[INFO] [stdout] 6 |     let mut beings: Vec<AscendedBeing<Edification>> = vec![];
[INFO] [stdout]   |                   ^ ------------------------------- specifying the type of a pattern isn't supported
[INFO] [stdout]   |                   |
[INFO] [stdout]   |                   expected one of `@` or `|`
[INFO] [stdout] 
[INFO] [stdout] error: unexpected token: `...`
[INFO] [stdout]   --> src/lib.rs:151:1
[INFO] [stdout]    |
[INFO] [stdout] 14 | ...
[INFO] [stdout]    | ^^^
[INFO] [stdout]    |
[INFO] [stdout] help: use `..` for an exclusive range
[INFO] [stdout]    |
[INFO] [stdout] 14 | ..
[INFO] [stdout]    |
[INFO] [stdout] help: or `..=` for an inclusive range
[INFO] [stdout]    |
[INFO] [stdout] 14 | ..=
[INFO] [stdout]    |
[INFO] [stdout] 
[INFO] [stdout] error[E0586]: inclusive range with no end
[INFO] [stdout]   --> src/lib.rs:151:1
[INFO] [stdout]    |
[INFO] [stdout] 14 | ...
[INFO] [stdout]    | ^^^
[INFO] [stdout]    |
[INFO] [stdout]    = note: inclusive ranges must be bounded at the end (`..=b` or `a..=b`)
[INFO] [stdout] help: use `..` instead
[INFO] [stdout]    |
[INFO] [stdout] 14 - ...
[INFO] [stdout] 14 + ..
[INFO] [stdout]    |
[INFO] [stdout] 
[INFO] [stdout] error[E0425]: cannot find value `ascended_configuration` in this scope
[INFO] [stdout]  --> src/lib.rs:144:16
[INFO] [stdout]   |
[INFO] [stdout] 7 |     for val in ascended_configuration {
[INFO] [stdout]   |                ^^^^^^^^^^^^^^^^^^^^^^ not found in this scope
[INFO] [stdout] 
[INFO] [stdout] error[E0425]: cannot find value `beings` in this scope
[INFO] [stdout]  --> src/lib.rs:145:9
[INFO] [stdout]   |
[INFO] [stdout] 8 |         beings.push(val);
[INFO] [stdout]   |         ^^^^^^ not found in this scope
[INFO] [stdout] 
[INFO] [stdout] error[E0425]: cannot find value `beings` in this scope
[INFO] [stdout]   --> src/lib.rs:150:46
[INFO] [stdout]    |
[INFO] [stdout] 13 |     serde_json::to_writer_pretty(&mut file, &beings).unwrap();
[INFO] [stdout]    |                                              ^^^^^^ not found in this scope
[INFO] [stdout] 
[INFO] [stdout] error[E0433]: failed to resolve: use of undeclared crate or module `serde_json`
[INFO] [stdout]   --> src/lib.rs:150:5
[INFO] [stdout]    |
[INFO] [stdout] 13 |     serde_json::to_writer_pretty(&mut file, &beings).unwrap();
[INFO] [stdout]    |     ^^^^^^^^^^ use of undeclared crate or module `serde_json`
[INFO] [stdout] 
[INFO] [stdout] error: aborting due to 9 previous errors
[INFO] [stdout] 
[INFO] [stdout] Some errors have detailed explanations: E0425, E0433, E0586.
[INFO] [stdout] For more information about an error, try `rustc --explain E0425`.
[INFO] [stdout] Couldn't compile the test.
[INFO] [stdout] ---- src/lib.rs - (line 30) stdout ----
[INFO] [stdout] error[E0433]: failed to resolve: use of undeclared crate or module `futures`
[INFO] [stdout]  --> src/lib.rs:34:5
[INFO] [stdout]   |
[INFO] [stdout] 7 | use futures::executor::block_on;
[INFO] [stdout]   |     ^^^^^^^ use of undeclared crate or module `futures`
[INFO] [stdout] 
[INFO] [stdout] error[E0432]: unresolved import `strum_macros`
[INFO] [stdout]  --> src/lib.rs:33:5
[INFO] [stdout]   |
[INFO] [stdout] 6 | use strum_macros::EnumIter;
[INFO] [stdout]   |     ^^^^^^^^^^^^ use of undeclared crate or module `strum_macros`
[INFO] [stdout] 
[INFO] [stdout] error: cannot find derive macro `Serialize` in this scope
[INFO] [stdout]  --> src/lib.rs:36:45
[INFO] [stdout]   |
[INFO] [stdout] 9 | #[derive(EnumIter, Debug, Clone, PartialEq, Serialize, Deserialize, Default)]
[INFO] [stdout]   |                                             ^^^^^^^^^
[INFO] [stdout]   |
[INFO] [stdout] help: consider importing this derive macro
[INFO] [stdout]   |
[INFO] [stdout] 2 + use serde::Serialize;
[INFO] [stdout]   |
[INFO] [stdout] 
[INFO] [stdout] error: cannot find derive macro `Deserialize` in this scope
[INFO] [stdout]  --> src/lib.rs:36:56
[INFO] [stdout]   |
[INFO] [stdout] 9 | #[derive(EnumIter, Debug, Clone, PartialEq, Serialize, Deserialize, Default)]
[INFO] [stdout]   |                                                        ^^^^^^^^^^^
[INFO] [stdout]   |
[INFO] [stdout] help: consider importing this derive macro
[INFO] [stdout]   |
[INFO] [stdout] 2 + use serde::Deserialize;
[INFO] [stdout]   |
[INFO] [stdout] 
[INFO] [stdout] error: aborting due to 4 previous errors
[INFO] [stdout] 
[INFO] [stdout] Some errors have detailed explanations: E0432, E0433.
[INFO] [stdout] For more information about an error, try `rustc --explain E0432`.
[INFO] [stdout] Couldn't compile the test.
[INFO] [stdout] ---- src/lib.rs - (line 61) stdout ----
[INFO] [stdout] error: unexpected token: `...`
[INFO] [stdout]  --> src/lib.rs:63:1
[INFO] [stdout]   |
[INFO] [stdout] 5 | ...
[INFO] [stdout]   | ^^^
[INFO] [stdout]   |
[INFO] [stdout] help: use `..` for an exclusive range
[INFO] [stdout]   |
[INFO] [stdout] 5 | ..
[INFO] [stdout]   |
[INFO] [stdout] help: or `..=` for an inclusive range
[INFO] [stdout]   |
[INFO] [stdout] 5 | ..=
[INFO] [stdout]   |
[INFO] [stdout] 
[INFO] [stdout] error[E0586]: inclusive range with no end
[INFO] [stdout]  --> src/lib.rs:63:1
[INFO] [stdout]   |
[INFO] [stdout] 5 | ...
[INFO] [stdout]   | ^^^
[INFO] [stdout]   |
[INFO] [stdout]   = note: inclusive ranges must be bounded at the end (`..=b` or `a..=b`)
[INFO] [stdout] help: use `..` instead
[INFO] [stdout]   |
[INFO] [stdout] 5 - ...
[INFO] [stdout] 5 + ..
[INFO] [stdout]   |
[INFO] [stdout] 
[INFO] [stdout] error: expected `;`, found keyword `fn`
[INFO] [stdout]  --> src/lib.rs:63:4
[INFO] [stdout]   |
[INFO] [stdout] 5 | ...
[INFO] [stdout]   |    ^ help: add `;` here
[INFO] [stdout] 6 | fn main() {
[INFO] [stdout]   | -- unexpected token
[INFO] [stdout] 
[INFO] [stdout] error: unexpected token: `...`
[INFO] [stdout]   --> src/lib.rs:106:1
[INFO] [stdout]    |
[INFO] [stdout] 48 | ...
[INFO] [stdout]    | ^^^
[INFO] [stdout]    |
[INFO] [stdout] help: use `..` for an exclusive range
[INFO] [stdout]    |
[INFO] [stdout] 48 | ..
[INFO] [stdout]    |
[INFO] [stdout] help: or `..=` for an inclusive range
[INFO] [stdout]    |
[INFO] [stdout] 48 | ..=
[INFO] [stdout]    |
[INFO] [stdout] 
[INFO] [stdout] error[E0586]: inclusive range with no end
[INFO] [stdout]   --> src/lib.rs:106:1
[INFO] [stdout]    |
[INFO] [stdout] 48 | ...
[INFO] [stdout]    | ^^^
[INFO] [stdout]    |
[INFO] [stdout]    = note: inclusive ranges must be bounded at the end (`..=b` or `a..=b`)
[INFO] [stdout] help: use `..` instead
[INFO] [stdout]    |
[INFO] [stdout] 48 - ...
[INFO] [stdout] 48 + ..
[INFO] [stdout]    |
[INFO] [stdout] 
[INFO] [stdout] error[E0433]: failed to resolve: use of undeclared type `StarSystem`
[INFO] [stdout]   --> src/lib.rs:70:26
[INFO] [stdout]    |
[INFO] [stdout] 12 |     let mut starsystem = StarSystem::<Edification>::new().await;
[INFO] [stdout]    |                          ^^^^^^^^^^ use of undeclared type `StarSystem`
[INFO] [stdout]    |
[INFO] [stdout] help: consider importing this struct
[INFO] [stdout]    |
[INFO] [stdout] 2  + use starsystem::StarSystem;
[INFO] [stdout]    |
[INFO] [stdout] 
[INFO] [stdout] error[E0412]: cannot find type `Edification` in this scope
[INFO] [stdout]   --> src/lib.rs:70:39
[INFO] [stdout]    |
[INFO] [stdout] 12 |     let mut starsystem = StarSystem::<Edification>::new().await;
[INFO] [stdout]    |                                       ^^^^^^^^^^^ not found in this scope
[INFO] [stdout]    |
[INFO] [stdout] help: you might be missing a type parameter
[INFO] [stdout]    |
[INFO] [stdout] 10 | async fn async_main<Edification>() {
[INFO] [stdout]    |                    +++++++++++++
[INFO] [stdout] 
[INFO] [stdout] error[E0433]: failed to resolve: use of undeclared type `Edification`
[INFO] [stdout]   --> src/lib.rs:89:13
[INFO] [stdout]    |
[INFO] [stdout] 31 |             Edification::String("application/json".to_string()),
[INFO] [stdout]    |             ^^^^^^^^^^^ use of undeclared type `Edification`
[INFO] [stdout] 
[INFO] [stdout] error[E0433]: failed to resolve: use of undeclared crate or module `serde_json`
[INFO] [stdout]   --> src/lib.rs:103:9
[INFO] [stdout]    |
[INFO] [stdout] 45 |         serde_json::to_string_pretty(&ascended_configuration).unwrap()
[INFO] [stdout]    |         ^^^^^^^^^^ use of undeclared crate or module `serde_json`
[INFO] [stdout] 
[INFO] [stdout] error[E0425]: cannot find function `block_on` in this scope
[INFO] [stdout]  --> src/lib.rs:65:5
[INFO] [stdout]   |
[INFO] [stdout] 7 |     block_on(async_main());
[INFO] [stdout]   |     ^^^^^^^^ not found in this scope
[INFO] [stdout] 
[INFO] [stdout] error: aborting due to 10 previous errors
[INFO] [stdout] 
[INFO] [stdout] Some errors have detailed explanations: E0412, E0425, E0433, E0586.
[INFO] [stdout] For more information about an error, try `rustc --explain E0412`.
[INFO] [stdout] Couldn't compile the test.
[INFO] [stdout] 
[INFO] [stdout] failures:
[INFO] [stdout]     src/lib.rs - (line 139)
[INFO] [stdout]     src/lib.rs - (line 159)
[INFO] [stdout]     src/lib.rs - (line 30)
[INFO] [stdout]     src/lib.rs - (line 61)
[INFO] [stdout] 
[INFO] [stdout] test result: FAILED. 0 passed; 4 failed; 0 ignored; 0 measured; 0 filtered out; finished in 0.23s
[INFO] [stdout] 
[INFO] [stderr] error: doctest failed, to rerun pass `--doc`
[INFO] running `Command { std: "docker" "inspect" "2c0e1d36c3db15ae540e63a649b6ea0cb729c1d76827548e0903c32abb6f5eb8", kill_on_drop: false }`
[INFO] running `Command { std: "docker" "rm" "-f" "2c0e1d36c3db15ae540e63a649b6ea0cb729c1d76827548e0903c32abb6f5eb8", kill_on_drop: false }`
[INFO] [stdout] 2c0e1d36c3db15ae540e63a649b6ea0cb729c1d76827548e0903c32abb6f5eb8
