[INFO] cloning repository https://github.com/phodal/rmd
[INFO] running `Command { std: "git" "-c" "credential.helper=" "-c" "credential.helper=/workspace/cargo-home/bin/git-credential-null" "clone" "--bare" "https://github.com/phodal/rmd" "/workspace/cache/git-repos/https%3A%2F%2Fgithub.com%2Fphodal%2Frmd", kill_on_drop: false }`
[INFO] [stderr] Cloning into bare repository '/workspace/cache/git-repos/https%3A%2F%2Fgithub.com%2Fphodal%2Frmd'...
[INFO] running `Command { std: "git" "rev-parse" "HEAD", kill_on_drop: false }`
[INFO] [stdout] 016ad046dcd29c3088d260e743c63bbf489a40d6
[INFO] testing phodal/rmd against 1.83.0 for beta-1.84.0-4-retry
[INFO] running `Command { std: "git" "clone" "/workspace/cache/git-repos/https%3A%2F%2Fgithub.com%2Fphodal%2Frmd" "/workspace/builds/worker-6-tc1/source", kill_on_drop: false }`
[INFO] [stderr] Cloning into '/workspace/builds/worker-6-tc1/source'...
[INFO] [stderr] done.
[INFO] validating manifest of git repo https://github.com/phodal/rmd on toolchain 1.83.0
[INFO] running `Command { std: CARGO_HOME="/workspace/cargo-home" RUSTUP_HOME="/workspace/rustup-home" "/workspace/cargo-home/bin/cargo" "+1.83.0" "metadata" "--manifest-path" "Cargo.toml" "--no-deps", kill_on_drop: false }`
[INFO] started tweaking git repo https://github.com/phodal/rmd
[INFO] finished tweaking git repo https://github.com/phodal/rmd
[INFO] tweaked toml for git repo https://github.com/phodal/rmd written to /workspace/builds/worker-6-tc1/source/Cargo.toml
[INFO] crate git repo https://github.com/phodal/rmd already has a lockfile, it will not be regenerated
[INFO] running `Command { std: CARGO_HOME="/workspace/cargo-home" RUSTUP_HOME="/workspace/rustup-home" "/workspace/cargo-home/bin/cargo" "+1.83.0" "fetch" "--manifest-path" "Cargo.toml", kill_on_drop: false }`
[INFO] [stderr]  Downloading crates ...
[INFO] [stderr]   Downloaded pulldown-cmark v0.7.1
[INFO] running `Command { std: "docker" "create" "-v" "/var/lib/crater-agent-workspace/builds/worker-6-tc1/target:/opt/rustwide/target:rw,Z" "-v" "/var/lib/crater-agent-workspace/builds/worker-6-tc1/source:/opt/rustwide/workdir:ro,Z" "-v" "/var/lib/crater-agent-workspace/cargo-home:/opt/rustwide/cargo-home:ro,Z" "-v" "/var/lib/crater-agent-workspace/rustup-home:/opt/rustwide/rustup-home:ro,Z" "-e" "SOURCE_DIR=/opt/rustwide/workdir" "-e" "CARGO_TARGET_DIR=/opt/rustwide/target" "-e" "CARGO_HOME=/opt/rustwide/cargo-home" "-e" "RUSTUP_HOME=/opt/rustwide/rustup-home" "-w" "/opt/rustwide/workdir" "-m" "1610612736" "--user" "0:0" "--network" "none" "ghcr.io/rust-lang/crates-build-env/linux@sha256:f3a9d4ad9d972b27faf3965f35b62e55ba32bbce8f20bc8fe909558a86702fde" "/opt/rustwide/cargo-home/bin/cargo" "+1.83.0" "metadata" "--no-deps" "--format-version=1", kill_on_drop: false }`
[INFO] [stdout] b55b0938e8b23135e93d4e7fb078d28fa160cea808c037d216539bf6af1f83a9
[INFO] running `Command { std: "docker" "start" "-a" "b55b0938e8b23135e93d4e7fb078d28fa160cea808c037d216539bf6af1f83a9", kill_on_drop: false }`
[INFO] running `Command { std: "docker" "inspect" "b55b0938e8b23135e93d4e7fb078d28fa160cea808c037d216539bf6af1f83a9", kill_on_drop: false }`
[INFO] running `Command { std: "docker" "rm" "-f" "b55b0938e8b23135e93d4e7fb078d28fa160cea808c037d216539bf6af1f83a9", kill_on_drop: false }`
[INFO] [stdout] b55b0938e8b23135e93d4e7fb078d28fa160cea808c037d216539bf6af1f83a9
[INFO] running `Command { std: "docker" "create" "-v" "/var/lib/crater-agent-workspace/builds/worker-6-tc1/target:/opt/rustwide/target:rw,Z" "-v" "/var/lib/crater-agent-workspace/builds/worker-6-tc1/source:/opt/rustwide/workdir:ro,Z" "-v" "/var/lib/crater-agent-workspace/cargo-home:/opt/rustwide/cargo-home:ro,Z" "-v" "/var/lib/crater-agent-workspace/rustup-home:/opt/rustwide/rustup-home:ro,Z" "-e" "SOURCE_DIR=/opt/rustwide/workdir" "-e" "CARGO_TARGET_DIR=/opt/rustwide/target" "-e" "CARGO_INCREMENTAL=0" "-e" "RUST_BACKTRACE=full" "-e" "RUSTFLAGS=--cap-lints=warn" "-e" "RUSTDOCFLAGS=--cap-lints=warn" "-e" "CARGO_HOME=/opt/rustwide/cargo-home" "-e" "RUSTUP_HOME=/opt/rustwide/rustup-home" "-w" "/opt/rustwide/workdir" "-m" "1610612736" "--user" "0:0" "--network" "none" "ghcr.io/rust-lang/crates-build-env/linux@sha256:f3a9d4ad9d972b27faf3965f35b62e55ba32bbce8f20bc8fe909558a86702fde" "/opt/rustwide/cargo-home/bin/cargo" "+1.83.0" "build" "--frozen" "--message-format=json", kill_on_drop: false }`
[INFO] [stdout] 42be2d8331f3376551e058483ae6f70978f8cd4d2267fe12a8aed26353868e0e
[INFO] running `Command { std: "docker" "start" "-a" "42be2d8331f3376551e058483ae6f70978f8cd4d2267fe12a8aed26353868e0e", kill_on_drop: false }`
[INFO] [stderr]    Compiling libc v0.2.71
[INFO] [stderr]    Compiling version_check v0.9.2
[INFO] [stderr]    Compiling proc-macro2 v1.0.18
[INFO] [stderr]    Compiling unicode-xid v0.2.0
[INFO] [stderr]    Compiling syn v1.0.33
[INFO] [stderr]    Compiling getrandom v0.1.14
[INFO] [stderr]    Compiling cfg-if v0.1.10
[INFO] [stderr]    Compiling memchr v2.3.3
[INFO] [stderr]    Compiling autocfg v1.0.0
[INFO] [stderr]    Compiling bitflags v1.2.1
[INFO] [stderr]    Compiling lazy_static v1.4.0
[INFO] [stderr]    Compiling unicode-segmentation v1.6.0
[INFO] [stderr]    Compiling ppv-lite86 v0.2.8
[INFO] [stderr]    Compiling proc-macro-error-attr v0.4.12
[INFO] [stderr]    Compiling proc-macro-error v0.4.12
[INFO] [stderr]    Compiling indexmap v1.4.0
[INFO] [stderr]    Compiling unicase v2.6.0
[INFO] [stderr]    Compiling heck v0.3.1
[INFO] [stderr]    Compiling unicode-width v0.1.7
[INFO] [stderr]    Compiling pulldown-cmark v0.7.1
[INFO] [stderr]    Compiling remove_dir_all v0.5.3
[INFO] [stderr]    Compiling textwrap v0.11.0
[INFO] [stderr]    Compiling aho-corasick v0.7.13
[INFO] [stderr]    Compiling thread_local v1.0.1
[INFO] [stderr]    Compiling termcolor v1.1.0
[INFO] [stderr]    Compiling os_str_bytes v2.3.1
[INFO] [stderr]    Compiling quote v1.0.7
[INFO] [stderr]    Compiling atty v0.2.14
[INFO] [stderr]    Compiling rand v0.4.6
[INFO] [stderr]    Compiling strsim v0.10.0
[INFO] [stderr]    Compiling regex-syntax v0.6.18
[INFO] [stderr]    Compiling rand_core v0.5.1
[INFO] [stderr]    Compiling vec_map v0.8.2
[INFO] [stderr]    Compiling colored v1.9.3
[INFO] [stderr]    Compiling rand_chacha v0.2.2
[INFO] [stderr]    Compiling rand v0.7.3
[INFO] [stderr]    Compiling tempdir v0.3.7
[INFO] [stderr]    Compiling tempfile v3.1.0
[INFO] [stderr]    Compiling regex v1.3.9
[INFO] [stderr]    Compiling syn-mid v0.5.0
[INFO] [stderr]    Compiling clap_derive v3.0.0-beta.1
[INFO] [stderr]    Compiling clap v3.0.0-beta.1
[INFO] [stderr]    Compiling exemd v0.1.0 (/opt/rustwide/workdir)
[INFO] [stdout] warning: fields `cmd_level`, `name`, `desc`, `subcommands`, and `required_args` are never read
[INFO] [stdout]  --> src/rmd/command.rs:3:9
[INFO] [stdout]   |
[INFO] [stdout] 2 | pub struct Command {
[INFO] [stdout]   |            ------- fields in this struct
[INFO] [stdout] 3 |     pub cmd_level: u8,
[INFO] [stdout]   |         ^^^^^^^^^
[INFO] [stdout] 4 |     pub name: String,
[INFO] [stdout]   |         ^^^^
[INFO] [stdout] 5 |     pub desc: String,
[INFO] [stdout]   |         ^^^^
[INFO] [stdout] 6 |     pub script: Script,
[INFO] [stdout] 7 |     pub subcommands: Vec<Command>,
[INFO] [stdout]   |         ^^^^^^^^^^^
[INFO] [stdout] 8 |     pub required_args: Vec<RequiredArg>,
[INFO] [stdout]   |         ^^^^^^^^^^^^^
[INFO] [stdout]   |
[INFO] [stdout]   = note: `Command` has derived impls for the traits `Clone` and `Debug`, but these are intentionally ignored during dead code analysis
[INFO] [stdout]   = note: `#[warn(dead_code)]` on by default
[INFO] [stdout] 
[INFO] [stdout] 
[INFO] [stdout] warning: fields `name` and `val` are never read
[INFO] [stdout]   --> src/rmd/command.rs:68:9
[INFO] [stdout]    |
[INFO] [stdout] 67 | pub struct RequiredArg {
[INFO] [stdout]    |            ----------- fields in this struct
[INFO] [stdout] 68 |     pub name: String,
[INFO] [stdout]    |         ^^^^
[INFO] [stdout] 69 |     pub val: String,
[INFO] [stdout]    |         ^^^
[INFO] [stdout]    |
[INFO] [stdout]    = note: `RequiredArg` has derived impls for the traits `Clone` and `Debug`, but these are intentionally ignored during dead code analysis
[INFO] [stdout] 
[INFO] [stdout] 
[INFO] [stdout] warning: multiple fields are never read
[INFO] [stdout]   --> src/rmd/command.rs:84:9
[INFO] [stdout]    |
[INFO] [stdout] 83 | pub struct OptionFlag {
[INFO] [stdout]    |            ---------- fields in this struct
[INFO] [stdout] 84 |     pub name: String,
[INFO] [stdout]    |         ^^^^
[INFO] [stdout] 85 |     pub desc: String,
[INFO] [stdout]    |         ^^^^
[INFO] [stdout] 86 |     pub short: String,            // v        (used as -v)
[INFO] [stdout]    |         ^^^^^
[INFO] [stdout] 87 |     pub long: String,             // verbose  (used as --verbose)
[INFO] [stdout]    |         ^^^^
[INFO] [stdout] 88 |     pub multiple: bool,           // Can it have multiple values? (-vvv OR -i one -i two)
[INFO] [stdout]    |         ^^^^^^^^
[INFO] [stdout] 89 |     pub takes_value: bool,        // Does it take a value? (-i value)
[INFO] [stdout]    |         ^^^^^^^^^^^
[INFO] [stdout] 90 |     pub validate_as_number: bool, // Should we validate it as a number?
[INFO] [stdout]    |         ^^^^^^^^^^^^^^^^^^
[INFO] [stdout] 91 |     pub val: String,
[INFO] [stdout]    |         ^^^
[INFO] [stdout]    |
[INFO] [stdout]    = note: `OptionFlag` has derived impls for the traits `Clone` and `Debug`, but these are intentionally ignored during dead code analysis
[INFO] [stdout] 
[INFO] [stdout] 
[INFO] [stdout] warning: fields `artifact_id` and `group_id` are never read
[INFO] [stdout]   --> src/rmd/lang/mod.rs:32:9
[INFO] [stdout]    |
[INFO] [stdout] 29 | pub struct Dependency {
[INFO] [stdout]    |            ---------- fields in this struct
[INFO] [stdout] ...
[INFO] [stdout] 32 |     pub artifact_id: String,
[INFO] [stdout]    |         ^^^^^^^^^^^
[INFO] [stdout] 33 |     pub group_id: String,
[INFO] [stdout]    |         ^^^^^^^^
[INFO] [stdout]    |
[INFO] [stdout]    = note: `Dependency` has derived impls for the traits `Debug` and `Clone`, but these are intentionally ignored during dead code analysis
[INFO] [stdout] 
[INFO] [stdout] 
[INFO] [stdout] warning: method `try_run` is never used
[INFO] [stdout]   --> src/rmd/lang/mod.rs:81:8
[INFO] [stdout]    |
[INFO] [stdout] 78 | pub trait LangExecutor {
[INFO] [stdout]    |           ------------ method in this trait
[INFO] [stdout] ...
[INFO] [stdout] 81 |     fn try_run(&self);
[INFO] [stdout]    |        ^^^^^^^
[INFO] [stdout] 
[INFO] [stdout] 
[INFO] [stderr]     Finished `dev` profile [unoptimized + debuginfo] target(s) in 34.66s
[INFO] running `Command { std: "docker" "inspect" "42be2d8331f3376551e058483ae6f70978f8cd4d2267fe12a8aed26353868e0e", kill_on_drop: false }`
[INFO] running `Command { std: "docker" "rm" "-f" "42be2d8331f3376551e058483ae6f70978f8cd4d2267fe12a8aed26353868e0e", kill_on_drop: false }`
[INFO] [stdout] 42be2d8331f3376551e058483ae6f70978f8cd4d2267fe12a8aed26353868e0e
[INFO] running `Command { std: "docker" "create" "-v" "/var/lib/crater-agent-workspace/builds/worker-6-tc1/target:/opt/rustwide/target:rw,Z" "-v" "/var/lib/crater-agent-workspace/builds/worker-6-tc1/source:/opt/rustwide/workdir:ro,Z" "-v" "/var/lib/crater-agent-workspace/cargo-home:/opt/rustwide/cargo-home:ro,Z" "-v" "/var/lib/crater-agent-workspace/rustup-home:/opt/rustwide/rustup-home:ro,Z" "-e" "SOURCE_DIR=/opt/rustwide/workdir" "-e" "CARGO_TARGET_DIR=/opt/rustwide/target" "-e" "CARGO_INCREMENTAL=0" "-e" "RUST_BACKTRACE=full" "-e" "RUSTFLAGS=--cap-lints=warn" "-e" "RUSTDOCFLAGS=--cap-lints=warn" "-e" "CARGO_HOME=/opt/rustwide/cargo-home" "-e" "RUSTUP_HOME=/opt/rustwide/rustup-home" "-w" "/opt/rustwide/workdir" "-m" "1610612736" "--user" "0:0" "--network" "none" "ghcr.io/rust-lang/crates-build-env/linux@sha256:f3a9d4ad9d972b27faf3965f35b62e55ba32bbce8f20bc8fe909558a86702fde" "/opt/rustwide/cargo-home/bin/cargo" "+1.83.0" "test" "--frozen" "--no-run" "--message-format=json", kill_on_drop: false }`
[INFO] [stdout] 71f745d179b7136ba989eda26e28d69cd5e4f277c73df2d37a16add6c3442298
[INFO] running `Command { std: "docker" "start" "-a" "71f745d179b7136ba989eda26e28d69cd5e4f277c73df2d37a16add6c3442298", kill_on_drop: false }`
[INFO] [stderr]    Compiling exemd v0.1.0 (/opt/rustwide/workdir)
[INFO] [stdout] warning: fields `cmd_level`, `name`, `desc`, `subcommands`, and `required_args` are never read
[INFO] [stdout]  --> src/rmd/command.rs:3:9
[INFO] [stdout]   |
[INFO] [stdout] 2 | pub struct Command {
[INFO] [stdout]   |            ------- fields in this struct
[INFO] [stdout] 3 |     pub cmd_level: u8,
[INFO] [stdout]   |         ^^^^^^^^^
[INFO] [stdout] 4 |     pub name: String,
[INFO] [stdout]   |         ^^^^
[INFO] [stdout] 5 |     pub desc: String,
[INFO] [stdout]   |         ^^^^
[INFO] [stdout] 6 |     pub script: Script,
[INFO] [stdout] 7 |     pub subcommands: Vec<Command>,
[INFO] [stdout]   |         ^^^^^^^^^^^
[INFO] [stdout] 8 |     pub required_args: Vec<RequiredArg>,
[INFO] [stdout]   |         ^^^^^^^^^^^^^
[INFO] [stdout]   |
[INFO] [stdout]   = note: `Command` has derived impls for the traits `Clone` and `Debug`, but these are intentionally ignored during dead code analysis
[INFO] [stdout]   = note: `#[warn(dead_code)]` on by default
[INFO] [stdout] 
[INFO] [stdout] 
[INFO] [stdout] warning: fields `name` and `val` are never read
[INFO] [stdout]   --> src/rmd/command.rs:68:9
[INFO] [stdout]    |
[INFO] [stdout] 67 | pub struct RequiredArg {
[INFO] [stdout]    |            ----------- fields in this struct
[INFO] [stdout] 68 |     pub name: String,
[INFO] [stdout]    |         ^^^^
[INFO] [stdout] 69 |     pub val: String,
[INFO] [stdout]    |         ^^^
[INFO] [stdout]    |
[INFO] [stdout]    = note: `RequiredArg` has derived impls for the traits `Clone` and `Debug`, but these are intentionally ignored during dead code analysis
[INFO] [stdout] 
[INFO] [stdout] 
[INFO] [stdout] warning: multiple fields are never read
[INFO] [stdout]   --> src/rmd/command.rs:84:9
[INFO] [stdout]    |
[INFO] [stdout] 83 | pub struct OptionFlag {
[INFO] [stdout]    |            ---------- fields in this struct
[INFO] [stdout] 84 |     pub name: String,
[INFO] [stdout]    |         ^^^^
[INFO] [stdout] 85 |     pub desc: String,
[INFO] [stdout]    |         ^^^^
[INFO] [stdout] 86 |     pub short: String,            // v        (used as -v)
[INFO] [stdout]    |         ^^^^^
[INFO] [stdout] 87 |     pub long: String,             // verbose  (used as --verbose)
[INFO] [stdout]    |         ^^^^
[INFO] [stdout] 88 |     pub multiple: bool,           // Can it have multiple values? (-vvv OR -i one -i two)
[INFO] [stdout]    |         ^^^^^^^^
[INFO] [stdout] 89 |     pub takes_value: bool,        // Does it take a value? (-i value)
[INFO] [stdout]    |         ^^^^^^^^^^^
[INFO] [stdout] 90 |     pub validate_as_number: bool, // Should we validate it as a number?
[INFO] [stdout]    |         ^^^^^^^^^^^^^^^^^^
[INFO] [stdout] 91 |     pub val: String,
[INFO] [stdout]    |         ^^^
[INFO] [stdout]    |
[INFO] [stdout]    = note: `OptionFlag` has derived impls for the traits `Clone` and `Debug`, but these are intentionally ignored during dead code analysis
[INFO] [stdout] 
[INFO] [stdout] 
[INFO] [stdout] warning: fields `artifact_id` and `group_id` are never read
[INFO] [stdout]   --> src/rmd/lang/mod.rs:32:9
[INFO] [stdout]    |
[INFO] [stdout] 29 | pub struct Dependency {
[INFO] [stdout]    |            ---------- fields in this struct
[INFO] [stdout] ...
[INFO] [stdout] 32 |     pub artifact_id: String,
[INFO] [stdout]    |         ^^^^^^^^^^^
[INFO] [stdout] 33 |     pub group_id: String,
[INFO] [stdout]    |         ^^^^^^^^
[INFO] [stdout]    |
[INFO] [stdout]    = note: `Dependency` has derived impls for the traits `Debug` and `Clone`, but these are intentionally ignored during dead code analysis
[INFO] [stdout] 
[INFO] [stdout] 
[INFO] [stdout] warning: method `try_run` is never used
[INFO] [stdout]   --> src/rmd/lang/mod.rs:81:8
[INFO] [stdout]    |
[INFO] [stdout] 78 | pub trait LangExecutor {
[INFO] [stdout]    |           ------------ method in this trait
[INFO] [stdout] ...
[INFO] [stdout] 81 |     fn try_run(&self);
[INFO] [stdout]    |        ^^^^^^^
[INFO] [stdout] 
[INFO] [stdout] 
[INFO] [stderr]     Finished `test` profile [unoptimized + debuginfo] target(s) in 2.04s
[INFO] running `Command { std: "docker" "inspect" "71f745d179b7136ba989eda26e28d69cd5e4f277c73df2d37a16add6c3442298", kill_on_drop: false }`
[INFO] running `Command { std: "docker" "rm" "-f" "71f745d179b7136ba989eda26e28d69cd5e4f277c73df2d37a16add6c3442298", kill_on_drop: false }`
[INFO] [stdout] 71f745d179b7136ba989eda26e28d69cd5e4f277c73df2d37a16add6c3442298
[INFO] running `Command { std: "docker" "create" "-v" "/var/lib/crater-agent-workspace/builds/worker-6-tc1/target:/opt/rustwide/target:rw,Z" "-v" "/var/lib/crater-agent-workspace/builds/worker-6-tc1/source:/opt/rustwide/workdir:ro,Z" "-v" "/var/lib/crater-agent-workspace/cargo-home:/opt/rustwide/cargo-home:ro,Z" "-v" "/var/lib/crater-agent-workspace/rustup-home:/opt/rustwide/rustup-home:ro,Z" "-e" "SOURCE_DIR=/opt/rustwide/workdir" "-e" "CARGO_TARGET_DIR=/opt/rustwide/target" "-e" "CARGO_INCREMENTAL=0" "-e" "RUST_BACKTRACE=full" "-e" "RUSTFLAGS=--cap-lints=warn" "-e" "RUSTDOCFLAGS=--cap-lints=warn" "-e" "CARGO_HOME=/opt/rustwide/cargo-home" "-e" "RUSTUP_HOME=/opt/rustwide/rustup-home" "-w" "/opt/rustwide/workdir" "-m" "1610612736" "--user" "0:0" "--network" "none" "ghcr.io/rust-lang/crates-build-env/linux@sha256:f3a9d4ad9d972b27faf3965f35b62e55ba32bbce8f20bc8fe909558a86702fde" "/opt/rustwide/cargo-home/bin/cargo" "+1.83.0" "test" "--frozen", kill_on_drop: false }`
[INFO] [stdout] d74128169518d318e90e9aef48ff5cb22d02de3dbeec0c6b168c61a6ab9ac06b
[INFO] running `Command { std: "docker" "start" "-a" "d74128169518d318e90e9aef48ff5cb22d02de3dbeec0c6b168c61a6ab9ac06b", kill_on_drop: false }`
[INFO] [stderr] warning: fields `cmd_level`, `name`, `desc`, `subcommands`, and `required_args` are never read
[INFO] [stderr]  --> src/rmd/command.rs:3:9
[INFO] [stderr]   |
[INFO] [stderr] 2 | pub struct Command {
[INFO] [stderr]   |            ------- fields in this struct
[INFO] [stderr] 3 |     pub cmd_level: u8,
[INFO] [stderr]   |         ^^^^^^^^^
[INFO] [stderr] 4 |     pub name: String,
[INFO] [stderr]   |         ^^^^
[INFO] [stderr] 5 |     pub desc: String,
[INFO] [stderr]   |         ^^^^
[INFO] [stderr] 6 |     pub script: Script,
[INFO] [stderr] 7 |     pub subcommands: Vec<Command>,
[INFO] [stderr]   |         ^^^^^^^^^^^
[INFO] [stderr] 8 |     pub required_args: Vec<RequiredArg>,
[INFO] [stderr]   |         ^^^^^^^^^^^^^
[INFO] [stderr]   |
[INFO] [stderr]   = note: `Command` has derived impls for the traits `Clone` and `Debug`, but these are intentionally ignored during dead code analysis
[INFO] [stderr]   = note: `#[warn(dead_code)]` on by default
[INFO] [stderr] 
[INFO] [stderr] warning: fields `name` and `val` are never read
[INFO] [stderr]   --> src/rmd/command.rs:68:9
[INFO] [stderr]    |
[INFO] [stderr] 67 | pub struct RequiredArg {
[INFO] [stderr]    |            ----------- fields in this struct
[INFO] [stderr] 68 |     pub name: String,
[INFO] [stderr]    |         ^^^^
[INFO] [stderr] 69 |     pub val: String,
[INFO] [stderr]    |         ^^^
[INFO] [stderr]    |
[INFO] [stderr]    = note: `RequiredArg` has derived impls for the traits `Clone` and `Debug`, but these are intentionally ignored during dead code analysis
[INFO] [stderr] 
[INFO] [stderr] warning: multiple fields are never read
[INFO] [stderr]   --> src/rmd/command.rs:84:9
[INFO] [stderr]    |
[INFO] [stderr] 83 | pub struct OptionFlag {
[INFO] [stderr]    |            ---------- fields in this struct
[INFO] [stderr] 84 |     pub name: String,
[INFO] [stderr]    |         ^^^^
[INFO] [stderr] 85 |     pub desc: String,
[INFO] [stderr]    |         ^^^^
[INFO] [stderr] 86 |     pub short: String,            // v        (used as -v)
[INFO] [stderr]    |         ^^^^^
[INFO] [stderr] 87 |     pub long: String,             // verbose  (used as --verbose)
[INFO] [stderr]    |         ^^^^
[INFO] [stderr] 88 |     pub multiple: bool,           // Can it have multiple values? (-vvv OR -i one -i two)
[INFO] [stderr]    |         ^^^^^^^^
[INFO] [stderr] 89 |     pub takes_value: bool,        // Does it take a value? (-i value)
[INFO] [stderr]    |         ^^^^^^^^^^^
[INFO] [stderr] 90 |     pub validate_as_number: bool, // Should we validate it as a number?
[INFO] [stderr]    |         ^^^^^^^^^^^^^^^^^^
[INFO] [stderr] 91 |     pub val: String,
[INFO] [stderr]    |         ^^^
[INFO] [stderr]    |
[INFO] [stderr]    = note: `OptionFlag` has derived impls for the traits `Clone` and `Debug`, but these are intentionally ignored during dead code analysis
[INFO] [stderr] 
[INFO] [stderr] warning: fields `artifact_id` and `group_id` are never read
[INFO] [stderr]   --> src/rmd/lang/mod.rs:32:9
[INFO] [stderr]    |
[INFO] [stderr] 29 | pub struct Dependency {
[INFO] [stderr]    |            ---------- fields in this struct
[INFO] [stderr] ...
[INFO] [stderr] 32 |     pub artifact_id: String,
[INFO] [stderr]    |         ^^^^^^^^^^^
[INFO] [stderr] 33 |     pub group_id: String,
[INFO] [stderr]    |         ^^^^^^^^
[INFO] [stderr]    |
[INFO] [stderr]    = note: `Dependency` has derived impls for the traits `Debug` and `Clone`, but these are intentionally ignored during dead code analysis
[INFO] [stderr] 
[INFO] [stderr] warning: method `try_run` is never used
[INFO] [stderr]   --> src/rmd/lang/mod.rs:81:8
[INFO] [stderr]    |
[INFO] [stderr] 78 | pub trait LangExecutor {
[INFO] [stderr]    |           ------------ method in this trait
[INFO] [stderr] ...
[INFO] [stderr] 81 |     fn try_run(&self);
[INFO] [stderr]    |        ^^^^^^^
[INFO] [stderr] 
[INFO] [stderr] warning: `exemd` (bin "exemd" test) generated 5 warnings
[INFO] [stderr]     Finished `test` profile [unoptimized + debuginfo] target(s) in 0.06s
[INFO] [stderr]      Running unittests src/main.rs (/opt/rustwide/target/debug/deps/exemd-d525f69e5db86184)
[INFO] [stdout] 
[INFO] [stdout] running 17 tests
[INFO] [stdout] test rmd::lang::rust_exec::test::should_create_cargo_tomal ... ok
[INFO] [stdout] test rmd::lang::rust_exec::test::should_parse_project_info ... ok
[INFO] [stdout] test rmd::lang::java_exec::test::should_build_naming_file_java_deps ... ok
[INFO] [stdout] test rmd::lang::rust_exec::test::should_parse_project_deps ... ok
[INFO] [stdout] test rmd::lang::test::should_parse_key_values ... ok
[INFO] [stdout] test rmd::lang::test::should_parse_deps ... ok
[INFO] [stdout] test rmd::lang::test::should_parse_java_deps ... ok
[INFO] [stdout] test rmd::lang::java_exec::test::should_build_normal_java_dep ... ok
[INFO] [stdout] test rmd::parser::tests::should_success_parse_len ... ok
[INFO] [stdout] test rmd::parser::tests::should_success_parse_multiple ... ok
[INFO] [stdout] test rmd::lang::test::should_parse_one_dep ... ok
[INFO] [stdout] test rmd::lang::test::should_parse_sharp_comment_key_values ... ok
[INFO] [stdout] test rmd::lang::test::should_success_build_project_info ... ok
[INFO] [stdout] test rmd::lang::kotlin_exec::test::should_success_run_kotlin_hello_world ... FAILED
[INFO] [stdout] test rmd::lang::python_exec::test::should_success_run_python_hello_world ... FAILED
[INFO] [stderr] warning: no edition set: defaulting to the 2015 edition while the latest is 2021
[INFO] [stderr]    Compiling hello_world v0.1.0 (/tmp/com.phodal.exemd/rust/hello2)
[INFO] [stderr]     Finished `dev` profile [unoptimized + debuginfo] target(s) in 0.36s
[INFO] [stderr]      Running `/opt/rustwide/target/debug/hello_world`
[INFO] [stdout] hello, world!
[INFO] [stdout] test rmd::lang::rust_exec::test::should_success_rust_run_hello_world ... ok
[INFO] [stdout] hello, world!
[INFO] [stdout] test rmd::lang::go_exec::test::should_success_run_go_hello_world ... ok
[INFO] [stdout] 
[INFO] [stdout] failures:
[INFO] [stdout] 
[INFO] [stdout] ---- rmd::lang::kotlin_exec::test::should_success_run_kotlin_hello_world stdout ----
[INFO] [stdout] /tmp/com.phodal.exemd/kotlin/hello/main.kt
[INFO] [stdout] /tmp/com.phodal.exemd/kotlin/hello/main.jar
[INFO] [stdout] thread 'rmd::lang::kotlin_exec::test::should_success_run_kotlin_hello_world' panicked at src/rmd/lang/kotlin_exec.rs:74:23:
[INFO] [stdout] called `Result::unwrap()` on an `Err` value: Os { code: 2, kind: NotFound, message: "No such file or directory" }
[INFO] [stdout] stack backtrace:
[INFO] [stdout]    0:     0x5a466e15f65a - std::backtrace_rs::backtrace::libunwind::trace::h5a5b8284f2d0c266
[INFO] [stdout]                                at /rustc/90b35a6239c3d8bdabc530a6a0816f7ff89a0aaf/library/std/src/../../backtrace/src/backtrace/libunwind.rs:116:5
[INFO] [stdout]    1:     0x5a466e15f65a - std::backtrace_rs::backtrace::trace_unsynchronized::h76d4f1c9b0b875e3
[INFO] [stdout]                                at /rustc/90b35a6239c3d8bdabc530a6a0816f7ff89a0aaf/library/std/src/../../backtrace/src/backtrace/mod.rs:66:5
[INFO] [stdout]    2:     0x5a466e15f65a - std::sys::backtrace::_print_fmt::hc4546b8364a537c6
[INFO] [stdout]                                at /rustc/90b35a6239c3d8bdabc530a6a0816f7ff89a0aaf/library/std/src/sys/backtrace.rs:66:9
[INFO] [stdout]    3:     0x5a466e15f65a - <std::sys::backtrace::BacktraceLock::print::DisplayBacktrace as core::fmt::Display>::fmt::h5b6bd5631a6d1f6b
[INFO] [stdout]                                at /rustc/90b35a6239c3d8bdabc530a6a0816f7ff89a0aaf/library/std/src/sys/backtrace.rs:39:26
[INFO] [stdout]    4:     0x5a466e184d63 - core::fmt::rt::Argument::fmt::h270f6602a2b96f62
[INFO] [stdout]                                at /rustc/90b35a6239c3d8bdabc530a6a0816f7ff89a0aaf/library/core/src/fmt/rt.rs:177:76
[INFO] [stdout]    5:     0x5a466e184d63 - core::fmt::write::h7550c97b06c86515
[INFO] [stdout]                                at /rustc/90b35a6239c3d8bdabc530a6a0816f7ff89a0aaf/library/core/src/fmt/mod.rs:1186:21
[INFO] [stdout]    6:     0x5a466e15c5c3 - std::io::Write::write_fmt::h509ff860e5956e5e
[INFO] [stdout]                                at /rustc/90b35a6239c3d8bdabc530a6a0816f7ff89a0aaf/library/std/src/io/mod.rs:1839:15
[INFO] [stdout]    7:     0x5a466e15f4a2 - std::sys::backtrace::BacktraceLock::print::h2395ccd2c84ba3aa
[INFO] [stdout]                                at /rustc/90b35a6239c3d8bdabc530a6a0816f7ff89a0aaf/library/std/src/sys/backtrace.rs:42:9
[INFO] [stdout]    8:     0x5a466e160aba - std::panicking::default_hook::{{closure}}::he19d4c7230e07961
[INFO] [stdout]                                at /rustc/90b35a6239c3d8bdabc530a6a0816f7ff89a0aaf/library/std/src/panicking.rs:268:22
[INFO] [stdout]    9:     0x5a466e1608c4 - std::panicking::default_hook::hf614597d3c67bbdb
[INFO] [stdout]                                at /rustc/90b35a6239c3d8bdabc530a6a0816f7ff89a0aaf/library/std/src/panicking.rs:292:9
[INFO] [stdout]   10:     0x5a466df8d329 - <alloc::boxed::Box<F,A> as core::ops::function::Fn<Args>>::call::h39b51ce4599c23d1
[INFO] [stdout]                                at /rustc/90b35a6239c3d8bdabc530a6a0816f7ff89a0aaf/library/alloc/src/boxed.rs:2468:9
[INFO] [stdout]   11:     0x5a466df8d329 - test::test_main::{{closure}}::he977ae839a582784
[INFO] [stdout]                                at /rustc/90b35a6239c3d8bdabc530a6a0816f7ff89a0aaf/library/test/src/lib.rs:133:21
[INFO] [stdout]   12:     0x5a466e161158 - <alloc::boxed::Box<F,A> as core::ops::function::Fn<Args>>::call::h9455091b6b06f9fb
[INFO] [stdout]                                at /rustc/90b35a6239c3d8bdabc530a6a0816f7ff89a0aaf/library/alloc/src/boxed.rs:2468:9
[INFO] [stdout]   13:     0x5a466e161158 - std::panicking::rust_panic_with_hook::h8942133a8b252070
[INFO] [stdout]                                at /rustc/90b35a6239c3d8bdabc530a6a0816f7ff89a0aaf/library/std/src/panicking.rs:809:13
[INFO] [stdout]   14:     0x5a466e160f1a - std::panicking::begin_panic_handler::{{closure}}::hb5f5963570096b29
[INFO] [stdout]                                at /rustc/90b35a6239c3d8bdabc530a6a0816f7ff89a0aaf/library/std/src/panicking.rs:674:13
[INFO] [stdout]   15:     0x5a466e15fb39 - std::sys::backtrace::__rust_end_short_backtrace::h6208cedc1922feda
[INFO] [stdout]                                at /rustc/90b35a6239c3d8bdabc530a6a0816f7ff89a0aaf/library/std/src/sys/backtrace.rs:170:18
[INFO] [stdout]   16:     0x5a466e160bac - rust_begin_unwind
[INFO] [stdout]                                at /rustc/90b35a6239c3d8bdabc530a6a0816f7ff89a0aaf/library/std/src/panicking.rs:665:5
[INFO] [stdout]   17:     0x5a466df3c180 - core::panicking::panic_fmt::h0c3082644d1bf418
[INFO] [stdout]                                at /rustc/90b35a6239c3d8bdabc530a6a0816f7ff89a0aaf/library/core/src/panicking.rs:74:14
[INFO] [stdout]   18:     0x5a466df3c606 - core::result::unwrap_failed::hd20b4aa073bda1e2
[INFO] [stdout]                                at /rustc/90b35a6239c3d8bdabc530a6a0816f7ff89a0aaf/library/core/src/result.rs:1700:5
[INFO] [stdout]   19:     0x5a466df434c6 - core::result::Result<T,E>::unwrap::h3c40aa1000824c58
[INFO] [stdout]                                at /rustc/90b35a6239c3d8bdabc530a6a0816f7ff89a0aaf/library/core/src/result.rs:1104:23
[INFO] [stdout]   20:     0x5a466df434c6 - <exemd::rmd::lang::kotlin_exec::KotlinExec as exemd::rmd::lang::CompiledLangExecutor>::compile::h88d3ca114f7e0b0c
[INFO] [stdout]                                at /opt/rustwide/workdir/src/rmd/lang/kotlin_exec.rs:74:9
[INFO] [stdout]   21:     0x5a466df42f74 - <exemd::rmd::lang::kotlin_exec::KotlinExec as exemd::rmd::lang::LangExecutor>::execute::h905440bb643f2e70
[INFO] [stdout]                                at /opt/rustwide/workdir/src/rmd/lang/kotlin_exec.rs:54:9
[INFO] [stdout]   22:     0x5a466df4632f - exemd::rmd::lang::kotlin_exec::test::should_success_run_kotlin_hello_world::h16de9f52a69d8ced
[INFO] [stdout]                                at /opt/rustwide/workdir/src/rmd/lang/kotlin_exec.rs:90:23
[INFO] [stdout]   23:     0x5a466df462d7 - exemd::rmd::lang::kotlin_exec::test::should_success_run_kotlin_hello_world::{{closure}}::h25e60182045ec7e4
[INFO] [stdout]                                at /opt/rustwide/workdir/src/rmd/lang/kotlin_exec.rs:88:47
[INFO] [stdout]   24:     0x5a466df4afa6 - core::ops::function::FnOnce::call_once::h833b9bfb9a850511
[INFO] [stdout]                                at /rustc/90b35a6239c3d8bdabc530a6a0816f7ff89a0aaf/library/core/src/ops/function.rs:250:5
[INFO] [stdout]   25:     0x5a466df91ceb - core::ops::function::FnOnce::call_once::h109cf8051a59b34e
[INFO] [stdout]                                at /rustc/90b35a6239c3d8bdabc530a6a0816f7ff89a0aaf/library/core/src/ops/function.rs:250:5
[INFO] [stdout]   26:     0x5a466df91ceb - test::__rust_begin_short_backtrace::hf4fff89d377446ba
[INFO] [stdout]                                at /rustc/90b35a6239c3d8bdabc530a6a0816f7ff89a0aaf/library/test/src/lib.rs:621:18
[INFO] [stdout]   27:     0x5a466df91527 - test::run_test_in_process::{{closure}}::h0e39181dd7ee5a43
[INFO] [stdout]                                at /rustc/90b35a6239c3d8bdabc530a6a0816f7ff89a0aaf/library/test/src/lib.rs:644:60
[INFO] [stdout]   28:     0x5a466df91527 - <core::panic::unwind_safe::AssertUnwindSafe<F> as core::ops::function::FnOnce<()>>::call_once::hc5a66a30f0bdfd1f
[INFO] [stdout]                                at /rustc/90b35a6239c3d8bdabc530a6a0816f7ff89a0aaf/library/core/src/panic/unwind_safe.rs:272:9
[INFO] [stdout]   29:     0x5a466df91527 - std::panicking::try::do_call::h873b7cf639554a5e
[INFO] [stdout]                                at /rustc/90b35a6239c3d8bdabc530a6a0816f7ff89a0aaf/library/std/src/panicking.rs:557:40
[INFO] [stdout]   30:     0x5a466df91527 - std::panicking::try::hdb19862fad9c8bd1
[INFO] [stdout]                                at /rustc/90b35a6239c3d8bdabc530a6a0816f7ff89a0aaf/library/std/src/panicking.rs:520:19
[INFO] [stdout]   31:     0x5a466df91527 - std::panic::catch_unwind::h281fe732d236d260
[INFO] [stdout]                                at /rustc/90b35a6239c3d8bdabc530a6a0816f7ff89a0aaf/library/std/src/panic.rs:358:14
[INFO] [stdout]   32:     0x5a466df91527 - test::run_test_in_process::h949b6df8457ed338
[INFO] [stdout]                                at /rustc/90b35a6239c3d8bdabc530a6a0816f7ff89a0aaf/library/test/src/lib.rs:644:27
[INFO] [stdout]   33:     0x5a466df91527 - test::run_test::{{closure}}::h52c556a6d4740e10
[INFO] [stdout]                                at /rustc/90b35a6239c3d8bdabc530a6a0816f7ff89a0aaf/library/test/src/lib.rs:565:43
[INFO] [stdout]   34:     0x5a466df56804 - test::run_test::{{closure}}::h4237f6381c45ccb9
[INFO] [stdout]                                at /rustc/90b35a6239c3d8bdabc530a6a0816f7ff89a0aaf/library/test/src/lib.rs:595:41
[INFO] [stdout]   35:     0x5a466df56804 - std::sys::backtrace::__rust_begin_short_backtrace::h505c97a579eca628
[INFO] [stdout]                                at /rustc/90b35a6239c3d8bdabc530a6a0816f7ff89a0aaf/library/std/src/sys/backtrace.rs:154:18
[INFO] [stdout]   36:     0x5a466df59ece - std::thread::Builder::spawn_unchecked_::{{closure}}::{{closure}}::h9e86b2e2bc107ea3
[INFO] [stdout]                                at /rustc/90b35a6239c3d8bdabc530a6a0816f7ff89a0aaf/library/std/src/thread/mod.rs:538:17
[INFO] [stdout]   37:     0x5a466df59ece - <core::panic::unwind_safe::AssertUnwindSafe<F> as core::ops::function::FnOnce<()>>::call_once::h8b06ddb275ff4a25
[INFO] [stdout]                                at /rustc/90b35a6239c3d8bdabc530a6a0816f7ff89a0aaf/library/core/src/panic/unwind_safe.rs:272:9
[INFO] [stdout]   38:     0x5a466df59ece - std::panicking::try::do_call::hb26ecd7cd9a9355d
[INFO] [stdout]                                at /rustc/90b35a6239c3d8bdabc530a6a0816f7ff89a0aaf/library/std/src/panicking.rs:557:40
[INFO] [stdout]   39:     0x5a466df59ece - std::panicking::try::h8ddeca9d705f9069
[INFO] [stdout]                                at /rustc/90b35a6239c3d8bdabc530a6a0816f7ff89a0aaf/library/std/src/panicking.rs:520:19
[INFO] [stdout]   40:     0x5a466df59ece - std::panic::catch_unwind::h49e1c33078844c46
[INFO] [stdout]                                at /rustc/90b35a6239c3d8bdabc530a6a0816f7ff89a0aaf/library/std/src/panic.rs:358:14
[INFO] [stdout]   41:     0x5a466df59ece - std::thread::Builder::spawn_unchecked_::{{closure}}::h6073db6ff56ad35d
[INFO] [stdout]                                at /rustc/90b35a6239c3d8bdabc530a6a0816f7ff89a0aaf/library/std/src/thread/mod.rs:537:30
[INFO] [stdout]   42:     0x5a466df59ece - core::ops::function::FnOnce::call_once{{vtable.shim}}::h2c5a5f3779c774f1
[INFO] [stdout]                                at /rustc/90b35a6239c3d8bdabc530a6a0816f7ff89a0aaf/library/core/src/ops/function.rs:250:5
[INFO] [stdout]   43:     0x5a466e164fcb - <alloc::boxed::Box<F,A> as core::ops::function::FnOnce<Args>>::call_once::hf75717d9f28faebf
[INFO] [stdout]                                at /rustc/90b35a6239c3d8bdabc530a6a0816f7ff89a0aaf/library/alloc/src/boxed.rs:2454:9
[INFO] [stdout]   44:     0x5a466e164fcb - <alloc::boxed::Box<F,A> as core::ops::function::FnOnce<Args>>::call_once::h7bd883a5f3c5f3c1
[INFO] [stdout]                                at /rustc/90b35a6239c3d8bdabc530a6a0816f7ff89a0aaf/library/alloc/src/boxed.rs:2454:9
[INFO] [stdout]   45:     0x5a466e164fcb - std::sys::pal::unix::thread::Thread::new::thread_start::hcc78f3943333fa94
[INFO] [stdout]                                at /rustc/90b35a6239c3d8bdabc530a6a0816f7ff89a0aaf/library/std/src/sys/pal/unix/thread.rs:105:17
[INFO] [stdout]   46:     0x7a5c37630ac3 - <unknown>
[INFO] [stdout]   47:     0x7a5c376c1a04 - clone
[INFO] [stdout]   48:                0x0 - <unknown>
[INFO] [stdout] 
[INFO] [stdout] ---- rmd::lang::python_exec::test::should_success_run_python_hello_world stdout ----
[INFO] [stdout] thread 'rmd::lang::python_exec::test::should_success_run_python_hello_world' panicked at src/rmd/lang/python_exec.rs:64:34:
[INFO] [stdout] failed to execute process: Os { code: 2, kind: NotFound, message: "No such file or directory" }
[INFO] [stdout] stack backtrace:
[INFO] [stdout]    0:     0x5a466e15f65a - std::backtrace_rs::backtrace::libunwind::trace::h5a5b8284f2d0c266
[INFO] [stdout]                                at /rustc/90b35a6239c3d8bdabc530a6a0816f7ff89a0aaf/library/std/src/../../backtrace/src/backtrace/libunwind.rs:116:5
[INFO] [stdout]    1:     0x5a466e15f65a - std::backtrace_rs::backtrace::trace_unsynchronized::h76d4f1c9b0b875e3
[INFO] [stdout]                                at /rustc/90b35a6239c3d8bdabc530a6a0816f7ff89a0aaf/library/std/src/../../backtrace/src/backtrace/mod.rs:66:5
[INFO] [stdout]    2:     0x5a466e15f65a - std::sys::backtrace::_print_fmt::hc4546b8364a537c6
[INFO] [stdout]                                at /rustc/90b35a6239c3d8bdabc530a6a0816f7ff89a0aaf/library/std/src/sys/backtrace.rs:66:9
[INFO] [stdout]    3:     0x5a466e15f65a - <std::sys::backtrace::BacktraceLock::print::DisplayBacktrace as core::fmt::Display>::fmt::h5b6bd5631a6d1f6b
[INFO] [stdout]                                at /rustc/90b35a6239c3d8bdabc530a6a0816f7ff89a0aaf/library/std/src/sys/backtrace.rs:39:26
[INFO] [stdout]    4:     0x5a466e184d63 - core::fmt::rt::Argument::fmt::h270f6602a2b96f62
[INFO] [stdout]                                at /rustc/90b35a6239c3d8bdabc530a6a0816f7ff89a0aaf/library/core/src/fmt/rt.rs:177:76
[INFO] [stdout]    5:     0x5a466e184d63 - core::fmt::write::h7550c97b06c86515
[INFO] [stdout]                                at /rustc/90b35a6239c3d8bdabc530a6a0816f7ff89a0aaf/library/core/src/fmt/mod.rs:1186:21
[INFO] [stdout]    6:     0x5a466e15c5c3 - std::io::Write::write_fmt::h509ff860e5956e5e
[INFO] [stdout]                                at /rustc/90b35a6239c3d8bdabc530a6a0816f7ff89a0aaf/library/std/src/io/mod.rs:1839:15
[INFO] [stdout]    7:     0x5a466e15f4a2 - std::sys::backtrace::BacktraceLock::print::h2395ccd2c84ba3aa
[INFO] [stdout]                                at /rustc/90b35a6239c3d8bdabc530a6a0816f7ff89a0aaf/library/std/src/sys/backtrace.rs:42:9
[INFO] [stdout]    8:     0x5a466e160aba - std::panicking::default_hook::{{closure}}::he19d4c7230e07961
[INFO] [stdout]                                at /rustc/90b35a6239c3d8bdabc530a6a0816f7ff89a0aaf/library/std/src/panicking.rs:268:22
[INFO] [stdout]    9:     0x5a466e1608c4 - std::panicking::default_hook::hf614597d3c67bbdb
[INFO] [stdout]                                at /rustc/90b35a6239c3d8bdabc530a6a0816f7ff89a0aaf/library/std/src/panicking.rs:292:9
[INFO] [stdout]   10:     0x5a466df8d329 - <alloc::boxed::Box<F,A> as core::ops::function::Fn<Args>>::call::h39b51ce4599c23d1
[INFO] [stdout]                                at /rustc/90b35a6239c3d8bdabc530a6a0816f7ff89a0aaf/library/alloc/src/boxed.rs:2468:9
[INFO] [stdout]   11:     0x5a466df8d329 - test::test_main::{{closure}}::he977ae839a582784
[INFO] [stdout]                                at /rustc/90b35a6239c3d8bdabc530a6a0816f7ff89a0aaf/library/test/src/lib.rs:133:21
[INFO] [stdout]   12:     0x5a466e161158 - <alloc::boxed::Box<F,A> as core::ops::function::Fn<Args>>::call::h9455091b6b06f9fb
[INFO] [stdout]                                at /rustc/90b35a6239c3d8bdabc530a6a0816f7ff89a0aaf/library/alloc/src/boxed.rs:2468:9
[INFO] [stdout]   13:     0x5a466e161158 - std::panicking::rust_panic_with_hook::h8942133a8b252070
[INFO] [stdout]                                at /rustc/90b35a6239c3d8bdabc530a6a0816f7ff89a0aaf/library/std/src/panicking.rs:809:13
[INFO] [stdout]   14:     0x5a466e160f1a - std::panicking::begin_panic_handler::{{closure}}::hb5f5963570096b29
[INFO] [stdout]                                at /rustc/90b35a6239c3d8bdabc530a6a0816f7ff89a0aaf/library/std/src/panicking.rs:674:13
[INFO] [stdout]   15:     0x5a466e15fb39 - std::sys::backtrace::__rust_end_short_backtrace::h6208cedc1922feda
[INFO] [stdout]                                at /rustc/90b35a6239c3d8bdabc530a6a0816f7ff89a0aaf/library/std/src/sys/backtrace.rs:170:18
[INFO] [stdout]   16:     0x5a466e160bac - rust_begin_unwind
[INFO] [stdout]                                at /rustc/90b35a6239c3d8bdabc530a6a0816f7ff89a0aaf/library/std/src/panicking.rs:665:5
[INFO] [stdout]   17:     0x5a466df3c180 - core::panicking::panic_fmt::h0c3082644d1bf418
[INFO] [stdout]                                at /rustc/90b35a6239c3d8bdabc530a6a0816f7ff89a0aaf/library/core/src/panicking.rs:74:14
[INFO] [stdout]   18:     0x5a466df3c606 - core::result::unwrap_failed::hd20b4aa073bda1e2
[INFO] [stdout]                                at /rustc/90b35a6239c3d8bdabc530a6a0816f7ff89a0aaf/library/core/src/result.rs:1700:5
[INFO] [stdout]   19:     0x5a466df511d8 - core::result::Result<T,E>::expect::hf39187904fa4a759
[INFO] [stdout]                                at /rustc/90b35a6239c3d8bdabc530a6a0816f7ff89a0aaf/library/core/src/result.rs:1061:23
[INFO] [stdout]   20:     0x5a466df4680a - exemd::rmd::lang::python_exec::test::should_success_run_python_hello_world::hdd763221b55ab556
[INFO] [stdout]                                at /opt/rustwide/workdir/src/rmd/lang/python_exec.rs:64:19
[INFO] [stdout]   21:     0x5a466df46717 - exemd::rmd::lang::python_exec::test::should_success_run_python_hello_world::{{closure}}::ha5616cfe49345b6f
[INFO] [stdout]                                at /opt/rustwide/workdir/src/rmd/lang/python_exec.rs:61:47
[INFO] [stdout]   22:     0x5a466df4b166 - core::ops::function::FnOnce::call_once::hbe2d9c4d7d0e8543
[INFO] [stdout]                                at /rustc/90b35a6239c3d8bdabc530a6a0816f7ff89a0aaf/library/core/src/ops/function.rs:250:5
[INFO] [stdout]   23:     0x5a466df91ceb - core::ops::function::FnOnce::call_once::h109cf8051a59b34e
[INFO] [stdout]                                at /rustc/90b35a6239c3d8bdabc530a6a0816f7ff89a0aaf/library/core/src/ops/function.rs:250:5
[INFO] [stdout]   24:     0x5a466df91ceb - test::__rust_begin_short_backtrace::hf4fff89d377446ba
[INFO] [stdout]                                at /rustc/90b35a6239c3d8bdabc530a6a0816f7ff89a0aaf/library/test/src/lib.rs:621:18
[INFO] [stdout]   25:     0x5a466df91527 - test::run_test_in_process::{{closure}}::h0e39181dd7ee5a43
[INFO] [stdout]                                at /rustc/90b35a6239c3d8bdabc530a6a0816f7ff89a0aaf/library/test/src/lib.rs:644:60
[INFO] [stdout]   26:     0x5a466df91527 - <core::panic::unwind_safe::AssertUnwindSafe<F> as core::ops::function::FnOnce<()>>::call_once::hc5a66a30f0bdfd1f
[INFO] [stdout]                                at /rustc/90b35a6239c3d8bdabc530a6a0816f7ff89a0aaf/library/core/src/panic/unwind_safe.rs:272:9
[INFO] [stdout]   27:     0x5a466df91527 - std::panicking::try::do_call::h873b7cf639554a5e
[INFO] [stdout]                                at /rustc/90b35a6239c3d8bdabc530a6a0816f7ff89a0aaf/library/std/src/panicking.rs:557:40
[INFO] [stdout]   28:     0x5a466df91527 - std::panicking::try::hdb19862fad9c8bd1
[INFO] [stdout]                                at /rustc/90b35a6239c3d8bdabc530a6a0816f7ff89a0aaf/library/std/src/panicking.rs:520:19
[INFO] [stdout]   29:     0x5a466df91527 - std::panic::catch_unwind::h281fe732d236d260
[INFO] [stdout]                                at /rustc/90b35a6239c3d8bdabc530a6a0816f7ff89a0aaf/library/std/src/panic.rs:358:14
[INFO] [stdout]   30:     0x5a466df91527 - test::run_test_in_process::h949b6df8457ed338
[INFO] [stdout]                                at /rustc/90b35a6239c3d8bdabc530a6a0816f7ff89a0aaf/library/test/src/lib.rs:644:27
[INFO] [stdout]   31:     0x5a466df91527 - test::run_test::{{closure}}::h52c556a6d4740e10
[INFO] [stdout]                                at /rustc/90b35a6239c3d8bdabc530a6a0816f7ff89a0aaf/library/test/src/lib.rs:565:43
[INFO] [stdout]   32:     0x5a466df56804 - test::run_test::{{closure}}::h4237f6381c45ccb9
[INFO] [stdout]                                at /rustc/90b35a6239c3d8bdabc530a6a0816f7ff89a0aaf/library/test/src/lib.rs:595:41
[INFO] [stdout]   33:     0x5a466df56804 - std::sys::backtrace::__rust_begin_short_backtrace::h505c97a579eca628
[INFO] [stdout]                                at /rustc/90b35a6239c3d8bdabc530a6a0816f7ff89a0aaf/library/std/src/sys/backtrace.rs:154:18
[INFO] [stdout]   34:     0x5a466df59ece - std::thread::Builder::spawn_unchecked_::{{closure}}::{{closure}}::h9e86b2e2bc107ea3
[INFO] [stdout]                                at /rustc/90b35a6239c3d8bdabc530a6a0816f7ff89a0aaf/library/std/src/thread/mod.rs:538:17
[INFO] [stdout]   35:     0x5a466df59ece - <core::panic::unwind_safe::AssertUnwindSafe<F> as core::ops::function::FnOnce<()>>::call_once::h8b06ddb275ff4a25
[INFO] [stdout]                                at /rustc/90b35a6239c3d8bdabc530a6a0816f7ff89a0aaf/library/core/src/panic/unwind_safe.rs:272:9
[INFO] [stdout]   36:     0x5a466df59ece - std::panicking::try::do_call::hb26ecd7cd9a9355d
[INFO] [stdout]                                at /rustc/90b35a6239c3d8bdabc530a6a0816f7ff89a0aaf/library/std/src/panicking.rs:557:40
[INFO] [stdout]   37:     0x5a466df59ece - std::panicking::try::h8ddeca9d705f9069
[INFO] [stdout]                                at /rustc/90b35a6239c3d8bdabc530a6a0816f7ff89a0aaf/library/std/src/panicking.rs:520:19
[INFO] [stdout]   38:     0x5a466df59ece - std::panic::catch_unwind::h49e1c33078844c46
[INFO] [stdout]                                at /rustc/90b35a6239c3d8bdabc530a6a0816f7ff89a0aaf/library/std/src/panic.rs:358:14
[INFO] [stdout]   39:     0x5a466df59ece - std::thread::Builder::spawn_unchecked_::{{closure}}::h6073db6ff56ad35d
[INFO] [stdout]                                at /rustc/90b35a6239c3d8bdabc530a6a0816f7ff89a0aaf/library/std/src/thread/mod.rs:537:30
[INFO] [stdout]   40:     0x5a466df59ece - core::ops::function::FnOnce::call_once{{vtable.shim}}::h2c5a5f3779c774f1
[INFO] [stdout]                                at /rustc/90b35a6239c3d8bdabc530a6a0816f7ff89a0aaf/library/core/src/ops/function.rs:250:5
[INFO] [stdout]   41:     0x5a466e164fcb - <alloc::boxed::Box<F,A> as core::ops::function::FnOnce<Args>>::call_once::hf75717d9f28faebf
[INFO] [stdout]                                at /rustc/90b35a6239c3d8bdabc530a6a0816f7ff89a0aaf/library/alloc/src/boxed.rs:2454:9
[INFO] [stdout]   42:     0x5a466e164fcb - <alloc::boxed::Box<F,A> as core::ops::function::FnOnce<Args>>::call_once::h7bd883a5f3c5f3c1
[INFO] [stdout]                                at /rustc/90b35a6239c3d8bdabc530a6a0816f7ff89a0aaf/library/alloc/src/boxed.rs:2454:9
[INFO] [stdout]   43:     0x5a466e164fcb - std::sys::pal::unix::thread::Thread::new::thread_start::hcc78f3943333fa94
[INFO] [stdout]                                at /rustc/90b35a6239c3d8bdabc530a6a0816f7ff89a0aaf/library/std/src/sys/pal/unix/thread.rs:105:17
[INFO] [stdout]   44:     0x7a5c37630ac3 - <unknown>
[INFO] [stdout]   45:     0x7a5c376c1a04 - clone
[INFO] [stdout]   46:                0x0 - <unknown>
[INFO] [stdout] 
[INFO] [stdout] 
[INFO] [stdout] failures:
[INFO] [stdout]     rmd::lang::kotlin_exec::test::should_success_run_kotlin_hello_world
[INFO] [stdout]     rmd::lang::python_exec::test::should_success_run_python_hello_world
[INFO] [stdout] 
[INFO] [stdout] test result: FAILED. 15 passed; 2 failed; 0 ignored; 0 measured; 0 filtered out; finished in 2.03s
[INFO] [stdout] 
[INFO] [stderr] error: test failed, to rerun pass `--bin exemd`
[INFO] running `Command { std: "docker" "inspect" "d74128169518d318e90e9aef48ff5cb22d02de3dbeec0c6b168c61a6ab9ac06b", kill_on_drop: false }`
[INFO] running `Command { std: "docker" "rm" "-f" "d74128169518d318e90e9aef48ff5cb22d02de3dbeec0c6b168c61a6ab9ac06b", kill_on_drop: false }`
[INFO] [stdout] d74128169518d318e90e9aef48ff5cb22d02de3dbeec0c6b168c61a6ab9ac06b
