[INFO] cloning repository https://github.com/pfernandom/cmd
[INFO] running `Command { std: "git" "-c" "credential.helper=" "-c" "credential.helper=/workspace/cargo-home/bin/git-credential-null" "clone" "--bare" "https://github.com/pfernandom/cmd" "/workspace/cache/git-repos/https%3A%2F%2Fgithub.com%2Fpfernandom%2Fcmd", kill_on_drop: false }`
[INFO] [stderr] Cloning into bare repository '/workspace/cache/git-repos/https%3A%2F%2Fgithub.com%2Fpfernandom%2Fcmd'...
[INFO] running `Command { std: "git" "rev-parse" "HEAD", kill_on_drop: false }`
[INFO] [stdout] d05d0486095c48139f8c06e966e51c7940bd170d
[INFO] testing pfernandom/cmd against 1.83.0 for beta-1.84.0-4-retry
[INFO] running `Command { std: "git" "clone" "/workspace/cache/git-repos/https%3A%2F%2Fgithub.com%2Fpfernandom%2Fcmd" "/workspace/builds/worker-4-tc1/source", kill_on_drop: false }`
[INFO] [stderr] Cloning into '/workspace/builds/worker-4-tc1/source'...
[INFO] [stderr] done.
[INFO] validating manifest of git repo https://github.com/pfernandom/cmd on toolchain 1.83.0
[INFO] running `Command { std: CARGO_HOME="/workspace/cargo-home" RUSTUP_HOME="/workspace/rustup-home" "/workspace/cargo-home/bin/cargo" "+1.83.0" "metadata" "--manifest-path" "Cargo.toml" "--no-deps", kill_on_drop: false }`
[INFO] started tweaking git repo https://github.com/pfernandom/cmd
[INFO] finished tweaking git repo https://github.com/pfernandom/cmd
[INFO] tweaked toml for git repo https://github.com/pfernandom/cmd written to /workspace/builds/worker-4-tc1/source/Cargo.toml
[INFO] crate git repo https://github.com/pfernandom/cmd already has a lockfile, it will not be regenerated
[INFO] running `Command { std: CARGO_HOME="/workspace/cargo-home" RUSTUP_HOME="/workspace/rustup-home" "/workspace/cargo-home/bin/cargo" "+1.83.0" "fetch" "--manifest-path" "Cargo.toml", kill_on_drop: false }`
[INFO] [stderr]     Updating crates.io index
[INFO] [stderr]  Downloading crates ...
[INFO] [stderr]   Downloaded regex-macro v0.2.0
[INFO] [stderr]   Downloaded os_str_bytes v6.5.1
[INFO] [stderr]   Downloaded vfs v0.7.1
[INFO] [stderr]   Downloaded clap_complete v3.2.5
[INFO] [stderr]   Downloaded git2 v0.15.0
[INFO] [stderr]   Downloaded rustix v0.37.21
[INFO] [stderr]   Downloaded libgit2-sys v0.14.2+1.5.1
[INFO] [stderr]   Downloaded git v0.3.0
[INFO] running `Command { std: "docker" "create" "-v" "/var/lib/crater-agent-workspace/builds/worker-4-tc1/target:/opt/rustwide/target:rw,Z" "-v" "/var/lib/crater-agent-workspace/builds/worker-4-tc1/source:/opt/rustwide/workdir:ro,Z" "-v" "/var/lib/crater-agent-workspace/cargo-home:/opt/rustwide/cargo-home:ro,Z" "-v" "/var/lib/crater-agent-workspace/rustup-home:/opt/rustwide/rustup-home:ro,Z" "-e" "SOURCE_DIR=/opt/rustwide/workdir" "-e" "CARGO_TARGET_DIR=/opt/rustwide/target" "-e" "CARGO_HOME=/opt/rustwide/cargo-home" "-e" "RUSTUP_HOME=/opt/rustwide/rustup-home" "-w" "/opt/rustwide/workdir" "-m" "1610612736" "--user" "0:0" "--network" "none" "ghcr.io/rust-lang/crates-build-env/linux@sha256:f3a9d4ad9d972b27faf3965f35b62e55ba32bbce8f20bc8fe909558a86702fde" "/opt/rustwide/cargo-home/bin/cargo" "+1.83.0" "metadata" "--no-deps" "--format-version=1", kill_on_drop: false }`
[INFO] [stdout] c0c4f4f2f655d0b74adff9145f68df375a31f55fc00fe497fa644e7e818ced3c
[INFO] running `Command { std: "docker" "start" "-a" "c0c4f4f2f655d0b74adff9145f68df375a31f55fc00fe497fa644e7e818ced3c", kill_on_drop: false }`
[INFO] running `Command { std: "docker" "inspect" "c0c4f4f2f655d0b74adff9145f68df375a31f55fc00fe497fa644e7e818ced3c", kill_on_drop: false }`
[INFO] running `Command { std: "docker" "rm" "-f" "c0c4f4f2f655d0b74adff9145f68df375a31f55fc00fe497fa644e7e818ced3c", kill_on_drop: false }`
[INFO] [stdout] c0c4f4f2f655d0b74adff9145f68df375a31f55fc00fe497fa644e7e818ced3c
[INFO] running `Command { std: "docker" "create" "-v" "/var/lib/crater-agent-workspace/builds/worker-4-tc1/target:/opt/rustwide/target:rw,Z" "-v" "/var/lib/crater-agent-workspace/builds/worker-4-tc1/source:/opt/rustwide/workdir:ro,Z" "-v" "/var/lib/crater-agent-workspace/cargo-home:/opt/rustwide/cargo-home:ro,Z" "-v" "/var/lib/crater-agent-workspace/rustup-home:/opt/rustwide/rustup-home:ro,Z" "-e" "SOURCE_DIR=/opt/rustwide/workdir" "-e" "CARGO_TARGET_DIR=/opt/rustwide/target" "-e" "CARGO_INCREMENTAL=0" "-e" "RUST_BACKTRACE=full" "-e" "RUSTFLAGS=--cap-lints=warn" "-e" "RUSTDOCFLAGS=--cap-lints=warn" "-e" "CARGO_HOME=/opt/rustwide/cargo-home" "-e" "RUSTUP_HOME=/opt/rustwide/rustup-home" "-w" "/opt/rustwide/workdir" "-m" "1610612736" "--user" "0:0" "--network" "none" "ghcr.io/rust-lang/crates-build-env/linux@sha256:f3a9d4ad9d972b27faf3965f35b62e55ba32bbce8f20bc8fe909558a86702fde" "/opt/rustwide/cargo-home/bin/cargo" "+1.83.0" "build" "--frozen" "--message-format=json", kill_on_drop: false }`
[INFO] [stdout] dca8bf9e314b49e937ce9f094dbb96235c6b46fa6a3d984eff02b604fcc53b78
[INFO] running `Command { std: "docker" "start" "-a" "dca8bf9e314b49e937ce9f094dbb96235c6b46fa6a3d984eff02b604fcc53b78", kill_on_drop: false }`
[INFO] [stderr]    Compiling libc v0.2.147
[INFO] [stderr]    Compiling proc-macro2 v1.0.63
[INFO] [stderr]    Compiling unicode-ident v1.0.9
[INFO] [stderr]    Compiling quote v1.0.29
[INFO] [stderr]    Compiling pkg-config v0.3.27
[INFO] [stderr]    Compiling autocfg v1.1.0
[INFO] [stderr]    Compiling version_check v0.9.4
[INFO] [stderr]    Compiling syn v1.0.109
[INFO] [stderr]    Compiling memchr v2.5.0
[INFO] [stderr]    Compiling strsim v0.10.0
[INFO] [stderr]    Compiling bitflags v1.3.2
[INFO] [stderr]    Compiling once_cell v1.18.0
[INFO] [stderr]    Compiling ident_case v1.0.1
[INFO] [stderr]    Compiling fnv v1.0.7
[INFO] [stderr]    Compiling tinyvec_macros v0.1.1
[INFO] [stderr]    Compiling regex-syntax v0.7.2
[INFO] [stderr]    Compiling io-lifetimes v1.0.11
[INFO] [stderr]    Compiling tinyvec v1.6.0
[INFO] [stderr]    Compiling rustix v0.37.21
[INFO] [stderr]    Compiling vcpkg v0.2.15
[INFO] [stderr]    Compiling heck v0.4.1
[INFO] [stderr]    Compiling predicates-core v1.0.6
[INFO] [stderr]    Compiling linux-raw-sys v0.3.8
[INFO] [stderr]    Compiling either v1.8.1
[INFO] [stderr]    Compiling unicode-bidi v0.3.13
[INFO] [stderr]    Compiling serde v1.0.164
[INFO] [stderr]    Compiling proc-macro-error-attr v1.0.4
[INFO] [stderr]    Compiling proc-macro-error v1.0.4
[INFO] [stderr]    Compiling ahash v0.8.3
[INFO] [stderr]    Compiling num-traits v0.2.15
[INFO] [stderr]    Compiling indexmap v1.9.3
[INFO] [stderr]    Compiling tempfile v3.6.0
[INFO] [stderr]    Compiling percent-encoding v2.3.0
[INFO] [stderr]    Compiling os_str_bytes v6.5.1
[INFO] [stderr]    Compiling hashbrown v0.12.3
[INFO] [stderr]    Compiling aho-corasick v1.0.2
[INFO] [stderr]    Compiling allocator-api2 v0.2.15
[INFO] [stderr]    Compiling termcolor v1.2.0
[INFO] [stderr]    Compiling libsqlite3-sys v0.25.2
[INFO] [stderr]    Compiling syn v2.0.22
[INFO] [stderr]    Compiling unicode-normalization v0.1.22
[INFO] [stderr]    Compiling lazy_static v1.4.0
[INFO] [stderr]    Compiling clap_lex v0.2.4
[INFO] [stderr]    Compiling hashbrown v0.14.0
[INFO] [stderr]    Compiling form_urlencoded v1.2.0
[INFO] [stderr]    Compiling itertools v0.10.5
[INFO] [stderr]    Compiling termtree v0.4.1
[INFO] [stderr]    Compiling unicode-width v0.1.10
[INFO] [stderr]    Compiling float-cmp v0.9.0
[INFO] [stderr]    Compiling fastrand v1.9.0
[INFO] [stderr]    Compiling log v0.4.19
[INFO] [stderr]    Compiling normalize-line-endings v0.3.0
[INFO] [stderr]    Compiling thiserror v1.0.40
[INFO] [stderr]    Compiling textwrap v0.16.0
[INFO] [stderr]    Compiling difflib v0.4.0
[INFO] [stderr]    Compiling predicates-tree v1.0.9
[INFO] [stderr]    Compiling idna v0.4.0
[INFO] [stderr]    Compiling csv-core v0.1.10
[INFO] [stderr]    Compiling fallible-streaming-iterator v0.1.9
[INFO] [stderr]    Compiling shell-words v1.1.0
[INFO] [stderr]    Compiling jobserver v0.1.26
[INFO] [stderr]    Compiling atty v0.2.14
[INFO] [stderr]    Compiling console v0.15.7
[INFO] [stderr]    Compiling hashlink v0.8.3
[INFO] [stderr]    Compiling ryu v1.0.13
[INFO] [stderr]    Compiling smallvec v1.10.0
[INFO] [stderr]    Compiling openssl-probe v0.1.5
[INFO] [stderr]    Compiling cc v1.0.79
[INFO] [stderr]    Compiling humantime v2.1.0
[INFO] [stderr]    Compiling downcast v0.11.0
[INFO] [stderr]    Compiling fragile v2.0.0
[INFO] [stderr]    Compiling itoa v1.0.6
[INFO] [stderr]    Compiling zeroize v1.6.0
[INFO] [stderr]    Compiling fallible-iterator v0.2.0
[INFO] [stderr]    Compiling vfs v0.7.1
[INFO] [stderr]    Compiling url v2.4.0
[INFO] [stderr]    Compiling regex v1.8.4
[INFO] [stderr]    Compiling git v0.3.0
[INFO] [stderr]    Compiling home v0.5.5
[INFO] [stderr]    Compiling rusqlite v0.28.0
[INFO] [stderr]    Compiling env_logger v0.9.3
[INFO] [stderr]    Compiling predicates v2.1.5
[INFO] [stderr]    Compiling serde_derive v1.0.164
[INFO] [stderr]    Compiling thiserror-impl v1.0.40
[INFO] [stderr]    Compiling regex-macro v0.2.0
[INFO] [stderr]    Compiling openssl-sys v0.9.90
[INFO] [stderr]    Compiling libz-sys v1.1.9
[INFO] [stderr]    Compiling libssh2-sys v0.2.23
[INFO] [stderr]    Compiling libgit2-sys v0.14.2+1.5.1
[INFO] [stderr]    Compiling dialoguer v0.10.4
[INFO] [stderr]    Compiling darling_core v0.14.4
[INFO] [stderr]    Compiling clap_derive v3.2.25
[INFO] [stderr]    Compiling mockall_derive v0.11.4
[INFO] [stderr]    Compiling darling_macro v0.14.4
[INFO] [stderr]    Compiling darling v0.14.4
[INFO] [stderr]    Compiling derive_builder_core v0.11.2
[INFO] [stderr]    Compiling git2 v0.15.0
[INFO] [stderr]    Compiling clap v3.2.25
[INFO] [stderr]    Compiling derive_builder_macro v0.11.2
[INFO] [stderr]    Compiling mockall v0.11.4
[INFO] [stderr]    Compiling derive_builder v0.11.2
[INFO] [stderr]    Compiling clap_complete v3.2.5
[INFO] [stderr]    Compiling csv v1.2.2
[INFO] [stderr]    Compiling cmd v0.1.0 (/opt/rustwide/workdir)
[INFO] [stdout] warning: variable does not need to be mutable
[INFO] [stdout]    --> src/models/cmd_record.rs:100:27
[INFO] [stdout]     |
[INFO] [stdout] 100 |     pub fn update_command(mut self: &mut Self, command: &str) {
[INFO] [stdout]     |                           ----^^^^
[INFO] [stdout]     |                           |
[INFO] [stdout]     |                           help: remove this `mut`
[INFO] [stdout]     |
[INFO] [stdout]     = note: `#[warn(unused_mut)]` on by default
[INFO] [stdout] 
[INFO] [stdout] 
[INFO] [stdout] warning: variable does not need to be mutable
[INFO] [stdout]    --> src/models/cmd_record.rs:104:27
[INFO] [stdout]     |
[INFO] [stdout] 104 |     pub fn increase_usage(mut self: &mut Self) {
[INFO] [stdout]     |                           ----^^^^
[INFO] [stdout]     |                           |
[INFO] [stdout]     |                           help: remove this `mut`
[INFO] [stdout] 
[INFO] [stdout] 
[INFO] [stdout] warning: method `handle_if_match` is never used
[INFO] [stdout]  --> src/traits/cmd_extension.rs:4:8
[INFO] [stdout]   |
[INFO] [stdout] 3 | pub trait CmdExtension {
[INFO] [stdout]   |           ------------ method in this trait
[INFO] [stdout] 4 |     fn handle_if_match(
[INFO] [stdout]   |        ^^^^^^^^^^^^^^^
[INFO] [stdout]   |
[INFO] [stdout]   = note: `#[warn(dead_code)]` on by default
[INFO] [stdout] 
[INFO] [stdout] 
[INFO] [stdout] warning: method `group_and_sum_count` is never used
[INFO] [stdout]   --> src/models/cmd_record.rs:20:8
[INFO] [stdout]    |
[INFO] [stdout] 17 | pub trait CmdRecordIterable {
[INFO] [stdout]    |           ----------------- method in this trait
[INFO] [stdout] ...
[INFO] [stdout] 20 |     fn group_and_sum_count<K: Hash + Eq + Clone>(
[INFO] [stdout]    |        ^^^^^^^^^^^^^^^^^^^
[INFO] [stdout] 
[INFO] [stdout] 
[INFO] [stdout] warning: call to `.clone()` on a reference in this situation does nothing
[INFO] [stdout]    --> src/services/cmd_service_sql.rs:179:56
[INFO] [stdout]     |
[INFO] [stdout] 179 |             .query_map([], |row| Ok(CmdRecord::from(row.clone())))
[INFO] [stdout]     |                                                        ^^^^^^^^
[INFO] [stdout]     |
[INFO] [stdout]     = note: the type `Row<'_>` does not implement `Clone`, so calling `clone` on `&Row<'_>` copies the reference, which does not do anything and can be removed
[INFO] [stdout]     = note: `#[warn(noop_method_call)]` on by default
[INFO] [stdout] help: remove this redundant call
[INFO] [stdout]     |
[INFO] [stdout] 179 -             .query_map([], |row| Ok(CmdRecord::from(row.clone())))
[INFO] [stdout] 179 +             .query_map([], |row| Ok(CmdRecord::from(row)))
[INFO] [stdout]     |
[INFO] [stdout] help: if you meant to clone `Row<'_>`, implement `Clone` for it
[INFO] [stdout]    --> /opt/rustwide/cargo-home/registry/src/index.crates.io-6f17d22bba15001f/rusqlite-0.28.0/src/row.rs:243:1
[INFO] [stdout]     |
[INFO] [stdout] 243 + #[derive(Clone)]
[INFO] [stdout] 244 | pub struct Row<'stmt> {
[INFO] [stdout]     |
[INFO] [stdout] 
[INFO] [stdout] 
[INFO] [stderr]     Finished `dev` profile [unoptimized + debuginfo] target(s) in 1m 09s
[INFO] running `Command { std: "docker" "inspect" "dca8bf9e314b49e937ce9f094dbb96235c6b46fa6a3d984eff02b604fcc53b78", kill_on_drop: false }`
[INFO] running `Command { std: "docker" "rm" "-f" "dca8bf9e314b49e937ce9f094dbb96235c6b46fa6a3d984eff02b604fcc53b78", kill_on_drop: false }`
[INFO] [stdout] dca8bf9e314b49e937ce9f094dbb96235c6b46fa6a3d984eff02b604fcc53b78
[INFO] running `Command { std: "docker" "create" "-v" "/var/lib/crater-agent-workspace/builds/worker-4-tc1/target:/opt/rustwide/target:rw,Z" "-v" "/var/lib/crater-agent-workspace/builds/worker-4-tc1/source:/opt/rustwide/workdir:ro,Z" "-v" "/var/lib/crater-agent-workspace/cargo-home:/opt/rustwide/cargo-home:ro,Z" "-v" "/var/lib/crater-agent-workspace/rustup-home:/opt/rustwide/rustup-home:ro,Z" "-e" "SOURCE_DIR=/opt/rustwide/workdir" "-e" "CARGO_TARGET_DIR=/opt/rustwide/target" "-e" "CARGO_INCREMENTAL=0" "-e" "RUST_BACKTRACE=full" "-e" "RUSTFLAGS=--cap-lints=warn" "-e" "RUSTDOCFLAGS=--cap-lints=warn" "-e" "CARGO_HOME=/opt/rustwide/cargo-home" "-e" "RUSTUP_HOME=/opt/rustwide/rustup-home" "-w" "/opt/rustwide/workdir" "-m" "1610612736" "--user" "0:0" "--network" "none" "ghcr.io/rust-lang/crates-build-env/linux@sha256:f3a9d4ad9d972b27faf3965f35b62e55ba32bbce8f20bc8fe909558a86702fde" "/opt/rustwide/cargo-home/bin/cargo" "+1.83.0" "test" "--frozen" "--no-run" "--message-format=json", kill_on_drop: false }`
[INFO] [stdout] b21388eb74265d149d27e3451160c78d967d347e0899b1c324227f84724437ca
[INFO] running `Command { std: "docker" "start" "-a" "b21388eb74265d149d27e3451160c78d967d347e0899b1c324227f84724437ca", kill_on_drop: false }`
[INFO] [stderr]    Compiling cmd v0.1.0 (/opt/rustwide/workdir)
[INFO] [stdout] warning: variable does not need to be mutable
[INFO] [stdout]    --> src/models/cmd_record.rs:100:27
[INFO] [stdout]     |
[INFO] [stdout] 100 |     pub fn update_command(mut self: &mut Self, command: &str) {
[INFO] [stdout]     |                           ----^^^^
[INFO] [stdout]     |                           |
[INFO] [stdout]     |                           help: remove this `mut`
[INFO] [stdout]     |
[INFO] [stdout]     = note: `#[warn(unused_mut)]` on by default
[INFO] [stdout] 
[INFO] [stdout] 
[INFO] [stdout] warning: variable does not need to be mutable
[INFO] [stdout]    --> src/models/cmd_record.rs:104:27
[INFO] [stdout]     |
[INFO] [stdout] 104 |     pub fn increase_usage(mut self: &mut Self) {
[INFO] [stdout]     |                           ----^^^^
[INFO] [stdout]     |                           |
[INFO] [stdout]     |                           help: remove this `mut`
[INFO] [stdout] 
[INFO] [stdout] 
[INFO] [stdout] warning: method `handle_if_match` is never used
[INFO] [stdout]  --> src/traits/cmd_extension.rs:4:8
[INFO] [stdout]   |
[INFO] [stdout] 3 | pub trait CmdExtension {
[INFO] [stdout]   |           ------------ method in this trait
[INFO] [stdout] 4 |     fn handle_if_match(
[INFO] [stdout]   |        ^^^^^^^^^^^^^^^
[INFO] [stdout]   |
[INFO] [stdout]   = note: `#[warn(dead_code)]` on by default
[INFO] [stdout] 
[INFO] [stdout] 
[INFO] [stdout] warning: method `group_and_sum_count` is never used
[INFO] [stdout]   --> src/models/cmd_record.rs:20:8
[INFO] [stdout]    |
[INFO] [stdout] 17 | pub trait CmdRecordIterable {
[INFO] [stdout]    |           ----------------- method in this trait
[INFO] [stdout] ...
[INFO] [stdout] 20 |     fn group_and_sum_count<K: Hash + Eq + Clone>(
[INFO] [stdout]    |        ^^^^^^^^^^^^^^^^^^^
[INFO] [stdout] 
[INFO] [stdout] 
[INFO] [stdout] warning: call to `.clone()` on a reference in this situation does nothing
[INFO] [stdout]    --> src/services/cmd_service_sql.rs:179:56
[INFO] [stdout]     |
[INFO] [stdout] 179 |             .query_map([], |row| Ok(CmdRecord::from(row.clone())))
[INFO] [stdout]     |                                                        ^^^^^^^^
[INFO] [stdout]     |
[INFO] [stdout]     = note: the type `Row<'_>` does not implement `Clone`, so calling `clone` on `&Row<'_>` copies the reference, which does not do anything and can be removed
[INFO] [stdout]     = note: `#[warn(noop_method_call)]` on by default
[INFO] [stdout] help: remove this redundant call
[INFO] [stdout]     |
[INFO] [stdout] 179 -             .query_map([], |row| Ok(CmdRecord::from(row.clone())))
[INFO] [stdout] 179 +             .query_map([], |row| Ok(CmdRecord::from(row)))
[INFO] [stdout]     |
[INFO] [stdout] help: if you meant to clone `Row<'_>`, implement `Clone` for it
[INFO] [stdout]    --> /opt/rustwide/cargo-home/registry/src/index.crates.io-6f17d22bba15001f/rusqlite-0.28.0/src/row.rs:243:1
[INFO] [stdout]     |
[INFO] [stdout] 243 + #[derive(Clone)]
[INFO] [stdout] 244 | pub struct Row<'stmt> {
[INFO] [stdout]     |
[INFO] [stdout] 
[INFO] [stdout] 
[INFO] [stderr]     Finished `test` profile [unoptimized + debuginfo] target(s) in 8.85s
[INFO] running `Command { std: "docker" "inspect" "b21388eb74265d149d27e3451160c78d967d347e0899b1c324227f84724437ca", kill_on_drop: false }`
[INFO] running `Command { std: "docker" "rm" "-f" "b21388eb74265d149d27e3451160c78d967d347e0899b1c324227f84724437ca", kill_on_drop: false }`
[INFO] [stdout] b21388eb74265d149d27e3451160c78d967d347e0899b1c324227f84724437ca
[INFO] running `Command { std: "docker" "create" "-v" "/var/lib/crater-agent-workspace/builds/worker-4-tc1/target:/opt/rustwide/target:rw,Z" "-v" "/var/lib/crater-agent-workspace/builds/worker-4-tc1/source:/opt/rustwide/workdir:ro,Z" "-v" "/var/lib/crater-agent-workspace/cargo-home:/opt/rustwide/cargo-home:ro,Z" "-v" "/var/lib/crater-agent-workspace/rustup-home:/opt/rustwide/rustup-home:ro,Z" "-e" "SOURCE_DIR=/opt/rustwide/workdir" "-e" "CARGO_TARGET_DIR=/opt/rustwide/target" "-e" "CARGO_INCREMENTAL=0" "-e" "RUST_BACKTRACE=full" "-e" "RUSTFLAGS=--cap-lints=warn" "-e" "RUSTDOCFLAGS=--cap-lints=warn" "-e" "CARGO_HOME=/opt/rustwide/cargo-home" "-e" "RUSTUP_HOME=/opt/rustwide/rustup-home" "-w" "/opt/rustwide/workdir" "-m" "1610612736" "--user" "0:0" "--network" "none" "ghcr.io/rust-lang/crates-build-env/linux@sha256:f3a9d4ad9d972b27faf3965f35b62e55ba32bbce8f20bc8fe909558a86702fde" "/opt/rustwide/cargo-home/bin/cargo" "+1.83.0" "test" "--frozen", kill_on_drop: false }`
[INFO] [stdout] 5ac690eaaf59b400ca7ecedff8139e7e843eb567edfca8504e07e04ca7ac3fb2
[INFO] running `Command { std: "docker" "start" "-a" "5ac690eaaf59b400ca7ecedff8139e7e843eb567edfca8504e07e04ca7ac3fb2", kill_on_drop: false }`
[INFO] [stderr] warning: variable does not need to be mutable
[INFO] [stderr]    --> src/models/cmd_record.rs:100:27
[INFO] [stderr]     |
[INFO] [stderr] 100 |     pub fn update_command(mut self: &mut Self, command: &str) {
[INFO] [stderr]     |                           ----^^^^
[INFO] [stderr]     |                           |
[INFO] [stderr]     |                           help: remove this `mut`
[INFO] [stderr]     |
[INFO] [stderr]     = note: `#[warn(unused_mut)]` on by default
[INFO] [stderr] 
[INFO] [stderr] warning: variable does not need to be mutable
[INFO] [stderr]    --> src/models/cmd_record.rs:104:27
[INFO] [stderr]     |
[INFO] [stderr] 104 |     pub fn increase_usage(mut self: &mut Self) {
[INFO] [stderr]     |                           ----^^^^
[INFO] [stderr]     |                           |
[INFO] [stderr]     |                           help: remove this `mut`
[INFO] [stderr] 
[INFO] [stderr] warning: method `handle_if_match` is never used
[INFO] [stderr]  --> src/traits/cmd_extension.rs:4:8
[INFO] [stderr]   |
[INFO] [stderr] 3 | pub trait CmdExtension {
[INFO] [stderr]   |           ------------ method in this trait
[INFO] [stderr] 4 |     fn handle_if_match(
[INFO] [stderr]   |        ^^^^^^^^^^^^^^^
[INFO] [stderr]   |
[INFO] [stderr]   = note: `#[warn(dead_code)]` on by default
[INFO] [stderr] 
[INFO] [stderr] warning: method `group_and_sum_count` is never used
[INFO] [stderr]   --> src/models/cmd_record.rs:20:8
[INFO] [stderr]    |
[INFO] [stderr] 17 | pub trait CmdRecordIterable {
[INFO] [stderr]    |           ----------------- method in this trait
[INFO] [stderr] ...
[INFO] [stderr] 20 |     fn group_and_sum_count<K: Hash + Eq + Clone>(
[INFO] [stderr]    |        ^^^^^^^^^^^^^^^^^^^
[INFO] [stderr] 
[INFO] [stderr] warning: call to `.clone()` on a reference in this situation does nothing
[INFO] [stderr]    --> src/services/cmd_service_sql.rs:179:56
[INFO] [stderr]     |
[INFO] [stderr] 179 |             .query_map([], |row| Ok(CmdRecord::from(row.clone())))
[INFO] [stderr]     |                                                        ^^^^^^^^
[INFO] [stderr]     |
[INFO] [stderr]     = note: the type `Row<'_>` does not implement `Clone`, so calling `clone` on `&Row<'_>` copies the reference, which does not do anything and can be removed
[INFO] [stderr]     = note: `#[warn(noop_method_call)]` on by default
[INFO] [stderr] help: remove this redundant call
[INFO] [stderr]     |
[INFO] [stderr] 179 -             .query_map([], |row| Ok(CmdRecord::from(row.clone())))
[INFO] [stderr] 179 +             .query_map([], |row| Ok(CmdRecord::from(row)))
[INFO] [stderr]     |
[INFO] [stderr] help: if you meant to clone `Row<'_>`, implement `Clone` for it
[INFO] [stderr]    --> /opt/rustwide/cargo-home/registry/src/index.crates.io-6f17d22bba15001f/rusqlite-0.28.0/src/row.rs:243:1
[INFO] [stderr]     |
[INFO] [stderr] 243 + #[derive(Clone)]
[INFO] [stderr] 244 | pub struct Row<'stmt> {
[INFO] [stderr]     |
[INFO] [stderr] 
[INFO] [stderr] warning: `cmd` (bin "cmd" test) generated 5 warnings (run `cargo fix --bin "cmd" --tests` to apply 3 suggestions)
[INFO] [stderr]     Finished `test` profile [unoptimized + debuginfo] target(s) in 0.40s
[INFO] [stderr]      Running unittests src/main.rs (/opt/rustwide/target/debug/deps/cmd-1359786afe1b0fd2)
[INFO] [stdout] 
[INFO] [stdout] running 19 tests
[INFO] [stdout] test tests::all_tests::test_cursor ... ok
[INFO] [stdout] [0m[38;2;128;128;128m
[INFO] [stdout] src/tests/cmd_service_test.rs:(41):Run once
[INFO] [stdout] [0m[30m[0m[38;2;128;128;128m
[INFO] [stdout] src/services/cmd_service_csv.rs:(148):Updating [CmdRecord { id: 1, command: "git log", used_times: 0 }, CmdRecord { id: 2, command: "git branch", used_times: 0 }, CmdRecord { id: 3, command: "git commit -m {}", used_times: 0 }] with CmdRecord { id: 3, command: "git commit -m \"this is a test\"", used_times: 2 }
[INFO] [stdout] [0m[30m[0m[32m
[INFO] [stdout] Updated: {"git branch": [CmdRecord { id: 2, command: "git branch", used_times: 0 }], "git commit -m {}": [CmdRecord { id: 3, command: "git commit -m {}", used_times: 0 }], "git commit -m \"this is a test\"": [CmdRecord { id: 3, command: "git commit -m \"this is a test\"", used_times: 2 }], "git log": [CmdRecord { id: 1, command: "git log", used_times: 0 }]}
[INFO] [stdout] [0m[30m[0m[38;2;128;128;128m
[INFO] [stdout] src/tests/cmd_service_test.rs:(68):Run twice
[INFO] [stdout] [0m[30m[0m[38;2;128;128;128m
[INFO] [stdout] src/services/cmd_service_csv.rs:(130):Record does not exist, updating with record
[INFO] [stdout] [0m[30m[0m[32m
[INFO] [stdout] Updated: [CmdRecord { id: 3, command: "git commit -m \"this is a test\"", used_times: 3 }, CmdRecord { id: 1, command: "git log", used_times: 0 }, CmdRecord { id: 2, command: "git branch", used_times: 0 }, CmdRecord { id: 3, command: "git commit -m {}", used_times: 0 }]
[INFO] [stdout] [0m[30m[0m[38;2;128;128;128m
[INFO] [stdout] src/services/cmd_service_sql.rs:(175):SQL: SELECT id, command, used_times FROM cmd  WHERE  command LIKE '%ls%'
[INFO] [stdout] [0m[30m[0m[38;2;128;128;128m
[INFO] [stdout] src/tests/cmd_service_test.rs:(119):Commands: [CmdRecord { id: 2, command: "ls -l", used_times: 0 }]
[INFO] [stdout] [0m[30mtest tests::cmd_service_test::it_works ... ok
[INFO] [stdout] [0m[38;2;128;128;128m
[INFO] [stdout] src/services/cmd_service_sql.rs:(175):SQL: SELECT id, command, used_times FROM cmd
[INFO] [stdout] [0m[30m[0m[38;2;128;128;128m
[INFO] [stdout] src/tests/cmd_service_test.rs:(99):Commands: [CmdRecord { id: 1, command: "git log", used_times: 0 }, CmdRecord { id: 2, command: "git branch", used_times: 0 }, CmdRecord { id: 3, command: "git commit -m {}", used_times: 0 }]
[INFO] [stdout] [0m[30m[0m[38;2;128;128;128m
[INFO] [stdout] src/tests/all_tests.rs:(85):Pick a choice
[INFO] [stdout] [0m[30m[0m[38;2;128;128;128m
[INFO] [stdout] src/tests/all_tests.rs:(88):- Get recently used
[INFO] [stdout] [0m[30m[0m[38;2;128;128;128m
[INFO] [stdout] src/tests/all_tests.rs:(88):- Get all
[INFO] [stdout] [0m[30m[0m[38;2;128;128;128m
[INFO] [stdout] src/services/cmd_service_sql.rs:(175):SQL: SELECT id, command, used_times FROM cmd  WHERE  used_times > 0
[INFO] [stdout] [0m[30m[0m[38;2;128;128;128m
[INFO] [stdout] src/services/cmd_service_sql.rs:(175):SQL: SELECT id, command, used_times FROM cmd  WHERE  command LIKE '%%'
[INFO] [stdout] test tests::cmd_service_test::cmd_service_sql_test2 ... ok
[INFO] [stdout] test tests::cmd_service_test::cmd_service_sql_test1 ... ok
[INFO] [stdout] [0m[0m[38;2;128;128;128m
[INFO] [stdout] src/services/cmd_service_sql.rs:(175):SQL: SELECT id, command, used_times FROM cmd  WHERE  command LIKE '%git%'  AND  used_times > 0
[INFO] [stdout] [0m[30m[0m[38;2;128;128;128m
[INFO] [stdout] src/services/cmd_service_sql.rs:(175):SQL: SELECT id, command, used_times FROM cmd  WHERE  command LIKE '%git%'
[INFO] [stdout] [0m[30m[0m[38;2;128;128;128m
[INFO] [stdout] src/services/file_manager.rs:(78):Creating file: ./tmp/test.csv
[INFO] [stdout] [0m[30m[0m[38;2;128;128;128m
[INFO] [stdout] src/tests/cmd_git_ext_test.rs:(72):Select an option:
[INFO] [stdout] [0m[30m[0m[38;2;128;128;128m
[INFO] [stdout] src/tests/cmd_git_ext_test.rs:(75):- git log
[INFO] [stdout] [0m[30m[0m[38;2;128;128;128m
[INFO] [stdout] src/tests/cmd_git_ext_test.rs:(75):- git checkout {} && git pull --rebase && git checkout {} && git merge {}
[INFO] [stdout] [0m[30m[0m[38;2;128;128;128m
[INFO] [stdout] src/tests/cmd_git_ext_test.rs:(75):- git checkout {} && git pull --rebase && git checkout {}
[INFO] [stdout] [0m[30m[0m[38;2;128;128;128m
[INFO] [stdout] src/services/cmd_service_sql.rs:(175):SQL: SELECT id, command, used_times FROM cmd  WHERE  command LIKE '%git%'  AND  used_times > 0
[INFO] [stdout] [0m[30m[0m[32m
[INFO] [stdout] Completed successfully.
[INFO] [stdout] [0m[30m[30m[0m[38;2;128;128;128m
[INFO] [stdout] src/services/cmd_service_sql.rs:(79):Saving! git log, 0
[INFO] [stdout] [0m[30mtest tests::all_tests::it_works ... ok
[INFO] [stdout] [0m[38;2;128;128;128m
[INFO] [stdout] src/services/cmd_service_sql.rs:(175):SQL: SELECT id, command, used_times FROM cmd  WHERE  command LIKE '%ls%'
[INFO] [stdout] [0m[30m[0m[38;2;128;128;128m
[INFO] [stdout] src/tests/cmd_service_test.rs:(139):Commands: [CmdRecord { id: 2, command: "ls -l", used_times: 0 }]
[INFO] [stdout] [0m[30m[0m[38;2;128;128;128m
[INFO] [stdout] src/services/cmd_service_sql.rs:(175):SQL: SELECT id, command, used_times FROM cmd  WHERE  command LIKE '%ls%'
[INFO] [stdout] [0m[30m[0m[38;2;128;128;128m
[INFO] [stdout] src/tests/cmd_service_test.rs:(154):Commands (after update): [CmdRecord { id: 2, command: "ls -l", used_times: 1 }]
[INFO] [stdout] [0m[30m[0m[38;2;128;128;128m
[INFO] [stdout] src/services/cmd_service_sql.rs:(175):SQL: SELECT id, command, used_times FROM cmd  WHERE  command LIKE '%git%'  AND  used_times > 0
[INFO] [stdout] [0m[30m[0m[38;2;128;128;128m
[INFO] [stdout] src/services/cmd_service_sql.rs:(175):SQL: SELECT id, command, used_times FROM cmd  WHERE  command LIKE '%git%'
[INFO] [stdout] [0m[30m[0m[38;2;128;128;128m
[INFO] [stdout] src/tests/all_tests.rs:(85):Select an option:
[INFO] [stdout] [0m[30m[0m[38;2;128;128;128m
[INFO] [stdout] src/tests/all_tests.rs:(88):- git log
[INFO] [stdout] [0m[30m[0m[38;2;128;128;128m
[INFO] [stdout] src/tests/all_tests.rs:(88):- git branch
[INFO] [stdout] [0m[30m[0m[38;2;128;128;128m
[INFO] [stdout] src/tests/all_tests.rs:(88):- git commit -m {}
[INFO] [stdout] [0m[30m[0m[38;2;128;128;128m
[INFO] [stdout] src/services/cmd_service_sql.rs:(175):SQL: SELECT id, command, used_times FROM cmd  WHERE  command LIKE '%git%'  AND  used_times > 0
[INFO] [stdout] [0m[30m[0m[32m
[INFO] [stdout] Running command git
[INFO] [stdout] [0m[30mtest tests::cmd_service_test::cmd_service_sql_add ... ok
[INFO] [stdout] test tests::cmd_service_test::migrate_cvs_test_prod ... FAILED
[INFO] [stdout] test tests::all_tests::add_command_test ... ok
[INFO] [stdout] [0m[38;2;128;128;128m
[INFO] [stdout] src/services/cmd_service_sql.rs:(79):Saving! git branch, 4
[INFO] [stdout] [0m[30m[0m[38;2;128;128;128m
[INFO] [stdout] src/tests/all_tests.rs:(85):Select an option:
[INFO] [stdout] [0m[30m[0m[38;2;128;128;128m
[INFO] [stdout] src/tests/all_tests.rs:(88):- git log
[INFO] [stdout] [0m[30m[0m[38;2;128;128;128m
[INFO] [stdout] src/tests/all_tests.rs:(88):- git branch
[INFO] [stdout] [0m[30m[0m[38;2;128;128;128m
[INFO] [stdout] src/tests/all_tests.rs:(88):- git commit -m {}
[INFO] [stdout] [0m[30m[0m[38;2;128;128;128m
[INFO] [stdout] src/services/cmd_service_sql.rs:(175):SQL: SELECT id, command, used_times FROM cmd  WHERE  used_times > 0
[INFO] [stdout] [0m[30m[0m[38;2;128;128;128m
[INFO] [stdout] src/services/cmd_service_sql.rs:(79):Saving! git commit -m {}, 1
[INFO] [stdout] [0m[30m[0m[38;2;128;128;128m
[INFO] [stdout] src/services/cmd_service_sql.rs:(71):In cache! git commit -m {}, 1
[INFO] [stdout] [0m[30m[0m[38;2;128;128;128m
[INFO] [stdout] src/services/cmd_service_sql.rs:(73):After update! git commit -m {}, 2
[INFO] [stdout] [0m[30m[0m[38;2;128;128;128m
[INFO] [stdout] src/services/cmd_service_sql.rs:(79):Saving! git commit -m {}, 2
[INFO] [stdout] [0m[30m[0m[38;2;128;128;128m
[INFO] [stdout] src/services/cmd_service_sql.rs:(71):In cache! git commit -m {}, 1
[INFO] [stdout] [0m[30m[0m[38;2;128;128;128m
[INFO] [stdout] src/services/cmd_service_sql.rs:(73):After update! git commit -m {}, 3
[INFO] [stdout] [0m[30m[0m[38;2;128;128;128m
[INFO] [stdout] src/services/cmd_service_sql.rs:(79):Saving! git commit -m {}, 3
[INFO] [stdout] [0m[30m[0m[38;2;128;128;128m
[INFO] [stdout] src/services/cmd_service_sql.rs:(97):Saving! git log, 0
[INFO] [stdout] [0m[30m[0m[38;2;128;128;128m
[INFO] [stdout] src/services/cmd_service_sql.rs:(97):Saving! git branch, 4
[INFO] [stdout] [0m[30m[0m[38;2;128;128;128m
[INFO] [stdout] src/services/cmd_service_sql.rs:(97):Saving! git commit -m {}, 1
[INFO] [stdout] [0m[30m[0m[38;2;128;128;128m
[INFO] [stdout] src/services/cmd_service_sql.rs:(97):Saving! git commit -m {}, 2
[INFO] [stdout] [0m[30m[0m[38;2;128;128;128m
[INFO] [stdout] src/services/cmd_service_sql.rs:(97):Saving! git commit -m {}, 3
[INFO] [stdout] [0m[30m[0m[38;2;128;128;128m
[INFO] [stdout] src/services/cmd_service_sql.rs:(175):SQL: SELECT id, command, used_times FROM cmd
[INFO] [stdout] [0m[30m[0m[38;2;128;128;128m
[INFO] [stdout] src/tests/cmd_service_test.rs:(239):Commands: [CmdRecord { id: 6, command: "git log", used_times: 0 }, CmdRecord { id: 7, command: "git branch", used_times: 4 }, CmdRecord { id: 10, command: "git commit -m {}", used_times: 3 }]
[INFO] [stdout] [0m[30m[0m[38;2;128;128;128m
[INFO] [stdout] src/services/cmd_service_sql.rs:(175):SQL: SELECT id, command, used_times FROM cmd  WHERE  command LIKE '%git%'  AND  used_times > 0
[INFO] [stdout] [0m[30m[0m[38;2;128;128;128m
[INFO] [stdout] src/services/cmd_service_sql.rs:(175):SQL: SELECT id, command, used_times FROM cmd  WHERE  command LIKE '%git%'
[INFO] [stdout] [0m[30m[0m[38;2;128;128;128m
[INFO] [stdout] src/tests/all_tests.rs:(85):Select an option:
[INFO] [stdout] [0m[30m[0m[38;2;128;128;128m
[INFO] [stdout] src/tests/all_tests.rs:(88):- git log
[INFO] [stdout] [0m[30m[0m[38;2;128;128;128m
[INFO] [stdout] src/tests/all_tests.rs:(88):- git branch
[INFO] [stdout] [0m[30m[0m[38;2;128;128;128m
[INFO] [stdout] src/tests/all_tests.rs:(88):- git commit -m {}
[INFO] [stdout] [0m[30m[0m[38;2;128;128;128m
[INFO] [stdout] src/services/cmd_service_sql.rs:(175):SQL: SELECT id, command, used_times FROM cmd  WHERE  command LIKE '%git%'  AND  used_times > 0
[INFO] [stdout] [0m[30mtest tests::cmd_service_test::migrate_cvs_test ... ok
[INFO] [stdout] [0m[38;2;128;128;128m
[INFO] [stdout] src/services/cmd_service_sql.rs:(175):SQL: SELECT id, command, used_times FROM cmd  WHERE  command LIKE '%git%'
[INFO] [stdout] [0m[30m[0m[38;2;128;128;128m
[INFO] [stdout] src/tests/cmd_service_test.rs:(184):Commands: [CmdRecord { id: 9, command: "git log", used_times: 9 }]
[INFO] [stdout] [0m[30mtest tests::cmd_service_test::cmd_service_sql_insert ... ok
[INFO] [stdout] [0m[38;2;128;128;128m
[INFO] [stdout] src/services/cmd_service_sql.rs:(175):SQL: SELECT id, command, used_times FROM cmd  WHERE  command LIKE '%git%'  AND  used_times > 0
[INFO] [stdout] [0m[30m[0m[38;2;128;128;128m
[INFO] [stdout] src/services/cmd_service_sql.rs:(175):SQL: SELECT id, command, used_times FROM cmd  WHERE  command LIKE '%git%'
[INFO] [stdout] [0m[30m[0m[38;2;128;128;128m
[INFO] [stdout] src/tests/cmd_git_ext_test.rs:(72):Select an option:
[INFO] [stdout] [0m[30m[0m[38;2;128;128;128m
[INFO] [stdout] src/tests/cmd_git_ext_test.rs:(75):- git log
[INFO] [stdout] [0m[30m[0m[38;2;128;128;128m
[INFO] [stdout] src/tests/cmd_git_ext_test.rs:(75):- git checkout {} && git pull --rebase && git checkout {} && git merge {}
[INFO] [stdout] [0m[30m[0m[38;2;128;128;128m
[INFO] [stdout] src/tests/cmd_git_ext_test.rs:(75):- git commit -m {}
[INFO] [stdout] [0m[30m[0m[38;2;128;128;128m
[INFO] [stdout] src/services/cmd_service_sql.rs:(175):SQL: SELECT id, command, used_times FROM cmd  WHERE  command LIKE '%git%'  AND  used_times > 0
[INFO] [stdout] [0m[30m[0m[38;2;128;128;128m
[INFO] [stdout] src/cmd/cmd_get.rs:(186):Executing 'git log'!
[INFO] [stdout] [0m[30m[0m[32m
[INFO] [stdout] Running command git log
[INFO] [stdout] [0m[30m[0m[32m
[INFO] [stdout] Finalized successfully
[INFO] [stdout] [0m[30m[0m[38;2;128;128;128m
[INFO] [stdout] src/services/cmd_service_sql.rs:(175):SQL: SELECT id, command, used_times FROM cmd
[INFO] [stdout] [0m[30m[0m[38;2;128;128;128m
[INFO] [stdout] src/services/file_manager.rs:(54):Saving settings to: /root/.cmd
[INFO] [stdout] [0m[30m[0m[38;2;128;128;128m
[INFO] [stdout] src/services/file_manager.rs:(54):Saving settings to: /root/.cmd
[INFO] [stdout] [0m[30m[0m[38;2;128;128;128m
[INFO] [stdout] src/services/file_manager.rs:(102):Opening: /root/.cmd/cmd_used.csv
[INFO] [stdout] [0m[30m[0m[38;2;128;128;128m
[INFO] [stdout] src/cmd/cmd_get.rs:(221):Fill placeholders
[INFO] [stdout] [0m[30m[0m[38;2;128;128;128m
[INFO] [stdout] src/cmd/cmd_get.rs:(186):Executing 'git checkout git && git pull --rebase && git checkout git'!
[INFO] [stdout] [0m[30m[0m[32m
[INFO] [stdout] Running command git checkout git && git pull --rebase && git checkout git
[INFO] [stdout] [0m[30m[0m[32m
[INFO] [stdout] Finalized successfully
[INFO] [stdout] [0m[30m[0m[38;2;128;128;128m
[INFO] [stdout] src/services/cmd_service_sql.rs:(175):SQL: SELECT id, command, used_times FROM cmd
[INFO] [stdout] [0m[30m[0m[38;2;128;128;128m
[INFO] [stdout] src/tests/cmd_git_ext_test.rs:(143):Captures: ["git log", "git checkout {} && git pull --rebase && git checkout {} && git merge {}", "git checkout {} && git pull --rebase && git checkout {}"]
[INFO] [stdout] [0m[30m[0m[38;2;128;128;128m
[INFO] [stdout] src/tests/all_tests.rs:(155):Captures: ["git log", "git branch", "git commit -m {}"]
[INFO] [stdout] [0m[30mtest tests::all_tests::clean_used ... FAILED
[INFO] [stdout] test tests::cmd_git_ext_test::test_git_ext_2 ... ok
[INFO] [stdout] test tests::all_tests::get_command_test ... ok
[INFO] [stdout] [0m[38;2;128;128;128m
[INFO] [stdout] src/cmd/cmd_get.rs:(221):Fill placeholders
[INFO] [stdout] [0m[30m[0m[38;2;128;128;128m
[INFO] [stdout] src/cmd/cmd_get.rs:(186):Executing 'git checkout git && git pull --rebase && git checkout git && git merge git'!
[INFO] [stdout] [0m[30m[0m[32m
[INFO] [stdout] Running command git checkout git && git pull --rebase && git checkout git && git merge git
[INFO] [stdout] [0m[30m[0m[32m
[INFO] [stdout] Finalized successfully
[INFO] [stdout] [0m[30m[0m[38;2;128;128;128m
[INFO] [stdout] src/services/cmd_service_sql.rs:(175):SQL: SELECT id, command, used_times FROM cmd
[INFO] [stdout] [0m[30m[0m[38;2;128;128;128m
[INFO] [stdout] src/tests/cmd_git_ext_test.rs:(119):Captures: ["git log", "git checkout {} && git pull --rebase && git checkout {} && git merge {}", "git commit -m {}"]
[INFO] [stdout] [0m[30mtest tests::cmd_git_ext_test::test_git_ext ... ok
[INFO] [stdout] [0m[38;2;128;128;128m
[INFO] [stdout] src/cmd/cmd_get.rs:(221):Fill placeholders
[INFO] [stdout] [0m[30m[0m[0m[38;2;128;128;128m
[INFO] [stdout] src/cmd/cmd_get.rs:(186):Executing 'git commit -m git'!
[INFO] [stdout] [0m[30m[38;2;128;128;128m
[INFO] [stdout] src/tests/all_tests.rs:(85):Pick a choice
[INFO] [stdout] [0m[30m[0m[38;2;128;128;128m
[INFO] [stdout] src/tests/all_tests.rs:(88):- Get recently used
[INFO] [stdout] [0m[30m[0m[38;2;128;128;128m
[INFO] [stdout] src/tests/all_tests.rs:(88):- Get all
[INFO] [stdout] [0m[30m[0m[38;2;128;128;128m
[INFO] [stdout] src/services/cmd_service_sql.rs:(175):SQL: SELECT id, command, used_times FROM cmd  WHERE  used_times > 0
[INFO] [stdout] [0m[30m[0m[38;2;128;128;128m
[INFO] [stdout] src/services/cmd_service_sql.rs:(175):SQL: SELECT id, command, used_times FROM cmd  WHERE  command LIKE '%%'
[INFO] [stdout] [0m[30m[0m[38;2;128;128;128m
[INFO] [stdout] src/tests/all_tests.rs:(85):Select an option:
[INFO] [stdout] [0m[30m[0m[38;2;128;128;128m
[INFO] [stdout] src/tests/all_tests.rs:(88):- git log
[INFO] [stdout] [0m[30m[0m[38;2;128;128;128m
[INFO] [stdout] src/tests/all_tests.rs:(88):- git branch
[INFO] [stdout] [0m[30m[0m[38;2;128;128;128m
[INFO] [stdout] src/tests/all_tests.rs:(88):- git commit -m {}
[INFO] [stdout] [0m[30m[0m[38;2;128;128;128m
[INFO] [stdout] src/services/cmd_service_sql.rs:(175):SQL: SELECT id, command, used_times FROM cmd  WHERE  used_times > 0
[INFO] [stdout] [0m[30m[0m[38;2;128;128;128m
[INFO] [stdout] src/cmd/cmd_get.rs:(186):Executing 'git log'!
[INFO] [stdout] [0m[30m[0m[32m
[INFO] [stdout] Running command git log
[INFO] [stdout] [0m[30m[0m[32m
[INFO] [stdout] Finalized successfully
[INFO] [stdout] [0m[30m[0m[38;2;128;128;128m
[INFO] [stdout] src/services/cmd_service_sql.rs:(175):SQL: SELECT id, command, used_times FROM cmd
[INFO] [stdout] [0m[30m[0m[38;2;128;128;128m
[INFO] [stdout] src/tests/all_tests.rs:(188):Captures: ["git log", "git branch", "git commit -m {}"]
[INFO] [stdout] [0m[30m[0mtest tests::all_tests::get_command_test_2 ... [0m[32m
[INFO] [stdout] Running command git commit -m git
[INFO] [stdout] [0m[30mok
[INFO] [stdout] [0m[32m
[INFO] [stdout] Finalized successfully
[INFO] [stdout] [38;2;128;128;128m[0m[30m
[INFO] [stdout] src/services/cmd_service_sql.rs:(175):SQL: SELECT id, command, used_times FROM cmd  WHERE  command LIKE '%git%'  AND  used_times > 0
[INFO] [stdout] [0m[30m[0m[38;2;128;128;128m
[INFO] [stdout] src/services/cmd_service_sql.rs:(175):SQL: SELECT id, command, used_times FROM cmd
[INFO] [stdout] [0m[30m[0m[38;2;128;128;128m
[INFO] [stdout] src/services/cmd_service_sql.rs:(175):SQL: SELECT id, command, used_times FROM cmd  WHERE  command LIKE '%git%'
[INFO] [stdout] [0m[30m[0m[38;2;128;128;128m
[INFO] [stdout] src/tests/all_tests.rs:(85):Select an option:
[INFO] [stdout] [0m[30m[0m[38;2;128;128;128m
[INFO] [stdout] src/tests/all_tests.rs:(88):- git log
[INFO] [stdout] [0m[30m[0m[38;2;128;128;128m
[INFO] [stdout] src/tests/all_tests.rs:(88):- git branch
[INFO] [stdout] [0m[30m[0m[38;2;128;128;128m
[INFO] [stdout] src/tests/all_tests.rs:(88):- git commit -m {}
[INFO] [stdout] [0m[30m[0m[38;2;128;128;128m
[INFO] [stdout] src/services/cmd_service_sql.rs:(175):SQL: SELECT id, command, used_times FROM cmd  WHERE  command LIKE '%git%'  AND  used_times > 0
[INFO] [stdout] [0m[30m[0m[38;2;128;128;128m
[INFO] [stdout] src/cmd/cmd_get.rs:(186):Executing 'git log'!
[INFO] [stdout] [0m[30m[0m[32m
[INFO] [stdout] Running command git log
[INFO] [stdout] [0m[30m[0m[32m
[INFO] [stdout] Finalized successfully
[INFO] [stdout] [0m[30m[0m[38;2;128;128;128m
[INFO] [stdout] src/services/cmd_service_sql.rs:(175):SQL: SELECT id, command, used_times FROM cmd
[INFO] [stdout] [0m[30m[0m[38;2;128;128;128m
[INFO] [stdout] src/services/cmd_service_sql.rs:(175):SQL: SELECT id, command, used_times FROM cmd  WHERE  command LIKE '%%'
[INFO] [stdout] [0m[30m[0m[38;2;128;128;128m
[INFO] [stdout] src/tests/all_tests.rs:(342):[CmdRecord { id: 1, command: "git log", used_times: 1 }, CmdRecord { id: 2, command: "git branch", used_times: 0 }, CmdRecord { id: 3, command: "git commit -m {}", used_times: 0 }]
[INFO] [stdout] [0m[30m[0m[38;2;128;128;128m
[INFO] [stdout] src/services/cmd_service_sql.rs:(175):SQL: SELECT id, command, used_times FROM cmd  WHERE  used_times > 0
[INFO] [stdout] [0m[30m[0m[38;2;128;128;128m
[INFO] [stdout] src/tests/all_tests.rs:(343):[CmdRecord { id: 1, command: "git log", used_times: 1 }]
[INFO] [stdout] [0m[30m[0m[38;2;128;128;128m
[INFO] [stdout] src/services/cmd_service_sql.rs:(175):SQL: SELECT id, command, used_times FROM cmd  WHERE  used_times > 0
[INFO] [stdout] [0m[30m[0m[38;2;128;128;128m
[INFO] [stdout] src/services/cmd_service_sql.rs:(175):SQL: SELECT id, command, used_times FROM cmd  WHERE  command LIKE '%%'
[INFO] [stdout] [0m[30m[0m[38;2;128;128;128m
[INFO] [stdout] src/tests/all_tests.rs:(223):All results: [CmdRecord { id: 1, command: "git log", used_times: 0 }, CmdRecord { id: 2, command: "git branch", used_times: 0 }, CmdRecord { id: 3, command: "git commit -m {}", used_times: 1 }, CmdRecord { id: 4, command: "git commit -m git", used_times: 1 }]
[INFO] [stdout] [0m[30m[0m[38;2;128;128;128m
[INFO] [stdout] src/services/cmd_service_sql.rs:(175):SQL: SELECT id, command, used_times FROM cmd  WHERE  command LIKE '%git%'  AND  used_times > 0
[INFO] [stdout] [0m[30m[0m[38;2;128;128;128m
[INFO] [stdout] src/services/cmd_service_sql.rs:(175):SQL: SELECT id, command, used_times FROM cmd  WHERE  command LIKE '%git%'
[INFO] [stdout] [0m[30m[0m[38;2;128;128;128m
[INFO] [stdout] src/tests/all_tests.rs:(85):Select an option:
[INFO] [stdout] [0m[30m[0m[38;2;128;128;128m
[INFO] [stdout] src/tests/all_tests.rs:(88):- git commit -m {}
[INFO] [stdout] [0m[30m[0m[38;2;128;128;128m
[INFO] [stdout] src/tests/all_tests.rs:(88):- git commit -m git
[INFO] [stdout] [0m[30m[0m[38;2;128;128;128m
[INFO] [stdout] src/tests/all_tests.rs:(88):- git log
[INFO] [stdout] [0m[30m[0m[38;2;128;128;128m
[INFO] [stdout] src/tests/all_tests.rs:(88):- git branch
[INFO] [stdout] [0m[30m[0m[38;2;128;128;128m
[INFO] [stdout] src/tests/all_tests.rs:(206):Option is not preset: ["git commit -m {}", "git commit -m git", "git log", "git branch"]
[INFO] [stdout] [0m[30m[0m[31m
[INFO] [stdout] 2
[INFO] [stdout] [0m[30m[0m[38;2;128;128;128m
[INFO] [stdout] src/services/cmd_service_sql.rs:(175):SQL: SELECT id, command, used_times FROM cmd  WHERE  command LIKE '%git%'  AND  used_times > 0
[INFO] [stdout] [0m[30m[0m[38;2;128;128;128m
[INFO] [stdout] src/cmd/cmd_get.rs:(221):Fill placeholders
[INFO] [stdout] [0m[30m[0m[38;2;128;128;128m
[INFO] [stdout] src/cmd/cmd_get.rs:(186):Executing 'git commit -m git'!
[INFO] [stdout] [0m[30m[0m[32m
[INFO] [stdout] Running command git commit -m git
[INFO] [stdout] [0m[30m[0m[32m
[INFO] [stdout] Finalized successfully
[INFO] [stdout] [0m[30m[0m[38;2;128;128;128m
[INFO] [stdout] src/services/cmd_service_sql.rs:(175):SQL: SELECT id, command, used_times FROM cmd
[INFO] [stdout] [0m[30m[0m[38;2;128;128;128m
[INFO] [stdout] src/services/cmd_service_sql.rs:(175):SQL: SELECT id, command, used_times FROM cmd  WHERE  used_times > 0
[INFO] [stdout] [0m[30m[0m[38;2;128;128;128m
[INFO] [stdout] src/services/cmd_service_sql.rs:(175):SQL: SELECT id, command, used_times FROM cmd  WHERE  command LIKE '%%'
[INFO] [stdout] [0m[30m[0m[38;2;128;128;128m
[INFO] [stdout] src/tests/all_tests.rs:(223):All results: [CmdRecord { id: 1, command: "git log", used_times: 0 }, CmdRecord { id: 2, command: "git branch", used_times: 0 }, CmdRecord { id: 3, command: "git commit -m {}", used_times: 2 }, CmdRecord { id: 5, command: "git commit -m git", used_times: 2 }]
[INFO] [stdout] [0m[30m[0m[38;2;128;128;128m
[INFO] [stdout] src/services/cmd_service_sql.rs:(175):SQL: SELECT id, command, used_times FROM cmd  WHERE  command LIKE '%git%'  AND  used_times > 0
[INFO] [stdout] [0m[30m[0m[38;2;128;128;128m
[INFO] [stdout] src/services/cmd_service_sql.rs:(175):SQL: SELECT id, command, used_times FROM cmd  WHERE  command LIKE '%git%'
[INFO] [stdout] [0m[30m[0m[38;2;128;128;128m
[INFO] [stdout] src/tests/all_tests.rs:(85):Select an option:
[INFO] [stdout] [0m[30m[0m[38;2;128;128;128m
[INFO] [stdout] src/tests/all_tests.rs:(88):- git commit -m {}
[INFO] [stdout] [0m[30m[0m[38;2;128;128;128m
[INFO] [stdout] src/tests/all_tests.rs:(88):- git commit -m git
[INFO] [stdout] [0m[30m[0m[38;2;128;128;128m
[INFO] [stdout] src/tests/all_tests.rs:(88):- git log
[INFO] [stdout] [0m[30m[0m[38;2;128;128;128m
[INFO] [stdout] src/tests/all_tests.rs:(88):- git branch
[INFO] [stdout] [0m[30m[0m[38;2;128;128;128m
[INFO] [stdout] src/tests/all_tests.rs:(206):Option is not preset: ["git commit -m {}", "git commit -m git", "git log", "git branch"]
[INFO] [stdout] [0m[30m[0m[31m
[INFO] [stdout] 2
[INFO] [stdout] [0m[30m[0m[38;2;128;128;128m
[INFO] [stdout] src/services/cmd_service_sql.rs:(175):SQL: SELECT id, command, used_times FROM cmd  WHERE  command LIKE '%git%'  AND  used_times > 0
[INFO] [stdout] [0m[30m[0m[38;2;128;128;128m
[INFO] [stdout] src/cmd/cmd_get.rs:(221):Fill placeholders
[INFO] [stdout] [0m[30m[0m[38;2;128;128;128m
[INFO] [stdout] src/cmd/cmd_get.rs:(186):Executing 'git commit -m git'!
[INFO] [stdout] [0m[30m[0m[32m
[INFO] [stdout] Running command git commit -m git
[INFO] [stdout] [0m[30m[0m[32m
[INFO] [stdout] Finalized successfully
[INFO] [stdout] [0m[30m[0m[38;2;128;128;128m
[INFO] [stdout] src/services/cmd_service_sql.rs:(175):SQL: SELECT id, command, used_times FROM cmd
[INFO] [stdout] [0m[30m[0m[38;2;128;128;128m
[INFO] [stdout] src/services/cmd_service_sql.rs:(175):SQL: SELECT id, command, used_times FROM cmd  WHERE  used_times > 0
[INFO] [stdout] [0m[30mtest tests::all_tests::get_command_test_pattern ... ok
[INFO] [stdout] [0m[38;2;128;128;128m
[INFO] [stdout] src/services/cmd_service_sql.rs:(175):SQL: SELECT id, command, used_times FROM cmd  WHERE  command LIKE '%%'
[INFO] [stdout] [0m[30m[0m[38;2;128;128;128m
[INFO] [stdout] src/tests/all_tests.rs:(223):All results: [CmdRecord { id: 1, command: "git log", used_times: 0 }, CmdRecord { id: 2, command: "git branch", used_times: 0 }, CmdRecord { id: 3, command: "git commit -m {}", used_times: 3 }, CmdRecord { id: 6, command: "git commit -m git", used_times: 3 }]
[INFO] [stdout] [0m[30m[0m[38;2;128;128;128m
[INFO] [stdout] src/services/cmd_service_sql.rs:(175):SQL: SELECT id, command, used_times FROM cmd  WHERE  command LIKE '%git%'  AND  used_times > 0
[INFO] [stdout] [0m[30m[0m[38;2;128;128;128m
[INFO] [stdout] src/services/cmd_service_sql.rs:(175):SQL: SELECT id, command, used_times FROM cmd  WHERE  command LIKE '%git%'
[INFO] [stdout] [0m[30m[0m[38;2;128;128;128m
[INFO] [stdout] src/tests/all_tests.rs:(85):Select an option:
[INFO] [stdout] [0m[30m[0m[38;2;128;128;128m
[INFO] [stdout] src/tests/all_tests.rs:(88):- git commit -m {}
[INFO] [stdout] [0m[30m[0m[38;2;128;128;128m
[INFO] [stdout] src/tests/all_tests.rs:(88):- git commit -m git
[INFO] [stdout] [0m[30m[0m[38;2;128;128;128m
[INFO] [stdout] src/tests/all_tests.rs:(88):- git log
[INFO] [stdout] [0m[30m[0m[38;2;128;128;128m
[INFO] [stdout] src/tests/all_tests.rs:(88):- git branch
[INFO] [stdout] [0m[30m[0m[38;2;128;128;128m
[INFO] [stdout] src/tests/all_tests.rs:(206):Option is not preset: ["git commit -m {}", "git commit -m git", "git log", "git branch"]
[INFO] [stdout] [0m[30m[0m[31m
[INFO] [stdout] 2
[INFO] [stdout] [0m[30m[0m[38;2;128;128;128m
[INFO] [stdout] src/services/cmd_service_sql.rs:(175):SQL: SELECT id, command, used_times FROM cmd  WHERE  command LIKE '%git%'  AND  used_times > 0
[INFO] [stdout] [0m[30m[0m[38;2;128;128;128m
[INFO] [stdout] src/cmd/cmd_get.rs:(221):Fill placeholders
[INFO] [stdout] [0m[30m[0m[38;2;128;128;128m
[INFO] [stdout] src/cmd/cmd_get.rs:(186):Executing 'git commit -m git'!
[INFO] [stdout] [0m[30m[0m[32m
[INFO] [stdout] Running command git commit -m git
[INFO] [stdout] [0m[30m[0m[32m
[INFO] [stdout] Finalized successfully
[INFO] [stdout] [0m[30m[0m[38;2;128;128;128m
[INFO] [stdout] src/services/cmd_service_sql.rs:(175):SQL: SELECT id, command, used_times FROM cmd
[INFO] [stdout] [0m[30m[0m[38;2;128;128;128m
[INFO] [stdout] src/cmd/cmd_get.rs:(221):Fill placeholders
[INFO] [stdout] [0m[30m[0m[38;2;128;128;128m
[INFO] [stdout] src/cmd/cmd_get.rs:(186):Executing 'git commit -m git'!
[INFO] [stdout] [0m[30m[0m[32m
[INFO] [stdout] Running command git commit -m git
[INFO] [stdout] [0m[30m[0m[32m
[INFO] [stdout] Finalized successfully
[INFO] [stdout] [0m[30m[0m[38;2;128;128;128m
[INFO] [stdout] src/services/cmd_service_sql.rs:(175):SQL: SELECT id, command, used_times FROM cmd
[INFO] [stdout] [0m[30m[0m[38;2;128;128;128m
[INFO] [stdout] src/services/cmd_service_sql.rs:(175):SQL: SELECT id, command, used_times FROM cmd  WHERE  used_times > 0
[INFO] [stdout] [0m[30m[0m[38;2;128;128;128m
[INFO] [stdout] src/services/cmd_service_sql.rs:(175):SQL: SELECT id, command, used_times FROM cmd  WHERE  command LIKE '%%'
[INFO] [stdout] [0m[30m[0m[38;2;128;128;128m
[INFO] [stdout] src/tests/all_tests.rs:(223):All results: [CmdRecord { id: 1, command: "git log", used_times: 0 }, CmdRecord { id: 2, command: "git branch", used_times: 0 }, CmdRecord { id: 3, command: "git commit -m {}", used_times: 4 }, CmdRecord { id: 7, command: "git commit -m git", used_times: 4 }]
[INFO] [stdout] [0m[30m[0m[38;2;128;128;128m
[INFO] [stdout] src/services/cmd_service_sql.rs:(175):SQL: SELECT id, command, used_times FROM cmd  WHERE  command LIKE '%git%'  AND  used_times > 0
[INFO] [stdout] [0m[30m[0m[38;2;128;128;128m
[INFO] [stdout] src/services/cmd_service_sql.rs:(175):SQL: SELECT id, command, used_times FROM cmd  WHERE  used_times > 0
[INFO] [stdout] [0m[30m[0m[38;2;128;128;128m
[INFO] [stdout] src/services/cmd_service_sql.rs:(175):SQL: SELECT id, command, used_times FROM cmd  WHERE  command LIKE '%%'
[INFO] [stdout] [0m[0m[30m[38;2;128;128;128m
[INFO] [stdout] src/services/cmd_service_sql.rs:(175):SQL: SELECT id, command, used_times FROM cmd  WHERE  command LIKE '%git%'
[INFO] [stdout] [0m[30m[0m[38;2;128;128;128m
[INFO] [stdout] src/tests/all_tests.rs:(294):All results: [CmdRecord { id: 1, command: "git log", used_times: 0 }, CmdRecord { id: 2, command: "git branch", used_times: 0 }, CmdRecord { id: 3, command: "git commit -m {}", used_times: 1 }, CmdRecord { id: 4, command: "git commit -m git", used_times: 1 }]
[INFO] [stdout] [0m[30m[0m[38;2;128;128;128m
[INFO] [stdout] src/tests/all_tests.rs:(85):Pick a choice
[INFO] [stdout] [0m[30m[0m[38;2;128;128;128m
[INFO] [stdout] src/tests/all_tests.rs:(88):- Get recently used
[INFO] [stdout] [0m[30m[0m[38;2;128;128;128m
[INFO] [stdout] src/tests/all_tests.rs:(88):- Get all
[INFO] [stdout] [0m[30m[0m[38;2;128;128;128m
[INFO] [stdout] src/services/cmd_service_sql.rs:(175):SQL: SELECT id, command, used_times FROM cmd  WHERE  used_times > 0
[INFO] [stdout] [0m[30m[0m[38;2;128;128;128m
[INFO] [stdout] src/services/cmd_service_sql.rs:(175):SQL: SELECT id, command, used_times FROM cmd  WHERE  command LIKE '%%'
[INFO] [stdout] [0m[30m[0m[38;2;128;128;128m
[INFO] [stdout] src/tests/all_tests.rs:(85):Select an option:
[INFO] [stdout] [0m[30m[0m[38;2;128;128;128m
[INFO] [stdout] src/tests/all_tests.rs:(88):- git commit -m {}
[INFO] [stdout] [0m[30m[0m[38;2;128;128;128m
[INFO] [stdout] src/tests/all_tests.rs:(88):- git commit -m git
[INFO] [stdout] [0m[30m[0m[38;2;128;128;128m
[INFO] [stdout] src/tests/all_tests.rs:(88):- git log
[INFO] [stdout] [0m[30m[0m[38;2;128;128;128m
[INFO] [stdout] src/tests/all_tests.rs:(88):- git branch
[INFO] [stdout] [0m[30m[0m[38;2;128;128;128m
[INFO] [stdout] src/tests/all_tests.rs:(273):Option is not preset: ["git commit -m {}", "git commit -m git", "git log", "git branch"]
[INFO] [stdout] [0m[30m[0m[31m
[INFO] [stdout] 2
[INFO] [stdout] [0m[30m[0m[38;2;128;128;128m
[INFO] [stdout] src/services/cmd_service_sql.rs:(175):SQL: SELECT id, command, used_times FROM cmd  WHERE  used_times > 0
[INFO] [stdout] [0m[30m[0m[38;2;128;128;128m
[INFO] [stdout] src/cmd/cmd_get.rs:(221):Fill placeholders
[INFO] [stdout] [0m[30m[0m[38;2;128;128;128m
[INFO] [stdout] src/cmd/cmd_get.rs:(186):Executing 'git commit -m git'!
[INFO] [stdout] [0m[30m[0m[32m
[INFO] [stdout] Running command git commit -m git
[INFO] [stdout] [0m[30m[0m[32m
[INFO] [stdout] Finalized successfully
[INFO] [stdout] [0m[30m[0m[38;2;128;128;128m
[INFO] [stdout] src/services/cmd_service_sql.rs:(175):SQL: SELECT id, command, used_times FROM cmd
[INFO] [stdout] [0m[30m[0m[38;2;128;128;128m
[INFO] [stdout] src/services/cmd_service_sql.rs:(175):SQL: SELECT id, command, used_times FROM cmd  WHERE  used_times > 0
[INFO] [stdout] [0m[30m[0m[38;2;128;128;128m
[INFO] [stdout] src/services/cmd_service_sql.rs:(175):SQL: SELECT id, command, used_times FROM cmd  WHERE  command LIKE '%%'
[INFO] [stdout] [0m[30m[0m[38;2;128;128;128m
[INFO] [stdout] src/tests/all_tests.rs:(294):All results: [CmdRecord { id: 1, command: "git log", used_times: 0 }, CmdRecord { id: 2, command: "git branch", used_times: 0 }, CmdRecord { id: 3, command: "git commit -m {}", used_times: 2 }, CmdRecord { id: 5, command: "git commit -m git", used_times: 2 }]
[INFO] [stdout] [0m[30m[0m[38;2;128;128;128m
[INFO] [stdout] src/tests/all_tests.rs:(85):Pick a choice
[INFO] [stdout] [0m[30m[0m[38;2;128;128;128m
[INFO] [stdout] src/tests/all_tests.rs:(88):- Get recently used
[INFO] [stdout] [0m[30m[0m[38;2;128;128;128m
[INFO] [stdout] src/tests/all_tests.rs:(88):- Get all
[INFO] [stdout] [0m[30m[0m[38;2;128;128;128m
[INFO] [stdout] src/services/cmd_service_sql.rs:(175):SQL: SELECT id, command, used_times FROM cmd  WHERE  used_times > 0
[INFO] [stdout] [0m[30m[0m[38;2;128;128;128m
[INFO] [stdout] src/services/cmd_service_sql.rs:(175):SQL: SELECT id, command, used_times FROM cmd  WHERE  command LIKE '%%'
[INFO] [stdout] [0m[30m[0m[38;2;128;128;128m
[INFO] [stdout] src/tests/all_tests.rs:(85):Select an option:
[INFO] [stdout] [0m[30m[0m[38;2;128;128;128m
[INFO] [stdout] src/tests/all_tests.rs:(88):- git commit -m {}
[INFO] [stdout] [0m[30m[0m[38;2;128;128;128m
[INFO] [stdout] src/tests/all_tests.rs:(88):- git commit -m git
[INFO] [stdout] [0m[30m[0m[38;2;128;128;128m
[INFO] [stdout] src/tests/all_tests.rs:(88):- git log
[INFO] [stdout] [0m[30m[0m[38;2;128;128;128m
[INFO] [stdout] src/tests/all_tests.rs:(88):- git branch
[INFO] [stdout] [0m[30m[0m[38;2;128;128;128m
[INFO] [stdout] src/tests/all_tests.rs:(273):Option is not preset: ["git commit -m {}", "git commit -m git", "git log", "git branch"]
[INFO] [stdout] [0m[30m[0m[31m
[INFO] [stdout] 2
[INFO] [stdout] [0m[30m[0m[38;2;128;128;128m
[INFO] [stdout] src/services/cmd_service_sql.rs:(175):SQL: SELECT id, command, used_times FROM cmd  WHERE  used_times > 0
[INFO] [stdout] [0m[30m[0m[38;2;128;128;128m
[INFO] [stdout] src/cmd/cmd_get.rs:(221):Fill placeholders
[INFO] [stdout] [0m[30m[0m[38;2;128;128;128m
[INFO] [stdout] src/cmd/cmd_get.rs:(186):Executing 'git commit -m git'!
[INFO] [stdout] [0m[30m[0m[32m
[INFO] [stdout] Running command git commit -m git
[INFO] [stdout] [0m[30m[0m[32m
[INFO] [stdout] Finalized successfully
[INFO] [stdout] [0m[30m[0m[38;2;128;128;128m
[INFO] [stdout] src/services/cmd_service_sql.rs:(175):SQL: SELECT id, command, used_times FROM cmd
[INFO] [stdout] [0m[30m[0m[38;2;128;128;128m
[INFO] [stdout] src/services/cmd_service_sql.rs:(175):SQL: SELECT id, command, used_times FROM cmd  WHERE  used_times > 0
[INFO] [stdout] [0m[30m[0m[38;2;128;128;128m
[INFO] [stdout] src/services/cmd_service_sql.rs:(175):SQL: SELECT id, command, used_times FROM cmd  WHERE  command LIKE '%%'
[INFO] [stdout] [0m[30m[0m[38;2;128;128;128m
[INFO] [stdout] src/tests/all_tests.rs:(294):All results: [CmdRecord { id: 1, command: "git log", used_times: 0 }, CmdRecord { id: 2, command: "git branch", used_times: 0 }, CmdRecord { id: 3, command: "git commit -m {}", used_times: 3 }, CmdRecord { id: 6, command: "git commit -m git", used_times: 3 }]
[INFO] [stdout] [0m[30m[0m[38;2;128;128;128m
[INFO] [stdout] src/tests/all_tests.rs:(85):Pick a choice
[INFO] [stdout] [0m[30m[0m[38;2;128;128;128m
[INFO] [stdout] src/tests/all_tests.rs:(88):- Get recently used
[INFO] [stdout] [0m[30m[0m[38;2;128;128;128m
[INFO] [stdout] src/tests/all_tests.rs:(88):- Get all
[INFO] [stdout] [0m[30m[0m[38;2;128;128;128m
[INFO] [stdout] src/services/cmd_service_sql.rs:(175):SQL: SELECT id, command, used_times FROM cmd  WHERE  used_times > 0
[INFO] [stdout] [0m[30m[0m[38;2;128;128;128m
[INFO] [stdout] src/services/cmd_service_sql.rs:(175):SQL: SELECT id, command, used_times FROM cmd  WHERE  command LIKE '%%'
[INFO] [stdout] [0m[30m[0m[38;2;128;128;128m
[INFO] [stdout] src/tests/all_tests.rs:(85):Select an option:
[INFO] [stdout] [0m[30m[0m[38;2;128;128;128m
[INFO] [stdout] src/tests/all_tests.rs:(88):- git commit -m {}
[INFO] [stdout] [0m[30m[0m[38;2;128;128;128m
[INFO] [stdout] src/tests/all_tests.rs:(88):- git commit -m git
[INFO] [stdout] [0m[30m[0m[38;2;128;128;128m
[INFO] [stdout] src/tests/all_tests.rs:(88):- git log
[INFO] [stdout] [0m[30m[0m[38;2;128;128;128m
[INFO] [stdout] src/tests/all_tests.rs:(88):- git branch
[INFO] [stdout] [0m[30m[0m[38;2;128;128;128m
[INFO] [stdout] src/tests/all_tests.rs:(273):Option is not preset: ["git commit -m {}", "git commit -m git", "git log", "git branch"]
[INFO] [stdout] [0m[30m[0m[31m
[INFO] [stdout] 2
[INFO] [stdout] [0m[30m[0m[38;2;128;128;128m
[INFO] [stdout] src/services/cmd_service_sql.rs:(175):SQL: SELECT id, command, used_times FROM cmd  WHERE  used_times > 0
[INFO] [stdout] [0m[30m[0m[38;2;128;128;128m
[INFO] [stdout] src/cmd/cmd_get.rs:(221):Fill placeholders
[INFO] [stdout] [0m[30m[0m[38;2;128;128;128m
[INFO] [stdout] src/cmd/cmd_get.rs:(186):Executing 'git commit -m git'!
[INFO] [stdout] [0m[30m[0m[32m
[INFO] [stdout] Running command git commit -m git
[INFO] [stdout] [0m[30m[0m[32m
[INFO] [stdout] Finalized successfully
[INFO] [stdout] [0m[30m[0m[38;2;128;128;128m
[INFO] [stdout] src/services/cmd_service_sql.rs:(175):SQL: SELECT id, command, used_times FROM cmd
[INFO] [stdout] [0m[30m[0m[38;2;128;128;128m
[INFO] [stdout] [0m[38;2;128;128;128m
[INFO] [stdout] src/tests/all_tests.rs:(85):Select an option:
[INFO] [stdout] [0m[30m[0m[38;2;128;128;128m
[INFO] [stdout] src/tests/all_tests.rs:(88):- git commit -m {}
[INFO] [stdout] [0m[30m[0m[38;2;128;128;128m
[INFO] [stdout] src/tests/all_tests.rs:(88):- git commit -m git
[INFO] [stdout] [0m[30m[0m[38;2;128;128;128m
[INFO] [stdout] src/tests/all_tests.rs:(88):- git log
[INFO] [stdout] [0m[30m[0m[38;2;128;128;128m
[INFO] [stdout] src/tests/all_tests.rs:(88):- git branch
[INFO] [stdout] [0m[30m[0m[38;2;128;128;128m
[INFO] [stdout] src/tests/all_tests.rs:(206):Option is not preset: ["git commit -m {}", "git commit -m git", "git log", "git branch"]
[INFO] [stdout] [0m[30m[0m[31m
[INFO] [stdout] 2
[INFO] [stdout] [0m[30m[0m[38;2;128;128;128m
[INFO] [stdout] src/services/cmd_service_sql.rs:(175):SQL: SELECT id, command, used_times FROM cmd  WHERE  command LIKE '%git%'  AND  used_times > 0
[INFO] [stdout] [0m[30m[0m[38;2;128;128;128m
[INFO] [stdout] src/cmd/cmd_get.rs:(221):Fill placeholders
[INFO] [stdout] [0m[30m[0m[38;2;128;128;128m
[INFO] [stdout] src/cmd/cmd_get.rs:(186):Executing 'git commit -m git'!
[INFO] [stdout] [0m[30m[0m[32m
[INFO] [stdout] Running command git commit -m git
[INFO] [stdout] [0m[30m[0m[32m
[INFO] [stdout] Finalized successfully
[INFO] [stdout] [0m[30m[0m[38;2;128;128;128m
[INFO] [stdout] src/services/cmd_service_sql.rs:(175):SQL: SELECT id, command, used_times FROM cmd
[INFO] [stdout] [0m[30m[0m[38;2;128;128;128m
[INFO] [stdout] src/services/cmd_service_sql.rs:(175):SQL: SELECT id, command, used_times FROM cmd  WHERE  used_times > 0
[INFO] [stdout] [0m[30m[0m[38;2;128;128;128m
[INFO] [stdout] src/services/cmd_service_sql.rs:(175):SQL: SELECT id, command, used_times FROM cmd  WHERE  command LIKE '%%'
[INFO] [stdout] [0m[30m[0m[38;2;128;128;128m
[INFO] [stdout] src/tests/all_tests.rs:(223):All results: [CmdRecord { id: 1, command: "git log", used_times: 0 }, CmdRecord { id: 2, command: "git branch", used_times: 0 }, CmdRecord { id: 3, command: "git commit -m {}", used_times: 5 }, CmdRecord { id: 8, command: "git commit -m git", used_times: 5 }]
[INFO] [stdout] [0m[30m[0m[38;2;128;128;128m
[INFO] [stdout] src/tests/all_tests.rs:(232):Results: {"git commit -m git": [CmdRecord { id: 8, command: "git commit -m git", used_times: 5 }], "git commit -m {}": [CmdRecord { id: 3, command: "git commit -m {}", used_times: 5 }]}
[INFO] [stdout] [0m[30m[0m[38;2;128;128;128m
[INFO] [stdout] src/tests/all_tests.rs:(241):Captures: ["git commit -m {}", "git commit -m git", "git log", "git branch"]
[INFO] [stdout] [0m[30msrc/services/cmd_service_sql.rs:(175):SQL: SELECT id, command, used_times FROM cmd  WHERE  used_times > 0
[INFO] [stdout] [0m[30m[0m[38;2;128;128;128m
[INFO] [stdout] src/services/cmd_service_sql.rs:(175):SQL: SELECT id, command, used_times FROM cmd  WHERE  command LIKE '%%'
[INFO] [stdout] [0m[30m[0m[38;2;128;128;128m
[INFO] [stdout] src/tests/all_tests.rs:(294):All results: [CmdRecord { id: 1, command: "git log", used_times: 0 }, CmdRecord { id: 2, command: "git branch", used_times: 0 }, CmdRecord { id: 3, command: "git commit -m {}", used_times: 4 }, CmdRecord { id: 7, command: "git commit -m git", used_times: 4 }]
[INFO] [stdout] [0m[30m[0m[38;2;128;128;128m
[INFO] [stdout] src/tests/all_tests.rs:(85):Pick a choice
[INFO] [stdout] test tests::all_tests::get_command_test_many_times ... ok
[INFO] [stdout] [0m[30m[0m[38;2;128;128;128m
[INFO] [stdout] src/tests/all_tests.rs:(88):- Get recently used
[INFO] [stdout] [0m[30m[0m[38;2;128;128;128m
[INFO] [stdout] src/tests/all_tests.rs:(88):- Get all
[INFO] [stdout] [0m[30m[0m[38;2;128;128;128m
[INFO] [stdout] src/services/cmd_service_sql.rs:(175):SQL: SELECT id, command, used_times FROM cmd  WHERE  used_times > 0
[INFO] [stdout] [0m[30m[0m[38;2;128;128;128m
[INFO] [stdout] src/services/cmd_service_sql.rs:(175):SQL: SELECT id, command, used_times FROM cmd  WHERE  command LIKE '%%'
[INFO] [stdout] [0m[30m[0m[38;2;128;128;128m
[INFO] [stdout] src/tests/all_tests.rs:(85):Select an option:
[INFO] [stdout] [0m[30m[0m[38;2;128;128;128m
[INFO] [stdout] src/tests/all_tests.rs:(88):- git commit -m {}
[INFO] [stdout] [0m[30m[0m[38;2;128;128;128m
[INFO] [stdout] src/tests/all_tests.rs:(88):- git commit -m git
[INFO] [stdout] [0m[30m[0m[38;2;128;128;128m
[INFO] [stdout] src/tests/all_tests.rs:(88):- git log
[INFO] [stdout] [0m[30m[0m[38;2;128;128;128m
[INFO] [stdout] src/tests/all_tests.rs:(88):- git branch
[INFO] [stdout] [0m[30m[0m[38;2;128;128;128m
[INFO] [stdout] src/tests/all_tests.rs:(273):Option is not preset: ["git commit -m {}", "git commit -m git", "git log", "git branch"]
[INFO] [stdout] [0m[30m[0m[31m
[INFO] [stdout] 2
[INFO] [stdout] [0m[30m[0m[38;2;128;128;128m
[INFO] [stdout] src/services/cmd_service_sql.rs:(175):SQL: SELECT id, command, used_times FROM cmd  WHERE  used_times > 0
[INFO] [stdout] [0m[30m[0m[38;2;128;128;128m
[INFO] [stdout] src/cmd/cmd_get.rs:(221):Fill placeholders
[INFO] [stdout] [0m[30m[0m[38;2;128;128;128m
[INFO] [stdout] src/cmd/cmd_get.rs:(186):Executing 'git commit -m git'!
[INFO] [stdout] [0m[30m[0m[32m
[INFO] [stdout] Running command git commit -m git
[INFO] [stdout] [0m[30m[0m[32m
[INFO] [stdout] Finalized successfully
[INFO] [stdout] [0m[30m[0m[38;2;128;128;128m
[INFO] [stdout] src/services/cmd_service_sql.rs:(175):SQL: SELECT id, command, used_times FROM cmd
[INFO] [stdout] [0m[30m[0m[38;2;128;128;128m
[INFO] [stdout] src/services/cmd_service_sql.rs:(175):SQL: SELECT id, command, used_times FROM cmd  WHERE  used_times > 0
[INFO] [stdout] [0m[30m[0m[38;2;128;128;128m
[INFO] [stdout] src/services/cmd_service_sql.rs:(175):SQL: SELECT id, command, used_times FROM cmd  WHERE  command LIKE '%%'
[INFO] [stdout] [0m[30m[0m[38;2;128;128;128m
[INFO] [stdout] src/tests/all_tests.rs:(294):All results: [CmdRecord { id: 1, command: "git log", used_times: 0 }, CmdRecord { id: 2, command: "git branch", used_times: 0 }, CmdRecord { id: 3, command: "git commit -m {}", used_times: 5 }, CmdRecord { id: 8, command: "git commit -m git", used_times: 5 }]
[INFO] [stdout] [0m[30m[0m[38;2;128;128;128m
[INFO] [stdout] src/tests/all_tests.rs:(303):Results: {"git commit -m git": [CmdRecord { id: 8, command: "git commit -m git", used_times: 5 }], "git commit -m {}": [CmdRecord { id: 3, command: "git commit -m {}", used_times: 5 }]}
[INFO] [stdout] [0m[30m[0m[38;2;128;128;128m
[INFO] [stdout] src/tests/all_tests.rs:(312):Captures: ["git commit -m {}", "git commit -m git", "git log", "git branch"]
[INFO] [stdout] [0m[30mtest tests::all_tests::get_command_test_many_times_2 ... ok
[INFO] [stdout] test services::file_manager::tests::test_create_file ... FAILED
[INFO] [stdout] 
[INFO] [stdout] failures:
[INFO] [stdout] 
[INFO] [stdout] ---- tests::cmd_service_test::migrate_cvs_test_prod stdout ----
[INFO] [stdout] Error: SQLError("unable to open database file: /root/.cmd/cmdb")
[INFO] [stdout] 
[INFO] [stdout] ---- tests::all_tests::clean_used stdout ----
[INFO] [stdout] src/services/file_manager.rs 54
[INFO] [stdout] src/services/file_manager.rs 54
[INFO] [stdout] src/services/file_manager.rs 102
[INFO] [stdout] Error: BaseError("Could not open file:/root/.cmd/cmd_used.csv: Os { code: 2, kind: NotFound, message: \"No such file or directory\" }")
[INFO] [stdout] 
[INFO] [stdout] ---- services::file_manager::tests::test_create_file stdout ----
[INFO] [stdout] src/services/file_manager.rs 78
[INFO] [stdout] thread 'services::file_manager::tests::test_create_file' panicked at src/services/file_manager.rs:138:9:
[INFO] [stdout] assertion failed: result.is_ok()
[INFO] [stdout] stack backtrace:
[INFO] [stdout]    0:     0x64b581b319fa - std::backtrace_rs::backtrace::libunwind::trace::h5a5b8284f2d0c266
[INFO] [stdout]                                at /rustc/90b35a6239c3d8bdabc530a6a0816f7ff89a0aaf/library/std/src/../../backtrace/src/backtrace/libunwind.rs:116:5
[INFO] [stdout]    1:     0x64b581b319fa - std::backtrace_rs::backtrace::trace_unsynchronized::h76d4f1c9b0b875e3
[INFO] [stdout]                                at /rustc/90b35a6239c3d8bdabc530a6a0816f7ff89a0aaf/library/std/src/../../backtrace/src/backtrace/mod.rs:66:5
[INFO] [stdout]    2:     0x64b581b319fa - std::sys::backtrace::_print_fmt::hc4546b8364a537c6
[INFO] [stdout]                                at /rustc/90b35a6239c3d8bdabc530a6a0816f7ff89a0aaf/library/std/src/sys/backtrace.rs:66:9
[INFO] [stdout]    3:     0x64b581b319fa - <std::sys::backtrace::BacktraceLock::print::DisplayBacktrace as core::fmt::Display>::fmt::h5b6bd5631a6d1f6b
[INFO] [stdout]                                at /rustc/90b35a6239c3d8bdabc530a6a0816f7ff89a0aaf/library/std/src/sys/backtrace.rs:39:26
[INFO] [stdout]    4:     0x64b581b58523 - core::fmt::rt::Argument::fmt::h270f6602a2b96f62
[INFO] [stdout]                                at /rustc/90b35a6239c3d8bdabc530a6a0816f7ff89a0aaf/library/core/src/fmt/rt.rs:177:76
[INFO] [stdout]    5:     0x64b581b58523 - core::fmt::write::h7550c97b06c86515
[INFO] [stdout]                                at /rustc/90b35a6239c3d8bdabc530a6a0816f7ff89a0aaf/library/core/src/fmt/mod.rs:1186:21
[INFO] [stdout]    6:     0x64b581b2ea23 - std::io::Write::write_fmt::h509ff860e5956e5e
[INFO] [stdout]                                at /rustc/90b35a6239c3d8bdabc530a6a0816f7ff89a0aaf/library/std/src/io/mod.rs:1839:15
[INFO] [stdout]    7:     0x64b581b31842 - std::sys::backtrace::BacktraceLock::print::h2395ccd2c84ba3aa
[INFO] [stdout]                                at /rustc/90b35a6239c3d8bdabc530a6a0816f7ff89a0aaf/library/std/src/sys/backtrace.rs:42:9
[INFO] [stdout]    8:     0x64b581b32e5a - std::panicking::default_hook::{{closure}}::he19d4c7230e07961
[INFO] [stdout]                                at /rustc/90b35a6239c3d8bdabc530a6a0816f7ff89a0aaf/library/std/src/panicking.rs:268:22
[INFO] [stdout]    9:     0x64b581b32c64 - std::panicking::default_hook::hf614597d3c67bbdb
[INFO] [stdout]                                at /rustc/90b35a6239c3d8bdabc530a6a0816f7ff89a0aaf/library/std/src/panicking.rs:292:9
[INFO] [stdout]   10:     0x64b5818b8b49 - <alloc::boxed::Box<F,A> as core::ops::function::Fn<Args>>::call::h39b51ce4599c23d1
[INFO] [stdout]                                at /rustc/90b35a6239c3d8bdabc530a6a0816f7ff89a0aaf/library/alloc/src/boxed.rs:2468:9
[INFO] [stdout]   11:     0x64b5818b8b49 - test::test_main::{{closure}}::he977ae839a582784
[INFO] [stdout]                                at /rustc/90b35a6239c3d8bdabc530a6a0816f7ff89a0aaf/library/test/src/lib.rs:133:21
[INFO] [stdout]   12:     0x64b581b334f8 - <alloc::boxed::Box<F,A> as core::ops::function::Fn<Args>>::call::h9455091b6b06f9fb
[INFO] [stdout]                                at /rustc/90b35a6239c3d8bdabc530a6a0816f7ff89a0aaf/library/alloc/src/boxed.rs:2468:9
[INFO] [stdout]   13:     0x64b581b334f8 - std::panicking::rust_panic_with_hook::h8942133a8b252070
[INFO] [stdout]                                at /rustc/90b35a6239c3d8bdabc530a6a0816f7ff89a0aaf/library/std/src/panicking.rs:809:13
[INFO] [stdout]   14:     0x64b581b33286 - std::panicking::begin_panic_handler::{{closure}}::hb5f5963570096b29
[INFO] [stdout]                                at /rustc/90b35a6239c3d8bdabc530a6a0816f7ff89a0aaf/library/std/src/panicking.rs:667:13
[INFO] [stdout]   15:     0x64b581b31ed9 - std::sys::backtrace::__rust_end_short_backtrace::h6208cedc1922feda
[INFO] [stdout]                                at /rustc/90b35a6239c3d8bdabc530a6a0816f7ff89a0aaf/library/std/src/sys/backtrace.rs:170:18
[INFO] [stdout]   16:     0x64b581b32f4c - rust_begin_unwind
[INFO] [stdout]                                at /rustc/90b35a6239c3d8bdabc530a6a0816f7ff89a0aaf/library/std/src/panicking.rs:665:5
[INFO] [stdout]   17:     0x64b5817da220 - core::panicking::panic_fmt::h0c3082644d1bf418
[INFO] [stdout]                                at /rustc/90b35a6239c3d8bdabc530a6a0816f7ff89a0aaf/library/core/src/panicking.rs:74:14
[INFO] [stdout]   18:     0x64b5817da2ac - core::panicking::panic::h957f98c65a3b3074
[INFO] [stdout]                                at /rustc/90b35a6239c3d8bdabc530a6a0816f7ff89a0aaf/library/core/src/panicking.rs:148:5
[INFO] [stdout]   19:     0x64b5817fc715 - cmd::services::file_manager::tests::test_create_file::he083ef4e8a8fd105
[INFO] [stdout]                                at /opt/rustwide/workdir/src/services/file_manager.rs:138:9
[INFO] [stdout]   20:     0x64b5817fc3a7 - cmd::services::file_manager::tests::test_create_file::{{closure}}::h945f0080a7398b1a
[INFO] [stdout]                                at /opt/rustwide/workdir/src/services/file_manager.rs:131:26
[INFO] [stdout]   21:     0x64b58186aeb6 - core::ops::function::FnOnce::call_once::h80b24220fec555e3
[INFO] [stdout]                                at /rustc/90b35a6239c3d8bdabc530a6a0816f7ff89a0aaf/library/core/src/ops/function.rs:250:5
[INFO] [stdout]   22:     0x64b5818bd50b - core::ops::function::FnOnce::call_once::h109cf8051a59b34e
[INFO] [stdout]                                at /rustc/90b35a6239c3d8bdabc530a6a0816f7ff89a0aaf/library/core/src/ops/function.rs:250:5
[INFO] [stdout]   23:     0x64b5818bd50b - test::__rust_begin_short_backtrace::hf4fff89d377446ba
[INFO] [stdout]                                at /rustc/90b35a6239c3d8bdabc530a6a0816f7ff89a0aaf/library/test/src/lib.rs:621:18
[INFO] [stdout]   24:     0x64b5818bcd47 - test::run_test_in_process::{{closure}}::h0e39181dd7ee5a43
[INFO] [stdout]                                at /rustc/90b35a6239c3d8bdabc530a6a0816f7ff89a0aaf/library/test/src/lib.rs:644:60
[INFO] [stdout]   25:     0x64b5818bcd47 - <core::panic::unwind_safe::AssertUnwindSafe<F> as core::ops::function::FnOnce<()>>::call_once::hc5a66a30f0bdfd1f
[INFO] [stdout]                                at /rustc/90b35a6239c3d8bdabc530a6a0816f7ff89a0aaf/library/core/src/panic/unwind_safe.rs:272:9
[INFO] [stdout]   26:     0x64b5818bcd47 - std::panicking::try::do_call::h873b7cf639554a5e
[INFO] [stdout]                                at /rustc/90b35a6239c3d8bdabc530a6a0816f7ff89a0aaf/library/std/src/panicking.rs:557:40
[INFO] [stdout]   27:     0x64b5818bcd47 - std::panicking::try::hdb19862fad9c8bd1
[INFO] [stdout]                                at /rustc/90b35a6239c3d8bdabc530a6a0816f7ff89a0aaf/library/std/src/panicking.rs:520:19
[INFO] [stdout]   28:     0x64b5818bcd47 - std::panic::catch_unwind::h281fe732d236d260
[INFO] [stdout]                                at /rustc/90b35a6239c3d8bdabc530a6a0816f7ff89a0aaf/library/std/src/panic.rs:358:14
[INFO] [stdout]   29:     0x64b5818bcd47 - test::run_test_in_process::h949b6df8457ed338
[INFO] [stdout]                                at /rustc/90b35a6239c3d8bdabc530a6a0816f7ff89a0aaf/library/test/src/lib.rs:644:27
[INFO] [stdout]   30:     0x64b5818bcd47 - test::run_test::{{closure}}::h52c556a6d4740e10
[INFO] [stdout]                                at /rustc/90b35a6239c3d8bdabc530a6a0816f7ff89a0aaf/library/test/src/lib.rs:565:43
[INFO] [stdout]   31:     0x64b581882024 - test::run_test::{{closure}}::h4237f6381c45ccb9
[INFO] [stdout]                                at /rustc/90b35a6239c3d8bdabc530a6a0816f7ff89a0aaf/library/test/src/lib.rs:595:41
[INFO] [stdout]   32:     0x64b581882024 - std::sys::backtrace::__rust_begin_short_backtrace::h505c97a579eca628
[INFO] [stdout]                                at /rustc/90b35a6239c3d8bdabc530a6a0816f7ff89a0aaf/library/std/src/sys/backtrace.rs:154:18
[INFO] [stdout]   33:     0x64b5818856ee - std::thread::Builder::spawn_unchecked_::{{closure}}::{{closure}}::h9e86b2e2bc107ea3
[INFO] [stdout]                                at /rustc/90b35a6239c3d8bdabc530a6a0816f7ff89a0aaf/library/std/src/thread/mod.rs:538:17
[INFO] [stdout]   34:     0x64b5818856ee - <core::panic::unwind_safe::AssertUnwindSafe<F> as core::ops::function::FnOnce<()>>::call_once::h8b06ddb275ff4a25
[INFO] [stdout]                                at /rustc/90b35a6239c3d8bdabc530a6a0816f7ff89a0aaf/library/core/src/panic/unwind_safe.rs:272:9
[INFO] [stdout]   35:     0x64b5818856ee - std::panicking::try::do_call::hb26ecd7cd9a9355d
[INFO] [stdout]                                at /rustc/90b35a6239c3d8bdabc530a6a0816f7ff89a0aaf/library/std/src/panicking.rs:557:40
[INFO] [stdout]   36:     0x64b5818856ee - std::panicking::try::h8ddeca9d705f9069
[INFO] [stdout]                                at /rustc/90b35a6239c3d8bdabc530a6a0816f7ff89a0aaf/library/std/src/panicking.rs:520:19
[INFO] [stdout]   37:     0x64b5818856ee - std::panic::catch_unwind::h49e1c33078844c46
[INFO] [stdout]                                at /rustc/90b35a6239c3d8bdabc530a6a0816f7ff89a0aaf/library/std/src/panic.rs:358:14
[INFO] [stdout]   38:     0x64b5818856ee - std::thread::Builder::spawn_unchecked_::{{closure}}::h6073db6ff56ad35d
[INFO] [stdout]                                at /rustc/90b35a6239c3d8bdabc530a6a0816f7ff89a0aaf/library/std/src/thread/mod.rs:537:30
[INFO] [stdout]   39:     0x64b5818856ee - core::ops::function::FnOnce::call_once{{vtable.shim}}::h2c5a5f3779c774f1
[INFO] [stdout]                                at /rustc/90b35a6239c3d8bdabc530a6a0816f7ff89a0aaf/library/core/src/ops/function.rs:250:5
[INFO] [stdout]   40:     0x64b581b373eb - <alloc::boxed::Box<F,A> as core::ops::function::FnOnce<Args>>::call_once::hf75717d9f28faebf
[INFO] [stdout]                                at /rustc/90b35a6239c3d8bdabc530a6a0816f7ff89a0aaf/library/alloc/src/boxed.rs:2454:9
[INFO] [stdout]   41:     0x64b581b373eb - <alloc::boxed::Box<F,A> as core::ops::function::FnOnce<Args>>::call_once::h7bd883a5f3c5f3c1
[INFO] [stdout]                                at /rustc/90b35a6239c3d8bdabc530a6a0816f7ff89a0aaf/library/alloc/src/boxed.rs:2454:9
[INFO] [stdout]   42:     0x64b581b373eb - std::sys::pal::unix::thread::Thread::new::thread_start::hcc78f3943333fa94
[INFO] [stdout]                                at /rustc/90b35a6239c3d8bdabc530a6a0816f7ff89a0aaf/library/std/src/sys/pal/unix/thread.rs:105:17
[INFO] [stdout]   43:     0x7ed9e7c94ac3 - <unknown>
[INFO] [stdout]   44:     0x7ed9e7d25a04 - clone
[INFO] [stdout]   45:                0x0 - <unknown>
[INFO] [stdout] 
[INFO] [stdout] 
[INFO] [stdout] failures:
[INFO] [stdout]     services::file_manager::tests::test_create_file
[INFO] [stdout]     tests::all_tests::clean_used
[INFO] [stdout]     tests::cmd_service_test::migrate_cvs_test_prod
[INFO] [stdout] 
[INFO] [stdout] test result: FAILED. 16 passed; 3 failed; 0 ignored; 0 measured; 0 filtered out; finished in 0.17s
[INFO] [stdout] 
[INFO] [stderr] error: test failed, to rerun pass `--bin cmd`
[INFO] running `Command { std: "docker" "inspect" "5ac690eaaf59b400ca7ecedff8139e7e843eb567edfca8504e07e04ca7ac3fb2", kill_on_drop: false }`
[INFO] running `Command { std: "docker" "rm" "-f" "5ac690eaaf59b400ca7ecedff8139e7e843eb567edfca8504e07e04ca7ac3fb2", kill_on_drop: false }`
[INFO] [stdout] 5ac690eaaf59b400ca7ecedff8139e7e843eb567edfca8504e07e04ca7ac3fb2
