[INFO] cloning repository https://github.com/peteruche21/cosmwasm-kv-contract
[INFO] running `Command { std: "git" "-c" "credential.helper=" "-c" "credential.helper=/workspace/cargo-home/bin/git-credential-null" "clone" "--bare" "https://github.com/peteruche21/cosmwasm-kv-contract" "/workspace/cache/git-repos/https%3A%2F%2Fgithub.com%2Fpeteruche21%2Fcosmwasm-kv-contract", kill_on_drop: false }`
[INFO] [stderr] Cloning into bare repository '/workspace/cache/git-repos/https%3A%2F%2Fgithub.com%2Fpeteruche21%2Fcosmwasm-kv-contract'...
[INFO] running `Command { std: "git" "rev-parse" "HEAD", kill_on_drop: false }`
[INFO] [stdout] 948cf556774813b69bafc765eb9f6b0e948280fc
[INFO] testing peteruche21/cosmwasm-kv-contract against 1.83.0 for beta-1.84.0-4-retry
[INFO] running `Command { std: "git" "clone" "/workspace/cache/git-repos/https%3A%2F%2Fgithub.com%2Fpeteruche21%2Fcosmwasm-kv-contract" "/workspace/builds/worker-7-tc1/source", kill_on_drop: false }`
[INFO] [stderr] Cloning into '/workspace/builds/worker-7-tc1/source'...
[INFO] [stderr] done.
[INFO] validating manifest of git repo https://github.com/peteruche21/cosmwasm-kv-contract on toolchain 1.83.0
[INFO] running `Command { std: CARGO_HOME="/workspace/cargo-home" RUSTUP_HOME="/workspace/rustup-home" "/workspace/cargo-home/bin/cargo" "+1.83.0" "metadata" "--manifest-path" "Cargo.toml" "--no-deps", kill_on_drop: false }`
[INFO] removed /workspace/builds/worker-7-tc1/source/.cargo/config
[INFO] started tweaking git repo https://github.com/peteruche21/cosmwasm-kv-contract
[INFO] finished tweaking git repo https://github.com/peteruche21/cosmwasm-kv-contract
[INFO] tweaked toml for git repo https://github.com/peteruche21/cosmwasm-kv-contract written to /workspace/builds/worker-7-tc1/source/Cargo.toml
[INFO] crate git repo https://github.com/peteruche21/cosmwasm-kv-contract already has a lockfile, it will not be regenerated
[INFO] running `Command { std: CARGO_HOME="/workspace/cargo-home" RUSTUP_HOME="/workspace/rustup-home" "/workspace/cargo-home/bin/cargo" "+1.83.0" "fetch" "--manifest-path" "Cargo.toml", kill_on_drop: false }`
[INFO] [stderr]  Downloading crates ...
[INFO] [stderr]   Downloaded cosmwasm-schema-derive v2.0.4
[INFO] [stderr]   Downloaded cosmwasm-derive v2.0.4
[INFO] [stderr]   Downloaded cw-utils v2.0.0
[INFO] [stderr]   Downloaded cosmwasm-schema v2.0.4
[INFO] [stderr]   Downloaded cw-multi-test v2.0.1
[INFO] [stderr]   Downloaded cosmwasm-crypto v2.0.4
[INFO] [stderr]   Downloaded cosmwasm-std v2.0.4
[INFO] running `Command { std: "docker" "create" "-v" "/var/lib/crater-agent-workspace/builds/worker-7-tc1/target:/opt/rustwide/target:rw,Z" "-v" "/var/lib/crater-agent-workspace/builds/worker-7-tc1/source:/opt/rustwide/workdir:ro,Z" "-v" "/var/lib/crater-agent-workspace/cargo-home:/opt/rustwide/cargo-home:ro,Z" "-v" "/var/lib/crater-agent-workspace/rustup-home:/opt/rustwide/rustup-home:ro,Z" "-e" "SOURCE_DIR=/opt/rustwide/workdir" "-e" "CARGO_TARGET_DIR=/opt/rustwide/target" "-e" "CARGO_HOME=/opt/rustwide/cargo-home" "-e" "RUSTUP_HOME=/opt/rustwide/rustup-home" "-w" "/opt/rustwide/workdir" "-m" "1610612736" "--user" "0:0" "--network" "none" "ghcr.io/rust-lang/crates-build-env/linux@sha256:f3a9d4ad9d972b27faf3965f35b62e55ba32bbce8f20bc8fe909558a86702fde" "/opt/rustwide/cargo-home/bin/cargo" "+1.83.0" "metadata" "--no-deps" "--format-version=1", kill_on_drop: false }`
[INFO] [stdout] 2a27e5023fdd995de97b5817bac2c73a5b08de29a2830bd60dcd2f1147ae5bb6
[INFO] running `Command { std: "docker" "start" "-a" "2a27e5023fdd995de97b5817bac2c73a5b08de29a2830bd60dcd2f1147ae5bb6", kill_on_drop: false }`
[INFO] running `Command { std: "docker" "inspect" "2a27e5023fdd995de97b5817bac2c73a5b08de29a2830bd60dcd2f1147ae5bb6", kill_on_drop: false }`
[INFO] running `Command { std: "docker" "rm" "-f" "2a27e5023fdd995de97b5817bac2c73a5b08de29a2830bd60dcd2f1147ae5bb6", kill_on_drop: false }`
[INFO] [stdout] 2a27e5023fdd995de97b5817bac2c73a5b08de29a2830bd60dcd2f1147ae5bb6
[INFO] running `Command { std: "docker" "create" "-v" "/var/lib/crater-agent-workspace/builds/worker-7-tc1/target:/opt/rustwide/target:rw,Z" "-v" "/var/lib/crater-agent-workspace/builds/worker-7-tc1/source:/opt/rustwide/workdir:ro,Z" "-v" "/var/lib/crater-agent-workspace/cargo-home:/opt/rustwide/cargo-home:ro,Z" "-v" "/var/lib/crater-agent-workspace/rustup-home:/opt/rustwide/rustup-home:ro,Z" "-e" "SOURCE_DIR=/opt/rustwide/workdir" "-e" "CARGO_TARGET_DIR=/opt/rustwide/target" "-e" "CARGO_INCREMENTAL=0" "-e" "RUST_BACKTRACE=full" "-e" "RUSTFLAGS=--cap-lints=warn" "-e" "RUSTDOCFLAGS=--cap-lints=warn" "-e" "CARGO_HOME=/opt/rustwide/cargo-home" "-e" "RUSTUP_HOME=/opt/rustwide/rustup-home" "-w" "/opt/rustwide/workdir" "-m" "1610612736" "--user" "0:0" "--network" "none" "ghcr.io/rust-lang/crates-build-env/linux@sha256:f3a9d4ad9d972b27faf3965f35b62e55ba32bbce8f20bc8fe909558a86702fde" "/opt/rustwide/cargo-home/bin/cargo" "+1.83.0" "build" "--frozen" "--message-format=json", kill_on_drop: false }`
[INFO] [stdout] 32b8efc7b2f8982dbbec67a395351b3e557f2eb3b6ebfa52878a2280ca080fde
[INFO] running `Command { std: "docker" "start" "-a" "32b8efc7b2f8982dbbec67a395351b3e557f2eb3b6ebfa52878a2280ca080fde", kill_on_drop: false }`
[INFO] [stderr]    Compiling version_check v0.9.4
[INFO] [stderr]    Compiling zeroize v1.8.1
[INFO] [stderr]    Compiling typenum v1.17.0
[INFO] [stderr]    Compiling proc-macro2 v1.0.85
[INFO] [stderr]    Compiling unicode-ident v1.0.12
[INFO] [stderr]    Compiling libc v0.2.155
[INFO] [stderr]    Compiling subtle v2.5.0
[INFO] [stderr]    Compiling cfg-if v1.0.0
[INFO] [stderr]    Compiling const-oid v0.9.6
[INFO] [stderr]    Compiling serde v1.0.203
[INFO] [stderr]    Compiling syn v1.0.109
[INFO] [stderr]    Compiling cpufeatures v0.2.12
[INFO] [stderr]    Compiling der v0.7.9
[INFO] [stderr]    Compiling base16ct v0.2.0
[INFO] [stderr]    Compiling generic-array v0.14.7
[INFO] [stderr]    Compiling ahash v0.7.8
[INFO] [stderr]    Compiling once_cell v1.19.0
[INFO] [stderr]    Compiling serde_json v1.0.117
[INFO] [stderr]    Compiling quote v1.0.36
[INFO] [stderr]    Compiling thiserror v1.0.61
[INFO] [stderr]    Compiling rand_core v0.5.1
[INFO] [stderr]    Compiling opaque-debug v0.3.1
[INFO] [stderr]    Compiling schemars v0.8.21
[INFO] [stderr]    Compiling ryu v1.0.18
[INFO] [stderr]    Compiling syn v2.0.66
[INFO] [stderr]    Compiling itoa v1.0.11
[INFO] [stderr]    Compiling byteorder v1.5.0
[INFO] [stderr]    Compiling hex v0.4.3
[INFO] [stderr]    Compiling dyn-clone v1.0.17
[INFO] [stderr]    Compiling bech32 v0.9.1
[INFO] [stderr]    Compiling getrandom v0.2.15
[INFO] [stderr]    Compiling bnum v0.10.0
[INFO] [stderr]    Compiling rand_core v0.6.4
[INFO] [stderr]    Compiling spki v0.7.3
[INFO] [stderr]    Compiling ff v0.13.0
[INFO] [stderr]    Compiling pkcs8 v0.10.2
[INFO] [stderr]    Compiling hashbrown v0.12.3
[INFO] [stderr]    Compiling group v0.13.0
[INFO] [stderr]    Compiling base64 v0.21.7
[INFO] [stderr]    Compiling static_assertions v1.1.0
[INFO] [stderr]    Compiling forward_ref v1.0.0
[INFO] [stderr]    Compiling crypto-common v0.1.6
[INFO] [stderr]    Compiling block-buffer v0.10.4
[INFO] [stderr]    Compiling digest v0.9.0
[INFO] [stderr]    Compiling sec1 v0.7.3
[INFO] [stderr]    Compiling crypto-bigint v0.5.5
[INFO] [stderr]    Compiling block-buffer v0.9.0
[INFO] [stderr]    Compiling curve25519-dalek v3.2.0
[INFO] [stderr]    Compiling digest v0.10.7
[INFO] [stderr]    Compiling serde_derive_internals v0.29.1
[INFO] [stderr]    Compiling hmac v0.12.1
[INFO] [stderr]    Compiling signature v2.2.0
[INFO] [stderr]    Compiling rfc6979 v0.4.0
[INFO] [stderr]    Compiling sha2 v0.10.8
[INFO] [stderr]    Compiling sha2 v0.9.9
[INFO] [stderr]    Compiling serde_derive v1.0.203
[INFO] [stderr]    Compiling thiserror-impl v1.0.61
[INFO] [stderr]    Compiling schemars_derive v0.8.21
[INFO] [stderr]    Compiling elliptic-curve v0.13.8
[INFO] [stderr]    Compiling ecdsa v0.16.9
[INFO] [stderr]    Compiling k256 v0.13.3
[INFO] [stderr]    Compiling derivative v2.2.0
[INFO] [stderr]    Compiling cosmwasm-derive v2.0.4
[INFO] [stderr]    Compiling cosmwasm-schema-derive v2.0.4
[INFO] [stderr]    Compiling ed25519-zebra v3.1.0
[INFO] [stderr]    Compiling serde-json-wasm v1.0.1
[INFO] [stderr]    Compiling cosmwasm-crypto v2.0.4
[INFO] [stderr]    Compiling cosmwasm-std v2.0.4
[INFO] [stderr]    Compiling cosmwasm-schema v2.0.4
[INFO] [stderr]    Compiling cw-storage-plus v2.0.0
[INFO] [stderr]    Compiling kv-store-contract v0.1.0 (/opt/rustwide/workdir)
[INFO] [stderr]     Finished `dev` profile [unoptimized + debuginfo] target(s) in 1m 04s
[INFO] running `Command { std: "docker" "inspect" "32b8efc7b2f8982dbbec67a395351b3e557f2eb3b6ebfa52878a2280ca080fde", kill_on_drop: false }`
[INFO] running `Command { std: "docker" "rm" "-f" "32b8efc7b2f8982dbbec67a395351b3e557f2eb3b6ebfa52878a2280ca080fde", kill_on_drop: false }`
[INFO] [stdout] 32b8efc7b2f8982dbbec67a395351b3e557f2eb3b6ebfa52878a2280ca080fde
[INFO] running `Command { std: "docker" "create" "-v" "/var/lib/crater-agent-workspace/builds/worker-7-tc1/target:/opt/rustwide/target:rw,Z" "-v" "/var/lib/crater-agent-workspace/builds/worker-7-tc1/source:/opt/rustwide/workdir:ro,Z" "-v" "/var/lib/crater-agent-workspace/cargo-home:/opt/rustwide/cargo-home:ro,Z" "-v" "/var/lib/crater-agent-workspace/rustup-home:/opt/rustwide/rustup-home:ro,Z" "-e" "SOURCE_DIR=/opt/rustwide/workdir" "-e" "CARGO_TARGET_DIR=/opt/rustwide/target" "-e" "CARGO_INCREMENTAL=0" "-e" "RUST_BACKTRACE=full" "-e" "RUSTFLAGS=--cap-lints=warn" "-e" "RUSTDOCFLAGS=--cap-lints=warn" "-e" "CARGO_HOME=/opt/rustwide/cargo-home" "-e" "RUSTUP_HOME=/opt/rustwide/rustup-home" "-w" "/opt/rustwide/workdir" "-m" "1610612736" "--user" "0:0" "--network" "none" "ghcr.io/rust-lang/crates-build-env/linux@sha256:f3a9d4ad9d972b27faf3965f35b62e55ba32bbce8f20bc8fe909558a86702fde" "/opt/rustwide/cargo-home/bin/cargo" "+1.83.0" "test" "--frozen" "--no-run" "--message-format=json", kill_on_drop: false }`
[INFO] [stdout] 05791f6aa64f65b746dd0bafbecc9dec2ab4641225a7c79a085443cc5fd55b44
[INFO] running `Command { std: "docker" "start" "-a" "05791f6aa64f65b746dd0bafbecc9dec2ab4641225a7c79a085443cc5fd55b44", kill_on_drop: false }`
[INFO] [stderr]    Compiling anyhow v1.0.86
[INFO] [stderr]    Compiling either v1.12.0
[INFO] [stderr]    Compiling cosmwasm-std v2.0.4
[INFO] [stderr]    Compiling bytes v1.6.0
[INFO] [stderr]    Compiling bech32 v0.11.0
[INFO] [stderr]    Compiling itertools v0.12.1
[INFO] [stderr]    Compiling prost-derive v0.12.6
[INFO] [stderr]    Compiling prost v0.12.6
[INFO] [stderr]    Compiling cw-storage-plus v2.0.0
[INFO] [stderr]    Compiling cw-utils v2.0.0
[INFO] [stderr]    Compiling cw-multi-test v2.0.1
[INFO] [stderr]    Compiling kv-store-contract v0.1.0 (/opt/rustwide/workdir)
[INFO] [stderr]     Finished `test` profile [unoptimized + debuginfo] target(s) in 27.92s
[INFO] running `Command { std: "docker" "inspect" "05791f6aa64f65b746dd0bafbecc9dec2ab4641225a7c79a085443cc5fd55b44", kill_on_drop: false }`
[INFO] running `Command { std: "docker" "rm" "-f" "05791f6aa64f65b746dd0bafbecc9dec2ab4641225a7c79a085443cc5fd55b44", kill_on_drop: false }`
[INFO] [stdout] 05791f6aa64f65b746dd0bafbecc9dec2ab4641225a7c79a085443cc5fd55b44
[INFO] running `Command { std: "docker" "create" "-v" "/var/lib/crater-agent-workspace/builds/worker-7-tc1/target:/opt/rustwide/target:rw,Z" "-v" "/var/lib/crater-agent-workspace/builds/worker-7-tc1/source:/opt/rustwide/workdir:ro,Z" "-v" "/var/lib/crater-agent-workspace/cargo-home:/opt/rustwide/cargo-home:ro,Z" "-v" "/var/lib/crater-agent-workspace/rustup-home:/opt/rustwide/rustup-home:ro,Z" "-e" "SOURCE_DIR=/opt/rustwide/workdir" "-e" "CARGO_TARGET_DIR=/opt/rustwide/target" "-e" "CARGO_INCREMENTAL=0" "-e" "RUST_BACKTRACE=full" "-e" "RUSTFLAGS=--cap-lints=warn" "-e" "RUSTDOCFLAGS=--cap-lints=warn" "-e" "CARGO_HOME=/opt/rustwide/cargo-home" "-e" "RUSTUP_HOME=/opt/rustwide/rustup-home" "-w" "/opt/rustwide/workdir" "-m" "1610612736" "--user" "0:0" "--network" "none" "ghcr.io/rust-lang/crates-build-env/linux@sha256:f3a9d4ad9d972b27faf3965f35b62e55ba32bbce8f20bc8fe909558a86702fde" "/opt/rustwide/cargo-home/bin/cargo" "+1.83.0" "test" "--frozen", kill_on_drop: false }`
[INFO] [stdout] f1af0ed099c5ec1e8b5b11ef833202401e6ffec5f9194c8d6b53fb393e1dd4fd
[INFO] running `Command { std: "docker" "start" "-a" "f1af0ed099c5ec1e8b5b11ef833202401e6ffec5f9194c8d6b53fb393e1dd4fd", kill_on_drop: false }`
[INFO] [stderr]     Finished `test` profile [unoptimized + debuginfo] target(s) in 0.32s
[INFO] [stderr]      Running unittests src/lib.rs (/opt/rustwide/target/debug/deps/kv_store_contract-0f84d16cb60e658f)
[INFO] [stdout] 
[INFO] [stderr]      Running unittests src/bin/schema.rs (/opt/rustwide/target/debug/deps/schema-7d3be03820910e48)
[INFO] [stdout] running 0 tests
[INFO] [stdout] 
[INFO] [stdout] test result: ok. 0 passed; 0 failed; 0 ignored; 0 measured; 0 filtered out; finished in 0.00s
[INFO] [stdout] 
[INFO] [stdout] 
[INFO] [stdout] running 0 tests
[INFO] [stdout] 
[INFO] [stdout] test result: ok. 0 passed; 0 failed; 0 ignored; 0 measured; 0 filtered out; finished in 0.00s
[INFO] [stdout] 
[INFO] [stderr]      Running tests/contract_test.rs (/opt/rustwide/target/debug/deps/contract_test-d92217e5592308ff)
[INFO] [stdout] 
[INFO] [stdout] running 6 tests
[INFO] [stdout] test test_set_value ... ok
[INFO] [stdout] test test_delete_value ... ok
[INFO] [stdout] test test_unauthorized_withdraw ... ok
[INFO] [stdout] test test_update_value ... ok
[INFO] [stdout] test test_get_value ... ok
[INFO] [stdout] test test_withdraw ... FAILED
[INFO] [stdout] 
[INFO] [stdout] failures:
[INFO] [stdout] 
[INFO] [stdout] ---- test_withdraw stdout ----
[INFO] [stdout] thread 'test_withdraw' panicked at tests/contract_test.rs:273:14:
[INFO] [stdout] called `Result::unwrap()` on an `Err` value: GenericErr { msg: "Querier contract error: Generic error: Error decoding bech32", backtrace: Backtrace [{ fn: "cosmwasm_std::errors::backtrace::BT::capture", file: "/opt/rustwide/cargo-home/registry/src/index.crates.io-6f17d22bba15001f/cosmwasm-std-2.0.4/src/errors/backtrace.rs", line: 19 }, { fn: "cosmwasm_std::errors::std_error::StdError::generic_err", file: "/opt/rustwide/cargo-home/registry/src/index.crates.io-6f17d22bba15001f/cosmwasm-std-2.0.4/src/errors/std_error.rs", line: 109 }, { fn: "cosmwasm_std::traits::QuerierWrapper<C>::query", file: "/opt/rustwide/cargo-home/registry/src/index.crates.io-6f17d22bba15001f/cosmwasm-std-2.0.4/src/traits.rs", line: 251 }, { fn: "cosmwasm_std::traits::QuerierWrapper<C>::query_all_balances", file: "/opt/rustwide/cargo-home/registry/src/index.crates.io-6f17d22bba15001f/cosmwasm-std-2.0.4/src/traits.rs", line: 287 }, { fn: "contract_test::test_withdraw", file: "./tests/contract_test.rs", line: 271 }, { fn: "contract_test::test_withdraw::{{closure}}", file: "./tests/contract_test.rs", line: 244 }, { fn: "core::ops::function::FnOnce::call_once", file: "/rustc/90b35a6239c3d8bdabc530a6a0816f7ff89a0aaf/library/core/src/ops/function.rs", line: 250 }, { fn: "core::ops::function::FnOnce::call_once", file: "/rustc/90b35a6239c3d8bdabc530a6a0816f7ff89a0aaf/library/core/src/ops/function.rs", line: 250 }, { fn: "test::__rust_begin_short_backtrace", file: "/rustc/90b35a6239c3d8bdabc530a6a0816f7ff89a0aaf/library/test/src/lib.rs", line: 621 }, { fn: "test::run_test_in_process::{{closure}}", file: "/rustc/90b35a6239c3d8bdabc530a6a0816f7ff89a0aaf/library/test/src/lib.rs", line: 644 }, { fn: "<core::panic::unwind_safe::AssertUnwindSafe<F> as core::ops::function::FnOnce<()>>::call_once", file: "/rustc/90b35a6239c3d8bdabc530a6a0816f7ff89a0aaf/library/core/src/panic/unwind_safe.rs", line: 272 }, { fn: "std::panicking::try::do_call", file: "/rustc/90b35a6239c3d8bdabc530a6a0816f7ff89a0aaf/library/std/src/panicking.rs", line: 557 }, { fn: "std::panicking::try", file: "/rustc/90b35a6239c3d8bdabc530a6a0816f7ff89a0aaf/library/std/src/panicking.rs", line: 520 }, { fn: "std::panic::catch_unwind", file: "/rustc/90b35a6239c3d8bdabc530a6a0816f7ff89a0aaf/library/std/src/panic.rs", line: 358 }, { fn: "test::run_test_in_process", file: "/rustc/90b35a6239c3d8bdabc530a6a0816f7ff89a0aaf/library/test/src/lib.rs", line: 644 }, { fn: "test::run_test::{{closure}}", file: "/rustc/90b35a6239c3d8bdabc530a6a0816f7ff89a0aaf/library/test/src/lib.rs", line: 565 }, { fn: "test::run_test::{{closure}}", file: "/rustc/90b35a6239c3d8bdabc530a6a0816f7ff89a0aaf/library/test/src/lib.rs", line: 595 }, { fn: "std::sys::backtrace::__rust_begin_short_backtrace", file: "/rustc/90b35a6239c3d8bdabc530a6a0816f7ff89a0aaf/library/std/src/sys/backtrace.rs", line: 154 }, { fn: "std::thread::Builder::spawn_unchecked_::{{closure}}::{{closure}}", file: "/rustc/90b35a6239c3d8bdabc530a6a0816f7ff89a0aaf/library/std/src/thread/mod.rs", line: 538 }, { fn: "<core::panic::unwind_safe::AssertUnwindSafe<F> as core::ops::function::FnOnce<()>>::call_once", file: "/rustc/90b35a6239c3d8bdabc530a6a0816f7ff89a0aaf/library/core/src/panic/unwind_safe.rs", line: 272 }, { fn: "std::panicking::try::do_call", file: "/rustc/90b35a6239c3d8bdabc530a6a0816f7ff89a0aaf/library/std/src/panicking.rs", line: 557 }, { fn: "std::panicking::try", file: "/rustc/90b35a6239c3d8bdabc530a6a0816f7ff89a0aaf/library/std/src/panicking.rs", line: 520 }, { fn: "std::panic::catch_unwind", file: "/rustc/90b35a6239c3d8bdabc530a6a0816f7ff89a0aaf/library/std/src/panic.rs", line: 358 }, { fn: "std::thread::Builder::spawn_unchecked_::{{closure}}", file: "/rustc/90b35a6239c3d8bdabc530a6a0816f7ff89a0aaf/library/std/src/thread/mod.rs", line: 537 }, { fn: "core::ops::function::FnOnce::call_once{{vtable.shim}}", file: "/rustc/90b35a6239c3d8bdabc530a6a0816f7ff89a0aaf/library/core/src/ops/function.rs", line: 250 }, { fn: "<alloc::boxed::Box<F,A> as core::ops::function::FnOnce<Args>>::call_once", file: "/rustc/90b35a6239c3d8bdabc530a6a0816f7ff89a0aaf/library/alloc/src/boxed.rs", line: 2454 }, { fn: "<alloc::boxed::Box<F,A> as core::ops::function::FnOnce<Args>>::call_once", file: "/rustc/90b35a6239c3d8bdabc530a6a0816f7ff89a0aaf/library/alloc/src/boxed.rs", line: 2454 }, { fn: "std::sys::pal::unix::thread::Thread::new::thread_start", file: "/rustc/90b35a6239c3d8bdabc530a6a0816f7ff89a0aaf/library/std/src/sys/pal/unix/thread.rs", line: 105 }, { fn: "clone" }] }
[INFO] [stdout] stack backtrace:
[INFO] [stdout]    0:     0x60e0263556da - std::backtrace_rs::backtrace::libunwind::trace::h5a5b8284f2d0c266
[INFO] [stdout]                                at /rustc/90b35a6239c3d8bdabc530a6a0816f7ff89a0aaf/library/std/src/../../backtrace/src/backtrace/libunwind.rs:116:5
[INFO] [stdout]    1:     0x60e0263556da - std::backtrace_rs::backtrace::trace_unsynchronized::h76d4f1c9b0b875e3
[INFO] [stdout]                                at /rustc/90b35a6239c3d8bdabc530a6a0816f7ff89a0aaf/library/std/src/../../backtrace/src/backtrace/mod.rs:66:5
[INFO] [stdout]    2:     0x60e0263556da - std::sys::backtrace::_print_fmt::hc4546b8364a537c6
[INFO] [stdout]                                at /rustc/90b35a6239c3d8bdabc530a6a0816f7ff89a0aaf/library/std/src/sys/backtrace.rs:66:9
[INFO] [stdout]    3:     0x60e0263556da - <std::sys::backtrace::BacktraceLock::print::DisplayBacktrace as core::fmt::Display>::fmt::h5b6bd5631a6d1f6b
[INFO] [stdout]                                at /rustc/90b35a6239c3d8bdabc530a6a0816f7ff89a0aaf/library/std/src/sys/backtrace.rs:39:26
[INFO] [stdout]    4:     0x60e02637bd53 - core::fmt::rt::Argument::fmt::h270f6602a2b96f62
[INFO] [stdout]                                at /rustc/90b35a6239c3d8bdabc530a6a0816f7ff89a0aaf/library/core/src/fmt/rt.rs:177:76
[INFO] [stdout]    5:     0x60e02637bd53 - core::fmt::write::h7550c97b06c86515
[INFO] [stdout]                                at /rustc/90b35a6239c3d8bdabc530a6a0816f7ff89a0aaf/library/core/src/fmt/mod.rs:1186:21
[INFO] [stdout]    6:     0x60e0263526d3 - std::io::Write::write_fmt::h509ff860e5956e5e
[INFO] [stdout]                                at /rustc/90b35a6239c3d8bdabc530a6a0816f7ff89a0aaf/library/std/src/io/mod.rs:1839:15
[INFO] [stdout]    7:     0x60e026355522 - std::sys::backtrace::BacktraceLock::print::h2395ccd2c84ba3aa
[INFO] [stdout]                                at /rustc/90b35a6239c3d8bdabc530a6a0816f7ff89a0aaf/library/std/src/sys/backtrace.rs:42:9
[INFO] [stdout]    8:     0x60e026356b3a - std::panicking::default_hook::{{closure}}::he19d4c7230e07961
[INFO] [stdout]                                at /rustc/90b35a6239c3d8bdabc530a6a0816f7ff89a0aaf/library/std/src/panicking.rs:268:22
[INFO] [stdout]    9:     0x60e026356944 - std::panicking::default_hook::hf614597d3c67bbdb
[INFO] [stdout]                                at /rustc/90b35a6239c3d8bdabc530a6a0816f7ff89a0aaf/library/std/src/panicking.rs:292:9
[INFO] [stdout]   10:     0x60e02618ec19 - <alloc::boxed::Box<F,A> as core::ops::function::Fn<Args>>::call::h39b51ce4599c23d1
[INFO] [stdout]                                at /rustc/90b35a6239c3d8bdabc530a6a0816f7ff89a0aaf/library/alloc/src/boxed.rs:2468:9
[INFO] [stdout]   11:     0x60e02618ec19 - test::test_main::{{closure}}::he977ae839a582784
[INFO] [stdout]                                at /rustc/90b35a6239c3d8bdabc530a6a0816f7ff89a0aaf/library/test/src/lib.rs:133:21
[INFO] [stdout]   12:     0x60e0263571d8 - <alloc::boxed::Box<F,A> as core::ops::function::Fn<Args>>::call::h9455091b6b06f9fb
[INFO] [stdout]                                at /rustc/90b35a6239c3d8bdabc530a6a0816f7ff89a0aaf/library/alloc/src/boxed.rs:2468:9
[INFO] [stdout]   13:     0x60e0263571d8 - std::panicking::rust_panic_with_hook::h8942133a8b252070
[INFO] [stdout]                                at /rustc/90b35a6239c3d8bdabc530a6a0816f7ff89a0aaf/library/std/src/panicking.rs:809:13
[INFO] [stdout]   14:     0x60e026356f9a - std::panicking::begin_panic_handler::{{closure}}::hb5f5963570096b29
[INFO] [stdout]                                at /rustc/90b35a6239c3d8bdabc530a6a0816f7ff89a0aaf/library/std/src/panicking.rs:674:13
[INFO] [stdout]   15:     0x60e026355bb9 - std::sys::backtrace::__rust_end_short_backtrace::h6208cedc1922feda
[INFO] [stdout]                                at /rustc/90b35a6239c3d8bdabc530a6a0816f7ff89a0aaf/library/std/src/sys/backtrace.rs:170:18
[INFO] [stdout]   16:     0x60e026356c2c - rust_begin_unwind
[INFO] [stdout]                                at /rustc/90b35a6239c3d8bdabc530a6a0816f7ff89a0aaf/library/std/src/panicking.rs:665:5
[INFO] [stdout]   17:     0x60e0260c1b60 - core::panicking::panic_fmt::h0c3082644d1bf418
[INFO] [stdout]                                at /rustc/90b35a6239c3d8bdabc530a6a0816f7ff89a0aaf/library/core/src/panicking.rs:74:14
[INFO] [stdout]   18:     0x60e0260c1fa6 - core::result::unwrap_failed::hd20b4aa073bda1e2
[INFO] [stdout]                                at /rustc/90b35a6239c3d8bdabc530a6a0816f7ff89a0aaf/library/core/src/result.rs:1700:5
[INFO] [stdout]   19:     0x60e0261170ee - core::result::Result<T,E>::unwrap::ha8f953b85b118879
[INFO] [stdout]                                at /rustc/90b35a6239c3d8bdabc530a6a0816f7ff89a0aaf/library/core/src/result.rs:1104:23
[INFO] [stdout]   20:     0x60e0261170ee - contract_test::test_withdraw::hf9de3c6a4dd30c50
[INFO] [stdout]                                at /opt/rustwide/workdir/tests/contract_test.rs:271:9
[INFO] [stdout]   21:     0x60e0261169e7 - contract_test::test_withdraw::{{closure}}::hefab7646a4aee3ea
[INFO] [stdout]                                at /opt/rustwide/workdir/tests/contract_test.rs:244:19
[INFO] [stdout]   22:     0x60e026150066 - core::ops::function::FnOnce::call_once::hf746721a98396c05
[INFO] [stdout]                                at /rustc/90b35a6239c3d8bdabc530a6a0816f7ff89a0aaf/library/core/src/ops/function.rs:250:5
[INFO] [stdout]   23:     0x60e0261935db - core::ops::function::FnOnce::call_once::h109cf8051a59b34e
[INFO] [stdout]                                at /rustc/90b35a6239c3d8bdabc530a6a0816f7ff89a0aaf/library/core/src/ops/function.rs:250:5
[INFO] [stdout]   24:     0x60e0261935db - test::__rust_begin_short_backtrace::hf4fff89d377446ba
[INFO] [stdout]                                at /rustc/90b35a6239c3d8bdabc530a6a0816f7ff89a0aaf/library/test/src/lib.rs:621:18
[INFO] [stdout]   25:     0x60e026192e17 - test::run_test_in_process::{{closure}}::h0e39181dd7ee5a43
[INFO] [stdout]                                at /rustc/90b35a6239c3d8bdabc530a6a0816f7ff89a0aaf/library/test/src/lib.rs:644:60
[INFO] [stdout]   26:     0x60e026192e17 - <core::panic::unwind_safe::AssertUnwindSafe<F> as core::ops::function::FnOnce<()>>::call_once::hc5a66a30f0bdfd1f
[INFO] [stdout]                                at /rustc/90b35a6239c3d8bdabc530a6a0816f7ff89a0aaf/library/core/src/panic/unwind_safe.rs:272:9
[INFO] [stdout]   27:     0x60e026192e17 - std::panicking::try::do_call::h873b7cf639554a5e
[INFO] [stdout]                                at /rustc/90b35a6239c3d8bdabc530a6a0816f7ff89a0aaf/library/std/src/panicking.rs:557:40
[INFO] [stdout]   28:     0x60e026192e17 - std::panicking::try::hdb19862fad9c8bd1
[INFO] [stdout]                                at /rustc/90b35a6239c3d8bdabc530a6a0816f7ff89a0aaf/library/std/src/panicking.rs:520:19
[INFO] [stdout]   29:     0x60e026192e17 - std::panic::catch_unwind::h281fe732d236d260
[INFO] [stdout]                                at /rustc/90b35a6239c3d8bdabc530a6a0816f7ff89a0aaf/library/std/src/panic.rs:358:14
[INFO] [stdout]   30:     0x60e026192e17 - test::run_test_in_process::h949b6df8457ed338
[INFO] [stdout]                                at /rustc/90b35a6239c3d8bdabc530a6a0816f7ff89a0aaf/library/test/src/lib.rs:644:27
[INFO] [stdout]   31:     0x60e026192e17 - test::run_test::{{closure}}::h52c556a6d4740e10
[INFO] [stdout]                                at /rustc/90b35a6239c3d8bdabc530a6a0816f7ff89a0aaf/library/test/src/lib.rs:565:43
[INFO] [stdout]   32:     0x60e0261580f4 - test::run_test::{{closure}}::h4237f6381c45ccb9
[INFO] [stdout]                                at /rustc/90b35a6239c3d8bdabc530a6a0816f7ff89a0aaf/library/test/src/lib.rs:595:41
[INFO] [stdout]   33:     0x60e0261580f4 - std::sys::backtrace::__rust_begin_short_backtrace::h505c97a579eca628
[INFO] [stdout]                                at /rustc/90b35a6239c3d8bdabc530a6a0816f7ff89a0aaf/library/std/src/sys/backtrace.rs:154:18
[INFO] [stdout]   34:     0x60e02615b7be - std::thread::Builder::spawn_unchecked_::{{closure}}::{{closure}}::h9e86b2e2bc107ea3
[INFO] [stdout]                                at /rustc/90b35a6239c3d8bdabc530a6a0816f7ff89a0aaf/library/std/src/thread/mod.rs:538:17
[INFO] [stdout]   35:     0x60e02615b7be - <core::panic::unwind_safe::AssertUnwindSafe<F> as core::ops::function::FnOnce<()>>::call_once::h8b06ddb275ff4a25
[INFO] [stdout]                                at /rustc/90b35a6239c3d8bdabc530a6a0816f7ff89a0aaf/library/core/src/panic/unwind_safe.rs:272:9
[INFO] [stdout]   36:     0x60e02615b7be - std::panicking::try::do_call::hb26ecd7cd9a9355d
[INFO] [stdout]                                at /rustc/90b35a6239c3d8bdabc530a6a0816f7ff89a0aaf/library/std/src/panicking.rs:557:40
[INFO] [stdout]   37:     0x60e02615b7be - std::panicking::try::h8ddeca9d705f9069
[INFO] [stdout]                                at /rustc/90b35a6239c3d8bdabc530a6a0816f7ff89a0aaf/library/std/src/panicking.rs:520:19
[INFO] [stdout]   38:     0x60e02615b7be - std::panic::catch_unwind::h49e1c33078844c46
[INFO] [stdout]                                at /rustc/90b35a6239c3d8bdabc530a6a0816f7ff89a0aaf/library/std/src/panic.rs:358:14
[INFO] [stdout]   39:     0x60e02615b7be - std::thread::Builder::spawn_unchecked_::{{closure}}::h6073db6ff56ad35d
[INFO] [stdout]                                at /rustc/90b35a6239c3d8bdabc530a6a0816f7ff89a0aaf/library/std/src/thread/mod.rs:537:30
[INFO] [stdout]   40:     0x60e02615b7be - core::ops::function::FnOnce::call_once{{vtable.shim}}::h2c5a5f3779c774f1
[INFO] [stdout]                                at /rustc/90b35a6239c3d8bdabc530a6a0816f7ff89a0aaf/library/core/src/ops/function.rs:250:5
[INFO] [stdout]   41:     0x60e02635af2b - <alloc::boxed::Box<F,A> as core::ops::function::FnOnce<Args>>::call_once::hf75717d9f28faebf
[INFO] [stdout]                                at /rustc/90b35a6239c3d8bdabc530a6a0816f7ff89a0aaf/library/alloc/src/boxed.rs:2454:9
[INFO] [stdout]   42:     0x60e02635af2b - <alloc::boxed::Box<F,A> as core::ops::function::FnOnce<Args>>::call_once::h7bd883a5f3c5f3c1
[INFO] [stdout]                                at /rustc/90b35a6239c3d8bdabc530a6a0816f7ff89a0aaf/library/alloc/src/boxed.rs:2454:9
[INFO] [stdout]   43:     0x60e02635af2b - std::sys::pal::unix::thread::Thread::new::thread_start::hcc78f3943333fa94
[INFO] [stdout]                                at /rustc/90b35a6239c3d8bdabc530a6a0816f7ff89a0aaf/library/std/src/sys/pal/unix/thread.rs:105:17
[INFO] [stdout]   44:     0x74cb547ccac3 - <unknown>
[INFO] [stdout]   45:     0x74cb5485da04 - clone
[INFO] [stdout]   46:                0x0 - <unknown>
[INFO] [stdout] 
[INFO] [stdout] 
[INFO] [stdout] failures:
[INFO] [stdout]     test_withdraw
[INFO] [stdout] 
[INFO] [stdout] test result: FAILED. 5 passed; 1 failed; 0 ignored; 0 measured; 0 filtered out; finished in 0.06s
[INFO] [stdout] 
[INFO] [stderr] error: test failed, to rerun pass `--test contract_test`
[INFO] running `Command { std: "docker" "inspect" "f1af0ed099c5ec1e8b5b11ef833202401e6ffec5f9194c8d6b53fb393e1dd4fd", kill_on_drop: false }`
[INFO] running `Command { std: "docker" "rm" "-f" "f1af0ed099c5ec1e8b5b11ef833202401e6ffec5f9194c8d6b53fb393e1dd4fd", kill_on_drop: false }`
[INFO] [stdout] f1af0ed099c5ec1e8b5b11ef833202401e6ffec5f9194c8d6b53fb393e1dd4fd
