[INFO] cloning repository https://github.com/pedrogao/plua
[INFO] running `Command { std: "git" "-c" "credential.helper=" "-c" "credential.helper=/workspace/cargo-home/bin/git-credential-null" "clone" "--bare" "https://github.com/pedrogao/plua" "/workspace/cache/git-repos/https%3A%2F%2Fgithub.com%2Fpedrogao%2Fplua", kill_on_drop: false }`
[INFO] [stderr] Cloning into bare repository '/workspace/cache/git-repos/https%3A%2F%2Fgithub.com%2Fpedrogao%2Fplua'...
[INFO] running `Command { std: "git" "rev-parse" "HEAD", kill_on_drop: false }`
[INFO] [stdout] 91302f7ca2ee76e379adf0cfd41dbcdd8eff10eb
[INFO] testing pedrogao/plua against 1.83.0 for beta-1.84.0-4-retry
[INFO] running `Command { std: "git" "clone" "/workspace/cache/git-repos/https%3A%2F%2Fgithub.com%2Fpedrogao%2Fplua" "/workspace/builds/worker-5-tc1/source", kill_on_drop: false }`
[INFO] [stderr] Cloning into '/workspace/builds/worker-5-tc1/source'...
[INFO] [stderr] done.
[INFO] validating manifest of git repo https://github.com/pedrogao/plua on toolchain 1.83.0
[INFO] running `Command { std: CARGO_HOME="/workspace/cargo-home" RUSTUP_HOME="/workspace/rustup-home" "/workspace/cargo-home/bin/cargo" "+1.83.0" "metadata" "--manifest-path" "Cargo.toml" "--no-deps", kill_on_drop: false }`
[INFO] started tweaking git repo https://github.com/pedrogao/plua
[INFO] finished tweaking git repo https://github.com/pedrogao/plua
[INFO] tweaked toml for git repo https://github.com/pedrogao/plua written to /workspace/builds/worker-5-tc1/source/Cargo.toml
[INFO] crate git repo https://github.com/pedrogao/plua already has a lockfile, it will not be regenerated
[INFO] running `Command { std: CARGO_HOME="/workspace/cargo-home" RUSTUP_HOME="/workspace/rustup-home" "/workspace/cargo-home/bin/cargo" "+1.83.0" "fetch" "--manifest-path" "Cargo.toml", kill_on_drop: false }`
[INFO] [stderr] warning: unused manifest key: package.author
[INFO] [stderr]  Downloading crates ...
[INFO] [stderr]   Downloaded dynasmrt v1.2.1
[INFO] [stderr]   Downloaded peg-macros v0.8.0
[INFO] [stderr]   Downloaded dynasm v1.2.1
[INFO] [stderr]   Downloaded cranelift-codegen-meta v0.81.1
[INFO] [stderr]   Downloaded cranelift-codegen-shared v0.81.1
[INFO] [stderr]   Downloaded peg v0.8.0
[INFO] [stderr]   Downloaded peg-runtime v0.8.0
[INFO] [stderr]   Downloaded cranelift-entity v0.81.1
[INFO] [stderr]   Downloaded cranelift v0.81.1
[INFO] [stderr]   Downloaded cranelift-codegen v0.81.1
[INFO] [stderr]   Downloaded cranelift-frontend v0.81.1
[INFO] [stderr]   Downloaded cranelift-module v0.81.1
[INFO] [stderr]   Downloaded cranelift-bforest v0.81.1
[INFO] [stderr]   Downloaded cranelift-native v0.81.1
[INFO] [stderr]   Downloaded cranelift-jit v0.81.1
[INFO] running `Command { std: "docker" "create" "-v" "/var/lib/crater-agent-workspace/builds/worker-5-tc1/target:/opt/rustwide/target:rw,Z" "-v" "/var/lib/crater-agent-workspace/builds/worker-5-tc1/source:/opt/rustwide/workdir:ro,Z" "-v" "/var/lib/crater-agent-workspace/cargo-home:/opt/rustwide/cargo-home:ro,Z" "-v" "/var/lib/crater-agent-workspace/rustup-home:/opt/rustwide/rustup-home:ro,Z" "-e" "SOURCE_DIR=/opt/rustwide/workdir" "-e" "CARGO_TARGET_DIR=/opt/rustwide/target" "-e" "CARGO_HOME=/opt/rustwide/cargo-home" "-e" "RUSTUP_HOME=/opt/rustwide/rustup-home" "-w" "/opt/rustwide/workdir" "-m" "1610612736" "--user" "0:0" "--network" "none" "ghcr.io/rust-lang/crates-build-env/linux@sha256:f3a9d4ad9d972b27faf3965f35b62e55ba32bbce8f20bc8fe909558a86702fde" "/opt/rustwide/cargo-home/bin/cargo" "+1.83.0" "metadata" "--no-deps" "--format-version=1", kill_on_drop: false }`
[INFO] [stdout] 8098ba6000fbf593fd7de4780a8d948333981f41471d6479de9f4d9959e1f9c3
[INFO] running `Command { std: "docker" "start" "-a" "8098ba6000fbf593fd7de4780a8d948333981f41471d6479de9f4d9959e1f9c3", kill_on_drop: false }`
[INFO] running `Command { std: "docker" "inspect" "8098ba6000fbf593fd7de4780a8d948333981f41471d6479de9f4d9959e1f9c3", kill_on_drop: false }`
[INFO] running `Command { std: "docker" "rm" "-f" "8098ba6000fbf593fd7de4780a8d948333981f41471d6479de9f4d9959e1f9c3", kill_on_drop: false }`
[INFO] [stdout] 8098ba6000fbf593fd7de4780a8d948333981f41471d6479de9f4d9959e1f9c3
[INFO] running `Command { std: "docker" "create" "-v" "/var/lib/crater-agent-workspace/builds/worker-5-tc1/target:/opt/rustwide/target:rw,Z" "-v" "/var/lib/crater-agent-workspace/builds/worker-5-tc1/source:/opt/rustwide/workdir:ro,Z" "-v" "/var/lib/crater-agent-workspace/cargo-home:/opt/rustwide/cargo-home:ro,Z" "-v" "/var/lib/crater-agent-workspace/rustup-home:/opt/rustwide/rustup-home:ro,Z" "-e" "SOURCE_DIR=/opt/rustwide/workdir" "-e" "CARGO_TARGET_DIR=/opt/rustwide/target" "-e" "CARGO_INCREMENTAL=0" "-e" "RUST_BACKTRACE=full" "-e" "RUSTFLAGS=--cap-lints=warn" "-e" "RUSTDOCFLAGS=--cap-lints=warn" "-e" "CARGO_HOME=/opt/rustwide/cargo-home" "-e" "RUSTUP_HOME=/opt/rustwide/rustup-home" "-w" "/opt/rustwide/workdir" "-m" "1610612736" "--user" "0:0" "--network" "none" "ghcr.io/rust-lang/crates-build-env/linux@sha256:f3a9d4ad9d972b27faf3965f35b62e55ba32bbce8f20bc8fe909558a86702fde" "/opt/rustwide/cargo-home/bin/cargo" "+1.83.0" "build" "--frozen" "--message-format=json", kill_on_drop: false }`
[INFO] [stdout] 745349791a7060ea8eed33bfb0cbb80907c7cee498fc3e47df0afdcbcba084ed
[INFO] running `Command { std: "docker" "start" "-a" "745349791a7060ea8eed33bfb0cbb80907c7cee498fc3e47df0afdcbcba084ed", kill_on_drop: false }`
[INFO] [stderr] warning: unused manifest key: package.author
[INFO] [stderr]    Compiling proc-macro2 v1.0.69
[INFO] [stderr]    Compiling unicode-ident v1.0.12
[INFO] [stderr]    Compiling syn v1.0.86
[INFO] [stderr]    Compiling unicode-xid v0.2.2
[INFO] [stderr]    Compiling version_check v0.9.4
[INFO] [stderr]    Compiling cranelift-codegen-shared v0.81.1
[INFO] [stderr]    Compiling libc v0.2.119
[INFO] [stderr]    Compiling log v0.4.14
[INFO] [stderr]    Compiling target-lexicon v0.12.3
[INFO] [stderr]    Compiling hashbrown v0.11.2
[INFO] [stderr]    Compiling rustc-hash v1.1.0
[INFO] [stderr]    Compiling cranelift-entity v0.81.1
[INFO] [stderr]    Compiling smallvec v1.8.0
[INFO] [stderr]    Compiling serde v1.0.136
[INFO] [stderr]    Compiling indexmap v1.8.0
[INFO] [stderr]    Compiling bitflags v1.3.2
[INFO] [stderr]    Compiling anyhow v1.0.55
[INFO] [stderr]    Compiling cranelift-codegen-meta v0.81.1
[INFO] [stderr]    Compiling unicode-width v0.1.9
[INFO] [stderr]    Compiling lazy_static v1.4.0
[INFO] [stderr]    Compiling unicode-segmentation v1.9.0
[INFO] [stderr]    Compiling cranelift-bforest v0.81.1
[INFO] [stderr]    Compiling textwrap v0.11.0
[INFO] [stderr]    Compiling substring v1.4.5
[INFO] [stderr]    Compiling peg-runtime v0.8.0
[INFO] [stderr]    Compiling strsim v0.8.0
[INFO] [stderr]    Compiling regalloc v0.0.34
[INFO] [stderr]    Compiling vec_map v0.8.2
[INFO] [stderr]    Compiling heck v0.3.3
[INFO] [stderr]    Compiling ansi_term v0.12.1
[INFO] [stderr]    Compiling proc-macro-error-attr v1.0.4
[INFO] [stderr]    Compiling proc-macro-error v1.0.4
[INFO] [stderr]    Compiling byteorder v1.4.3
[INFO] [stderr]    Compiling heck v0.4.1
[INFO] [stderr]    Compiling quote v1.0.33
[INFO] [stderr]    Compiling gimli v0.26.1
[INFO] [stderr]    Compiling syn v2.0.38
[INFO] [stderr]    Compiling peg-macros v0.8.0
[INFO] [stderr]    Compiling atty v0.2.14
[INFO] [stderr]    Compiling region v2.2.0
[INFO] [stderr]    Compiling memmap2 v0.5.3
[INFO] [stderr]    Compiling clap v2.34.0
[INFO] [stderr]    Compiling cranelift-codegen v0.81.1
[INFO] [stderr]    Compiling peg v0.8.0
[INFO] [stderr]    Compiling enum-as-inner v0.6.0
[INFO] [stderr]    Compiling toml v0.5.8
[INFO] [stderr]    Compiling thiserror-impl v1.0.30
[INFO] [stderr]    Compiling structopt-derive v0.4.18
[INFO] [stderr]    Compiling dynasm v1.2.1
[INFO] [stderr]    Compiling thiserror v1.0.30
[INFO] [stderr]    Compiling proc-macro-crate v1.1.3
[INFO] [stderr]    Compiling structopt v0.3.26
[INFO] [stderr]    Compiling num_enum_derive v0.5.6
[INFO] [stderr]    Compiling num_enum v0.5.6
[INFO] [stderr]    Compiling cranelift-native v0.81.1
[INFO] [stderr]    Compiling cranelift-module v0.81.1
[INFO] [stderr]    Compiling cranelift-frontend v0.81.1
[INFO] [stderr]    Compiling cranelift-jit v0.81.1
[INFO] [stderr]    Compiling cranelift v0.81.1
[INFO] [stderr]    Compiling dynasmrt v1.2.1
[INFO] [stderr]    Compiling plua v0.1.0 (/opt/rustwide/workdir)
[INFO] [stdout] warning: unused import: `super::*`
[INFO] [stdout]    --> src/bf/compile.rs:106:9
[INFO] [stdout]     |
[INFO] [stdout] 106 |     use super::*;
[INFO] [stdout]     |         ^^^^^^^^
[INFO] [stdout]     |
[INFO] [stdout]     = note: `#[warn(unused_imports)]` on by default
[INFO] [stdout] 
[INFO] [stdout] 
[INFO] [stdout] warning: unused variable: `name`
[INFO] [stdout]    --> src/vm.rs:113:25
[INFO] [stdout]     |
[INFO] [stdout] 113 |                     let name = constant.get(*i).unwrap();
[INFO] [stdout]     |                         ^^^^ help: if this is intentional, prefix it with an underscore: `_name`
[INFO] [stdout]     |
[INFO] [stdout]     = note: `#[warn(unused_variables)]` on by default
[INFO] [stdout] 
[INFO] [stdout] 
[INFO] [stdout] warning: unused variable: `arg`
[INFO] [stdout]    --> src/vm.rs:133:29
[INFO] [stdout]     |
[INFO] [stdout] 133 |                         let arg = stack.pop().unwrap();
[INFO] [stdout]     |                             ^^^ help: if this is intentional, prefix it with an underscore: `_arg`
[INFO] [stdout] 
[INFO] [stdout] 
[INFO] [stdout] warning: unused variable: `name`
[INFO] [stdout]    --> src/vm.rs:240:25
[INFO] [stdout]     |
[INFO] [stdout] 240 |                     let name = constant.get(*i).unwrap();
[INFO] [stdout]     |                         ^^^^ help: if this is intentional, prefix it with an underscore: `_name`
[INFO] [stdout] 
[INFO] [stdout] 
[INFO] [stdout] warning: unused variable: `arg_count`
[INFO] [stdout]    --> src/vm.rs:253:32
[INFO] [stdout]     |
[INFO] [stdout] 253 |                 ByteCode::Call(arg_count) => {
[INFO] [stdout]     |                                ^^^^^^^^^ help: if this is intentional, prefix it with an underscore: `_arg_count`
[INFO] [stdout] 
[INFO] [stdout] 
[INFO] [stdout] warning: unused variable: `next_func`
[INFO] [stdout]    --> src/vm.rs:264:25
[INFO] [stdout]     |
[INFO] [stdout] 264 |                     let next_func = self
[INFO] [stdout]     |                         ^^^^^^^^^ help: if this is intentional, prefix it with an underscore: `_next_func`
[INFO] [stdout] 
[INFO] [stdout] 
[INFO] [stdout] warning: unused variable: `arg_count`
[INFO] [stdout]    --> src/vm.rs:184:46
[INFO] [stdout]     |
[INFO] [stdout] 184 |     fn eval_func(&mut self, func: &Function, arg_count: usize) -> Value {
[INFO] [stdout]     |                                              ^^^^^^^^^ help: if this is intentional, prefix it with an underscore: `_arg_count`
[INFO] [stdout] 
[INFO] [stdout] 
[INFO] [stdout] warning: field `module` is never read
[INFO] [stdout]    --> src/jit/mod.rs:125:5
[INFO] [stdout]     |
[INFO] [stdout] 121 | struct FunctionTranslator<'a> {
[INFO] [stdout]     |        ------------------ field in this struct
[INFO] [stdout] ...
[INFO] [stdout] 125 |     module: &'a mut JITModule,
[INFO] [stdout]     |     ^^^^^^
[INFO] [stdout]     |
[INFO] [stdout]     = note: `#[warn(dead_code)]` on by default
[INFO] [stdout] 
[INFO] [stdout] 
[INFO] [stdout] warning: method `translate_icmp` is never used
[INFO] [stdout]    --> src/jit/mod.rs:227:8
[INFO] [stdout]     |
[INFO] [stdout] 128 | impl<'a> FunctionTranslator<'a> {
[INFO] [stdout]     | ------------------------------- method in this implementation
[INFO] [stdout] ...
[INFO] [stdout] 227 |     fn translate_icmp(&mut self, cmp: IntCC, lhs: &Expr, rhs: &Expr) -> Result<Value, String> {
[INFO] [stdout]     |        ^^^^^^^^^^^^^^
[INFO] [stdout] 
[INFO] [stdout] 
[INFO] [stdout] warning: field `current_frame` is never read
[INFO] [stdout]   --> src/vm.rs:11:5
[INFO] [stdout]    |
[INFO] [stdout] 8  | pub struct VM {
[INFO] [stdout]    |            -- field in this struct
[INFO] [stdout] ...
[INFO] [stdout] 11 |     current_frame: Option<usize>,
[INFO] [stdout]    |     ^^^^^^^^^^^^^
[INFO] [stdout]    |
[INFO] [stdout]    = note: `VM` has a derived impl for the trait `Debug`, but this is intentionally ignored during dead code analysis
[INFO] [stdout] 
[INFO] [stdout] 
[INFO] [stdout] warning: fields `sp`, `ip`, and `locals` are never read
[INFO] [stdout]   --> src/vm.rs:17:5
[INFO] [stdout]    |
[INFO] [stdout] 16 | pub struct Frame {
[INFO] [stdout]    |            ----- fields in this struct
[INFO] [stdout] 17 |     sp: usize,
[INFO] [stdout]    |     ^^
[INFO] [stdout] 18 |     ip: usize,
[INFO] [stdout]    |     ^^
[INFO] [stdout] 19 |     locals: Vec<Value>,
[INFO] [stdout]    |     ^^^^^^
[INFO] [stdout]    |
[INFO] [stdout]    = note: `Frame` has a derived impl for the trait `Debug`, but this is intentionally ignored during dead code analysis
[INFO] [stdout] 
[INFO] [stdout] 
[INFO] [stdout] warning: methods `eval_func` and `current_frame` are never used
[INFO] [stdout]    --> src/vm.rs:184:8
[INFO] [stdout]     |
[INFO] [stdout] 32  | impl VM {
[INFO] [stdout]     | ------- methods in this implementation
[INFO] [stdout] ...
[INFO] [stdout] 184 |     fn eval_func(&mut self, func: &Function, arg_count: usize) -> Value {
[INFO] [stdout]     |        ^^^^^^^^^
[INFO] [stdout] ...
[INFO] [stdout] 307 |     fn current_frame(&mut self) -> &mut Frame {
[INFO] [stdout]     |        ^^^^^^^^^^^^^
[INFO] [stdout] 
[INFO] [stdout] 
[INFO] [stderr]     Finished `dev` profile [unoptimized + debuginfo] target(s) in 20.94s
[INFO] running `Command { std: "docker" "inspect" "745349791a7060ea8eed33bfb0cbb80907c7cee498fc3e47df0afdcbcba084ed", kill_on_drop: false }`
[INFO] running `Command { std: "docker" "rm" "-f" "745349791a7060ea8eed33bfb0cbb80907c7cee498fc3e47df0afdcbcba084ed", kill_on_drop: false }`
[INFO] [stdout] 745349791a7060ea8eed33bfb0cbb80907c7cee498fc3e47df0afdcbcba084ed
[INFO] running `Command { std: "docker" "create" "-v" "/var/lib/crater-agent-workspace/builds/worker-5-tc1/target:/opt/rustwide/target:rw,Z" "-v" "/var/lib/crater-agent-workspace/builds/worker-5-tc1/source:/opt/rustwide/workdir:ro,Z" "-v" "/var/lib/crater-agent-workspace/cargo-home:/opt/rustwide/cargo-home:ro,Z" "-v" "/var/lib/crater-agent-workspace/rustup-home:/opt/rustwide/rustup-home:ro,Z" "-e" "SOURCE_DIR=/opt/rustwide/workdir" "-e" "CARGO_TARGET_DIR=/opt/rustwide/target" "-e" "CARGO_INCREMENTAL=0" "-e" "RUST_BACKTRACE=full" "-e" "RUSTFLAGS=--cap-lints=warn" "-e" "RUSTDOCFLAGS=--cap-lints=warn" "-e" "CARGO_HOME=/opt/rustwide/cargo-home" "-e" "RUSTUP_HOME=/opt/rustwide/rustup-home" "-w" "/opt/rustwide/workdir" "-m" "1610612736" "--user" "0:0" "--network" "none" "ghcr.io/rust-lang/crates-build-env/linux@sha256:f3a9d4ad9d972b27faf3965f35b62e55ba32bbce8f20bc8fe909558a86702fde" "/opt/rustwide/cargo-home/bin/cargo" "+1.83.0" "test" "--frozen" "--no-run" "--message-format=json", kill_on_drop: false }`
[INFO] [stdout] f290fe1b7fed2be5a0b08e12bd0738979c418dd683a8c9b2c899388e04da5e9f
[INFO] running `Command { std: "docker" "start" "-a" "f290fe1b7fed2be5a0b08e12bd0738979c418dd683a8c9b2c899388e04da5e9f", kill_on_drop: false }`
[INFO] [stderr] warning: unused manifest key: package.author
[INFO] [stdout] warning: unused import: `super::*`
[INFO] [stdout]    --> src/bf/compile.rs:106:9
[INFO] [stdout]     |
[INFO] [stdout] 106 |     use super::*;
[INFO] [stdout]     |         ^^^^^^^^
[INFO] [stdout]     |
[INFO] [stdout]     = note: `#[warn(unused_imports)]` on by default
[INFO] [stdout] 
[INFO] [stdout] 
[INFO] [stdout] warning: unused variable: `name`
[INFO] [stdout]    --> src/vm.rs:113:25
[INFO] [stdout]     |
[INFO] [stdout] 113 |                     let name = constant.get(*i).unwrap();
[INFO] [stdout]     |                         ^^^^ help: if this is intentional, prefix it with an underscore: `_name`
[INFO] [stdout]     |
[INFO] [stdout]     = note: `#[warn(unused_variables)]` on by default
[INFO] [stdout] 
[INFO] [stdout] 
[INFO] [stdout] warning: unused variable: `arg`
[INFO] [stdout]    --> src/vm.rs:133:29
[INFO] [stdout]     |
[INFO] [stdout] 133 |                         let arg = stack.pop().unwrap();
[INFO] [stdout]     |                             ^^^ help: if this is intentional, prefix it with an underscore: `_arg`
[INFO] [stdout] 
[INFO] [stdout] 
[INFO] [stdout] warning: unused variable: `name`
[INFO] [stdout]    --> src/vm.rs:240:25
[INFO] [stdout]     |
[INFO] [stdout] 240 |                     let name = constant.get(*i).unwrap();
[INFO] [stdout]     |                         ^^^^ help: if this is intentional, prefix it with an underscore: `_name`
[INFO] [stdout] 
[INFO] [stdout] 
[INFO] [stdout] warning: unused variable: `arg_count`
[INFO] [stdout]    --> src/vm.rs:253:32
[INFO] [stdout]     |
[INFO] [stdout] 253 |                 ByteCode::Call(arg_count) => {
[INFO] [stdout]     |                                ^^^^^^^^^ help: if this is intentional, prefix it with an underscore: `_arg_count`
[INFO] [stdout] 
[INFO] [stdout] 
[INFO] [stdout] warning: unused variable: `next_func`
[INFO] [stdout]    --> src/vm.rs:264:25
[INFO] [stdout]     |
[INFO] [stdout] 264 |                     let next_func = self
[INFO] [stdout]     |                         ^^^^^^^^^ help: if this is intentional, prefix it with an underscore: `_next_func`
[INFO] [stdout] 
[INFO] [stdout] 
[INFO] [stdout] warning: unused variable: `arg_count`
[INFO] [stdout]    --> src/vm.rs:184:46
[INFO] [stdout]     |
[INFO] [stdout] 184 |     fn eval_func(&mut self, func: &Function, arg_count: usize) -> Value {
[INFO] [stdout]     |                                              ^^^^^^^^^ help: if this is intentional, prefix it with an underscore: `_arg_count`
[INFO] [stdout] 
[INFO] [stdout] 
[INFO] [stdout] warning: field `module` is never read
[INFO] [stdout]    --> src/jit/mod.rs:125:5
[INFO] [stdout]     |
[INFO] [stdout] 121 | struct FunctionTranslator<'a> {
[INFO] [stdout]     |        ------------------ field in this struct
[INFO] [stdout] ...
[INFO] [stdout] 125 |     module: &'a mut JITModule,
[INFO] [stdout]     |     ^^^^^^
[INFO] [stdout]     |
[INFO] [stdout]     = note: `#[warn(dead_code)]` on by default
[INFO] [stdout] 
[INFO] [stdout] 
[INFO] [stdout] warning: method `translate_icmp` is never used
[INFO] [stdout]    --> src/jit/mod.rs:227:8
[INFO] [stdout]     |
[INFO] [stdout] 128 | impl<'a> FunctionTranslator<'a> {
[INFO] [stdout]     | ------------------------------- method in this implementation
[INFO] [stdout] ...
[INFO] [stdout] 227 |     fn translate_icmp(&mut self, cmp: IntCC, lhs: &Expr, rhs: &Expr) -> Result<Value, String> {
[INFO] [stdout]     |        ^^^^^^^^^^^^^^
[INFO] [stdout] 
[INFO] [stdout] 
[INFO] [stdout] warning: field `current_frame` is never read
[INFO] [stdout]   --> src/vm.rs:11:5
[INFO] [stdout]    |
[INFO] [stdout] 8  | pub struct VM {
[INFO] [stdout]    |            -- field in this struct
[INFO] [stdout] ...
[INFO] [stdout] 11 |     current_frame: Option<usize>,
[INFO] [stdout]    |     ^^^^^^^^^^^^^
[INFO] [stdout]    |
[INFO] [stdout]    = note: `VM` has a derived impl for the trait `Debug`, but this is intentionally ignored during dead code analysis
[INFO] [stdout] 
[INFO] [stdout] 
[INFO] [stdout] warning: fields `sp`, `ip`, and `locals` are never read
[INFO] [stdout]   --> src/vm.rs:17:5
[INFO] [stdout]    |
[INFO] [stdout] 16 | pub struct Frame {
[INFO] [stdout]    |            ----- fields in this struct
[INFO] [stdout] 17 |     sp: usize,
[INFO] [stdout]    |     ^^
[INFO] [stdout] 18 |     ip: usize,
[INFO] [stdout]    |     ^^
[INFO] [stdout] 19 |     locals: Vec<Value>,
[INFO] [stdout]    |     ^^^^^^
[INFO] [stdout]    |
[INFO] [stdout]    = note: `Frame` has a derived impl for the trait `Debug`, but this is intentionally ignored during dead code analysis
[INFO] [stdout] 
[INFO] [stdout] 
[INFO] [stdout] warning: methods `eval_func` and `current_frame` are never used
[INFO] [stdout]    --> src/vm.rs:184:8
[INFO] [stdout]     |
[INFO] [stdout] 32  | impl VM {
[INFO] [stdout]     | ------- methods in this implementation
[INFO] [stdout] ...
[INFO] [stdout] 184 |     fn eval_func(&mut self, func: &Function, arg_count: usize) -> Value {
[INFO] [stdout]     |        ^^^^^^^^^
[INFO] [stdout] ...
[INFO] [stdout] 307 |     fn current_frame(&mut self) -> &mut Frame {
[INFO] [stdout]     |        ^^^^^^^^^^^^^
[INFO] [stdout] 
[INFO] [stdout] 
[INFO] [stderr]    Compiling plua v0.1.0 (/opt/rustwide/workdir)
[INFO] [stdout] warning: elided lifetime has a name
[INFO] [stdout]    --> examples/stackvm.rs:414:59
[INFO] [stdout]     |
[INFO] [stdout] 414 | fn find_label<'a>(i: Pointer, s: &'a [&'a str]) -> Option<Label> {
[INFO] [stdout]     |               -- lifetime `'a` declared here              ^^^^^ this elided lifetime gets resolved as `'a`
[INFO] [stdout]     |
[INFO] [stdout]     = note: `#[warn(elided_named_lifetimes)]` on by default
[INFO] [stdout] 
[INFO] [stdout] 
[INFO] [stdout] warning: unused variable: `name`
[INFO] [stdout]    --> src/vm.rs:113:25
[INFO] [stdout]     |
[INFO] [stdout] 113 |                     let name = constant.get(*i).unwrap();
[INFO] [stdout]     |                         ^^^^ help: if this is intentional, prefix it with an underscore: `_name`
[INFO] [stdout]     |
[INFO] [stdout]     = note: `#[warn(unused_variables)]` on by default
[INFO] [stdout] 
[INFO] [stdout] 
[INFO] [stdout] warning: unused variable: `arg`
[INFO] [stdout]    --> src/vm.rs:133:29
[INFO] [stdout]     |
[INFO] [stdout] 133 |                         let arg = stack.pop().unwrap();
[INFO] [stdout]     |                             ^^^ help: if this is intentional, prefix it with an underscore: `_arg`
[INFO] [stdout] 
[INFO] [stdout] 
[INFO] [stdout] warning: unused variable: `name`
[INFO] [stdout]    --> src/vm.rs:240:25
[INFO] [stdout]     |
[INFO] [stdout] 240 |                     let name = constant.get(*i).unwrap();
[INFO] [stdout]     |                         ^^^^ help: if this is intentional, prefix it with an underscore: `_name`
[INFO] [stdout] 
[INFO] [stdout] 
[INFO] [stdout] warning: unused variable: `arg_count`
[INFO] [stdout]    --> src/vm.rs:253:32
[INFO] [stdout]     |
[INFO] [stdout] 253 |                 ByteCode::Call(arg_count) => {
[INFO] [stdout]     |                                ^^^^^^^^^ help: if this is intentional, prefix it with an underscore: `_arg_count`
[INFO] [stdout] 
[INFO] [stdout] 
[INFO] [stdout] warning: unused variable: `next_func`
[INFO] [stdout]    --> src/vm.rs:264:25
[INFO] [stdout]     |
[INFO] [stdout] 264 |                     let next_func = self
[INFO] [stdout]     |                         ^^^^^^^^^ help: if this is intentional, prefix it with an underscore: `_next_func`
[INFO] [stdout] 
[INFO] [stdout] 
[INFO] [stdout] warning: unused variable: `arg_count`
[INFO] [stdout]    --> src/vm.rs:184:46
[INFO] [stdout]     |
[INFO] [stdout] 184 |     fn eval_func(&mut self, func: &Function, arg_count: usize) -> Value {
[INFO] [stdout]     |                                              ^^^^^^^^^ help: if this is intentional, prefix it with an underscore: `_arg_count`
[INFO] [stdout] 
[INFO] [stdout] 
[INFO] [stdout] warning: field `module` is never read
[INFO] [stdout]    --> src/jit/mod.rs:125:5
[INFO] [stdout]     |
[INFO] [stdout] 121 | struct FunctionTranslator<'a> {
[INFO] [stdout]     |        ------------------ field in this struct
[INFO] [stdout] ...
[INFO] [stdout] 125 |     module: &'a mut JITModule,
[INFO] [stdout]     |     ^^^^^^
[INFO] [stdout]     |
[INFO] [stdout]     = note: `#[warn(dead_code)]` on by default
[INFO] [stdout] 
[INFO] [stdout] 
[INFO] [stdout] warning: method `translate_icmp` is never used
[INFO] [stdout]    --> src/jit/mod.rs:227:8
[INFO] [stdout]     |
[INFO] [stdout] 128 | impl<'a> FunctionTranslator<'a> {
[INFO] [stdout]     | ------------------------------- method in this implementation
[INFO] [stdout] ...
[INFO] [stdout] 227 |     fn translate_icmp(&mut self, cmp: IntCC, lhs: &Expr, rhs: &Expr) -> Result<Value, String> {
[INFO] [stdout]     |        ^^^^^^^^^^^^^^
[INFO] [stdout] 
[INFO] [stdout] 
[INFO] [stdout] warning: field `current_frame` is never read
[INFO] [stdout]   --> src/vm.rs:11:5
[INFO] [stdout]    |
[INFO] [stdout] 8  | pub struct VM {
[INFO] [stdout]    |            -- field in this struct
[INFO] [stdout] ...
[INFO] [stdout] 11 |     current_frame: Option<usize>,
[INFO] [stdout]    |     ^^^^^^^^^^^^^
[INFO] [stdout]    |
[INFO] [stdout]    = note: `VM` has a derived impl for the trait `Debug`, but this is intentionally ignored during dead code analysis
[INFO] [stdout] 
[INFO] [stdout] 
[INFO] [stdout] warning: fields `sp`, `ip`, and `locals` are never read
[INFO] [stdout]   --> src/vm.rs:17:5
[INFO] [stdout]    |
[INFO] [stdout] 16 | pub struct Frame {
[INFO] [stdout]    |            ----- fields in this struct
[INFO] [stdout] 17 |     sp: usize,
[INFO] [stdout]    |     ^^
[INFO] [stdout] 18 |     ip: usize,
[INFO] [stdout]    |     ^^
[INFO] [stdout] 19 |     locals: Vec<Value>,
[INFO] [stdout]    |     ^^^^^^
[INFO] [stdout]    |
[INFO] [stdout]    = note: `Frame` has a derived impl for the trait `Debug`, but this is intentionally ignored during dead code analysis
[INFO] [stdout] 
[INFO] [stdout] 
[INFO] [stdout] warning: methods `eval_func` and `current_frame` are never used
[INFO] [stdout]    --> src/vm.rs:184:8
[INFO] [stdout]     |
[INFO] [stdout] 32  | impl VM {
[INFO] [stdout]     | ------- methods in this implementation
[INFO] [stdout] ...
[INFO] [stdout] 184 |     fn eval_func(&mut self, func: &Function, arg_count: usize) -> Value {
[INFO] [stdout]     |        ^^^^^^^^^
[INFO] [stdout] ...
[INFO] [stdout] 307 |     fn current_frame(&mut self) -> &mut Frame {
[INFO] [stdout]     |        ^^^^^^^^^^^^^
[INFO] [stdout] 
[INFO] [stdout] 
[INFO] [stderr]     Finished `test` profile [unoptimized + debuginfo] target(s) in 3.61s
[INFO] running `Command { std: "docker" "inspect" "f290fe1b7fed2be5a0b08e12bd0738979c418dd683a8c9b2c899388e04da5e9f", kill_on_drop: false }`
[INFO] running `Command { std: "docker" "rm" "-f" "f290fe1b7fed2be5a0b08e12bd0738979c418dd683a8c9b2c899388e04da5e9f", kill_on_drop: false }`
[INFO] [stdout] f290fe1b7fed2be5a0b08e12bd0738979c418dd683a8c9b2c899388e04da5e9f
[INFO] running `Command { std: "docker" "create" "-v" "/var/lib/crater-agent-workspace/builds/worker-5-tc1/target:/opt/rustwide/target:rw,Z" "-v" "/var/lib/crater-agent-workspace/builds/worker-5-tc1/source:/opt/rustwide/workdir:ro,Z" "-v" "/var/lib/crater-agent-workspace/cargo-home:/opt/rustwide/cargo-home:ro,Z" "-v" "/var/lib/crater-agent-workspace/rustup-home:/opt/rustwide/rustup-home:ro,Z" "-e" "SOURCE_DIR=/opt/rustwide/workdir" "-e" "CARGO_TARGET_DIR=/opt/rustwide/target" "-e" "CARGO_INCREMENTAL=0" "-e" "RUST_BACKTRACE=full" "-e" "RUSTFLAGS=--cap-lints=warn" "-e" "RUSTDOCFLAGS=--cap-lints=warn" "-e" "CARGO_HOME=/opt/rustwide/cargo-home" "-e" "RUSTUP_HOME=/opt/rustwide/rustup-home" "-w" "/opt/rustwide/workdir" "-m" "1610612736" "--user" "0:0" "--network" "none" "ghcr.io/rust-lang/crates-build-env/linux@sha256:f3a9d4ad9d972b27faf3965f35b62e55ba32bbce8f20bc8fe909558a86702fde" "/opt/rustwide/cargo-home/bin/cargo" "+1.83.0" "test" "--frozen", kill_on_drop: false }`
[INFO] [stdout] b2228c12412d8fb2437f6eb87b3cc794c6242958d1c5e16e93ec202a5daf5b7b
[INFO] running `Command { std: "docker" "start" "-a" "b2228c12412d8fb2437f6eb87b3cc794c6242958d1c5e16e93ec202a5daf5b7b", kill_on_drop: false }`
[INFO] [stderr] warning: unused manifest key: package.author
[INFO] [stderr] warning: unused import: `super::*`
[INFO] [stderr]    --> src/bf/compile.rs:106:9
[INFO] [stderr]     |
[INFO] [stderr] 106 |     use super::*;
[INFO] [stderr]     |         ^^^^^^^^
[INFO] [stderr]     |
[INFO] [stderr]     = note: `#[warn(unused_imports)]` on by default
[INFO] [stderr] 
[INFO] [stderr] warning: unused variable: `name`
[INFO] [stderr]    --> src/vm.rs:113:25
[INFO] [stderr]     |
[INFO] [stderr] 113 |                     let name = constant.get(*i).unwrap();
[INFO] [stderr]     |                         ^^^^ help: if this is intentional, prefix it with an underscore: `_name`
[INFO] [stderr]     |
[INFO] [stderr]     = note: `#[warn(unused_variables)]` on by default
[INFO] [stderr] 
[INFO] [stderr] warning: unused variable: `arg`
[INFO] [stderr]    --> src/vm.rs:133:29
[INFO] [stderr]     |
[INFO] [stderr] 133 |                         let arg = stack.pop().unwrap();
[INFO] [stderr]     |                             ^^^ help: if this is intentional, prefix it with an underscore: `_arg`
[INFO] [stderr] 
[INFO] [stderr] warning: unused variable: `name`
[INFO] [stderr]    --> src/vm.rs:240:25
[INFO] [stderr]     |
[INFO] [stderr] 240 |                     let name = constant.get(*i).unwrap();
[INFO] [stderr]     |                         ^^^^ help: if this is intentional, prefix it with an underscore: `_name`
[INFO] [stderr] 
[INFO] [stderr] warning: unused variable: `arg_count`
[INFO] [stderr]    --> src/vm.rs:253:32
[INFO] [stderr]     |
[INFO] [stderr] 253 |                 ByteCode::Call(arg_count) => {
[INFO] [stderr]     |                                ^^^^^^^^^ help: if this is intentional, prefix it with an underscore: `_arg_count`
[INFO] [stderr] 
[INFO] [stderr] warning: unused variable: `next_func`
[INFO] [stderr]    --> src/vm.rs:264:25
[INFO] [stderr]     |
[INFO] [stderr] 264 |                     let next_func = self
[INFO] [stderr]     |                         ^^^^^^^^^ help: if this is intentional, prefix it with an underscore: `_next_func`
[INFO] [stderr] 
[INFO] [stderr] warning: unused variable: `arg_count`
[INFO] [stderr]    --> src/vm.rs:184:46
[INFO] [stderr]     |
[INFO] [stderr] 184 |     fn eval_func(&mut self, func: &Function, arg_count: usize) -> Value {
[INFO] [stderr]     |                                              ^^^^^^^^^ help: if this is intentional, prefix it with an underscore: `_arg_count`
[INFO] [stderr] 
[INFO] [stderr] warning: field `module` is never read
[INFO] [stderr]    --> src/jit/mod.rs:125:5
[INFO] [stderr]     |
[INFO] [stderr] 121 | struct FunctionTranslator<'a> {
[INFO] [stderr]     |        ------------------ field in this struct
[INFO] [stderr] ...
[INFO] [stderr] 125 |     module: &'a mut JITModule,
[INFO] [stderr]     |     ^^^^^^
[INFO] [stderr]     |
[INFO] [stderr]     = note: `#[warn(dead_code)]` on by default
[INFO] [stderr] 
[INFO] [stderr] warning: method `translate_icmp` is never used
[INFO] [stderr]    --> src/jit/mod.rs:227:8
[INFO] [stderr]     |
[INFO] [stderr] 128 | impl<'a> FunctionTranslator<'a> {
[INFO] [stderr]     | ------------------------------- method in this implementation
[INFO] [stderr] ...
[INFO] [stderr] 227 |     fn translate_icmp(&mut self, cmp: IntCC, lhs: &Expr, rhs: &Expr) -> Result<Value, String> {
[INFO] [stderr]     |        ^^^^^^^^^^^^^^
[INFO] [stderr] 
[INFO] [stderr] warning: field `current_frame` is never read
[INFO] [stderr]   --> src/vm.rs:11:5
[INFO] [stderr]    |
[INFO] [stderr] 8  | pub struct VM {
[INFO] [stderr]    |            -- field in this struct
[INFO] [stderr] ...
[INFO] [stderr] 11 |     current_frame: Option<usize>,
[INFO] [stderr]    |     ^^^^^^^^^^^^^
[INFO] [stderr]    |
[INFO] [stderr]    = note: `VM` has a derived impl for the trait `Debug`, but this is intentionally ignored during dead code analysis
[INFO] [stderr] 
[INFO] [stderr] warning: fields `sp`, `ip`, and `locals` are never read
[INFO] [stderr]   --> src/vm.rs:17:5
[INFO] [stderr]    |
[INFO] [stderr] 16 | pub struct Frame {
[INFO] [stderr]    |            ----- fields in this struct
[INFO] [stderr] 17 |     sp: usize,
[INFO] [stderr]    |     ^^
[INFO] [stderr] 18 |     ip: usize,
[INFO] [stderr]    |     ^^
[INFO] [stderr] 19 |     locals: Vec<Value>,
[INFO] [stderr]    |     ^^^^^^
[INFO] [stderr]    |
[INFO] [stderr]    = note: `Frame` has a derived impl for the trait `Debug`, but this is intentionally ignored during dead code analysis
[INFO] [stderr] 
[INFO] [stderr] warning: methods `eval_func` and `current_frame` are never used
[INFO] [stdout] 
[INFO] [stderr]    --> src/vm.rs:184:8
[INFO] [stdout] running 28 tests
[INFO] [stderr]     |
[INFO] [stderr] 32  | impl VM {
[INFO] [stderr]     | ------- methods in this implementation
[INFO] [stderr] ...
[INFO] [stderr] 184 |     fn eval_func(&mut self, func: &Function, arg_count: usize) -> Value {
[INFO] [stderr]     |        ^^^^^^^^^
[INFO] [stderr] ...
[INFO] [stderr] 307 |     fn current_frame(&mut self) -> &mut Frame {
[INFO] [stderr]     |        ^^^^^^^^^^^^^
[INFO] [stderr] 
[INFO] [stderr] warning: `plua` (lib) generated 12 warnings (run `cargo fix --lib -p plua` to apply 1 suggestion)
[INFO] [stderr] warning: `plua` (lib test) generated 11 warnings (11 duplicates)
[INFO] [stderr] warning: elided lifetime has a name
[INFO] [stderr]    --> examples/stackvm.rs:414:59
[INFO] [stderr]     |
[INFO] [stderr] 414 | fn find_label<'a>(i: Pointer, s: &'a [&'a str]) -> Option<Label> {
[INFO] [stderr]     |               -- lifetime `'a` declared here              ^^^^^ this elided lifetime gets resolved as `'a`
[INFO] [stderr]     |
[INFO] [stderr]     = note: `#[warn(elided_named_lifetimes)]` on by default
[INFO] [stderr] 
[INFO] [stderr] warning: `plua` (example "stackvm") generated 1 warning
[INFO] [stderr]     Finished `test` profile [unoptimized + debuginfo] target(s) in 0.07s
[INFO] [stderr]      Running unittests src/lib.rs (/opt/rustwide/target/debug/deps/plua-371d6a019bc79739)
[INFO] [stdout] test bf::compile::tests::test_compile ... ok
[INFO] [stdout] test intercepter::tests::env_basic_operations ... ok
[INFO] [stdout] test emitter::tests::test_emit_local ... ok
[INFO] [stdout] test intercepter::tests::env_with_parent ... ok
[INFO] [stdout] test emitter::tests::test_simple_func ... ok
[INFO] [stdout] test intercepter::tests::intercepter_function_recursion ... ok
[INFO] [stdout] test intercepter::tests::intercepter_function_define ... ok
[INFO] [stdout] test intercepter::tests::intercepter_print_variable ... ok
[INFO] [stdout] test intercepter::tests::intercepter_print_env ... ok
[INFO] [stdout] test intercepter::tests::intercepter_return_variable ... ok
[INFO] [stdout] test parser::tests::test_parse_expr ... ok
[INFO] [stdout] test intercepter::tests::intercepter_function_recursion2 ... ok
[INFO] [stdout] test intercepter::tests::intercepter_many_functions ... ok
[INFO] [stdout] test emitter::tests::test_emit_func ... ok
[INFO] [stdout] test jit::tests::test_jit ... ok
[INFO] [stdout] test parser::tests::test_parse_expr_err ... ok
[INFO] [stdout] test parser::tests::test_parse_func ... ok
[INFO] [stdout] test resolver::tests::test_resolve ... ok
[INFO] [stdout] test resolver::tests::test_resolve_err ... ok
[INFO] [stdout] test scanner::tests::test_scan_tokens ... ok
[INFO] [stdout] test scanner::tests::test_scan_tokens_with_mul_lines ... ok
[INFO] [stdout] test value::tests::test_value_compare ... ok
[INFO] [stdout] test vm::tests::test_eval_variable_declare ... ok
[INFO] [stdout] test vm::tests::test_variable_declare ... ok
[INFO] [stdout] test value::tests::test_value_operation ... ok
[INFO] [stdout] test vm::tests::test_func_call ... FAILED
[INFO] [stdout] test vm::tests::test_emit_mul ... FAILED
[INFO] [stdout] test vm::tests::test_func_eval ... FAILED
[INFO] [stdout] 
[INFO] [stdout] failures:
[INFO] [stdout] 
[INFO] [stdout] ---- vm::tests::test_func_call stdout ----
[INFO] [stdout] == <script> arity: 0  value_count: 1 ==
[INFO] [stdout] 0000 Closure          2 'Closure@0([1])'
[INFO] [stdout] 0001 DefineGlabal     3 'fib'
[INFO] [stdout] 0002 GetGlobal        4 'fib'
[INFO] [stdout] 0003 Constant         5 '4'
[INFO] [stdout] 0004 Call             '1'
[INFO] [stdout] 0005 Print           
[INFO] [stdout] 0006 Nil             
[INFO] [stdout] 0007 Ret             
[INFO] [stdout] == fib arity: 1  value_count: 1 ==
[INFO] [stdout] 0000 GetLocal         0 'n'
[INFO] [stdout] 0001 Constant         1 '3'
[INFO] [stdout] 0002 Add             
[INFO] [stdout] 0003 Ret             
[INFO] [stdout] next_func: Function { name: "fib", arity: 1, value_count: 1, chunk: Chunk { codes: [GetLocal(0), Constant(1), Add, Ret], constants: [String("n"), Int(3)] } }
[INFO] [stdout] thread 'vm::tests::test_func_call' panicked at src/vm.rs:123:43:
[INFO] [stdout] called `Option::unwrap()` on a `None` value
[INFO] [stdout] stack backtrace:
[INFO] [stdout]    0:     0x57ffe507059a - std::backtrace_rs::backtrace::libunwind::trace::h5a5b8284f2d0c266
[INFO] [stdout]                                at /rustc/90b35a6239c3d8bdabc530a6a0816f7ff89a0aaf/library/std/src/../../backtrace/src/backtrace/libunwind.rs:116:5
[INFO] [stdout]    1:     0x57ffe507059a - std::backtrace_rs::backtrace::trace_unsynchronized::h76d4f1c9b0b875e3
[INFO] [stdout]                                at /rustc/90b35a6239c3d8bdabc530a6a0816f7ff89a0aaf/library/std/src/../../backtrace/src/backtrace/mod.rs:66:5
[INFO] [stdout]    2:     0x57ffe507059a - std::sys::backtrace::_print_fmt::hc4546b8364a537c6
[INFO] [stdout]                                at /rustc/90b35a6239c3d8bdabc530a6a0816f7ff89a0aaf/library/std/src/sys/backtrace.rs:66:9
[INFO] [stdout]    3:     0x57ffe507059a - <std::sys::backtrace::BacktraceLock::print::DisplayBacktrace as core::fmt::Display>::fmt::h5b6bd5631a6d1f6b
[INFO] [stdout]                                at /rustc/90b35a6239c3d8bdabc530a6a0816f7ff89a0aaf/library/std/src/sys/backtrace.rs:39:26
[INFO] [stdout]    4:     0x57ffe5096943 - core::fmt::rt::Argument::fmt::h270f6602a2b96f62
[INFO] [stdout]                                at /rustc/90b35a6239c3d8bdabc530a6a0816f7ff89a0aaf/library/core/src/fmt/rt.rs:177:76
[INFO] [stdout]    5:     0x57ffe5096943 - core::fmt::write::h7550c97b06c86515
[INFO] [stdout]                                at /rustc/90b35a6239c3d8bdabc530a6a0816f7ff89a0aaf/library/core/src/fmt/mod.rs:1186:21
[INFO] [stdout]    6:     0x57ffe506d753 - std::io::Write::write_fmt::h509ff860e5956e5e
[INFO] [stdout]                                at /rustc/90b35a6239c3d8bdabc530a6a0816f7ff89a0aaf/library/std/src/io/mod.rs:1839:15
[INFO] [stdout]    7:     0x57ffe50703e2 - std::sys::backtrace::BacktraceLock::print::h2395ccd2c84ba3aa
[INFO] [stdout]                                at /rustc/90b35a6239c3d8bdabc530a6a0816f7ff89a0aaf/library/std/src/sys/backtrace.rs:42:9
[INFO] [stdout]    8:     0x57ffe50719fa - std::panicking::default_hook::{{closure}}::he19d4c7230e07961
[INFO] [stdout]                                at /rustc/90b35a6239c3d8bdabc530a6a0816f7ff89a0aaf/library/std/src/panicking.rs:268:22
[INFO] [stdout]    9:     0x57ffe5071804 - std::panicking::default_hook::hf614597d3c67bbdb
[INFO] [stdout]                                at /rustc/90b35a6239c3d8bdabc530a6a0816f7ff89a0aaf/library/std/src/panicking.rs:292:9
[INFO] [stdout]   10:     0x57ffe4be5bc9 - <alloc::boxed::Box<F,A> as core::ops::function::Fn<Args>>::call::h39b51ce4599c23d1
[INFO] [stdout]                                at /rustc/90b35a6239c3d8bdabc530a6a0816f7ff89a0aaf/library/alloc/src/boxed.rs:2468:9
[INFO] [stdout]   11:     0x57ffe4be5bc9 - test::test_main::{{closure}}::he977ae839a582784
[INFO] [stdout]                                at /rustc/90b35a6239c3d8bdabc530a6a0816f7ff89a0aaf/library/test/src/lib.rs:133:21
[INFO] [stdout]   12:     0x57ffe5072098 - <alloc::boxed::Box<F,A> as core::ops::function::Fn<Args>>::call::h9455091b6b06f9fb
[INFO] [stdout]                                at /rustc/90b35a6239c3d8bdabc530a6a0816f7ff89a0aaf/library/alloc/src/boxed.rs:2468:9
[INFO] [stdout]   13:     0x57ffe5072098 - std::panicking::rust_panic_with_hook::h8942133a8b252070
[INFO] [stdout]                                at /rustc/90b35a6239c3d8bdabc530a6a0816f7ff89a0aaf/library/std/src/panicking.rs:809:13
[INFO] [stdout]   14:     0x57ffe5071e26 - std::panicking::begin_panic_handler::{{closure}}::hb5f5963570096b29
[INFO] [stdout]                                at /rustc/90b35a6239c3d8bdabc530a6a0816f7ff89a0aaf/library/std/src/panicking.rs:667:13
[INFO] [stdout]   15:     0x57ffe5070a79 - std::sys::backtrace::__rust_end_short_backtrace::h6208cedc1922feda
[INFO] [stdout]                                at /rustc/90b35a6239c3d8bdabc530a6a0816f7ff89a0aaf/library/std/src/sys/backtrace.rs:170:18
[INFO] [stdout]   16:     0x57ffe5071aec - rust_begin_unwind
[INFO] [stdout]                                at /rustc/90b35a6239c3d8bdabc530a6a0816f7ff89a0aaf/library/std/src/panicking.rs:665:5
[INFO] [stdout]   17:     0x57ffe4b5f190 - core::panicking::panic_fmt::h0c3082644d1bf418
[INFO] [stdout]                                at /rustc/90b35a6239c3d8bdabc530a6a0816f7ff89a0aaf/library/core/src/panicking.rs:74:14
[INFO] [stdout]   18:     0x57ffe4b5f21c - core::panicking::panic::h957f98c65a3b3074
[INFO] [stdout]                                at /rustc/90b35a6239c3d8bdabc530a6a0816f7ff89a0aaf/library/core/src/panicking.rs:148:5
[INFO] [stdout]   19:     0x57ffe4b5f109 - core::option::unwrap_failed::h098b0d47c83374d6
[INFO] [stdout]                                at /rustc/90b35a6239c3d8bdabc530a6a0816f7ff89a0aaf/library/core/src/option.rs:2012:5
[INFO] [stdout]   20:     0x57ffe4b95379 - core::option::Option<T>::unwrap::h2e2e140b06b677e9
[INFO] [stdout]                                at /rustc/90b35a6239c3d8bdabc530a6a0816f7ff89a0aaf/library/core/src/option.rs:972:21
[INFO] [stdout]   21:     0x57ffe4b95379 - plua::vm::VM::eval::h537298ac2aefe386
[INFO] [stdout]                                at /opt/rustwide/workdir/src/vm.rs:123:31
[INFO] [stdout]   22:     0x57ffe4b92d61 - plua::vm::VM::eval_all::h97f10756c8a21008
[INFO] [stdout]                                at /opt/rustwide/workdir/src/vm.rs:54:13
[INFO] [stdout]   23:     0x57ffe4bab3c8 - plua::vm::tests::test_func_call::haa0c5d1f3b79b62a
[INFO] [stdout]                                at /opt/rustwide/workdir/src/vm.rs:397:19
[INFO] [stdout]   24:     0x57ffe4baad87 - plua::vm::tests::test_func_call::{{closure}}::h8e030028a4a42648
[INFO] [stdout]                                at /opt/rustwide/workdir/src/vm.rs:375:24
[INFO] [stdout]   25:     0x57ffe4b75de6 - core::ops::function::FnOnce::call_once::h7c1e1fa87d93ce7d
[INFO] [stdout]                                at /rustc/90b35a6239c3d8bdabc530a6a0816f7ff89a0aaf/library/core/src/ops/function.rs:250:5
[INFO] [stdout]   26:     0x57ffe4bea58b - core::ops::function::FnOnce::call_once::h109cf8051a59b34e
[INFO] [stdout]                                at /rustc/90b35a6239c3d8bdabc530a6a0816f7ff89a0aaf/library/core/src/ops/function.rs:250:5
[INFO] [stdout]   27:     0x57ffe4bea58b - test::__rust_begin_short_backtrace::hf4fff89d377446ba
[INFO] [stdout]                                at /rustc/90b35a6239c3d8bdabc530a6a0816f7ff89a0aaf/library/test/src/lib.rs:621:18
[INFO] [stdout]   28:     0x57ffe4be9dc7 - test::run_test_in_process::{{closure}}::h0e39181dd7ee5a43
[INFO] [stdout]                                at /rustc/90b35a6239c3d8bdabc530a6a0816f7ff89a0aaf/library/test/src/lib.rs:644:60
[INFO] [stdout]   29:     0x57ffe4be9dc7 - <core::panic::unwind_safe::AssertUnwindSafe<F> as core::ops::function::FnOnce<()>>::call_once::hc5a66a30f0bdfd1f
[INFO] [stdout]                                at /rustc/90b35a6239c3d8bdabc530a6a0816f7ff89a0aaf/library/core/src/panic/unwind_safe.rs:272:9
[INFO] [stdout]   30:     0x57ffe4be9dc7 - std::panicking::try::do_call::h873b7cf639554a5e
[INFO] [stdout]                                at /rustc/90b35a6239c3d8bdabc530a6a0816f7ff89a0aaf/library/std/src/panicking.rs:557:40
[INFO] [stdout]   31:     0x57ffe4be9dc7 - std::panicking::try::hdb19862fad9c8bd1
[INFO] [stdout]                                at /rustc/90b35a6239c3d8bdabc530a6a0816f7ff89a0aaf/library/std/src/panicking.rs:520:19
[INFO] [stdout]   32:     0x57ffe4be9dc7 - std::panic::catch_unwind::h281fe732d236d260
[INFO] [stdout]                                at /rustc/90b35a6239c3d8bdabc530a6a0816f7ff89a0aaf/library/std/src/panic.rs:358:14
[INFO] [stdout]   33:     0x57ffe4be9dc7 - test::run_test_in_process::h949b6df8457ed338
[INFO] [stdout]                                at /rustc/90b35a6239c3d8bdabc530a6a0816f7ff89a0aaf/library/test/src/lib.rs:644:27
[INFO] [stdout]   34:     0x57ffe4be9dc7 - test::run_test::{{closure}}::h52c556a6d4740e10
[INFO] [stdout]                                at /rustc/90b35a6239c3d8bdabc530a6a0816f7ff89a0aaf/library/test/src/lib.rs:565:43
[INFO] [stdout]   35:     0x57ffe4baf0a4 - test::run_test::{{closure}}::h4237f6381c45ccb9
[INFO] [stdout]                                at /rustc/90b35a6239c3d8bdabc530a6a0816f7ff89a0aaf/library/test/src/lib.rs:595:41
[INFO] [stdout]   36:     0x57ffe4baf0a4 - std::sys::backtrace::__rust_begin_short_backtrace::h505c97a579eca628
[INFO] [stdout]                                at /rustc/90b35a6239c3d8bdabc530a6a0816f7ff89a0aaf/library/std/src/sys/backtrace.rs:154:18
[INFO] [stdout]   37:     0x57ffe4bb276e - std::thread::Builder::spawn_unchecked_::{{closure}}::{{closure}}::h9e86b2e2bc107ea3
[INFO] [stdout]                                at /rustc/90b35a6239c3d8bdabc530a6a0816f7ff89a0aaf/library/std/src/thread/mod.rs:538:17
[INFO] [stdout]   38:     0x57ffe4bb276e - <core::panic::unwind_safe::AssertUnwindSafe<F> as core::ops::function::FnOnce<()>>::call_once::h8b06ddb275ff4a25
[INFO] [stdout]                                at /rustc/90b35a6239c3d8bdabc530a6a0816f7ff89a0aaf/library/core/src/panic/unwind_safe.rs:272:9
[INFO] [stdout]   39:     0x57ffe4bb276e - std::panicking::try::do_call::hb26ecd7cd9a9355d
[INFO] [stdout]                                at /rustc/90b35a6239c3d8bdabc530a6a0816f7ff89a0aaf/library/std/src/panicking.rs:557:40
[INFO] [stdout]   40:     0x57ffe4bb276e - std::panicking::try::h8ddeca9d705f9069
[INFO] [stdout]                                at /rustc/90b35a6239c3d8bdabc530a6a0816f7ff89a0aaf/library/std/src/panicking.rs:520:19
[INFO] [stdout]   41:     0x57ffe4bb276e - std::panic::catch_unwind::h49e1c33078844c46
[INFO] [stdout]                                at /rustc/90b35a6239c3d8bdabc530a6a0816f7ff89a0aaf/library/std/src/panic.rs:358:14
[INFO] [stdout]   42:     0x57ffe4bb276e - std::thread::Builder::spawn_unchecked_::{{closure}}::h6073db6ff56ad35d
[INFO] [stdout]                                at /rustc/90b35a6239c3d8bdabc530a6a0816f7ff89a0aaf/library/std/src/thread/mod.rs:537:30
[INFO] [stdout]   43:     0x57ffe4bb276e - core::ops::function::FnOnce::call_once{{vtable.shim}}::h2c5a5f3779c774f1
[INFO] [stdout]                                at /rustc/90b35a6239c3d8bdabc530a6a0816f7ff89a0aaf/library/core/src/ops/function.rs:250:5
[INFO] [stdout]   44:     0x57ffe5075dfb - <alloc::boxed::Box<F,A> as core::ops::function::FnOnce<Args>>::call_once::hf75717d9f28faebf
[INFO] [stdout]                                at /rustc/90b35a6239c3d8bdabc530a6a0816f7ff89a0aaf/library/alloc/src/boxed.rs:2454:9
[INFO] [stdout]   45:     0x57ffe5075dfb - <alloc::boxed::Box<F,A> as core::ops::function::FnOnce<Args>>::call_once::h7bd883a5f3c5f3c1
[INFO] [stdout]                                at /rustc/90b35a6239c3d8bdabc530a6a0816f7ff89a0aaf/library/alloc/src/boxed.rs:2454:9
[INFO] [stdout]   46:     0x57ffe5075dfb - std::sys::pal::unix::thread::Thread::new::thread_start::hcc78f3943333fa94
[INFO] [stdout]                                at /rustc/90b35a6239c3d8bdabc530a6a0816f7ff89a0aaf/library/std/src/sys/pal/unix/thread.rs:105:17
[INFO] [stdout]   47:     0x7020b945eac3 - <unknown>
[INFO] [stdout]   48:     0x7020b94efa04 - clone
[INFO] [stdout]   49:                0x0 - <unknown>
[INFO] [stdout] 
[INFO] [stdout] ---- vm::tests::test_emit_mul stdout ----
[INFO] [stdout] [
[INFO] [stdout]     Token {
[INFO] [stdout]         typ: Function,
[INFO] [stdout]         raw: "function",
[INFO] [stdout]         value: Nil,
[INFO] [stdout]         line: 2,
[INFO] [stdout]     },
[INFO] [stdout]     Token {
[INFO] [stdout]         typ: Identifier,
[INFO] [stdout]         raw: "mul",
[INFO] [stdout]         value: Nil,
[INFO] [stdout]         line: 2,
[INFO] [stdout]     },
[INFO] [stdout]     Token {
[INFO] [stdout]         typ: LeftParen,
[INFO] [stdout]         raw: "(",
[INFO] [stdout]         value: Nil,
[INFO] [stdout]         line: 2,
[INFO] [stdout]     },
[INFO] [stdout]     Token {
[INFO] [stdout]         typ: Identifier,
[INFO] [stdout]         raw: "n",
[INFO] [stdout]         value: Nil,
[INFO] [stdout]         line: 2,
[INFO] [stdout]     },
[INFO] [stdout]     Token {
[INFO] [stdout]         typ: RightParen,
[INFO] [stdout]         raw: ")",
[INFO] [stdout]         value: Nil,
[INFO] [stdout]         line: 2,
[INFO] [stdout]     },
[INFO] [stdout]     Token {
[INFO] [stdout]         typ: Local,
[INFO] [stdout]         raw: "local",
[INFO] [stdout]         value: Nil,
[INFO] [stdout]         line: 3,
[INFO] [stdout]     },
[INFO] [stdout]     Token {
[INFO] [stdout]         typ: Identifier,
[INFO] [stdout]         raw: "n1",
[INFO] [stdout]         value: Nil,
[INFO] [stdout]         line: 3,
[INFO] [stdout]     },
[INFO] [stdout]     Token {
[INFO] [stdout]         typ: Equal,
[INFO] [stdout]         raw: "=",
[INFO] [stdout]         value: Nil,
[INFO] [stdout]         line: 3,
[INFO] [stdout]     },
[INFO] [stdout]     Token {
[INFO] [stdout]         typ: Identifier,
[INFO] [stdout]         raw: "n",
[INFO] [stdout]         value: Nil,
[INFO] [stdout]         line: 3,
[INFO] [stdout]     },
[INFO] [stdout]     Token {
[INFO] [stdout]         typ: Plus,
[INFO] [stdout]         raw: "+",
[INFO] [stdout]         value: Nil,
[INFO] [stdout]         line: 3,
[INFO] [stdout]     },
[INFO] [stdout]     Token {
[INFO] [stdout]         typ: Number,
[INFO] [stdout]         raw: "1",
[INFO] [stdout]         value: Int(
[INFO] [stdout]             1,
[INFO] [stdout]         ),
[INFO] [stdout]         line: 3,
[INFO] [stdout]     },
[INFO] [stdout]     Token {
[INFO] [stdout]         typ: Star,
[INFO] [stdout]         raw: "*",
[INFO] [stdout]         value: Nil,
[INFO] [stdout]         line: 3,
[INFO] [stdout]     },
[INFO] [stdout]     Token {
[INFO] [stdout]         typ: Number,
[INFO] [stdout]         raw: "4",
[INFO] [stdout]         value: Int(
[INFO] [stdout]             4,
[INFO] [stdout]         ),
[INFO] [stdout]         line: 3,
[INFO] [stdout]     },
[INFO] [stdout]     Token {
[INFO] [stdout]         typ: Slash,
[INFO] [stdout]         raw: "/",
[INFO] [stdout]         value: Nil,
[INFO] [stdout]         line: 3,
[INFO] [stdout]     },
[INFO] [stdout]     Token {
[INFO] [stdout]         typ: Number,
[INFO] [stdout]         raw: "2",
[INFO] [stdout]         value: Int(
[INFO] [stdout]             2,
[INFO] [stdout]         ),
[INFO] [stdout]         line: 3,
[INFO] [stdout]     },
[INFO] [stdout]     Token {
[INFO] [stdout]         typ: Semicolon,
[INFO] [stdout]         raw: ";",
[INFO] [stdout]         value: Nil,
[INFO] [stdout]         line: 3,
[INFO] [stdout]     },
[INFO] [stdout]     Token {
[INFO] [stdout]         typ: Return,
[INFO] [stdout]         raw: "return",
[INFO] [stdout]         value: Nil,
[INFO] [stdout]         line: 4,
[INFO] [stdout]     },
[INFO] [stdout]     Token {
[INFO] [stdout]         typ: Identifier,
[INFO] [stdout]         raw: "n1",
[INFO] [stdout]         value: Nil,
[INFO] [stdout]         line: 4,
[INFO] [stdout]     },
[INFO] [stdout]     Token {
[INFO] [stdout]         typ: Semicolon,
[INFO] [stdout]         raw: ";",
[INFO] [stdout]         value: Nil,
[INFO] [stdout]         line: 4,
[INFO] [stdout]     },
[INFO] [stdout]     Token {
[INFO] [stdout]         typ: End,
[INFO] [stdout]         raw: "end",
[INFO] [stdout]         value: Nil,
[INFO] [stdout]         line: 5,
[INFO] [stdout]     },
[INFO] [stdout]     Token {
[INFO] [stdout]         typ: Print,
[INFO] [stdout]         raw: "print",
[INFO] [stdout]         value: Nil,
[INFO] [stdout]         line: 7,
[INFO] [stdout]     },
[INFO] [stdout]     Token {
[INFO] [stdout]         typ: LeftParen,
[INFO] [stdout]         raw: "(",
[INFO] [stdout]         value: Nil,
[INFO] [stdout]         line: 7,
[INFO] [stdout]     },
[INFO] [stdout]     Token {
[INFO] [stdout]         typ: Identifier,
[INFO] [stdout]         raw: "mul",
[INFO] [stdout]         value: Nil,
[INFO] [stdout]         line: 7,
[INFO] [stdout]     },
[INFO] [stdout]     Token {
[INFO] [stdout]         typ: LeftParen,
[INFO] [stdout]         raw: "(",
[INFO] [stdout]         value: Nil,
[INFO] [stdout]         line: 7,
[INFO] [stdout]     },
[INFO] [stdout]     Token {
[INFO] [stdout]         typ: Number,
[INFO] [stdout]         raw: "4",
[INFO] [stdout]         value: Int(
[INFO] [stdout]             4,
[INFO] [stdout]         ),
[INFO] [stdout]         line: 7,
[INFO] [stdout]     },
[INFO] [stdout]     Token {
[INFO] [stdout]         typ: RightParen,
[INFO] [stdout]         raw: ")",
[INFO] [stdout]         value: Nil,
[INFO] [stdout]         line: 7,
[INFO] [stdout]     },
[INFO] [stdout]     Token {
[INFO] [stdout]         typ: RightParen,
[INFO] [stdout]         raw: ")",
[INFO] [stdout]         value: Nil,
[INFO] [stdout]         line: 7,
[INFO] [stdout]     },
[INFO] [stdout]     Token {
[INFO] [stdout]         typ: Semicolon,
[INFO] [stdout]         raw: ";",
[INFO] [stdout]         value: Nil,
[INFO] [stdout]         line: 7,
[INFO] [stdout]     },
[INFO] [stdout]     Token {
[INFO] [stdout]         typ: Eof,
[INFO] [stdout]         raw: "",
[INFO] [stdout]         value: Nil,
[INFO] [stdout]         line: 8,
[INFO] [stdout]     },
[INFO] [stdout] ]
[INFO] [stdout] [
[INFO] [stdout]     FunctionStmt(
[INFO] [stdout]         Token {
[INFO] [stdout]             typ: Identifier,
[INFO] [stdout]             raw: "mul",
[INFO] [stdout]             value: Nil,
[INFO] [stdout]             line: 2,
[INFO] [stdout]         },
[INFO] [stdout]         [
[INFO] [stdout]             Token {
[INFO] [stdout]                 typ: Identifier,
[INFO] [stdout]                 raw: "n",
[INFO] [stdout]                 value: Nil,
[INFO] [stdout]                 line: 2,
[INFO] [stdout]             },
[INFO] [stdout]         ],
[INFO] [stdout]         [
[INFO] [stdout]             LocalStmt(
[INFO] [stdout]                 Token {
[INFO] [stdout]                     typ: Identifier,
[INFO] [stdout]                     raw: "n1",
[INFO] [stdout]                     value: Nil,
[INFO] [stdout]                     line: 3,
[INFO] [stdout]                 },
[INFO] [stdout]                 Binary(
[INFO] [stdout]                     Variable(
[INFO] [stdout]                         Token {
[INFO] [stdout]                             typ: Identifier,
[INFO] [stdout]                             raw: "n",
[INFO] [stdout]                             value: Nil,
[INFO] [stdout]                             line: 3,
[INFO] [stdout]                         },
[INFO] [stdout]                     ),
[INFO] [stdout]                     Token {
[INFO] [stdout]                         typ: Plus,
[INFO] [stdout]                         raw: "+",
[INFO] [stdout]                         value: Nil,
[INFO] [stdout]                         line: 3,
[INFO] [stdout]                     },
[INFO] [stdout]                     Binary(
[INFO] [stdout]                         Binary(
[INFO] [stdout]                             Literal(
[INFO] [stdout]                                 Int(
[INFO] [stdout]                                     1,
[INFO] [stdout]                                 ),
[INFO] [stdout]                             ),
[INFO] [stdout]                             Token {
[INFO] [stdout]                                 typ: Star,
[INFO] [stdout]                                 raw: "*",
[INFO] [stdout]                                 value: Nil,
[INFO] [stdout]                                 line: 3,
[INFO] [stdout]                             },
[INFO] [stdout]                             Literal(
[INFO] [stdout]                                 Int(
[INFO] [stdout]                                     4,
[INFO] [stdout]                                 ),
[INFO] [stdout]                             ),
[INFO] [stdout]                         ),
[INFO] [stdout]                         Token {
[INFO] [stdout]                             typ: Slash,
[INFO] [stdout]                             raw: "/",
[INFO] [stdout]                             value: Nil,
[INFO] [stdout]                             line: 3,
[INFO] [stdout]                         },
[INFO] [stdout]                         Literal(
[INFO] [stdout]                             Int(
[INFO] [stdout]                                 2,
[INFO] [stdout]                             ),
[INFO] [stdout]                         ),
[INFO] [stdout]                     ),
[INFO] [stdout]                 ),
[INFO] [stdout]             ),
[INFO] [stdout]             ReturnStmt(
[INFO] [stdout]                 Token {
[INFO] [stdout]                     typ: Return,
[INFO] [stdout]                     raw: "return",
[INFO] [stdout]                     value: Nil,
[INFO] [stdout]                     line: 4,
[INFO] [stdout]                 },
[INFO] [stdout]                 Variable(
[INFO] [stdout]                     Token {
[INFO] [stdout]                         typ: Identifier,
[INFO] [stdout]                         raw: "n1",
[INFO] [stdout]                         value: Nil,
[INFO] [stdout]                         line: 4,
[INFO] [stdout]                     },
[INFO] [stdout]                 ),
[INFO] [stdout]             ),
[INFO] [stdout]         ],
[INFO] [stdout]     ),
[INFO] [stdout]     PrintStmt(
[INFO] [stdout]         Call(
[INFO] [stdout]             Variable(
[INFO] [stdout]                 Token {
[INFO] [stdout]                     typ: Identifier,
[INFO] [stdout]                     raw: "mul",
[INFO] [stdout]                     value: Nil,
[INFO] [stdout]                     line: 7,
[INFO] [stdout]                 },
[INFO] [stdout]             ),
[INFO] [stdout]             Token {
[INFO] [stdout]                 typ: RightParen,
[INFO] [stdout]                 raw: ")",
[INFO] [stdout]                 value: Nil,
[INFO] [stdout]                 line: 7,
[INFO] [stdout]             },
[INFO] [stdout]             [
[INFO] [stdout]                 Literal(
[INFO] [stdout]                     Int(
[INFO] [stdout]                         4,
[INFO] [stdout]                     ),
[INFO] [stdout]                 ),
[INFO] [stdout]             ],
[INFO] [stdout]         ),
[INFO] [stdout]     ),
[INFO] [stdout] ]
[INFO] [stdout] thread 'vm::tests::test_emit_mul' panicked at src/vm.rs:461:9:
[INFO] [stdout] assertion `left == right` failed
[INFO] [stdout]   left: 8
[INFO] [stdout]  right: 12
[INFO] [stdout] stack backtrace:
[INFO] [stdout]    0:     0x57ffe507059a - std::backtrace_rs::backtrace::libunwind::trace::h5a5b8284f2d0c266
[INFO] [stdout]                                at /rustc/90b35a6239c3d8bdabc530a6a0816f7ff89a0aaf/library/std/src/../../backtrace/src/backtrace/libunwind.rs:116:5
[INFO] [stdout]    1:     0x57ffe507059a - std::backtrace_rs::backtrace::trace_unsynchronized::h76d4f1c9b0b875e3
[INFO] [stdout]                                at /rustc/90b35a6239c3d8bdabc530a6a0816f7ff89a0aaf/library/std/src/../../backtrace/src/backtrace/mod.rs:66:5
[INFO] [stdout]    2:     0x57ffe507059a - std::sys::backtrace::_print_fmt::hc4546b8364a537c6
[INFO] [stdout]                                at /rustc/90b35a6239c3d8bdabc530a6a0816f7ff89a0aaf/library/std/src/sys/backtrace.rs:66:9
[INFO] [stdout]    3:     0x57ffe507059a - <std::sys::backtrace::BacktraceLock::print::DisplayBacktrace as core::fmt::Display>::fmt::h5b6bd5631a6d1f6b
[INFO] [stdout]                                at /rustc/90b35a6239c3d8bdabc530a6a0816f7ff89a0aaf/library/std/src/sys/backtrace.rs:39:26
[INFO] [stdout]    4:     0x57ffe5096943 - core::fmt::rt::Argument::fmt::h270f6602a2b96f62
[INFO] [stdout]                                at /rustc/90b35a6239c3d8bdabc530a6a0816f7ff89a0aaf/library/core/src/fmt/rt.rs:177:76
[INFO] [stdout]    5:     0x57ffe5096943 - core::fmt::write::h7550c97b06c86515
[INFO] [stdout]                                at /rustc/90b35a6239c3d8bdabc530a6a0816f7ff89a0aaf/library/core/src/fmt/mod.rs:1186:21
[INFO] [stdout]    6:     0x57ffe506d753 - std::io::Write::write_fmt::h509ff860e5956e5e
[INFO] [stdout]                                at /rustc/90b35a6239c3d8bdabc530a6a0816f7ff89a0aaf/library/std/src/io/mod.rs:1839:15
[INFO] [stdout]    7:     0x57ffe50703e2 - std::sys::backtrace::BacktraceLock::print::h2395ccd2c84ba3aa
[INFO] [stdout]                                at /rustc/90b35a6239c3d8bdabc530a6a0816f7ff89a0aaf/library/std/src/sys/backtrace.rs:42:9
[INFO] [stdout]    8:     0x57ffe50719fa - std::panicking::default_hook::{{closure}}::he19d4c7230e07961
[INFO] [stdout]                                at /rustc/90b35a6239c3d8bdabc530a6a0816f7ff89a0aaf/library/std/src/panicking.rs:268:22
[INFO] [stdout]    9:     0x57ffe5071804 - std::panicking::default_hook::hf614597d3c67bbdb
[INFO] [stdout]                                at /rustc/90b35a6239c3d8bdabc530a6a0816f7ff89a0aaf/library/std/src/panicking.rs:292:9
[INFO] [stdout]   10:     0x57ffe4be5bc9 - <alloc::boxed::Box<F,A> as core::ops::function::Fn<Args>>::call::h39b51ce4599c23d1
[INFO] [stdout]                                at /rustc/90b35a6239c3d8bdabc530a6a0816f7ff89a0aaf/library/alloc/src/boxed.rs:2468:9
[INFO] [stdout]   11:     0x57ffe4be5bc9 - test::test_main::{{closure}}::he977ae839a582784
[INFO] [stdout]                                at /rustc/90b35a6239c3d8bdabc530a6a0816f7ff89a0aaf/library/test/src/lib.rs:133:21
[INFO] [stdout]   12:     0x57ffe5072098 - <alloc::boxed::Box<F,A> as core::ops::function::Fn<Args>>::call::h9455091b6b06f9fb
[INFO] [stdout]                                at /rustc/90b35a6239c3d8bdabc530a6a0816f7ff89a0aaf/library/alloc/src/boxed.rs:2468:9
[INFO] [stdout]   13:     0x57ffe5072098 - std::panicking::rust_panic_with_hook::h8942133a8b252070
[INFO] [stdout]                                at /rustc/90b35a6239c3d8bdabc530a6a0816f7ff89a0aaf/library/std/src/panicking.rs:809:13
[INFO] [stdout]   14:     0x57ffe5071e5a - std::panicking::begin_panic_handler::{{closure}}::hb5f5963570096b29
[INFO] [stdout]                                at /rustc/90b35a6239c3d8bdabc530a6a0816f7ff89a0aaf/library/std/src/panicking.rs:674:13
[INFO] [stdout]   15:     0x57ffe5070a79 - std::sys::backtrace::__rust_end_short_backtrace::h6208cedc1922feda
[INFO] [stdout]                                at /rustc/90b35a6239c3d8bdabc530a6a0816f7ff89a0aaf/library/std/src/sys/backtrace.rs:170:18
[INFO] [stdout]   16:     0x57ffe5071aec - rust_begin_unwind
[INFO] [stdout]                                at /rustc/90b35a6239c3d8bdabc530a6a0816f7ff89a0aaf/library/std/src/panicking.rs:665:5
[INFO] [stdout]   17:     0x57ffe4b5f190 - core::panicking::panic_fmt::h0c3082644d1bf418
[INFO] [stdout]                                at /rustc/90b35a6239c3d8bdabc530a6a0816f7ff89a0aaf/library/core/src/panicking.rs:74:14
[INFO] [stdout]   18:     0x57ffe4b5f5f5 - core::panicking::assert_failed_inner::h2ddf1fcc067fa858
[INFO] [stdout]   19:     0x57ffe504478c - core::panicking::assert_failed::h4af5b1aebb73009c
[INFO] [stdout]                                at /rustc/90b35a6239c3d8bdabc530a6a0816f7ff89a0aaf/library/core/src/panicking.rs:367:5
[INFO] [stdout]   20:     0x57ffe4bad3b0 - plua::vm::tests::test_emit_mul::h1d0150cb95fb3796
[INFO] [stdout]                                at /opt/rustwide/workdir/src/vm.rs:461:9
[INFO] [stdout]   21:     0x57ffe4bac4f7 - plua::vm::tests::test_emit_mul::{{closure}}::h530ed86cd4993b60
[INFO] [stdout]                                at /opt/rustwide/workdir/src/vm.rs:438:23
[INFO] [stdout]   22:     0x57ffe4b75d66 - core::ops::function::FnOnce::call_once::h6bc4aee77a223305
[INFO] [stdout]                                at /rustc/90b35a6239c3d8bdabc530a6a0816f7ff89a0aaf/library/core/src/ops/function.rs:250:5
[INFO] [stdout]   23:     0x57ffe4bea58b - core::ops::function::FnOnce::call_once::h109cf8051a59b34e
[INFO] [stdout]                                at /rustc/90b35a6239c3d8bdabc530a6a0816f7ff89a0aaf/library/core/src/ops/function.rs:250:5
[INFO] [stdout]   24:     0x57ffe4bea58b - test::__rust_begin_short_backtrace::hf4fff89d377446ba
[INFO] [stdout]                                at /rustc/90b35a6239c3d8bdabc530a6a0816f7ff89a0aaf/library/test/src/lib.rs:621:18
[INFO] [stdout]   25:     0x57ffe4be9dc7 - test::run_test_in_process::{{closure}}::h0e39181dd7ee5a43
[INFO] [stdout]                                at /rustc/90b35a6239c3d8bdabc530a6a0816f7ff89a0aaf/library/test/src/lib.rs:644:60
[INFO] [stdout]   26:     0x57ffe4be9dc7 - <core::panic::unwind_safe::AssertUnwindSafe<F> as core::ops::function::FnOnce<()>>::call_once::hc5a66a30f0bdfd1f
[INFO] [stdout]                                at /rustc/90b35a6239c3d8bdabc530a6a0816f7ff89a0aaf/library/core/src/panic/unwind_safe.rs:272:9
[INFO] [stdout]   27:     0x57ffe4be9dc7 - std::panicking::try::do_call::h873b7cf639554a5e
[INFO] [stdout]                                at /rustc/90b35a6239c3d8bdabc530a6a0816f7ff89a0aaf/library/std/src/panicking.rs:557:40
[INFO] [stdout]   28:     0x57ffe4be9dc7 - std::panicking::try::hdb19862fad9c8bd1
[INFO] [stdout]                                at /rustc/90b35a6239c3d8bdabc530a6a0816f7ff89a0aaf/library/std/src/panicking.rs:520:19
[INFO] [stdout]   29:     0x57ffe4be9dc7 - std::panic::catch_unwind::h281fe732d236d260
[INFO] [stdout]                                at /rustc/90b35a6239c3d8bdabc530a6a0816f7ff89a0aaf/library/std/src/panic.rs:358:14
[INFO] [stdout]   30:     0x57ffe4be9dc7 - test::run_test_in_process::h949b6df8457ed338
[INFO] [stdout]                                at /rustc/90b35a6239c3d8bdabc530a6a0816f7ff89a0aaf/library/test/src/lib.rs:644:27
[INFO] [stdout]   31:     0x57ffe4be9dc7 - test::run_test::{{closure}}::h52c556a6d4740e10
[INFO] [stdout]                                at /rustc/90b35a6239c3d8bdabc530a6a0816f7ff89a0aaf/library/test/src/lib.rs:565:43
[INFO] [stdout]   32:     0x57ffe4baf0a4 - test::run_test::{{closure}}::h4237f6381c45ccb9
[INFO] [stdout]                                at /rustc/90b35a6239c3d8bdabc530a6a0816f7ff89a0aaf/library/test/src/lib.rs:595:41
[INFO] [stdout]   33:     0x57ffe4baf0a4 - std::sys::backtrace::__rust_begin_short_backtrace::h505c97a579eca628
[INFO] [stdout]                                at /rustc/90b35a6239c3d8bdabc530a6a0816f7ff89a0aaf/library/std/src/sys/backtrace.rs:154:18
[INFO] [stdout]   34:     0x57ffe4bb276e - std::thread::Builder::spawn_unchecked_::{{closure}}::{{closure}}::h9e86b2e2bc107ea3
[INFO] [stdout]                                at /rustc/90b35a6239c3d8bdabc530a6a0816f7ff89a0aaf/library/std/src/thread/mod.rs:538:17
[INFO] [stdout]   35:     0x57ffe4bb276e - <core::panic::unwind_safe::AssertUnwindSafe<F> as core::ops::function::FnOnce<()>>::call_once::h8b06ddb275ff4a25
[INFO] [stdout]                                at /rustc/90b35a6239c3d8bdabc530a6a0816f7ff89a0aaf/library/core/src/panic/unwind_safe.rs:272:9
[INFO] [stdout]   36:     0x57ffe4bb276e - std::panicking::try::do_call::hb26ecd7cd9a9355d
[INFO] [stdout]                                at /rustc/90b35a6239c3d8bdabc530a6a0816f7ff89a0aaf/library/std/src/panicking.rs:557:40
[INFO] [stdout]   37:     0x57ffe4bb276e - std::panicking::try::h8ddeca9d705f9069
[INFO] [stdout]                                at /rustc/90b35a6239c3d8bdabc530a6a0816f7ff89a0aaf/library/std/src/panicking.rs:520:19
[INFO] [stdout]   38:     0x57ffe4bb276e - std::panic::catch_unwind::h49e1c33078844c46
[INFO] [stdout]                                at /rustc/90b35a6239c3d8bdabc530a6a0816f7ff89a0aaf/library/std/src/panic.rs:358:14
[INFO] [stdout]   39:     0x57ffe4bb276e - std::thread::Builder::spawn_unchecked_::{{closure}}::h6073db6ff56ad35d
[INFO] [stdout]                                at /rustc/90b35a6239c3d8bdabc530a6a0816f7ff89a0aaf/library/std/src/thread/mod.rs:537:30
[INFO] [stdout]   40:     0x57ffe4bb276e - core::ops::function::FnOnce::call_once{{vtable.shim}}::h2c5a5f3779c774f1
[INFO] [stdout]                                at /rustc/90b35a6239c3d8bdabc530a6a0816f7ff89a0aaf/library/core/src/ops/function.rs:250:5
[INFO] [stdout]   41:     0x57ffe5075dfb - <alloc::boxed::Box<F,A> as core::ops::function::FnOnce<Args>>::call_once::hf75717d9f28faebf
[INFO] [stdout]                                at /rustc/90b35a6239c3d8bdabc530a6a0816f7ff89a0aaf/library/alloc/src/boxed.rs:2454:9
[INFO] [stdout]   42:     0x57ffe5075dfb - <alloc::boxed::Box<F,A> as core::ops::function::FnOnce<Args>>::call_once::h7bd883a5f3c5f3c1
[INFO] [stdout]                                at /rustc/90b35a6239c3d8bdabc530a6a0816f7ff89a0aaf/library/alloc/src/boxed.rs:2454:9
[INFO] [stdout]   43:     0x57ffe5075dfb - std::sys::pal::unix::thread::Thread::new::thread_start::hcc78f3943333fa94
[INFO] [stdout]                                at /rustc/90b35a6239c3d8bdabc530a6a0816f7ff89a0aaf/library/std/src/sys/pal/unix/thread.rs:105:17
[INFO] [stdout]   44:     0x7020b945eac3 - <unknown>
[INFO] [stdout]   45:     0x7020b94efa04 - clone
[INFO] [stdout]   46:                0x0 - <unknown>
[INFO] [stdout] 
[INFO] [stdout] ---- vm::tests::test_func_eval stdout ----
[INFO] [stdout] [
[INFO] [stdout]     Token {
[INFO] [stdout]         typ: Function,
[INFO] [stdout]         raw: "function",
[INFO] [stdout]         value: Nil,
[INFO] [stdout]         line: 2,
[INFO] [stdout]     },
[INFO] [stdout]     Token {
[INFO] [stdout]         typ: Identifier,
[INFO] [stdout]         raw: "fib",
[INFO] [stdout]         value: Nil,
[INFO] [stdout]         line: 2,
[INFO] [stdout]     },
[INFO] [stdout]     Token {
[INFO] [stdout]         typ: LeftParen,
[INFO] [stdout]         raw: "(",
[INFO] [stdout]         value: Nil,
[INFO] [stdout]         line: 2,
[INFO] [stdout]     },
[INFO] [stdout]     Token {
[INFO] [stdout]         typ: Identifier,
[INFO] [stdout]         raw: "n",
[INFO] [stdout]         value: Nil,
[INFO] [stdout]         line: 2,
[INFO] [stdout]     },
[INFO] [stdout]     Token {
[INFO] [stdout]         typ: RightParen,
[INFO] [stdout]         raw: ")",
[INFO] [stdout]         value: Nil,
[INFO] [stdout]         line: 2,
[INFO] [stdout]     },
[INFO] [stdout]     Token {
[INFO] [stdout]         typ: If,
[INFO] [stdout]         raw: "if",
[INFO] [stdout]         value: Nil,
[INFO] [stdout]         line: 3,
[INFO] [stdout]     },
[INFO] [stdout]     Token {
[INFO] [stdout]         typ: Identifier,
[INFO] [stdout]         raw: "n",
[INFO] [stdout]         value: Nil,
[INFO] [stdout]         line: 3,
[INFO] [stdout]     },
[INFO] [stdout]     Token {
[INFO] [stdout]         typ: Less,
[INFO] [stdout]         raw: "<",
[INFO] [stdout]         value: Nil,
[INFO] [stdout]         line: 3,
[INFO] [stdout]     },
[INFO] [stdout]     Token {
[INFO] [stdout]         typ: Number,
[INFO] [stdout]         raw: "2",
[INFO] [stdout]         value: Int(
[INFO] [stdout]             2,
[INFO] [stdout]         ),
[INFO] [stdout]         line: 3,
[INFO] [stdout]     },
[INFO] [stdout]     Token {
[INFO] [stdout]         typ: Then,
[INFO] [stdout]         raw: "then",
[INFO] [stdout]         value: Nil,
[INFO] [stdout]         line: 3,
[INFO] [stdout]     },
[INFO] [stdout]     Token {
[INFO] [stdout]         typ: Return,
[INFO] [stdout]         raw: "return",
[INFO] [stdout]         value: Nil,
[INFO] [stdout]         line: 4,
[INFO] [stdout]     },
[INFO] [stdout]     Token {
[INFO] [stdout]         typ: Identifier,
[INFO] [stdout]         raw: "n",
[INFO] [stdout]         value: Nil,
[INFO] [stdout]         line: 4,
[INFO] [stdout]     },
[INFO] [stdout]     Token {
[INFO] [stdout]         typ: Semicolon,
[INFO] [stdout]         raw: ";",
[INFO] [stdout]         value: Nil,
[INFO] [stdout]         line: 4,
[INFO] [stdout]     },
[INFO] [stdout]     Token {
[INFO] [stdout]         typ: End,
[INFO] [stdout]         raw: "end",
[INFO] [stdout]         value: Nil,
[INFO] [stdout]         line: 5,
[INFO] [stdout]     },
[INFO] [stdout]     Token {
[INFO] [stdout]         typ: Local,
[INFO] [stdout]         raw: "local",
[INFO] [stdout]         value: Nil,
[INFO] [stdout]         line: 7,
[INFO] [stdout]     },
[INFO] [stdout]     Token {
[INFO] [stdout]         typ: Identifier,
[INFO] [stdout]         raw: "n1",
[INFO] [stdout]         value: Nil,
[INFO] [stdout]         line: 7,
[INFO] [stdout]     },
[INFO] [stdout]     Token {
[INFO] [stdout]         typ: Equal,
[INFO] [stdout]         raw: "=",
[INFO] [stdout]         value: Nil,
[INFO] [stdout]         line: 7,
[INFO] [stdout]     },
[INFO] [stdout]     Token {
[INFO] [stdout]         typ: Identifier,
[INFO] [stdout]         raw: "fib",
[INFO] [stdout]         value: Nil,
[INFO] [stdout]         line: 7,
[INFO] [stdout]     },
[INFO] [stdout]     Token {
[INFO] [stdout]         typ: LeftParen,
[INFO] [stdout]         raw: "(",
[INFO] [stdout]         value: Nil,
[INFO] [stdout]         line: 7,
[INFO] [stdout]     },
[INFO] [stdout]     Token {
[INFO] [stdout]         typ: Identifier,
[INFO] [stdout]         raw: "n",
[INFO] [stdout]         value: Nil,
[INFO] [stdout]         line: 7,
[INFO] [stdout]     },
[INFO] [stdout]     Token {
[INFO] [stdout]         typ: Minus,
[INFO] [stdout]         raw: "-",
[INFO] [stdout]         value: Nil,
[INFO] [stdout]         line: 7,
[INFO] [stdout]     },
[INFO] [stdout]     Token {
[INFO] [stdout]         typ: Number,
[INFO] [stdout]         raw: "1",
[INFO] [stdout]         value: Int(
[INFO] [stdout]             1,
[INFO] [stdout]         ),
[INFO] [stdout]         line: 7,
[INFO] [stdout]     },
[INFO] [stdout]     Token {
[INFO] [stdout]         typ: RightParen,
[INFO] [stdout]         raw: ")",
[INFO] [stdout]         value: Nil,
[INFO] [stdout]         line: 7,
[INFO] [stdout]     },
[INFO] [stdout]     Token {
[INFO] [stdout]         typ: Semicolon,
[INFO] [stdout]         raw: ";",
[INFO] [stdout]         value: Nil,
[INFO] [stdout]         line: 7,
[INFO] [stdout]     },
[INFO] [stdout]     Token {
[INFO] [stdout]         typ: Local,
[INFO] [stdout]         raw: "local",
[INFO] [stdout]         value: Nil,
[INFO] [stdout]         line: 8,
[INFO] [stdout]     },
[INFO] [stdout]     Token {
[INFO] [stdout]         typ: Identifier,
[INFO] [stdout]         raw: "n2",
[INFO] [stdout]         value: Nil,
[INFO] [stdout]         line: 8,
[INFO] [stdout]     },
[INFO] [stdout]     Token {
[INFO] [stdout]         typ: Equal,
[INFO] [stdout]         raw: "=",
[INFO] [stdout]         value: Nil,
[INFO] [stdout]         line: 8,
[INFO] [stdout]     },
[INFO] [stdout]     Token {
[INFO] [stdout]         typ: Identifier,
[INFO] [stdout]         raw: "fib",
[INFO] [stdout]         value: Nil,
[INFO] [stdout]         line: 8,
[INFO] [stdout]     },
[INFO] [stdout]     Token {
[INFO] [stdout]         typ: LeftParen,
[INFO] [stdout]         raw: "(",
[INFO] [stdout]         value: Nil,
[INFO] [stdout]         line: 8,
[INFO] [stdout]     },
[INFO] [stdout]     Token {
[INFO] [stdout]         typ: Identifier,
[INFO] [stdout]         raw: "n",
[INFO] [stdout]         value: Nil,
[INFO] [stdout]         line: 8,
[INFO] [stdout]     },
[INFO] [stdout]     Token {
[INFO] [stdout]         typ: Minus,
[INFO] [stdout]         raw: "-",
[INFO] [stdout]         value: Nil,
[INFO] [stdout]         line: 8,
[INFO] [stdout]     },
[INFO] [stdout]     Token {
[INFO] [stdout]         typ: Number,
[INFO] [stdout]         raw: "2",
[INFO] [stdout]         value: Int(
[INFO] [stdout]             2,
[INFO] [stdout]         ),
[INFO] [stdout]         line: 8,
[INFO] [stdout]     },
[INFO] [stdout]     Token {
[INFO] [stdout]         typ: RightParen,
[INFO] [stdout]         raw: ")",
[INFO] [stdout]         value: Nil,
[INFO] [stdout]         line: 8,
[INFO] [stdout]     },
[INFO] [stdout]     Token {
[INFO] [stdout]         typ: Semicolon,
[INFO] [stdout]         raw: ";",
[INFO] [stdout]         value: Nil,
[INFO] [stdout]         line: 8,
[INFO] [stdout]     },
[INFO] [stdout]     Token {
[INFO] [stdout]         typ: Return,
[INFO] [stdout]         raw: "return",
[INFO] [stdout]         value: Nil,
[INFO] [stdout]         line: 9,
[INFO] [stdout]     },
[INFO] [stdout]     Token {
[INFO] [stdout]         typ: Identifier,
[INFO] [stdout]         raw: "n1",
[INFO] [stdout]         value: Nil,
[INFO] [stdout]         line: 9,
[INFO] [stdout]     },
[INFO] [stdout]     Token {
[INFO] [stdout]         typ: Plus,
[INFO] [stdout]         raw: "+",
[INFO] [stdout]         value: Nil,
[INFO] [stdout]         line: 9,
[INFO] [stdout]     },
[INFO] [stdout]     Token {
[INFO] [stdout]         typ: Identifier,
[INFO] [stdout]         raw: "n2",
[INFO] [stdout]         value: Nil,
[INFO] [stdout]         line: 9,
[INFO] [stdout]     },
[INFO] [stdout]     Token {
[INFO] [stdout]         typ: Semicolon,
[INFO] [stdout]         raw: ";",
[INFO] [stdout]         value: Nil,
[INFO] [stdout]         line: 9,
[INFO] [stdout]     },
[INFO] [stdout]     Token {
[INFO] [stdout]         typ: End,
[INFO] [stdout]         raw: "end",
[INFO] [stdout]         value: Nil,
[INFO] [stdout]         line: 10,
[INFO] [stdout]     },
[INFO] [stdout]     Token {
[INFO] [stdout]         typ: Print,
[INFO] [stdout]         raw: "print",
[INFO] [stdout]         value: Nil,
[INFO] [stdout]         line: 12,
[INFO] [stdout]     },
[INFO] [stdout]     Token {
[INFO] [stdout]         typ: LeftParen,
[INFO] [stdout]         raw: "(",
[INFO] [stdout]         value: Nil,
[INFO] [stdout]         line: 12,
[INFO] [stdout]     },
[INFO] [stdout]     Token {
[INFO] [stdout]         typ: Identifier,
[INFO] [stdout]         raw: "fib",
[INFO] [stdout]         value: Nil,
[INFO] [stdout]         line: 12,
[INFO] [stdout]     },
[INFO] [stdout]     Token {
[INFO] [stdout]         typ: LeftParen,
[INFO] [stdout]         raw: "(",
[INFO] [stdout]         value: Nil,
[INFO] [stdout]         line: 12,
[INFO] [stdout]     },
[INFO] [stdout]     Token {
[INFO] [stdout]         typ: Number,
[INFO] [stdout]         raw: "4",
[INFO] [stdout]         value: Int(
[INFO] [stdout]             4,
[INFO] [stdout]         ),
[INFO] [stdout]         line: 12,
[INFO] [stdout]     },
[INFO] [stdout]     Token {
[INFO] [stdout]         typ: RightParen,
[INFO] [stdout]         raw: ")",
[INFO] [stdout]         value: Nil,
[INFO] [stdout]         line: 12,
[INFO] [stdout]     },
[INFO] [stdout]     Token {
[INFO] [stdout]         typ: RightParen,
[INFO] [stdout]         raw: ")",
[INFO] [stdout]         value: Nil,
[INFO] [stdout]         line: 12,
[INFO] [stdout]     },
[INFO] [stdout]     Token {
[INFO] [stdout]         typ: Semicolon,
[INFO] [stdout]         raw: ";",
[INFO] [stdout]         value: Nil,
[INFO] [stdout]         line: 12,
[INFO] [stdout]     },
[INFO] [stdout]     Token {
[INFO] [stdout]         typ: Eof,
[INFO] [stdout]         raw: "",
[INFO] [stdout]         value: Nil,
[INFO] [stdout]         line: 13,
[INFO] [stdout]     },
[INFO] [stdout] ]
[INFO] [stdout] [
[INFO] [stdout]     FunctionStmt(
[INFO] [stdout]         Token {
[INFO] [stdout]             typ: Identifier,
[INFO] [stdout]             raw: "fib",
[INFO] [stdout]             value: Nil,
[INFO] [stdout]             line: 2,
[INFO] [stdout]         },
[INFO] [stdout]         [
[INFO] [stdout]             Token {
[INFO] [stdout]                 typ: Identifier,
[INFO] [stdout]                 raw: "n",
[INFO] [stdout]                 value: Nil,
[INFO] [stdout]                 line: 2,
[INFO] [stdout]             },
[INFO] [stdout]         ],
[INFO] [stdout]         [
[INFO] [stdout]             IfStmt(
[INFO] [stdout]                 Binary(
[INFO] [stdout]                     Variable(
[INFO] [stdout]                         Token {
[INFO] [stdout]                             typ: Identifier,
[INFO] [stdout]                             raw: "n",
[INFO] [stdout]                             value: Nil,
[INFO] [stdout]                             line: 3,
[INFO] [stdout]                         },
[INFO] [stdout]                     ),
[INFO] [stdout]                     Token {
[INFO] [stdout]                         typ: Less,
[INFO] [stdout]                         raw: "<",
[INFO] [stdout]                         value: Nil,
[INFO] [stdout]                         line: 3,
[INFO] [stdout]                     },
[INFO] [stdout]                     Literal(
[INFO] [stdout]                         Int(
[INFO] [stdout]                             2,
[INFO] [stdout]                         ),
[INFO] [stdout]                     ),
[INFO] [stdout]                 ),
[INFO] [stdout]                 ReturnStmt(
[INFO] [stdout]                     Token {
[INFO] [stdout]                         typ: Return,
[INFO] [stdout]                         raw: "return",
[INFO] [stdout]                         value: Nil,
[INFO] [stdout]                         line: 4,
[INFO] [stdout]                     },
[INFO] [stdout]                     Variable(
[INFO] [stdout]                         Token {
[INFO] [stdout]                             typ: Identifier,
[INFO] [stdout]                             raw: "n",
[INFO] [stdout]                             value: Nil,
[INFO] [stdout]                             line: 4,
[INFO] [stdout]                         },
[INFO] [stdout]                     ),
[INFO] [stdout]                 ),
[INFO] [stdout]                 None,
[INFO] [stdout]             ),
[INFO] [stdout]             LocalStmt(
[INFO] [stdout]                 Token {
[INFO] [stdout]                     typ: Identifier,
[INFO] [stdout]                     raw: "n1",
[INFO] [stdout]                     value: Nil,
[INFO] [stdout]                     line: 7,
[INFO] [stdout]                 },
[INFO] [stdout]                 Call(
[INFO] [stdout]                     Variable(
[INFO] [stdout]                         Token {
[INFO] [stdout]                             typ: Identifier,
[INFO] [stdout]                             raw: "fib",
[INFO] [stdout]                             value: Nil,
[INFO] [stdout]                             line: 7,
[INFO] [stdout]                         },
[INFO] [stdout]                     ),
[INFO] [stdout]                     Token {
[INFO] [stdout]                         typ: RightParen,
[INFO] [stdout]                         raw: ")",
[INFO] [stdout]                         value: Nil,
[INFO] [stdout]                         line: 7,
[INFO] [stdout]                     },
[INFO] [stdout]                     [
[INFO] [stdout]                         Binary(
[INFO] [stdout]                             Variable(
[INFO] [stdout]                                 Token {
[INFO] [stdout]                                     typ: Identifier,
[INFO] [stdout]                                     raw: "n",
[INFO] [stdout]                                     value: Nil,
[INFO] [stdout]                                     line: 7,
[INFO] [stdout]                                 },
[INFO] [stdout]                             ),
[INFO] [stdout]                             Token {
[INFO] [stdout]                                 typ: Minus,
[INFO] [stdout]                                 raw: "-",
[INFO] [stdout]                                 value: Nil,
[INFO] [stdout]                                 line: 7,
[INFO] [stdout]                             },
[INFO] [stdout]                             Literal(
[INFO] [stdout]                                 Int(
[INFO] [stdout]                                     1,
[INFO] [stdout]                                 ),
[INFO] [stdout]                             ),
[INFO] [stdout]                         ),
[INFO] [stdout]                     ],
[INFO] [stdout]                 ),
[INFO] [stdout]             ),
[INFO] [stdout]             LocalStmt(
[INFO] [stdout]                 Token {
[INFO] [stdout]                     typ: Identifier,
[INFO] [stdout]                     raw: "n2",
[INFO] [stdout]                     value: Nil,
[INFO] [stdout]                     line: 8,
[INFO] [stdout]                 },
[INFO] [stdout]                 Call(
[INFO] [stdout]                     Variable(
[INFO] [stdout]                         Token {
[INFO] [stdout]                             typ: Identifier,
[INFO] [stdout]                             raw: "fib",
[INFO] [stdout]                             value: Nil,
[INFO] [stdout]                             line: 8,
[INFO] [stdout]                         },
[INFO] [stdout]                     ),
[INFO] [stdout]                     Token {
[INFO] [stdout]                         typ: RightParen,
[INFO] [stdout]                         raw: ")",
[INFO] [stdout]                         value: Nil,
[INFO] [stdout]                         line: 8,
[INFO] [stdout]                     },
[INFO] [stdout]                     [
[INFO] [stdout]                         Binary(
[INFO] [stdout]                             Variable(
[INFO] [stdout]                                 Token {
[INFO] [stdout]                                     typ: Identifier,
[INFO] [stdout]                                     raw: "n",
[INFO] [stdout]                                     value: Nil,
[INFO] [stdout]                                     line: 8,
[INFO] [stdout]                                 },
[INFO] [stdout]                             ),
[INFO] [stdout]                             Token {
[INFO] [stdout]                                 typ: Minus,
[INFO] [stdout]                                 raw: "-",
[INFO] [stdout]                                 value: Nil,
[INFO] [stdout]                                 line: 8,
[INFO] [stdout]                             },
[INFO] [stdout]                             Literal(
[INFO] [stdout]                                 Int(
[INFO] [stdout]                                     2,
[INFO] [stdout]                                 ),
[INFO] [stdout]                             ),
[INFO] [stdout]                         ),
[INFO] [stdout]                     ],
[INFO] [stdout]                 ),
[INFO] [stdout]             ),
[INFO] [stdout]             ReturnStmt(
[INFO] [stdout]                 Token {
[INFO] [stdout]                     typ: Return,
[INFO] [stdout]                     raw: "return",
[INFO] [stdout]                     value: Nil,
[INFO] [stdout]                     line: 9,
[INFO] [stdout]                 },
[INFO] [stdout]                 Binary(
[INFO] [stdout]                     Variable(
[INFO] [stdout]                         Token {
[INFO] [stdout]                             typ: Identifier,
[INFO] [stdout]                             raw: "n1",
[INFO] [stdout]                             value: Nil,
[INFO] [stdout]                             line: 9,
[INFO] [stdout]                         },
[INFO] [stdout]                     ),
[INFO] [stdout]                     Token {
[INFO] [stdout]                         typ: Plus,
[INFO] [stdout]                         raw: "+",
[INFO] [stdout]                         value: Nil,
[INFO] [stdout]                         line: 9,
[INFO] [stdout]                     },
[INFO] [stdout]                     Variable(
[INFO] [stdout]                         Token {
[INFO] [stderr] error: test failed, to rerun pass `--lib`
[INFO] [stdout]                             typ: Identifier,
[INFO] [stdout]                             raw: "n2",
[INFO] [stdout]                             value: Nil,
[INFO] [stdout]                             line: 9,
[INFO] [stdout]                         },
[INFO] [stdout]                     ),
[INFO] [stdout]                 ),
[INFO] [stdout]             ),
[INFO] [stdout]         ],
[INFO] [stdout]     ),
[INFO] [stdout]     PrintStmt(
[INFO] [stdout]         Call(
[INFO] [stdout]             Variable(
[INFO] [stdout]                 Token {
[INFO] [stdout]                     typ: Identifier,
[INFO] [stdout]                     raw: "fib",
[INFO] [stdout]                     value: Nil,
[INFO] [stdout]                     line: 12,
[INFO] [stdout]                 },
[INFO] [stdout]             ),
[INFO] [stdout]             Token {
[INFO] [stdout]                 typ: RightParen,
[INFO] [stdout]                 raw: ")",
[INFO] [stdout]                 value: Nil,
[INFO] [stdout]                 line: 12,
[INFO] [stdout]             },
[INFO] [stdout]             [
[INFO] [stdout]                 Literal(
[INFO] [stdout]                     Int(
[INFO] [stdout]                         4,
[INFO] [stdout]                     ),
[INFO] [stdout]                 ),
[INFO] [stdout]             ],
[INFO] [stdout]         ),
[INFO] [stdout]     ),
[INFO] [stdout] ]
[INFO] [stdout] thread 'vm::tests::test_func_eval' panicked at src/vm.rs:430:9:
[INFO] [stdout] assertion `left == right` failed
[INFO] [stdout]   left: 8
[INFO] [stdout]  right: 23
[INFO] [stdout] stack backtrace:
[INFO] [stdout]    0:     0x57ffe507059a - std::backtrace_rs::backtrace::libunwind::trace::h5a5b8284f2d0c266
[INFO] [stdout]                                at /rustc/90b35a6239c3d8bdabc530a6a0816f7ff89a0aaf/library/std/src/../../backtrace/src/backtrace/libunwind.rs:116:5
[INFO] [stdout]    1:     0x57ffe507059a - std::backtrace_rs::backtrace::trace_unsynchronized::h76d4f1c9b0b875e3
[INFO] [stdout]                                at /rustc/90b35a6239c3d8bdabc530a6a0816f7ff89a0aaf/library/std/src/../../backtrace/src/backtrace/mod.rs:66:5
[INFO] [stdout]    2:     0x57ffe507059a - std::sys::backtrace::_print_fmt::hc4546b8364a537c6
[INFO] [stdout]                                at /rustc/90b35a6239c3d8bdabc530a6a0816f7ff89a0aaf/library/std/src/sys/backtrace.rs:66:9
[INFO] [stdout]    3:     0x57ffe507059a - <std::sys::backtrace::BacktraceLock::print::DisplayBacktrace as core::fmt::Display>::fmt::h5b6bd5631a6d1f6b
[INFO] [stdout]                                at /rustc/90b35a6239c3d8bdabc530a6a0816f7ff89a0aaf/library/std/src/sys/backtrace.rs:39:26
[INFO] [stdout]    4:     0x57ffe5096943 - core::fmt::rt::Argument::fmt::h270f6602a2b96f62
[INFO] [stdout]                                at /rustc/90b35a6239c3d8bdabc530a6a0816f7ff89a0aaf/library/core/src/fmt/rt.rs:177:76
[INFO] [stdout]    5:     0x57ffe5096943 - core::fmt::write::h7550c97b06c86515
[INFO] [stdout]                                at /rustc/90b35a6239c3d8bdabc530a6a0816f7ff89a0aaf/library/core/src/fmt/mod.rs:1186:21
[INFO] [stdout]    6:     0x57ffe506d753 - std::io::Write::write_fmt::h509ff860e5956e5e
[INFO] [stdout]                                at /rustc/90b35a6239c3d8bdabc530a6a0816f7ff89a0aaf/library/std/src/io/mod.rs:1839:15
[INFO] [stdout]    7:     0x57ffe50703e2 - std::sys::backtrace::BacktraceLock::print::h2395ccd2c84ba3aa
[INFO] [stdout]                                at /rustc/90b35a6239c3d8bdabc530a6a0816f7ff89a0aaf/library/std/src/sys/backtrace.rs:42:9
[INFO] [stdout]    8:     0x57ffe50719fa - std::panicking::default_hook::{{closure}}::he19d4c7230e07961
[INFO] [stdout]                                at /rustc/90b35a6239c3d8bdabc530a6a0816f7ff89a0aaf/library/std/src/panicking.rs:268:22
[INFO] [stdout]    9:     0x57ffe5071804 - std::panicking::default_hook::hf614597d3c67bbdb
[INFO] [stdout]                                at /rustc/90b35a6239c3d8bdabc530a6a0816f7ff89a0aaf/library/std/src/panicking.rs:292:9
[INFO] [stdout]   10:     0x57ffe4be5bc9 - <alloc::boxed::Box<F,A> as core::ops::function::Fn<Args>>::call::h39b51ce4599c23d1
[INFO] [stdout]                                at /rustc/90b35a6239c3d8bdabc530a6a0816f7ff89a0aaf/library/alloc/src/boxed.rs:2468:9
[INFO] [stdout]   11:     0x57ffe4be5bc9 - test::test_main::{{closure}}::he977ae839a582784
[INFO] [stdout]                                at /rustc/90b35a6239c3d8bdabc530a6a0816f7ff89a0aaf/library/test/src/lib.rs:133:21
[INFO] [stdout]   12:     0x57ffe5072098 - <alloc::boxed::Box<F,A> as core::ops::function::Fn<Args>>::call::h9455091b6b06f9fb
[INFO] [stdout]                                at /rustc/90b35a6239c3d8bdabc530a6a0816f7ff89a0aaf/library/alloc/src/boxed.rs:2468:9
[INFO] [stdout]   13:     0x57ffe5072098 - std::panicking::rust_panic_with_hook::h8942133a8b252070
[INFO] [stdout]                                at /rustc/90b35a6239c3d8bdabc530a6a0816f7ff89a0aaf/library/std/src/panicking.rs:809:13
[INFO] [stdout]   14:     0x57ffe5071e5a - std::panicking::begin_panic_handler::{{closure}}::hb5f5963570096b29
[INFO] [stdout]                                at /rustc/90b35a6239c3d8bdabc530a6a0816f7ff89a0aaf/library/std/src/panicking.rs:674:13
[INFO] [stdout]   15:     0x57ffe5070a79 - std::sys::backtrace::__rust_end_short_backtrace::h6208cedc1922feda
[INFO] [stdout]                                at /rustc/90b35a6239c3d8bdabc530a6a0816f7ff89a0aaf/library/std/src/sys/backtrace.rs:170:18
[INFO] [stdout]   16:     0x57ffe5071aec - rust_begin_unwind
[INFO] [stdout]                                at /rustc/90b35a6239c3d8bdabc530a6a0816f7ff89a0aaf/library/std/src/panicking.rs:665:5
[INFO] [stdout]   17:     0x57ffe4b5f190 - core::panicking::panic_fmt::h0c3082644d1bf418
[INFO] [stdout]                                at /rustc/90b35a6239c3d8bdabc530a6a0816f7ff89a0aaf/library/core/src/panicking.rs:74:14
[INFO] [stdout]   18:     0x57ffe4b5f5f5 - core::panicking::assert_failed_inner::h2ddf1fcc067fa858
[INFO] [stdout]   19:     0x57ffe504478c - core::panicking::assert_failed::h4af5b1aebb73009c
[INFO] [stdout]                                at /rustc/90b35a6239c3d8bdabc530a6a0816f7ff89a0aaf/library/core/src/panicking.rs:367:5
[INFO] [stdout]   20:     0x57ffe4bac3e0 - plua::vm::tests::test_func_eval::hded740732cfc1b02
[INFO] [stdout]                                at /opt/rustwide/workdir/src/vm.rs:430:9
[INFO] [stdout]   21:     0x57ffe4bab527 - plua::vm::tests::test_func_eval::{{closure}}::h154bcade95271f4d
[INFO] [stdout]                                at /opt/rustwide/workdir/src/vm.rs:402:24
[INFO] [stdout]   22:     0x57ffe4b762f6 - core::ops::function::FnOnce::call_once::hf9047a73c771bf3e
[INFO] [stdout]                                at /rustc/90b35a6239c3d8bdabc530a6a0816f7ff89a0aaf/library/core/src/ops/function.rs:250:5
[INFO] [stdout]   23:     0x57ffe4bea58b - core::ops::function::FnOnce::call_once::h109cf8051a59b34e
[INFO] [stdout]                                at /rustc/90b35a6239c3d8bdabc530a6a0816f7ff89a0aaf/library/core/src/ops/function.rs:250:5
[INFO] [stdout]   24:     0x57ffe4bea58b - test::__rust_begin_short_backtrace::hf4fff89d377446ba
[INFO] [stdout]                                at /rustc/90b35a6239c3d8bdabc530a6a0816f7ff89a0aaf/library/test/src/lib.rs:621:18
[INFO] [stdout]   25:     0x57ffe4be9dc7 - test::run_test_in_process::{{closure}}::h0e39181dd7ee5a43
[INFO] [stdout]                                at /rustc/90b35a6239c3d8bdabc530a6a0816f7ff89a0aaf/library/test/src/lib.rs:644:60
[INFO] [stdout]   26:     0x57ffe4be9dc7 - <core::panic::unwind_safe::AssertUnwindSafe<F> as core::ops::function::FnOnce<()>>::call_once::hc5a66a30f0bdfd1f
[INFO] [stdout]                                at /rustc/90b35a6239c3d8bdabc530a6a0816f7ff89a0aaf/library/core/src/panic/unwind_safe.rs:272:9
[INFO] [stdout]   27:     0x57ffe4be9dc7 - std::panicking::try::do_call::h873b7cf639554a5e
[INFO] [stdout]                                at /rustc/90b35a6239c3d8bdabc530a6a0816f7ff89a0aaf/library/std/src/panicking.rs:557:40
[INFO] [stdout]   28:     0x57ffe4be9dc7 - std::panicking::try::hdb19862fad9c8bd1
[INFO] [stdout]                                at /rustc/90b35a6239c3d8bdabc530a6a0816f7ff89a0aaf/library/std/src/panicking.rs:520:19
[INFO] [stdout]   29:     0x57ffe4be9dc7 - std::panic::catch_unwind::h281fe732d236d260
[INFO] [stdout]                                at /rustc/90b35a6239c3d8bdabc530a6a0816f7ff89a0aaf/library/std/src/panic.rs:358:14
[INFO] [stdout]   30:     0x57ffe4be9dc7 - test::run_test_in_process::h949b6df8457ed338
[INFO] [stdout]                                at /rustc/90b35a6239c3d8bdabc530a6a0816f7ff89a0aaf/library/test/src/lib.rs:644:27
[INFO] [stdout]   31:     0x57ffe4be9dc7 - test::run_test::{{closure}}::h52c556a6d4740e10
[INFO] [stdout]                                at /rustc/90b35a6239c3d8bdabc530a6a0816f7ff89a0aaf/library/test/src/lib.rs:565:43
[INFO] [stdout]   32:     0x57ffe4baf0a4 - test::run_test::{{closure}}::h4237f6381c45ccb9
[INFO] [stdout]                                at /rustc/90b35a6239c3d8bdabc530a6a0816f7ff89a0aaf/library/test/src/lib.rs:595:41
[INFO] [stdout]   33:     0x57ffe4baf0a4 - std::sys::backtrace::__rust_begin_short_backtrace::h505c97a579eca628
[INFO] [stdout]                                at /rustc/90b35a6239c3d8bdabc530a6a0816f7ff89a0aaf/library/std/src/sys/backtrace.rs:154:18
[INFO] [stdout]   34:     0x57ffe4bb276e - std::thread::Builder::spawn_unchecked_::{{closure}}::{{closure}}::h9e86b2e2bc107ea3
[INFO] [stdout]                                at /rustc/90b35a6239c3d8bdabc530a6a0816f7ff89a0aaf/library/std/src/thread/mod.rs:538:17
[INFO] [stdout]   35:     0x57ffe4bb276e - <core::panic::unwind_safe::AssertUnwindSafe<F> as core::ops::function::FnOnce<()>>::call_once::h8b06ddb275ff4a25
[INFO] [stdout]                                at /rustc/90b35a6239c3d8bdabc530a6a0816f7ff89a0aaf/library/core/src/panic/unwind_safe.rs:272:9
[INFO] [stdout]   36:     0x57ffe4bb276e - std::panicking::try::do_call::hb26ecd7cd9a9355d
[INFO] [stdout]                                at /rustc/90b35a6239c3d8bdabc530a6a0816f7ff89a0aaf/library/std/src/panicking.rs:557:40
[INFO] [stdout]   37:     0x57ffe4bb276e - std::panicking::try::h8ddeca9d705f9069
[INFO] [stdout]                                at /rustc/90b35a6239c3d8bdabc530a6a0816f7ff89a0aaf/library/std/src/panicking.rs:520:19
[INFO] [stdout]   38:     0x57ffe4bb276e - std::panic::catch_unwind::h49e1c33078844c46
[INFO] [stdout]                                at /rustc/90b35a6239c3d8bdabc530a6a0816f7ff89a0aaf/library/std/src/panic.rs:358:14
[INFO] [stdout]   39:     0x57ffe4bb276e - std::thread::Builder::spawn_unchecked_::{{closure}}::h6073db6ff56ad35d
[INFO] [stdout]                                at /rustc/90b35a6239c3d8bdabc530a6a0816f7ff89a0aaf/library/std/src/thread/mod.rs:537:30
[INFO] [stdout]   40:     0x57ffe4bb276e - core::ops::function::FnOnce::call_once{{vtable.shim}}::h2c5a5f3779c774f1
[INFO] [stdout]                                at /rustc/90b35a6239c3d8bdabc530a6a0816f7ff89a0aaf/library/core/src/ops/function.rs:250:5
[INFO] [stdout]   41:     0x57ffe5075dfb - <alloc::boxed::Box<F,A> as core::ops::function::FnOnce<Args>>::call_once::hf75717d9f28faebf
[INFO] [stdout]                                at /rustc/90b35a6239c3d8bdabc530a6a0816f7ff89a0aaf/library/alloc/src/boxed.rs:2454:9
[INFO] [stdout]   42:     0x57ffe5075dfb - <alloc::boxed::Box<F,A> as core::ops::function::FnOnce<Args>>::call_once::h7bd883a5f3c5f3c1
[INFO] [stdout]                                at /rustc/90b35a6239c3d8bdabc530a6a0816f7ff89a0aaf/library/alloc/src/boxed.rs:2454:9
[INFO] [stdout]   43:     0x57ffe5075dfb - std::sys::pal::unix::thread::Thread::new::thread_start::hcc78f3943333fa94
[INFO] [stdout]                                at /rustc/90b35a6239c3d8bdabc530a6a0816f7ff89a0aaf/library/std/src/sys/pal/unix/thread.rs:105:17
[INFO] [stdout]   44:     0x7020b945eac3 - <unknown>
[INFO] [stdout]   45:     0x7020b94efa04 - clone
[INFO] [stdout]   46:                0x0 - <unknown>
[INFO] [stdout] 
[INFO] [stdout] 
[INFO] [stdout] failures:
[INFO] [stdout]     vm::tests::test_emit_mul
[INFO] [stdout]     vm::tests::test_func_call
[INFO] [stdout]     vm::tests::test_func_eval
[INFO] [stdout] 
[INFO] [stdout] test result: FAILED. 25 passed; 3 failed; 0 ignored; 0 measured; 0 filtered out; finished in 0.04s
[INFO] [stdout] 
[INFO] running `Command { std: "docker" "inspect" "b2228c12412d8fb2437f6eb87b3cc794c6242958d1c5e16e93ec202a5daf5b7b", kill_on_drop: false }`
[INFO] running `Command { std: "docker" "rm" "-f" "b2228c12412d8fb2437f6eb87b3cc794c6242958d1c5e16e93ec202a5daf5b7b", kill_on_drop: false }`
[INFO] [stdout] b2228c12412d8fb2437f6eb87b3cc794c6242958d1c5e16e93ec202a5daf5b7b
