[INFO] cloning repository https://github.com/pedrodardengo/sph-fluid-simualtion-rust
[INFO] running `Command { std: "git" "-c" "credential.helper=" "-c" "credential.helper=/workspace/cargo-home/bin/git-credential-null" "clone" "--bare" "https://github.com/pedrodardengo/sph-fluid-simualtion-rust" "/workspace/cache/git-repos/https%3A%2F%2Fgithub.com%2Fpedrodardengo%2Fsph-fluid-simualtion-rust", kill_on_drop: false }`
[INFO] [stderr] Cloning into bare repository '/workspace/cache/git-repos/https%3A%2F%2Fgithub.com%2Fpedrodardengo%2Fsph-fluid-simualtion-rust'...
[INFO] running `Command { std: "git" "rev-parse" "HEAD", kill_on_drop: false }`
[INFO] [stdout] 7e2553f924ca82678b8188c8e4baac6b39d5169e
[INFO] testing pedrodardengo/sph-fluid-simualtion-rust against 1.83.0 for beta-1.84.0-4-retry
[INFO] running `Command { std: "git" "clone" "/workspace/cache/git-repos/https%3A%2F%2Fgithub.com%2Fpedrodardengo%2Fsph-fluid-simualtion-rust" "/workspace/builds/worker-0-tc1/source", kill_on_drop: false }`
[INFO] [stderr] Cloning into '/workspace/builds/worker-0-tc1/source'...
[INFO] [stderr] done.
[INFO] validating manifest of git repo https://github.com/pedrodardengo/sph-fluid-simualtion-rust on toolchain 1.83.0
[INFO] running `Command { std: CARGO_HOME="/workspace/cargo-home" RUSTUP_HOME="/workspace/rustup-home" "/workspace/cargo-home/bin/cargo" "+1.83.0" "metadata" "--manifest-path" "Cargo.toml" "--no-deps", kill_on_drop: false }`
[INFO] started tweaking git repo https://github.com/pedrodardengo/sph-fluid-simualtion-rust
[INFO] finished tweaking git repo https://github.com/pedrodardengo/sph-fluid-simualtion-rust
[INFO] tweaked toml for git repo https://github.com/pedrodardengo/sph-fluid-simualtion-rust written to /workspace/builds/worker-0-tc1/source/Cargo.toml
[INFO] crate git repo https://github.com/pedrodardengo/sph-fluid-simualtion-rust already has a lockfile, it will not be regenerated
[INFO] running `Command { std: CARGO_HOME="/workspace/cargo-home" RUSTUP_HOME="/workspace/rustup-home" "/workspace/cargo-home/bin/cargo" "+1.83.0" "fetch" "--manifest-path" "Cargo.toml", kill_on_drop: false }`
[INFO] [stderr]     Updating crates.io index
[INFO] [stderr]  Downloading crates ...
[INFO] [stderr]   Downloaded vector2d v2.2.0
[INFO] [stderr]   Downloaded piston2d-opengl_graphics v0.83.0
[INFO] [stderr]   Downloaded proc_vector2d v1.0.2
[INFO] running `Command { std: "docker" "create" "-v" "/var/lib/crater-agent-workspace/builds/worker-0-tc1/target:/opt/rustwide/target:rw,Z" "-v" "/var/lib/crater-agent-workspace/builds/worker-0-tc1/source:/opt/rustwide/workdir:ro,Z" "-v" "/var/lib/crater-agent-workspace/cargo-home:/opt/rustwide/cargo-home:ro,Z" "-v" "/var/lib/crater-agent-workspace/rustup-home:/opt/rustwide/rustup-home:ro,Z" "-e" "SOURCE_DIR=/opt/rustwide/workdir" "-e" "CARGO_TARGET_DIR=/opt/rustwide/target" "-e" "CARGO_HOME=/opt/rustwide/cargo-home" "-e" "RUSTUP_HOME=/opt/rustwide/rustup-home" "-w" "/opt/rustwide/workdir" "-m" "1610612736" "--user" "0:0" "--network" "none" "ghcr.io/rust-lang/crates-build-env/linux@sha256:f3a9d4ad9d972b27faf3965f35b62e55ba32bbce8f20bc8fe909558a86702fde" "/opt/rustwide/cargo-home/bin/cargo" "+1.83.0" "metadata" "--no-deps" "--format-version=1", kill_on_drop: false }`
[INFO] [stdout] 8013bebb66ecd3a5faa5fd7732a43e86f9fb1d3db9598dffc86de7770f744c5f
[INFO] running `Command { std: "docker" "start" "-a" "8013bebb66ecd3a5faa5fd7732a43e86f9fb1d3db9598dffc86de7770f744c5f", kill_on_drop: false }`
[INFO] running `Command { std: "docker" "inspect" "8013bebb66ecd3a5faa5fd7732a43e86f9fb1d3db9598dffc86de7770f744c5f", kill_on_drop: false }`
[INFO] running `Command { std: "docker" "rm" "-f" "8013bebb66ecd3a5faa5fd7732a43e86f9fb1d3db9598dffc86de7770f744c5f", kill_on_drop: false }`
[INFO] [stdout] 8013bebb66ecd3a5faa5fd7732a43e86f9fb1d3db9598dffc86de7770f744c5f
[INFO] running `Command { std: "docker" "create" "-v" "/var/lib/crater-agent-workspace/builds/worker-0-tc1/target:/opt/rustwide/target:rw,Z" "-v" "/var/lib/crater-agent-workspace/builds/worker-0-tc1/source:/opt/rustwide/workdir:ro,Z" "-v" "/var/lib/crater-agent-workspace/cargo-home:/opt/rustwide/cargo-home:ro,Z" "-v" "/var/lib/crater-agent-workspace/rustup-home:/opt/rustwide/rustup-home:ro,Z" "-e" "SOURCE_DIR=/opt/rustwide/workdir" "-e" "CARGO_TARGET_DIR=/opt/rustwide/target" "-e" "CARGO_INCREMENTAL=0" "-e" "RUST_BACKTRACE=full" "-e" "RUSTFLAGS=--cap-lints=warn" "-e" "RUSTDOCFLAGS=--cap-lints=warn" "-e" "CARGO_HOME=/opt/rustwide/cargo-home" "-e" "RUSTUP_HOME=/opt/rustwide/rustup-home" "-w" "/opt/rustwide/workdir" "-m" "1610612736" "--user" "0:0" "--network" "none" "ghcr.io/rust-lang/crates-build-env/linux@sha256:f3a9d4ad9d972b27faf3965f35b62e55ba32bbce8f20bc8fe909558a86702fde" "/opt/rustwide/cargo-home/bin/cargo" "+1.83.0" "build" "--frozen" "--message-format=json", kill_on_drop: false }`
[INFO] [stdout] 6feb9909dee483d2d5b9f8cca859f7d7afc62a26574bd2f64d95f4a4388c9d22
[INFO] running `Command { std: "docker" "start" "-a" "6feb9909dee483d2d5b9f8cca859f7d7afc62a26574bd2f64d95f4a4388c9d22", kill_on_drop: false }`
[INFO] [stderr]    Compiling cfg-if v1.0.0
[INFO] [stderr]    Compiling xml-rs v0.8.19
[INFO] [stderr]    Compiling proc-macro2 v1.0.78
[INFO] [stderr]    Compiling unicode-ident v1.0.12
[INFO] [stderr]    Compiling autocfg v1.1.0
[INFO] [stderr]    Compiling libc v0.2.153
[INFO] [stderr]    Compiling pkg-config v0.3.30
[INFO] [stderr]    Compiling bitflags v1.3.2
[INFO] [stderr]    Compiling log v0.4.21
[INFO] [stderr]    Compiling khronos_api v3.1.0
[INFO] [stderr]    Compiling simd-adler32 v0.3.7
[INFO] [stderr]    Compiling libloading v0.8.1
[INFO] [stderr]    Compiling memoffset v0.6.5
[INFO] [stderr]    Compiling smallvec v1.13.1
[INFO] [stderr]    Compiling crc32fast v1.4.0
[INFO] [stderr]    Compiling dlib v0.5.2
[INFO] [stderr]    Compiling once_cell v1.19.0
[INFO] [stderr]    Compiling adler v1.0.2
[INFO] [stderr]    Compiling lazy_static v1.4.0
[INFO] [stderr]    Compiling crossbeam-utils v0.8.19
[INFO] [stderr]    Compiling miniz_oxide v0.7.2
[INFO] [stderr]    Compiling wayland-sys v0.29.5
[INFO] [stderr]    Compiling quote v1.0.35
[INFO] [stderr]    Compiling cfg_aliases v0.1.1
[INFO] [stderr]    Compiling gl_generator v0.14.0
[INFO] [stderr]    Compiling wayland-scanner v0.29.5
[INFO] [stderr]    Compiling syn v2.0.52
[INFO] [stderr]    Compiling flate2 v1.0.28
[INFO] [stderr]    Compiling bytemuck v1.14.3
[INFO] [stderr]    Compiling version_check v0.9.4
[INFO] [stderr]    Compiling piston-float v1.0.1
[INFO] [stderr]    Compiling crossbeam-epoch v0.9.18
[INFO] [stderr]    Compiling fdeflate v0.3.4
[INFO] [stderr]    Compiling rayon-core v1.12.1
[INFO] [stderr]    Compiling ab_glyph_rasterizer v0.1.8
[INFO] [stderr]    Compiling slotmap v1.0.7
[INFO] [stderr]    Compiling nix v0.24.3
[INFO] [stderr]    Compiling thiserror v1.0.57
[INFO] [stderr]    Compiling downcast-rs v1.2.0
[INFO] [stderr]    Compiling scoped-tls v1.0.1
[INFO] [stderr]    Compiling png v0.17.13
[INFO] [stderr]    Compiling crossbeam-deque v0.8.5
[INFO] [stderr]    Compiling piston-viewport v1.0.2
[INFO] [stderr]    Compiling x11-dl v2.21.0
[INFO] [stderr]    Compiling lock_api v0.4.11
[INFO] [stderr]    Compiling serde v1.0.197
[INFO] [stderr]    Compiling wayland-client v0.29.5
[INFO] [stderr]    Compiling wayland-protocols v0.29.5
[INFO] [stderr]    Compiling nix v0.25.1
[INFO] [stderr]    Compiling smithay-client-toolkit v0.16.1
[INFO] [stderr]    Compiling vec_map v0.8.2
[INFO] [stderr]    Compiling xcursor v0.3.5
[INFO] [stderr]    Compiling scopeguard v1.2.0
[INFO] [stderr]    Compiling ttf-parser v0.20.0
[INFO] [stderr]    Compiling piston-graphics_api_version v1.0.1
[INFO] [stderr]    Compiling arrayref v0.3.7
[INFO] [stderr]    Compiling strict-num v0.1.1
[INFO] [stderr]    Compiling tiny-skia-path v0.8.4
[INFO] [stderr]    Compiling wayland-commons v0.29.5
[INFO] [stderr]    Compiling thiserror-impl v1.0.57
[INFO] [stderr]    Compiling serde_derive v1.0.197
[INFO] [stderr]    Compiling memmap2 v0.5.10
[INFO] [stderr]    Compiling glutin_glx_sys v0.4.0
[INFO] [stderr]    Compiling calloop v0.10.6
[INFO] [stderr]    Compiling owned_ttf_parser v0.20.0
[INFO] [stderr]    Compiling wayland-cursor v0.29.5
[INFO] [stderr]    Compiling glutin_egl_sys v0.5.1
[INFO] [stderr]    Compiling gl_generator v0.13.1
[INFO] [stderr]    Compiling wayland-sys v0.30.1
[INFO] [stderr]    Compiling either v1.10.0
[INFO] [stderr]    Compiling arrayvec v0.7.4
[INFO] [stderr]    Compiling rayon v1.9.0
[INFO] [stderr]    Compiling gl v0.13.0
[INFO] [stderr]    Compiling tiny-skia v0.8.4
[INFO] [stderr]    Compiling ab_glyph v0.2.23
[INFO] [stderr]    Compiling spin v0.9.8
[INFO] [stderr]    Compiling winit v0.28.7
[INFO] [stderr]    Compiling glutin v0.30.10
[INFO] [stderr]    Compiling pistoncore-input v1.0.1
[INFO] [stderr]    Compiling num-traits v0.2.18
[INFO] [stderr]    Compiling weezl v0.1.8
[INFO] [stderr]    Compiling raw-window-handle v0.5.2
[INFO] [stderr]    Compiling ttf-parser v0.15.2
[INFO] [stderr]    Compiling jpeg-decoder v0.3.1
[INFO] [stderr]    Compiling flume v0.11.0
[INFO] [stderr]    Compiling pistoncore-window v1.0.0
[INFO] [stderr]    Compiling getrandom v0.2.12
[INFO] [stderr]    Compiling mio v0.8.10
[INFO] [stderr]    Compiling glutin-winit v0.3.0
[INFO] [stderr]    Compiling zune-inflate v0.2.54
[INFO] [stderr]    Compiling half v2.4.0
[INFO] [stderr]    Compiling libloading v0.7.4
[INFO] [stderr]    Compiling instant v0.1.12
[INFO] [stderr]    Compiling percent-encoding v2.3.1
[INFO] [stderr]    Compiling color_quant v1.1.0
[INFO] [stderr]    Compiling bit_field v0.10.2
[INFO] [stderr]    Compiling lebe v0.5.2
[INFO] [stderr]    Compiling gif v0.13.1
[INFO] [stderr]    Compiling tiff v0.9.1
[INFO] [stderr]    Compiling owned_ttf_parser v0.15.2
[INFO] [stderr]    Compiling exr v1.72.0
[INFO] [stderr]    Compiling rusttype v0.9.3
[INFO] [stderr]    Compiling rand_core v0.6.4
[INFO] [stderr]    Compiling shader_version v0.7.0
[INFO] [stderr]    Compiling qoi v0.4.1
[INFO] [stderr]    Compiling vecmath v1.0.0
[INFO] [stderr]    Compiling byteorder v1.5.0
[INFO] [stderr]    Compiling piston-texture v0.9.0
[INFO] [stderr]    Compiling read_color v1.0.0
[INFO] [stderr]    Compiling interpolation v0.3.0
[INFO] [stderr]    Compiling fnv v1.0.7
[INFO] [stderr]    Compiling ppv-lite86 v0.2.17
[INFO] [stderr]    Compiling spin_sleep v1.2.0
[INFO] [stderr]    Compiling piston2d-graphics v0.44.0
[INFO] [stderr]    Compiling proc_vector2d v1.0.2
[INFO] [stderr]    Compiling pistoncore-event_loop v0.55.0
[INFO] [stderr]    Compiling piston-shaders_graphics2d v0.4.0
[INFO] [stderr]    Compiling piston v0.55.0
[INFO] [stderr]    Compiling num_cpus v1.16.0
[INFO] [stderr]    Compiling rand_chacha v0.3.1
[INFO] [stderr]    Compiling vector2d v2.2.0
[INFO] [stderr]    Compiling rand v0.8.5
[INFO] [stderr]    Compiling image v0.24.9
[INFO] [stderr]    Compiling piston2d-opengl_graphics v0.83.0
[INFO] [stderr]    Compiling sctk-adwaita v0.5.4
[INFO] [stderr]    Compiling pistoncore-glutin_window v0.72.0
[INFO] [stderr]    Compiling coding-challenges v0.1.0 (/opt/rustwide/workdir)
[INFO] [stdout] warning: unused imports: `Duration` and `Instant`
[INFO] [stdout]   --> src/fluid_simulation/fluid_simulation_app.rs:14:17
[INFO] [stdout]    |
[INFO] [stdout] 14 | use std::time::{Duration, Instant};
[INFO] [stdout]    |                 ^^^^^^^^  ^^^^^^^
[INFO] [stdout]    |
[INFO] [stdout]    = note: `#[warn(unused_imports)]` on by default
[INFO] [stdout] 
[INFO] [stdout] 
[INFO] [stdout] warning: unused variable: `window`
[INFO] [stdout]    --> src/fluid_simulation/fluid_simulation_app.rs:133:50
[INFO] [stdout]     |
[INFO] [stdout] 133 |     pub fn handle_event(&mut self, event: Event, window: &impl Window) {
[INFO] [stdout]     |                                                  ^^^^^^ help: if this is intentional, prefix it with an underscore: `_window`
[INFO] [stdout]     |
[INFO] [stdout]     = note: `#[warn(unused_variables)]` on by default
[INFO] [stdout] 
[INFO] [stdout] 
[INFO] [stdout] warning: unused variable: `particle`
[INFO] [stdout]  --> src/fluid_simulation/obstacles/obstacle_trait.rs:4:42
[INFO] [stdout]   |
[INFO] [stdout] 4 |     fn apply_obstruction_boundary(&self, particle: &mut Particle) {}
[INFO] [stdout]   |                                          ^^^^^^^^ help: if this is intentional, prefix it with an underscore: `_particle`
[INFO] [stdout] 
[INFO] [stdout] 
[INFO] [stdout] warning: field `box_dimensions` is never read
[INFO] [stdout]  --> src/fluid_simulation/obstacles/dam_obstacle.rs:7:5
[INFO] [stdout]   |
[INFO] [stdout] 4 | pub struct DamObstacle {
[INFO] [stdout]   |            ----------- field in this struct
[INFO] [stdout] ...
[INFO] [stdout] 7 |     box_dimensions: [usize; 2],
[INFO] [stdout]   |     ^^^^^^^^^^^^^^
[INFO] [stdout]   |
[INFO] [stdout]   = note: `#[warn(dead_code)]` on by default
[INFO] [stdout] 
[INFO] [stdout] 
[INFO] [stdout] warning: unused imports: `Duration` and `Instant`
[INFO] [stdout]   --> src/fluid_simulation/fluid_simulation_app.rs:14:17
[INFO] [stdout]    |
[INFO] [stdout] 14 | use std::time::{Duration, Instant};
[INFO] [stdout]    |                 ^^^^^^^^  ^^^^^^^
[INFO] [stdout]    |
[INFO] [stdout]    = note: `#[warn(unused_imports)]` on by default
[INFO] [stdout] 
[INFO] [stdout] 
[INFO] [stdout] warning: unused variable: `window`
[INFO] [stdout]    --> src/fluid_simulation/fluid_simulation_app.rs:133:50
[INFO] [stdout]     |
[INFO] [stdout] 133 |     pub fn handle_event(&mut self, event: Event, window: &impl Window) {
[INFO] [stdout]     |                                                  ^^^^^^ help: if this is intentional, prefix it with an underscore: `_window`
[INFO] [stdout]     |
[INFO] [stdout]     = note: `#[warn(unused_variables)]` on by default
[INFO] [stdout] 
[INFO] [stdout] 
[INFO] [stdout] warning: unused variable: `particle`
[INFO] [stdout]  --> src/fluid_simulation/obstacles/obstacle_trait.rs:4:42
[INFO] [stdout]   |
[INFO] [stdout] 4 |     fn apply_obstruction_boundary(&self, particle: &mut Particle) {}
[INFO] [stdout]   |                                          ^^^^^^^^ help: if this is intentional, prefix it with an underscore: `_particle`
[INFO] [stdout] 
[INFO] [stdout] 
[INFO] [stdout] warning: field `box_dimensions` is never read
[INFO] [stdout]  --> src/fluid_simulation/obstacles/dam_obstacle.rs:7:5
[INFO] [stdout]   |
[INFO] [stdout] 4 | pub struct DamObstacle {
[INFO] [stdout]   |            ----------- field in this struct
[INFO] [stdout] ...
[INFO] [stdout] 7 |     box_dimensions: [usize; 2],
[INFO] [stdout]   |     ^^^^^^^^^^^^^^
[INFO] [stdout]   |
[INFO] [stdout]   = note: `#[warn(dead_code)]` on by default
[INFO] [stdout] 
[INFO] [stdout] 
[INFO] [stderr]     Finished `dev` profile [unoptimized + debuginfo] target(s) in 3m 19s
[INFO] running `Command { std: "docker" "inspect" "6feb9909dee483d2d5b9f8cca859f7d7afc62a26574bd2f64d95f4a4388c9d22", kill_on_drop: false }`
[INFO] running `Command { std: "docker" "rm" "-f" "6feb9909dee483d2d5b9f8cca859f7d7afc62a26574bd2f64d95f4a4388c9d22", kill_on_drop: false }`
[INFO] [stdout] 6feb9909dee483d2d5b9f8cca859f7d7afc62a26574bd2f64d95f4a4388c9d22
[INFO] running `Command { std: "docker" "create" "-v" "/var/lib/crater-agent-workspace/builds/worker-0-tc1/target:/opt/rustwide/target:rw,Z" "-v" "/var/lib/crater-agent-workspace/builds/worker-0-tc1/source:/opt/rustwide/workdir:ro,Z" "-v" "/var/lib/crater-agent-workspace/cargo-home:/opt/rustwide/cargo-home:ro,Z" "-v" "/var/lib/crater-agent-workspace/rustup-home:/opt/rustwide/rustup-home:ro,Z" "-e" "SOURCE_DIR=/opt/rustwide/workdir" "-e" "CARGO_TARGET_DIR=/opt/rustwide/target" "-e" "CARGO_INCREMENTAL=0" "-e" "RUST_BACKTRACE=full" "-e" "RUSTFLAGS=--cap-lints=warn" "-e" "RUSTDOCFLAGS=--cap-lints=warn" "-e" "CARGO_HOME=/opt/rustwide/cargo-home" "-e" "RUSTUP_HOME=/opt/rustwide/rustup-home" "-w" "/opt/rustwide/workdir" "-m" "1610612736" "--user" "0:0" "--network" "none" "ghcr.io/rust-lang/crates-build-env/linux@sha256:f3a9d4ad9d972b27faf3965f35b62e55ba32bbce8f20bc8fe909558a86702fde" "/opt/rustwide/cargo-home/bin/cargo" "+1.83.0" "test" "--frozen" "--no-run" "--message-format=json", kill_on_drop: false }`
[INFO] [stdout] 4f15b5eb3ffcdc0c4c3b8fbbaf18d75c65f45b436f35741db67c08b6155cf83c
[INFO] running `Command { std: "docker" "start" "-a" "4f15b5eb3ffcdc0c4c3b8fbbaf18d75c65f45b436f35741db67c08b6155cf83c", kill_on_drop: false }`
[INFO] [stdout] warning: unused imports: `Duration` and `Instant`
[INFO] [stdout]   --> src/fluid_simulation/fluid_simulation_app.rs:14:17
[INFO] [stdout]    |
[INFO] [stdout] 14 | use std::time::{Duration, Instant};
[INFO] [stdout]    |                 ^^^^^^^^  ^^^^^^^
[INFO] [stdout]    |
[INFO] [stdout]    = note: `#[warn(unused_imports)]` on by default
[INFO] [stdout] 
[INFO] [stdout] 
[INFO] [stdout] warning: unused variable: `window`
[INFO] [stdout]    --> src/fluid_simulation/fluid_simulation_app.rs:133:50
[INFO] [stdout]     |
[INFO] [stdout] 133 |     pub fn handle_event(&mut self, event: Event, window: &impl Window) {
[INFO] [stdout]     |                                                  ^^^^^^ help: if this is intentional, prefix it with an underscore: `_window`
[INFO] [stdout]     |
[INFO] [stdout]     = note: `#[warn(unused_variables)]` on by default
[INFO] [stdout] 
[INFO] [stdout] 
[INFO] [stdout] warning: unused variable: `particle`
[INFO] [stdout]  --> src/fluid_simulation/obstacles/obstacle_trait.rs:4:42
[INFO] [stdout]   |
[INFO] [stdout] 4 |     fn apply_obstruction_boundary(&self, particle: &mut Particle) {}
[INFO] [stdout]   |                                          ^^^^^^^^ help: if this is intentional, prefix it with an underscore: `_particle`
[INFO] [stdout] 
[INFO] [stdout] 
[INFO] [stderr]    Compiling coding-challenges v0.1.0 (/opt/rustwide/workdir)
[INFO] [stdout] warning: field `box_dimensions` is never read
[INFO] [stdout]  --> src/fluid_simulation/obstacles/dam_obstacle.rs:7:5
[INFO] [stdout]   |
[INFO] [stdout] 4 | pub struct DamObstacle {
[INFO] [stdout]   |            ----------- field in this struct
[INFO] [stdout] ...
[INFO] [stdout] 7 |     box_dimensions: [usize; 2],
[INFO] [stdout]   |     ^^^^^^^^^^^^^^
[INFO] [stdout]   |
[INFO] [stdout]   = note: `#[warn(dead_code)]` on by default
[INFO] [stdout] 
[INFO] [stdout] 
[INFO] [stdout] warning: unused imports: `Duration` and `Instant`
[INFO] [stdout]   --> src/fluid_simulation/fluid_simulation_app.rs:14:17
[INFO] [stdout]    |
[INFO] [stdout] 14 | use std::time::{Duration, Instant};
[INFO] [stdout]    |                 ^^^^^^^^  ^^^^^^^
[INFO] [stdout]    |
[INFO] [stdout]    = note: `#[warn(unused_imports)]` on by default
[INFO] [stdout] 
[INFO] [stdout] 
[INFO] [stdout] warning: unused variable: `window`
[INFO] [stdout]    --> src/fluid_simulation/fluid_simulation_app.rs:133:50
[INFO] [stdout]     |
[INFO] [stdout] 133 |     pub fn handle_event(&mut self, event: Event, window: &impl Window) {
[INFO] [stdout]     |                                                  ^^^^^^ help: if this is intentional, prefix it with an underscore: `_window`
[INFO] [stdout]     |
[INFO] [stdout]     = note: `#[warn(unused_variables)]` on by default
[INFO] [stdout] 
[INFO] [stdout] 
[INFO] [stdout] warning: unused variable: `particle`
[INFO] [stdout]  --> src/fluid_simulation/obstacles/obstacle_trait.rs:4:42
[INFO] [stdout]   |
[INFO] [stdout] 4 |     fn apply_obstruction_boundary(&self, particle: &mut Particle) {}
[INFO] [stdout]   |                                          ^^^^^^^^ help: if this is intentional, prefix it with an underscore: `_particle`
[INFO] [stdout] 
[INFO] [stdout] 
[INFO] [stdout] warning: field `box_dimensions` is never read
[INFO] [stdout]  --> src/fluid_simulation/obstacles/dam_obstacle.rs:7:5
[INFO] [stdout]   |
[INFO] [stdout] 4 | pub struct DamObstacle {
[INFO] [stdout]   |            ----------- field in this struct
[INFO] [stdout] ...
[INFO] [stdout] 7 |     box_dimensions: [usize; 2],
[INFO] [stdout]   |     ^^^^^^^^^^^^^^
[INFO] [stdout]   |
[INFO] [stdout]   = note: `#[warn(dead_code)]` on by default
[INFO] [stdout] 
[INFO] [stdout] 
[INFO] [stdout] warning: unused imports: `Duration` and `Instant`
[INFO] [stdout]   --> src/fluid_simulation/fluid_simulation_app.rs:14:17
[INFO] [stdout]    |
[INFO] [stdout] 14 | use std::time::{Duration, Instant};
[INFO] [stdout]    |                 ^^^^^^^^  ^^^^^^^
[INFO] [stdout]    |
[INFO] [stdout]    = note: `#[warn(unused_imports)]` on by default
[INFO] [stdout] 
[INFO] [stdout] 
[INFO] [stdout] warning: unused imports: `Duration` and `Instant`
[INFO] [stdout]   --> src/fluid_simulation/fluid_simulation_app.rs:14:17
[INFO] [stdout]    |
[INFO] [stdout] 14 | use std::time::{Duration, Instant};
[INFO] [stdout]    |                 ^^^^^^^^  ^^^^^^^
[INFO] [stdout]    |
[INFO] [stdout]    = note: `#[warn(unused_imports)]` on by default
[INFO] [stdout] 
[INFO] [stdout] 
[INFO] [stdout] warning: unused variable: `window`
[INFO] [stdout]    --> src/fluid_simulation/fluid_simulation_app.rs:133:50
[INFO] [stdout]     |
[INFO] [stdout] 133 |     pub fn handle_event(&mut self, event: Event, window: &impl Window) {
[INFO] [stdout]     |                                                  ^^^^^^ help: if this is intentional, prefix it with an underscore: `_window`
[INFO] [stdout]     |
[INFO] [stdout]     = note: `#[warn(unused_variables)]` on by default
[INFO] [stdout] 
[INFO] [stdout] 
[INFO] [stdout] warning: unused variable: `particle`
[INFO] [stdout]  --> src/fluid_simulation/obstacles/obstacle_trait.rs:4:42
[INFO] [stdout]   |
[INFO] [stdout] 4 |     fn apply_obstruction_boundary(&self, particle: &mut Particle) {}
[INFO] [stdout]   |                                          ^^^^^^^^ help: if this is intentional, prefix it with an underscore: `_particle`
[INFO] [stdout] 
[INFO] [stdout] 
[INFO] [stdout] warning: unused variable: `window`
[INFO] [stdout]    --> src/fluid_simulation/fluid_simulation_app.rs:133:50
[INFO] [stdout]     |
[INFO] [stdout] 133 |     pub fn handle_event(&mut self, event: Event, window: &impl Window) {
[INFO] [stdout]     |                                                  ^^^^^^ help: if this is intentional, prefix it with an underscore: `_window`
[INFO] [stdout]     |
[INFO] [stdout]     = note: `#[warn(unused_variables)]` on by default
[INFO] [stdout] 
[INFO] [stdout] 
[INFO] [stdout] warning: unused variable: `particle`
[INFO] [stdout]  --> src/fluid_simulation/obstacles/obstacle_trait.rs:4:42
[INFO] [stdout]   |
[INFO] [stdout] 4 |     fn apply_obstruction_boundary(&self, particle: &mut Particle) {}
[INFO] [stdout]   |                                          ^^^^^^^^ help: if this is intentional, prefix it with an underscore: `_particle`
[INFO] [stdout] 
[INFO] [stdout] 
[INFO] [stdout] warning: field `box_dimensions` is never read
[INFO] [stdout]  --> src/fluid_simulation/obstacles/dam_obstacle.rs:7:5
[INFO] [stdout]   |
[INFO] [stdout] 4 | pub struct DamObstacle {
[INFO] [stdout]   |            ----------- field in this struct
[INFO] [stdout] ...
[INFO] [stdout] 7 |     box_dimensions: [usize; 2],
[INFO] [stdout]   |     ^^^^^^^^^^^^^^
[INFO] [stdout]   |
[INFO] [stdout]   = note: `#[warn(dead_code)]` on by default
[INFO] [stdout] 
[INFO] [stdout] 
[INFO] [stdout] warning: field `box_dimensions` is never read
[INFO] [stdout]  --> src/fluid_simulation/obstacles/dam_obstacle.rs:7:5
[INFO] [stdout]   |
[INFO] [stdout] 4 | pub struct DamObstacle {
[INFO] [stdout]   |            ----------- field in this struct
[INFO] [stdout] ...
[INFO] [stdout] 7 |     box_dimensions: [usize; 2],
[INFO] [stdout]   |     ^^^^^^^^^^^^^^
[INFO] [stdout]   |
[INFO] [stdout]   = note: `#[warn(dead_code)]` on by default
[INFO] [stdout] 
[INFO] [stdout] 
[INFO] [stderr]     Finished `test` profile [unoptimized + debuginfo] target(s) in 4.74s
[INFO] running `Command { std: "docker" "inspect" "4f15b5eb3ffcdc0c4c3b8fbbaf18d75c65f45b436f35741db67c08b6155cf83c", kill_on_drop: false }`
[INFO] running `Command { std: "docker" "rm" "-f" "4f15b5eb3ffcdc0c4c3b8fbbaf18d75c65f45b436f35741db67c08b6155cf83c", kill_on_drop: false }`
[INFO] [stdout] 4f15b5eb3ffcdc0c4c3b8fbbaf18d75c65f45b436f35741db67c08b6155cf83c
[INFO] running `Command { std: "docker" "create" "-v" "/var/lib/crater-agent-workspace/builds/worker-0-tc1/target:/opt/rustwide/target:rw,Z" "-v" "/var/lib/crater-agent-workspace/builds/worker-0-tc1/source:/opt/rustwide/workdir:ro,Z" "-v" "/var/lib/crater-agent-workspace/cargo-home:/opt/rustwide/cargo-home:ro,Z" "-v" "/var/lib/crater-agent-workspace/rustup-home:/opt/rustwide/rustup-home:ro,Z" "-e" "SOURCE_DIR=/opt/rustwide/workdir" "-e" "CARGO_TARGET_DIR=/opt/rustwide/target" "-e" "CARGO_INCREMENTAL=0" "-e" "RUST_BACKTRACE=full" "-e" "RUSTFLAGS=--cap-lints=warn" "-e" "RUSTDOCFLAGS=--cap-lints=warn" "-e" "CARGO_HOME=/opt/rustwide/cargo-home" "-e" "RUSTUP_HOME=/opt/rustwide/rustup-home" "-w" "/opt/rustwide/workdir" "-m" "1610612736" "--user" "0:0" "--network" "none" "ghcr.io/rust-lang/crates-build-env/linux@sha256:f3a9d4ad9d972b27faf3965f35b62e55ba32bbce8f20bc8fe909558a86702fde" "/opt/rustwide/cargo-home/bin/cargo" "+1.83.0" "test" "--frozen", kill_on_drop: false }`
[INFO] [stdout] ff2105fd8afcb292c1c410f13bff017cc98242db6611b00aa0e4742a43aa9440
[INFO] running `Command { std: "docker" "start" "-a" "ff2105fd8afcb292c1c410f13bff017cc98242db6611b00aa0e4742a43aa9440", kill_on_drop: false }`
[INFO] [stderr] warning: unused imports: `Duration` and `Instant`
[INFO] [stderr]   --> src/fluid_simulation/fluid_simulation_app.rs:14:17
[INFO] [stderr]    |
[INFO] [stderr] 14 | use std::time::{Duration, Instant};
[INFO] [stderr]    |                 ^^^^^^^^  ^^^^^^^
[INFO] [stderr]    |
[INFO] [stderr]    = note: `#[warn(unused_imports)]` on by default
[INFO] [stderr] 
[INFO] [stderr] warning: unused variable: `window`
[INFO] [stderr]    --> src/fluid_simulation/fluid_simulation_app.rs:133:50
[INFO] [stderr]     |
[INFO] [stderr] 133 |     pub fn handle_event(&mut self, event: Event, window: &impl Window) {
[INFO] [stderr]     |                                                  ^^^^^^ help: if this is intentional, prefix it with an underscore: `_window`
[INFO] [stderr]     |
[INFO] [stderr]     = note: `#[warn(unused_variables)]` on by default
[INFO] [stderr] 
[INFO] [stderr] warning: unused variable: `particle`
[INFO] [stderr]  --> src/fluid_simulation/obstacles/obstacle_trait.rs:4:42
[INFO] [stderr]   |
[INFO] [stderr] 4 |     fn apply_obstruction_boundary(&self, particle: &mut Particle) {}
[INFO] [stderr]   |                                          ^^^^^^^^ help: if this is intentional, prefix it with an underscore: `_particle`
[INFO] [stderr] 
[INFO] [stderr] warning: field `box_dimensions` is never read
[INFO] [stderr]  --> src/fluid_simulation/obstacles/dam_obstacle.rs:7:5
[INFO] [stderr]   |
[INFO] [stderr] 4 | pub struct DamObstacle {
[INFO] [stderr]   |            ----------- field in this struct
[INFO] [stderr] ...
[INFO] [stderr] 7 |     box_dimensions: [usize; 2],
[INFO] [stderr]   |     ^^^^^^^^^^^^^^
[INFO] [stderr]   |
[INFO] [stderr]   = note: `#[warn(dead_code)]` on by default
[INFO] [stderr] 
[INFO] [stderr] warning: `coding-challenges` (lib) generated 4 warnings (run `cargo fix --lib -p coding-challenges` to apply 1 suggestion)
[INFO] [stderr] warning: `coding-challenges` (lib test) generated 4 warnings (4 duplicates)
[INFO] [stderr] warning: `coding-challenges` (bin "coding-challenges") generated 4 warnings (4 duplicates)
[INFO] [stderr] warning: `coding-challenges` (bin "coding-challenges" test) generated 4 warnings (4 duplicates)
[INFO] [stderr]     Finished `test` profile [unoptimized + debuginfo] target(s) in 0.15s
[INFO] [stderr]      Running unittests src/lib.rs (/opt/rustwide/target/debug/deps/coding_challenges-9e305d1fb0086c11)
[INFO] [stdout] 
[INFO] [stdout] running 0 tests
[INFO] [stdout] 
[INFO] [stdout] test result: ok. 0 passed; 0 failed; 0 ignored; 0 measured; 0 filtered out; finished in 0.00s
[INFO] [stdout] 
[INFO] [stderr]      Running unittests src/main.rs (/opt/rustwide/target/debug/deps/coding_challenges-9399ca1ef9f3c5cf)
[INFO] [stdout] 
[INFO] [stdout] running 0 tests
[INFO] [stdout] 
[INFO] [stdout] test result: ok. 0 passed; 0 failed; 0 ignored; 0 measured; 0 filtered out; finished in 0.00s
[INFO] [stdout] 
[INFO] [stdout] 
[INFO] [stderr]      Running tests/test_cell_manager.rs (/opt/rustwide/target/debug/deps/test_cell_manager-cf83975ff257511d)
[INFO] [stdout] running 2 tests
[INFO] [stdout] test tests::test_update_cell_keys ... FAILED
[INFO] [stdout] test tests::test_get_adjancet_particles ... FAILED
[INFO] [stdout] 
[INFO] [stdout] failures:
[INFO] [stdout] 
[INFO] [stdout] ---- tests::test_update_cell_keys stdout ----
[INFO] [stdout] thread 'tests::test_update_cell_keys' panicked at src/fluid_simulation/cell_manager.rs:64:41:
[INFO] [stdout] index out of bounds: the len is 9 but the index is 9
[INFO] [stdout] stack backtrace:
[INFO] [stdout]    0:     0x6476bac9253a - std::backtrace_rs::backtrace::libunwind::trace::h5a5b8284f2d0c266
[INFO] [stdout]                                at /rustc/90b35a6239c3d8bdabc530a6a0816f7ff89a0aaf/library/std/src/../../backtrace/src/backtrace/libunwind.rs:116:5
[INFO] [stdout]    1:     0x6476bac9253a - std::backtrace_rs::backtrace::trace_unsynchronized::h76d4f1c9b0b875e3
[INFO] [stdout]                                at /rustc/90b35a6239c3d8bdabc530a6a0816f7ff89a0aaf/library/std/src/../../backtrace/src/backtrace/mod.rs:66:5
[INFO] [stdout]    2:     0x6476bac9253a - std::sys::backtrace::_print_fmt::hc4546b8364a537c6
[INFO] [stdout]                                at /rustc/90b35a6239c3d8bdabc530a6a0816f7ff89a0aaf/library/std/src/sys/backtrace.rs:66:9
[INFO] [stdout]    3:     0x6476bac9253a - <std::sys::backtrace::BacktraceLock::print::DisplayBacktrace as core::fmt::Display>::fmt::h5b6bd5631a6d1f6b
[INFO] [stdout]                                at /rustc/90b35a6239c3d8bdabc530a6a0816f7ff89a0aaf/library/std/src/sys/backtrace.rs:39:26
[INFO] [stdout]    4:     0x6476bacb77f3 - core::fmt::rt::Argument::fmt::h270f6602a2b96f62
[INFO] [stdout]                                at /rustc/90b35a6239c3d8bdabc530a6a0816f7ff89a0aaf/library/core/src/fmt/rt.rs:177:76
[INFO] [stdout]    5:     0x6476bacb77f3 - core::fmt::write::h7550c97b06c86515
[INFO] [stdout]                                at /rustc/90b35a6239c3d8bdabc530a6a0816f7ff89a0aaf/library/core/src/fmt/mod.rs:1186:21
[INFO] [stdout]    6:     0x6476bac8f703 - std::io::Write::write_fmt::h509ff860e5956e5e
[INFO] [stdout]                                at /rustc/90b35a6239c3d8bdabc530a6a0816f7ff89a0aaf/library/std/src/io/mod.rs:1839:15
[INFO] [stdout]    7:     0x6476bac92382 - std::sys::backtrace::BacktraceLock::print::h2395ccd2c84ba3aa
[INFO] [stdout]                                at /rustc/90b35a6239c3d8bdabc530a6a0816f7ff89a0aaf/library/std/src/sys/backtrace.rs:42:9
[INFO] [stdout]    8:     0x6476bac9399a - std::panicking::default_hook::{{closure}}::he19d4c7230e07961
[INFO] [stdout]                                at /rustc/90b35a6239c3d8bdabc530a6a0816f7ff89a0aaf/library/std/src/panicking.rs:268:22
[INFO] [stdout]    9:     0x6476bac937a4 - std::panicking::default_hook::hf614597d3c67bbdb
[INFO] [stdout]                                at /rustc/90b35a6239c3d8bdabc530a6a0816f7ff89a0aaf/library/std/src/panicking.rs:292:9
[INFO] [stdout]   10:     0x6476bac53679 - <alloc::boxed::Box<F,A> as core::ops::function::Fn<Args>>::call::h39b51ce4599c23d1
[INFO] [stdout]                                at /rustc/90b35a6239c3d8bdabc530a6a0816f7ff89a0aaf/library/alloc/src/boxed.rs:2468:9
[INFO] [stdout]   11:     0x6476bac53679 - test::test_main::{{closure}}::he977ae839a582784
[INFO] [stdout]                                at /rustc/90b35a6239c3d8bdabc530a6a0816f7ff89a0aaf/library/test/src/lib.rs:133:21
[INFO] [stdout]   12:     0x6476bac94038 - <alloc::boxed::Box<F,A> as core::ops::function::Fn<Args>>::call::h9455091b6b06f9fb
[INFO] [stdout]                                at /rustc/90b35a6239c3d8bdabc530a6a0816f7ff89a0aaf/library/alloc/src/boxed.rs:2468:9
[INFO] [stdout]   13:     0x6476bac94038 - std::panicking::rust_panic_with_hook::h8942133a8b252070
[INFO] [stdout]                                at /rustc/90b35a6239c3d8bdabc530a6a0816f7ff89a0aaf/library/std/src/panicking.rs:809:13
[INFO] [stdout]   14:     0x6476bac93dfa - std::panicking::begin_panic_handler::{{closure}}::hb5f5963570096b29
[INFO] [stdout]                                at /rustc/90b35a6239c3d8bdabc530a6a0816f7ff89a0aaf/library/std/src/panicking.rs:674:13
[INFO] [stdout]   15:     0x6476bac92a19 - std::sys::backtrace::__rust_end_short_backtrace::h6208cedc1922feda
[INFO] [stdout]                                at /rustc/90b35a6239c3d8bdabc530a6a0816f7ff89a0aaf/library/std/src/sys/backtrace.rs:170:18
[INFO] [stdout]   16:     0x6476bac93a8c - rust_begin_unwind
[INFO] [stdout]                                at /rustc/90b35a6239c3d8bdabc530a6a0816f7ff89a0aaf/library/std/src/panicking.rs:665:5
[INFO] [stdout]   17:     0x6476bac18aa0 - core::panicking::panic_fmt::h0c3082644d1bf418
[INFO] [stdout]                                at /rustc/90b35a6239c3d8bdabc530a6a0816f7ff89a0aaf/library/core/src/panicking.rs:74:14
[INFO] [stdout]   18:     0x6476bac18c21 - core::panicking::panic_bounds_check::h8307ccead484a122
[INFO] [stdout]                                at /rustc/90b35a6239c3d8bdabc530a6a0816f7ff89a0aaf/library/core/src/panicking.rs:276:5
[INFO] [stdout]   19:     0x6476bac67387 - <usize as core::slice::index::SliceIndex<[T]>>::index::h68ceada8cde8dbe9
[INFO] [stdout]                                at /rustc/90b35a6239c3d8bdabc530a6a0816f7ff89a0aaf/library/core/src/slice/index.rs:301:10
[INFO] [stdout]   20:     0x6476bac67293 - core::slice::index::<impl core::ops::index::Index<I> for [T]>::index::hce6784b731c35f71
[INFO] [stdout]                                at /rustc/90b35a6239c3d8bdabc530a6a0816f7ff89a0aaf/library/core/src/slice/index.rs:16:9
[INFO] [stdout]   21:     0x6476bac67293 - <alloc::vec::Vec<T,A> as core::ops::index::Index<I>>::index::h423e89b3581a4193
[INFO] [stdout]                                at /rustc/90b35a6239c3d8bdabc530a6a0816f7ff89a0aaf/library/alloc/src/vec/mod.rs:3323:9
[INFO] [stdout]   22:     0x6476bac61a4a - coding_challenges::fluid_simulation::cell_manager::CellManager::generate_start_indices::{{closure}}::h219f9bdb65562465
[INFO] [stdout]                                at /opt/rustwide/workdir/src/fluid_simulation/cell_manager.rs:64:41
[INFO] [stdout]   23:     0x6476bac5f008 - core::iter::traits::iterator::Iterator::for_each::call::{{closure}}::heb561a894acbe968
[INFO] [stdout]                                at /rustc/90b35a6239c3d8bdabc530a6a0816f7ff89a0aaf/library/core/src/iter/traits/iterator.rs:810:29
[INFO] [stdout]   24:     0x6476bac624e0 - <core::iter::adapters::enumerate::Enumerate<I> as core::iter::traits::iterator::Iterator>::fold::enumerate::{{closure}}::h31074ce8966bb171
[INFO] [stdout]                                at /rustc/90b35a6239c3d8bdabc530a6a0816f7ff89a0aaf/library/core/src/iter/adapters/enumerate.rs:107:27
[INFO] [stdout]   25:     0x6476bac6072a - <core::slice::iter::Iter<T> as core::iter::traits::iterator::Iterator>::fold::h1ec98b4a696f0b90
[INFO] [stdout]                                at /rustc/90b35a6239c3d8bdabc530a6a0816f7ff89a0aaf/library/core/src/slice/iter/macros.rs:232:27
[INFO] [stdout]   26:     0x6476bac624bb - <core::iter::adapters::enumerate::Enumerate<I> as core::iter::traits::iterator::Iterator>::fold::h6804a54d3716e5ed
[INFO] [stdout]                                at /rustc/90b35a6239c3d8bdabc530a6a0816f7ff89a0aaf/library/core/src/iter/adapters/enumerate.rs:113:9
[INFO] [stdout]   27:     0x6476bac627d4 - core::iter::traits::iterator::Iterator::for_each::ha279d14ad2185728
[INFO] [stdout]                                at /rustc/90b35a6239c3d8bdabc530a6a0816f7ff89a0aaf/library/core/src/iter/traits/iterator.rs:813:9
[INFO] [stdout]   28:     0x6476bac619f0 - coding_challenges::fluid_simulation::cell_manager::CellManager::generate_start_indices::hcd0d1f1735cae807
[INFO] [stdout]                                at /opt/rustwide/workdir/src/fluid_simulation/cell_manager.rs:60:9
[INFO] [stdout]   29:     0x6476bac6179a - coding_challenges::fluid_simulation::cell_manager::CellManager::update::h38c3598d2173443f
[INFO] [stdout]                                at /opt/rustwide/workdir/src/fluid_simulation/cell_manager.rs:40:9
[INFO] [stdout]   30:     0x6476bac1ac56 - test_cell_manager::tests::test_update_cell_keys::h8fd62c81550e26f3
[INFO] [stdout]                                at /opt/rustwide/workdir/tests/test_cell_manager.rs:27:9
[INFO] [stdout]   31:     0x6476bac1a867 - test_cell_manager::tests::test_update_cell_keys::{{closure}}::h430d9937a818e2a7
[INFO] [stdout]                                at /opt/rustwide/workdir/tests/test_cell_manager.rs:7:31
[INFO] [stdout]   32:     0x6476bac1a316 - core::ops::function::FnOnce::call_once::hb0320457426fad83
[INFO] [stdout]                                at /rustc/90b35a6239c3d8bdabc530a6a0816f7ff89a0aaf/library/core/src/ops/function.rs:250:5
[INFO] [stdout]   33:     0x6476bac5803b - core::ops::function::FnOnce::call_once::h109cf8051a59b34e
[INFO] [stdout]                                at /rustc/90b35a6239c3d8bdabc530a6a0816f7ff89a0aaf/library/core/src/ops/function.rs:250:5
[INFO] [stdout]   34:     0x6476bac5803b - test::__rust_begin_short_backtrace::hf4fff89d377446ba
[INFO] [stdout]                                at /rustc/90b35a6239c3d8bdabc530a6a0816f7ff89a0aaf/library/test/src/lib.rs:621:18
[INFO] [stdout]   35:     0x6476bac57877 - test::run_test_in_process::{{closure}}::h0e39181dd7ee5a43
[INFO] [stdout]                                at /rustc/90b35a6239c3d8bdabc530a6a0816f7ff89a0aaf/library/test/src/lib.rs:644:60
[INFO] [stdout]   36:     0x6476bac57877 - <core::panic::unwind_safe::AssertUnwindSafe<F> as core::ops::function::FnOnce<()>>::call_once::hc5a66a30f0bdfd1f
[INFO] [stdout]                                at /rustc/90b35a6239c3d8bdabc530a6a0816f7ff89a0aaf/library/core/src/panic/unwind_safe.rs:272:9
[INFO] [stdout]   37:     0x6476bac57877 - std::panicking::try::do_call::h873b7cf639554a5e
[INFO] [stdout]                                at /rustc/90b35a6239c3d8bdabc530a6a0816f7ff89a0aaf/library/std/src/panicking.rs:557:40
[INFO] [stdout]   38:     0x6476bac57877 - std::panicking::try::hdb19862fad9c8bd1
[INFO] [stdout]                                at /rustc/90b35a6239c3d8bdabc530a6a0816f7ff89a0aaf/library/std/src/panicking.rs:520:19
[INFO] [stdout]   39:     0x6476bac57877 - std::panic::catch_unwind::h281fe732d236d260
[INFO] [stdout]                                at /rustc/90b35a6239c3d8bdabc530a6a0816f7ff89a0aaf/library/std/src/panic.rs:358:14
[INFO] [stdout]   40:     0x6476bac57877 - test::run_test_in_process::h949b6df8457ed338
[INFO] [stdout]                                at /rustc/90b35a6239c3d8bdabc530a6a0816f7ff89a0aaf/library/test/src/lib.rs:644:27
[INFO] [stdout]   41:     0x6476bac57877 - test::run_test::{{closure}}::h52c556a6d4740e10
[INFO] [stdout]                                at /rustc/90b35a6239c3d8bdabc530a6a0816f7ff89a0aaf/library/test/src/lib.rs:565:43
[INFO] [stdout]   42:     0x6476bac1cb54 - test::run_test::{{closure}}::h4237f6381c45ccb9
[INFO] [stdout]                                at /rustc/90b35a6239c3d8bdabc530a6a0816f7ff89a0aaf/library/test/src/lib.rs:595:41
[INFO] [stdout]   43:     0x6476bac1cb54 - std::sys::backtrace::__rust_begin_short_backtrace::h505c97a579eca628
[INFO] [stdout]                                at /rustc/90b35a6239c3d8bdabc530a6a0816f7ff89a0aaf/library/std/src/sys/backtrace.rs:154:18
[INFO] [stdout]   44:     0x6476bac2021e - std::thread::Builder::spawn_unchecked_::{{closure}}::{{closure}}::h9e86b2e2bc107ea3
[INFO] [stdout]                                at /rustc/90b35a6239c3d8bdabc530a6a0816f7ff89a0aaf/library/std/src/thread/mod.rs:538:17
[INFO] [stdout]   45:     0x6476bac2021e - <core::panic::unwind_safe::AssertUnwindSafe<F> as core::ops::function::FnOnce<()>>::call_once::h8b06ddb275ff4a25
[INFO] [stdout]                                at /rustc/90b35a6239c3d8bdabc530a6a0816f7ff89a0aaf/library/core/src/panic/unwind_safe.rs:272:9
[INFO] [stdout]   46:     0x6476bac2021e - std::panicking::try::do_call::hb26ecd7cd9a9355d
[INFO] [stdout]                                at /rustc/90b35a6239c3d8bdabc530a6a0816f7ff89a0aaf/library/std/src/panicking.rs:557:40
[INFO] [stdout]   47:     0x6476bac2021e - std::panicking::try::h8ddeca9d705f9069
[INFO] [stdout]                                at /rustc/90b35a6239c3d8bdabc530a6a0816f7ff89a0aaf/library/std/src/panicking.rs:520:19
[INFO] [stdout]   48:     0x6476bac2021e - std::panic::catch_unwind::h49e1c33078844c46
[INFO] [stdout]                                at /rustc/90b35a6239c3d8bdabc530a6a0816f7ff89a0aaf/library/std/src/panic.rs:358:14
[INFO] [stdout]   49:     0x6476bac2021e - std::thread::Builder::spawn_unchecked_::{{closure}}::h6073db6ff56ad35d
[INFO] [stdout]                                at /rustc/90b35a6239c3d8bdabc530a6a0816f7ff89a0aaf/library/std/src/thread/mod.rs:537:30
[INFO] [stdout]   50:     0x6476bac2021e - core::ops::function::FnOnce::call_once{{vtable.shim}}::h2c5a5f3779c774f1
[INFO] [stdout]                                at /rustc/90b35a6239c3d8bdabc530a6a0816f7ff89a0aaf/library/core/src/ops/function.rs:250:5
[INFO] [stdout]   51:     0x6476bac97d8b - <alloc::boxed::Box<F,A> as core::ops::function::FnOnce<Args>>::call_once::hf75717d9f28faebf
[INFO] [stdout]                                at /rustc/90b35a6239c3d8bdabc530a6a0816f7ff89a0aaf/library/alloc/src/boxed.rs:2454:9
[INFO] [stdout]   52:     0x6476bac97d8b - <alloc::boxed::Box<F,A> as core::ops::function::FnOnce<Args>>::call_once::h7bd883a5f3c5f3c1
[INFO] [stdout]                                at /rustc/90b35a6239c3d8bdabc530a6a0816f7ff89a0aaf/library/alloc/src/boxed.rs:2454:9
[INFO] [stdout]   53:     0x6476bac97d8b - std::sys::pal::unix::thread::Thread::new::thread_start::hcc78f3943333fa94
[INFO] [stdout]                                at /rustc/90b35a6239c3d8bdabc530a6a0816f7ff89a0aaf/library/std/src/sys/pal/unix/thread.rs:105:17
[INFO] [stdout]   54:     0x7d64837a8ac3 - <unknown>
[INFO] [stdout]   55:     0x7d6483839a04 - clone
[INFO] [stdout]   56:                0x0 - <unknown>
[INFO] [stdout] 
[INFO] [stdout] ---- tests::test_get_adjancet_particles stdout ----
[INFO] [stdout] thread 'tests::test_get_adjancet_particles' panicked at src/fluid_simulation/cell_manager.rs:64:41:
[INFO] [stdout] index out of bounds: the len is 9 but the index is 9
[INFO] [stdout] stack backtrace:
[INFO] [stdout]    0:     0x6476bac9253a - std::backtrace_rs::backtrace::libunwind::trace::h5a5b8284f2d0c266
[INFO] [stdout]                                at /rustc/90b35a6239c3d8bdabc530a6a0816f7ff89a0aaf/library/std/src/../../backtrace/src/backtrace/libunwind.rs:116:5
[INFO] [stdout]    1:     0x6476bac9253a - std::backtrace_rs::backtrace::trace_unsynchronized::h76d4f1c9b0b875e3
[INFO] [stdout]                                at /rustc/90b35a6239c3d8bdabc530a6a0816f7ff89a0aaf/library/std/src/../../backtrace/src/backtrace/mod.rs:66:5
[INFO] [stdout]    2:     0x6476bac9253a - std::sys::backtrace::_print_fmt::hc4546b8364a537c6
[INFO] [stdout]                                at /rustc/90b35a6239c3d8bdabc530a6a0816f7ff89a0aaf/library/std/src/sys/backtrace.rs:66:9
[INFO] [stdout]    3:     0x6476bac9253a - <std::sys::backtrace::BacktraceLock::print::DisplayBacktrace as core::fmt::Display>::fmt::h5b6bd5631a6d1f6b
[INFO] [stdout]                                at /rustc/90b35a6239c3d8bdabc530a6a0816f7ff89a0aaf/library/std/src/sys/backtrace.rs:39:26
[INFO] [stdout]    4:     0x6476bacb77f3 - core::fmt::rt::Argument::fmt::h270f6602a2b96f62
[INFO] [stdout]                                at /rustc/90b35a6239c3d8bdabc530a6a0816f7ff89a0aaf/library/core/src/fmt/rt.rs:177:76
[INFO] [stdout]    5:     0x6476bacb77f3 - core::fmt::write::h7550c97b06c86515
[INFO] [stdout]                                at /rustc/90b35a6239c3d8bdabc530a6a0816f7ff89a0aaf/library/core/src/fmt/mod.rs:1186:21
[INFO] [stdout]    6:     0x6476bac8f703 - std::io::Write::write_fmt::h509ff860e5956e5e
[INFO] [stdout]                                at /rustc/90b35a6239c3d8bdabc530a6a0816f7ff89a0aaf/library/std/src/io/mod.rs:1839:15
[INFO] [stdout]    7:     0x6476bac92382 - std::sys::backtrace::BacktraceLock::print::h2395ccd2c84ba3aa
[INFO] [stdout]                                at /rustc/90b35a6239c3d8bdabc530a6a0816f7ff89a0aaf/library/std/src/sys/backtrace.rs:42:9
[INFO] [stdout]    8:     0x6476bac9399a - std::panicking::default_hook::{{closure}}::he19d4c7230e07961
[INFO] [stdout]                                at /rustc/90b35a6239c3d8bdabc530a6a0816f7ff89a0aaf/library/std/src/panicking.rs:268:22
[INFO] [stdout]    9:     0x6476bac937a4 - std::panicking::default_hook::hf614597d3c67bbdb
[INFO] [stdout]                                at /rustc/90b35a6239c3d8bdabc530a6a0816f7ff89a0aaf/library/std/src/panicking.rs:292:9
[INFO] [stdout]   10:     0x6476bac53679 - <alloc::boxed::Box<F,A> as core::ops::function::Fn<Args>>::call::h39b51ce4599c23d1
[INFO] [stdout]                                at /rustc/90b35a6239c3d8bdabc530a6a0816f7ff89a0aaf/library/alloc/src/boxed.rs:2468:9
[INFO] [stdout]   11:     0x6476bac53679 - test::test_main::{{closure}}::he977ae839a582784
[INFO] [stdout]                                at /rustc/90b35a6239c3d8bdabc530a6a0816f7ff89a0aaf/library/test/src/lib.rs:133:21
[INFO] [stdout]   12:     0x6476bac94038 - <alloc::boxed::Box<F,A> as core::ops::function::Fn<Args>>::call::h9455091b6b06f9fb
[INFO] [stdout]                                at /rustc/90b35a6239c3d8bdabc530a6a0816f7ff89a0aaf/library/alloc/src/boxed.rs:2468:9
[INFO] [stdout]   13:     0x6476bac94038 - std::panicking::rust_panic_with_hook::h8942133a8b252070
[INFO] [stdout]                                at /rustc/90b35a6239c3d8bdabc530a6a0816f7ff89a0aaf/library/std/src/panicking.rs:809:13
[INFO] [stdout]   14:     0x6476bac93dfa - std::panicking::begin_panic_handler::{{closure}}::hb5f5963570096b29
[INFO] [stdout]                                at /rustc/90b35a6239c3d8bdabc530a6a0816f7ff89a0aaf/library/std/src/panicking.rs:674:13
[INFO] [stdout]   15:     0x6476bac92a19 - std::sys::backtrace::__rust_end_short_backtrace::h6208cedc1922feda
[INFO] [stdout]                                at /rustc/90b35a6239c3d8bdabc530a6a0816f7ff89a0aaf/library/std/src/sys/backtrace.rs:170:18
[INFO] [stdout]   16:     0x6476bac93a8c - rust_begin_unwind
[INFO] [stdout]                                at /rustc/90b35a6239c3d8bdabc530a6a0816f7ff89a0aaf/library/std/src/panicking.rs:665:5
[INFO] [stdout]   17:     0x6476bac18aa0 - core::panicking::panic_fmt::h0c3082644d1bf418
[INFO] [stdout]                                at /rustc/90b35a6239c3d8bdabc530a6a0816f7ff89a0aaf/library/core/src/panicking.rs:74:14
[INFO] [stdout]   18:     0x6476bac18c21 - core::panicking::panic_bounds_check::h8307ccead484a122
[INFO] [stdout]                                at /rustc/90b35a6239c3d8bdabc530a6a0816f7ff89a0aaf/library/core/src/panicking.rs:276:5
[INFO] [stdout]   19:     0x6476bac67387 - <usize as core::slice::index::SliceIndex<[T]>>::index::h68ceada8cde8dbe9
[INFO] [stdout]                                at /rustc/90b35a6239c3d8bdabc530a6a0816f7ff89a0aaf/library/core/src/slice/index.rs:301:10
[INFO] [stdout]   20:     0x6476bac67293 - core::slice::index::<impl core::ops::index::Index<I> for [T]>::index::hce6784b731c35f71
[INFO] [stdout]                                at /rustc/90b35a6239c3d8bdabc530a6a0816f7ff89a0aaf/library/core/src/slice/index.rs:16:9
[INFO] [stdout]   21:     0x6476bac67293 - <alloc::vec::Vec<T,A> as core::ops::index::Index<I>>::index::h423e89b3581a4193
[INFO] [stdout]                                at /rustc/90b35a6239c3d8bdabc530a6a0816f7ff89a0aaf/library/alloc/src/vec/mod.rs:3323:9
[INFO] [stdout]   22:     0x6476bac61a4a - coding_challenges::fluid_simulation::cell_manager::CellManager::generate_start_indices::{{closure}}::h219f9bdb65562465
[INFO] [stdout]                                at /opt/rustwide/workdir/src/fluid_simulation/cell_manager.rs:64:41
[INFO] [stdout]   23:     0x6476bac5f008 - core::iter::traits::iterator::Iterator::for_each::call::{{closure}}::heb561a894acbe968
[INFO] [stdout]                                at /rustc/90b35a6239c3d8bdabc530a6a0816f7ff89a0aaf/library/core/src/iter/traits/iterator.rs:810:29
[INFO] [stdout]   24:     0x6476bac624e0 - <core::iter::adapters::enumerate::Enumerate<I> as core::iter::traits::iterator::Iterator>::fold::enumerate::{{closure}}::h31074ce8966bb171
[INFO] [stdout]                                at /rustc/90b35a6239c3d8bdabc530a6a0816f7ff89a0aaf/library/core/src/iter/adapters/enumerate.rs:107:27
[INFO] [stdout]   25:     0x6476bac6072a - <core::slice::iter::Iter<T> as core::iter::traits::iterator::Iterator>::fold::h1ec98b4a696f0b90
[INFO] [stdout]                                at /rustc/90b35a6239c3d8bdabc530a6a0816f7ff89a0aaf/library/core/src/slice/iter/macros.rs:232:27
[INFO] [stdout]   26:     0x6476bac624bb - <core::iter::adapters::enumerate::Enumerate<I> as core::iter::traits::iterator::Iterator>::fold::h6804a54d3716e5ed
[INFO] [stdout]                                at /rustc/90b35a6239c3d8bdabc530a6a0816f7ff89a0aaf/library/core/src/iter/adapters/enumerate.rs:113:9
[INFO] [stdout]   27:     0x6476bac627d4 - core::iter::traits::iterator::Iterator::for_each::ha279d14ad2185728
[INFO] [stdout]                                at /rustc/90b35a6239c3d8bdabc530a6a0816f7ff89a0aaf/library/core/src/iter/traits/iterator.rs:813:9
[INFO] [stdout]   28:     0x6476bac619f0 - coding_challenges::fluid_simulation::cell_manager::CellManager::generate_start_indices::hcd0d1f1735cae807
[INFO] [stdout]                                at /opt/rustwide/workdir/src/fluid_simulation/cell_manager.rs:60:9
[INFO] [stdout]   29:     0x6476bac6179a - coding_challenges::fluid_simulation::cell_manager::CellManager::update::h38c3598d2173443f
[INFO] [stdout]                                at /opt/rustwide/workdir/src/fluid_simulation/cell_manager.rs:40:9
[INFO] [stdout]   30:     0x6476bac1b1ed - test_cell_manager::tests::test_get_adjancet_particles::h44b23a2f270500a3
[INFO] [stdout]                                at /opt/rustwide/workdir/tests/test_cell_manager.rs:54:9
[INFO] [stdout]   31:     0x6476bac1ae07 - test_cell_manager::tests::test_get_adjancet_particles::{{closure}}::h94252c24b757b1e2
[INFO] [stdout]                                at /opt/rustwide/workdir/tests/test_cell_manager.rs:36:37
[INFO] [stdout]   32:     0x6476bac1a2c6 - core::ops::function::FnOnce::call_once::h7418e8f57bf7cca9
[INFO] [stdout]                                at /rustc/90b35a6239c3d8bdabc530a6a0816f7ff89a0aaf/library/core/src/ops/function.rs:250:5
[INFO] [stdout]   33:     0x6476bac5803b - core::ops::function::FnOnce::call_once::h109cf8051a59b34e
[INFO] [stdout]                                at /rustc/90b35a6239c3d8bdabc530a6a0816f7ff89a0aaf/library/core/src/ops/function.rs:250:5
[INFO] [stdout]   34:     0x6476bac5803b - test::__rust_begin_short_backtrace::hf4fff89d377446ba
[INFO] [stdout]                                at /rustc/90b35a6239c3d8bdabc530a6a0816f7ff89a0aaf/library/test/src/lib.rs:621:18
[INFO] [stdout]   35:     0x6476bac57877 - test::run_test_in_process::{{closure}}::h0e39181dd7ee5a43
[INFO] [stdout]                                at /rustc/90b35a6239c3d8bdabc530a6a0816f7ff89a0aaf/library/test/src/lib.rs:644:60
[INFO] [stdout]   36:     0x6476bac57877 - <core::panic::unwind_safe::AssertUnwindSafe<F> as core::ops::function::FnOnce<()>>::call_once::hc5a66a30f0bdfd1f
[INFO] [stdout]                                at /rustc/90b35a6239c3d8bdabc530a6a0816f7ff89a0aaf/library/core/src/panic/unwind_safe.rs:272:9
[INFO] [stdout]   37:     0x6476bac57877 - std::panicking::try::do_call::h873b7cf639554a5e
[INFO] [stdout]                                at /rustc/90b35a6239c3d8bdabc530a6a0816f7ff89a0aaf/library/std/src/panicking.rs:557:40
[INFO] [stdout]   38:     0x6476bac57877 - std::panicking::try::hdb19862fad9c8bd1
[INFO] [stdout]                                at /rustc/90b35a6239c3d8bdabc530a6a0816f7ff89a0aaf/library/std/src/panicking.rs:520:19
[INFO] [stdout]   39:     0x6476bac57877 - std::panic::catch_unwind::h281fe732d236d260
[INFO] [stdout]                                at /rustc/90b35a6239c3d8bdabc530a6a0816f7ff89a0aaf/library/std/src/panic.rs:358:14
[INFO] [stdout]   40:     0x6476bac57877 - test::run_test_in_process::h949b6df8457ed338
[INFO] [stdout]                                at /rustc/90b35a6239c3d8bdabc530a6a0816f7ff89a0aaf/library/test/src/lib.rs:644:27
[INFO] [stdout]   41:     0x6476bac57877 - test::run_test::{{closure}}::h52c556a6d4740e10
[INFO] [stdout]                                at /rustc/90b35a6239c3d8bdabc530a6a0816f7ff89a0aaf/library/test/src/lib.rs:565:43
[INFO] [stdout]   42:     0x6476bac1cb54 - test::run_test::{{closure}}::h4237f6381c45ccb9
[INFO] [stdout]                                at /rustc/90b35a6239c3d8bdabc530a6a0816f7ff89a0aaf/library/test/src/lib.rs:595:41
[INFO] [stdout]   43:     0x6476bac1cb54 - std::sys::backtrace::__rust_begin_short_backtrace::h505c97a579eca628
[INFO] [stdout]                                at /rustc/90b35a6239c3d8bdabc530a6a0816f7ff89a0aaf/library/std/src/sys/backtrace.rs:154:18
[INFO] [stdout]   44:     0x6476bac2021e - std::thread::Builder::spawn_unchecked_::{{closure}}::{{closure}}::h9e86b2e2bc107ea3
[INFO] [stdout]                                at /rustc/90b35a6239c3d8bdabc530a6a0816f7ff89a0aaf/library/std/src/thread/mod.rs:538:17
[INFO] [stdout]   45:     0x6476bac2021e - <core::panic::unwind_safe::AssertUnwindSafe<F> as core::ops::function::FnOnce<()>>::call_once::h8b06ddb275ff4a25
[INFO] [stdout]                                at /rustc/90b35a6239c3d8bdabc530a6a0816f7ff89a0aaf/library/core/src/panic/unwind_safe.rs:272:9
[INFO] [stdout]   46:     0x6476bac2021e - std::panicking::try::do_call::hb26ecd7cd9a9355d
[INFO] [stdout]                                at /rustc/90b35a6239c3d8bdabc530a6a0816f7ff89a0aaf/library/std/src/panicking.rs:557:40
[INFO] [stdout]   47:     0x6476bac2021e - std::panicking::try::h8ddeca9d705f9069
[INFO] [stdout]                                at /rustc/90b35a6239c3d8bdabc530a6a0816f7ff89a0aaf/library/std/src/panicking.rs:520:19
[INFO] [stdout]   48:     0x6476bac2021e - std::panic::catch_unwind::h49e1c33078844c46
[INFO] [stdout]                                at /rustc/90b35a6239c3d8bdabc530a6a0816f7ff89a0aaf/library/std/src/panic.rs:358:14
[INFO] [stdout]   49:     0x6476bac2021e - std::thread::Builder::spawn_unchecked_::{{closure}}::h6073db6ff56ad35d
[INFO] [stdout]                                at /rustc/90b35a6239c3d8bdabc530a6a0816f7ff89a0aaf/library/std/src/thread/mod.rs:537:30
[INFO] [stdout]   50:     0x6476bac2021e - core::ops::function::FnOnce::call_once{{vtable.shim}}::h2c5a5f3779c774f1
[INFO] [stdout]                                at /rustc/90b35a6239c3d8bdabc530a6a0816f7ff89a0aaf/library/core/src/ops/function.rs:250:5
[INFO] [stdout]   51:     0x6476bac97d8b - <alloc::boxed::Box<F,A> as core::ops::function::FnOnce<Args>>::call_once::hf75717d9f28faebf
[INFO] [stdout]                                at /rustc/90b35a6239c3d8bdabc530a6a0816f7ff89a0aaf/library/alloc/src/boxed.rs:2454:9
[INFO] [stdout]   52:     0x6476bac97d8b - <alloc::boxed::Box<F,A> as core::ops::function::FnOnce<Args>>::call_once::h7bd883a5f3c5f3c1
[INFO] [stdout]                                at /rustc/90b35a6239c3d8bdabc530a6a0816f7ff89a0aaf/library/alloc/src/boxed.rs:2454:9
[INFO] [stdout]   53:     0x6476bac97d8b - std::sys::pal::unix::thread::Thread::new::thread_start::hcc78f3943333fa94
[INFO] [stdout]                                at /rustc/90b35a6239c3d8bdabc530a6a0816f7ff89a0aaf/library/std/src/sys/pal/unix/thread.rs:105:17
[INFO] [stdout]   54:     0x7d64837a8ac3 - <unknown>
[INFO] [stdout]   55:     0x7d6483839a04 - clone
[INFO] [stdout]   56:                0x0 - <unknown>
[INFO] [stdout] 
[INFO] [stdout] 
[INFO] [stdout] failures:
[INFO] [stdout]     tests::test_get_adjancet_particles
[INFO] [stdout]     tests::test_update_cell_keys
[INFO] [stdout] 
[INFO] [stdout] test result: FAILED. 0 passed; 2 failed; 0 ignored; 0 measured; 0 filtered out; finished in 0.12s
[INFO] [stdout] 
[INFO] [stderr] error: test failed, to rerun pass `--test test_cell_manager`
[INFO] running `Command { std: "docker" "inspect" "ff2105fd8afcb292c1c410f13bff017cc98242db6611b00aa0e4742a43aa9440", kill_on_drop: false }`
[INFO] running `Command { std: "docker" "rm" "-f" "ff2105fd8afcb292c1c410f13bff017cc98242db6611b00aa0e4742a43aa9440", kill_on_drop: false }`
[INFO] [stdout] ff2105fd8afcb292c1c410f13bff017cc98242db6611b00aa0e4742a43aa9440
