[INFO] cloning repository https://github.com/pecet3/pecet-vm
[INFO] running `Command { std: "git" "-c" "credential.helper=" "-c" "credential.helper=/workspace/cargo-home/bin/git-credential-null" "clone" "--bare" "https://github.com/pecet3/pecet-vm" "/workspace/cache/git-repos/https%3A%2F%2Fgithub.com%2Fpecet3%2Fpecet-vm", kill_on_drop: false }`
[INFO] [stderr] Cloning into bare repository '/workspace/cache/git-repos/https%3A%2F%2Fgithub.com%2Fpecet3%2Fpecet-vm'...
[INFO] running `Command { std: "git" "rev-parse" "HEAD", kill_on_drop: false }`
[INFO] [stdout] 114b8f6782ddbe7574616d5f081cb98bd184fe88
[INFO] testing pecet3/pecet-vm against 1.83.0 for beta-1.84.0-4-retry
[INFO] running `Command { std: "git" "clone" "/workspace/cache/git-repos/https%3A%2F%2Fgithub.com%2Fpecet3%2Fpecet-vm" "/workspace/builds/worker-5-tc1/source", kill_on_drop: false }`
[INFO] [stderr] Cloning into '/workspace/builds/worker-5-tc1/source'...
[INFO] [stderr] done.
[INFO] validating manifest of git repo https://github.com/pecet3/pecet-vm on toolchain 1.83.0
[INFO] running `Command { std: CARGO_HOME="/workspace/cargo-home" RUSTUP_HOME="/workspace/rustup-home" "/workspace/cargo-home/bin/cargo" "+1.83.0" "metadata" "--manifest-path" "Cargo.toml" "--no-deps", kill_on_drop: false }`
[INFO] started tweaking git repo https://github.com/pecet3/pecet-vm
[INFO] finished tweaking git repo https://github.com/pecet3/pecet-vm
[INFO] tweaked toml for git repo https://github.com/pecet3/pecet-vm written to /workspace/builds/worker-5-tc1/source/Cargo.toml
[INFO] crate git repo https://github.com/pecet3/pecet-vm already has a lockfile, it will not be regenerated
[INFO] running `Command { std: CARGO_HOME="/workspace/cargo-home" RUSTUP_HOME="/workspace/rustup-home" "/workspace/cargo-home/bin/cargo" "+1.83.0" "fetch" "--manifest-path" "Cargo.toml", kill_on_drop: false }`
[INFO] running `Command { std: "docker" "create" "-v" "/var/lib/crater-agent-workspace/builds/worker-5-tc1/target:/opt/rustwide/target:rw,Z" "-v" "/var/lib/crater-agent-workspace/builds/worker-5-tc1/source:/opt/rustwide/workdir:ro,Z" "-v" "/var/lib/crater-agent-workspace/cargo-home:/opt/rustwide/cargo-home:ro,Z" "-v" "/var/lib/crater-agent-workspace/rustup-home:/opt/rustwide/rustup-home:ro,Z" "-e" "SOURCE_DIR=/opt/rustwide/workdir" "-e" "CARGO_TARGET_DIR=/opt/rustwide/target" "-e" "CARGO_HOME=/opt/rustwide/cargo-home" "-e" "RUSTUP_HOME=/opt/rustwide/rustup-home" "-w" "/opt/rustwide/workdir" "-m" "1610612736" "--user" "0:0" "--network" "none" "ghcr.io/rust-lang/crates-build-env/linux@sha256:f3a9d4ad9d972b27faf3965f35b62e55ba32bbce8f20bc8fe909558a86702fde" "/opt/rustwide/cargo-home/bin/cargo" "+1.83.0" "metadata" "--no-deps" "--format-version=1", kill_on_drop: false }`
[INFO] [stdout] 718c0c9a604e57ed4f3a537bfc926f51fe7bf32a85514effe6122376eeb80e57
[INFO] running `Command { std: "docker" "start" "-a" "718c0c9a604e57ed4f3a537bfc926f51fe7bf32a85514effe6122376eeb80e57", kill_on_drop: false }`
[INFO] running `Command { std: "docker" "inspect" "718c0c9a604e57ed4f3a537bfc926f51fe7bf32a85514effe6122376eeb80e57", kill_on_drop: false }`
[INFO] running `Command { std: "docker" "rm" "-f" "718c0c9a604e57ed4f3a537bfc926f51fe7bf32a85514effe6122376eeb80e57", kill_on_drop: false }`
[INFO] [stdout] 718c0c9a604e57ed4f3a537bfc926f51fe7bf32a85514effe6122376eeb80e57
[INFO] running `Command { std: "docker" "create" "-v" "/var/lib/crater-agent-workspace/builds/worker-5-tc1/target:/opt/rustwide/target:rw,Z" "-v" "/var/lib/crater-agent-workspace/builds/worker-5-tc1/source:/opt/rustwide/workdir:ro,Z" "-v" "/var/lib/crater-agent-workspace/cargo-home:/opt/rustwide/cargo-home:ro,Z" "-v" "/var/lib/crater-agent-workspace/rustup-home:/opt/rustwide/rustup-home:ro,Z" "-e" "SOURCE_DIR=/opt/rustwide/workdir" "-e" "CARGO_TARGET_DIR=/opt/rustwide/target" "-e" "CARGO_INCREMENTAL=0" "-e" "RUST_BACKTRACE=full" "-e" "RUSTFLAGS=--cap-lints=warn" "-e" "RUSTDOCFLAGS=--cap-lints=warn" "-e" "CARGO_HOME=/opt/rustwide/cargo-home" "-e" "RUSTUP_HOME=/opt/rustwide/rustup-home" "-w" "/opt/rustwide/workdir" "-m" "1610612736" "--user" "0:0" "--network" "none" "ghcr.io/rust-lang/crates-build-env/linux@sha256:f3a9d4ad9d972b27faf3965f35b62e55ba32bbce8f20bc8fe909558a86702fde" "/opt/rustwide/cargo-home/bin/cargo" "+1.83.0" "build" "--frozen" "--message-format=json", kill_on_drop: false }`
[INFO] [stdout] d93b0353e53406ae56602f67606c3bc4eaba85033df54c3b6546d158be96d339
[INFO] running `Command { std: "docker" "start" "-a" "d93b0353e53406ae56602f67606c3bc4eaba85033df54c3b6546d158be96d339", kill_on_drop: false }`
[INFO] [stderr]    Compiling minimal-lexical v0.2.1
[INFO] [stderr]    Compiling memchr v2.7.4
[INFO] [stderr]    Compiling nom v7.1.3
[INFO] [stderr]    Compiling pecet-vm v0.1.0 (/opt/rustwide/workdir)
[INFO] [stdout] warning: unused import: `instruction::Opcode`
[INFO] [stdout]  --> src/main.rs:1:5
[INFO] [stdout]   |
[INFO] [stdout] 1 | use instruction::Opcode;
[INFO] [stdout]   |     ^^^^^^^^^^^^^^^^^^^
[INFO] [stdout]   |
[INFO] [stdout]   = note: `#[warn(unused_imports)]` on by default
[INFO] [stdout] 
[INFO] [stdout] 
[INFO] [stdout] warning: unused imports: `IResult` and `bytes::complete::tag`
[INFO] [stdout]  --> src/main.rs:2:11
[INFO] [stdout]   |
[INFO] [stdout] 2 | use nom::{bytes::complete::tag, IResult};
[INFO] [stdout]   |           ^^^^^^^^^^^^^^^^^^^^  ^^^^^^^
[INFO] [stdout] 
[INFO] [stdout] 
[INFO] [stdout] warning: unused imports: `alphanumeric1`, `multispace0`, `preceded`, `recognize_float`, `space0`, `space1`, `tag`, and `terminated`
[INFO] [stdout]  --> src/assembler/parsers.rs:3:23
[INFO] [stdout]   |
[INFO] [stdout] 3 |     bytes::complete::{tag, tag_no_case, take_while1},
[INFO] [stdout]   |                       ^^^
[INFO] [stdout] 4 |     character::complete::{alpha1, alphanumeric1, char, digit1, multispace0, space0, space1},
[INFO] [stdout]   |                                   ^^^^^^^^^^^^^                ^^^^^^^^^^^  ^^^^^^  ^^^^^^
[INFO] [stdout] 5 |     combinator::{map, opt, recognize},
[INFO] [stdout] 6 |     number::complete::{float, recognize_float},
[INFO] [stdout]   |                               ^^^^^^^^^^^^^^^
[INFO] [stdout] 7 |     sequence::{pair, preceded, terminated},
[INFO] [stdout]   |                      ^^^^^^^^  ^^^^^^^^^^
[INFO] [stdout] 
[INFO] [stdout] 
[INFO] [stdout] warning: unnecessary parentheses around function argument
[INFO] [stdout]   --> src/assembler/symbol_table.rs:18:26
[INFO] [stdout]    |
[INFO] [stdout] 18 |             offset: Some((offset)),
[INFO] [stdout]    |                          ^      ^
[INFO] [stdout]    |
[INFO] [stdout]    = note: `#[warn(unused_parens)]` on by default
[INFO] [stdout] help: remove these parentheses
[INFO] [stdout]    |
[INFO] [stdout] 18 -             offset: Some((offset)),
[INFO] [stdout] 18 +             offset: Some(offset),
[INFO] [stdout]    |
[INFO] [stdout] 
[INFO] [stdout] 
[INFO] [stdout] warning: unused imports: `BorrowMut`, `Borrow`, and `ops::Deref`
[INFO] [stdout]  --> src/assembler/mod.rs:6:14
[INFO] [stdout]   |
[INFO] [stdout] 6 |     borrow::{Borrow, BorrowMut},
[INFO] [stdout]   |              ^^^^^^  ^^^^^^^^^
[INFO] [stdout] 7 |     ops::Deref,
[INFO] [stdout]   |     ^^^^^^^^^^
[INFO] [stdout] 
[INFO] [stdout] 
[INFO] [stdout] warning: unused imports: `alpha1`, `alphanumeric1`, `char`, `digit1`, `float`, `map`, `opt`, `pair`, `preceded`, `recognize_float`, `recognize`, `space0`, `space1`, `tag_no_case`, `tag`, `take_while1`, and `terminated`
[INFO] [stdout]   --> src/assembler/mod.rs:13:23
[INFO] [stdout]    |
[INFO] [stdout] 13 |     bytes::complete::{tag, tag_no_case, take_while1},
[INFO] [stdout]    |                       ^^^  ^^^^^^^^^^^  ^^^^^^^^^^^
[INFO] [stdout] 14 |     character::complete::{alpha1, alphanumeric1, char, digit1, multispace0, space0, space1},
[INFO] [stdout]    |                           ^^^^^^  ^^^^^^^^^^^^^  ^^^^  ^^^^^^               ^^^^^^  ^^^^^^
[INFO] [stdout] 15 |     combinator::{map, opt, recognize},
[INFO] [stdout]    |                  ^^^  ^^^  ^^^^^^^^^
[INFO] [stdout] 16 |     number::complete::{float, recognize_float},
[INFO] [stdout]    |                        ^^^^^  ^^^^^^^^^^^^^^^
[INFO] [stdout] 17 |     sequence::{pair, preceded, terminated},
[INFO] [stdout]    |                ^^^^  ^^^^^^^^  ^^^^^^^^^^
[INFO] [stdout] 
[INFO] [stdout] 
[INFO] [stdout] warning: unused import: `crate::instruction::Opcode`
[INFO] [stdout]  --> src/repl/mod.rs:2:5
[INFO] [stdout]   |
[INFO] [stdout] 2 | use crate::instruction::Opcode;
[INFO] [stdout]   |     ^^^^^^^^^^^^^^^^^^^^^^^^^^
[INFO] [stdout] 
[INFO] [stdout] 
[INFO] [stdout] warning: unused variable: `symbols`
[INFO] [stdout]   --> src/assembler/asm_instruction.rs:16:28
[INFO] [stdout]    |
[INFO] [stdout] 16 |     pub fn to_bytes(&self, symbols: &SymbolTable) -> Vec<u8> {
[INFO] [stdout]    |                            ^^^^^^^ help: if this is intentional, prefix it with an underscore: `_symbols`
[INFO] [stdout]    |
[INFO] [stdout]    = note: `#[warn(unused_variables)]` on by default
[INFO] [stdout] 
[INFO] [stdout] 
[INFO] [stdout] warning: unused variable: `tokens`
[INFO] [stdout]   --> src/assembler/mod.rs:52:13
[INFO] [stdout]    |
[INFO] [stdout] 52 |         let tokens = self.tokenize(raw).unwrap();
[INFO] [stdout]    |             ^^^^^^ help: if this is intentional, prefix it with an underscore: `_tokens`
[INFO] [stdout] 
[INFO] [stdout] 
[INFO] [stdout] warning: variable does not need to be mutable
[INFO] [stdout]   --> src/assembler/mod.rs:51:13
[INFO] [stdout]    |
[INFO] [stdout] 51 |         let mut result: Vec<u8> = Vec::new();
[INFO] [stdout]    |             ----^^^^^^
[INFO] [stdout]    |             |
[INFO] [stdout]    |             help: remove this `mut`
[INFO] [stdout]    |
[INFO] [stdout]    = note: `#[warn(unused_mut)]` on by default
[INFO] [stdout] 
[INFO] [stdout] 
[INFO] [stdout] warning: unused variable: `reg_num`
[INFO] [stdout]    --> src/assembler/mod.rs:132:50
[INFO] [stdout]     |
[INFO] [stdout] 132 |                         if let Token::Register { reg_num } = tokens[index + 1] {
[INFO] [stdout]     |                                                  ^^^^^^^ help: try ignoring the field: `reg_num: _`
[INFO] [stdout] 
[INFO] [stdout] 
[INFO] [stdout] warning: unused variable: `res`
[INFO] [stdout]   --> src/repl/mod.rs:95:26
[INFO] [stdout]    |
[INFO] [stdout] 95 |                     let (res, tokens) = self.assembler.tokenize(&buffer.trim()).unwrap();
[INFO] [stdout]    |                          ^^^ help: if this is intentional, prefix it with an underscore: `_res`
[INFO] [stdout] 
[INFO] [stdout] 
[INFO] [stdout] warning: unused variable: `i`
[INFO] [stdout]   --> src/vm.rs:81:21
[INFO] [stdout]    |
[INFO] [stdout] 81 |                 for i in 0..bytes {
[INFO] [stdout]    |                     ^ help: if this is intentional, prefix it with an underscore: `_i`
[INFO] [stdout] 
[INFO] [stdout] 
[INFO] [stdout] warning: fields `program`, `ro`, and `symbols` are never read
[INFO] [stdout]   --> src/assembler/mod.rs:38:9
[INFO] [stdout]    |
[INFO] [stdout] 37 | pub struct Assembler {
[INFO] [stdout]    |            --------- fields in this struct
[INFO] [stdout] 38 |     pub program: Vec<u8>,
[INFO] [stdout]    |         ^^^^^^^
[INFO] [stdout] 39 |     pub ro: Vec<u8>,
[INFO] [stdout]    |         ^^
[INFO] [stdout] 40 |     pub symbols: Vec<Symbol>,
[INFO] [stdout]    |         ^^^^^^^
[INFO] [stdout]    |
[INFO] [stdout]    = note: `Assembler` has a derived impl for the trait `Debug`, but this is intentionally ignored during dead code analysis
[INFO] [stdout]    = note: `#[warn(dead_code)]` on by default
[INFO] [stdout] 
[INFO] [stdout] 
[INFO] [stdout] warning: methods `assemble`, `process_first_phase`, and `to_asm_instructions` are never used
[INFO] [stdout]    --> src/assembler/mod.rs:50:12
[INFO] [stdout]     |
[INFO] [stdout] 42  | impl Assembler {
[INFO] [stdout]     | -------------- methods in this implementation
[INFO] [stdout] ...
[INFO] [stdout] 50  |     pub fn assemble<'a>(&self, raw: &'a str) -> Result<Vec<u8>, &str> {
[INFO] [stdout]     |            ^^^^^^^^
[INFO] [stdout] ...
[INFO] [stdout] 56  |     fn process_first_phase(&mut self, tokens: Vec<Token>) {
[INFO] [stdout]     |        ^^^^^^^^^^^^^^^^^^^
[INFO] [stdout] ...
[INFO] [stdout] 184 |     fn to_asm_instructions(&self, tokens: Vec<Token>) -> Result<Vec<AsmInstruction>, &str> {
[INFO] [stdout]     |        ^^^^^^^^^^^^^^^^^^^
[INFO] [stdout] 
[INFO] [stdout] 
[INFO] [stdout] warning: method `to_bytes` is never used
[INFO] [stdout]   --> src/assembler/asm_instruction.rs:16:12
[INFO] [stdout]    |
[INFO] [stdout] 15 | impl AsmInstruction {
[INFO] [stdout]    | ------------------- method in this implementation
[INFO] [stdout] 16 |     pub fn to_bytes(&self, symbols: &SymbolTable) -> Vec<u8> {
[INFO] [stdout]    |            ^^^^^^^^
[INFO] [stdout] 
[INFO] [stdout] 
[INFO] [stdout] warning: function `parse_data` is never used
[INFO] [stdout]   --> src/assembler/parsers.rs:76:8
[INFO] [stdout]    |
[INFO] [stdout] 76 | pub fn parse_data(input: &str) -> IResult<&str, Token> {
[INFO] [stdout]    |        ^^^^^^^^^^
[INFO] [stdout] 
[INFO] [stdout] 
[INFO] [stdout] warning: fields `name`, `offset`, and `symbol_type` are never read
[INFO] [stdout]  --> src/assembler/symbol_table.rs:3:9
[INFO] [stdout]   |
[INFO] [stdout] 2 | pub struct Symbol {
[INFO] [stdout]   |            ------ fields in this struct
[INFO] [stdout] 3 |     pub name: String,
[INFO] [stdout]   |         ^^^^
[INFO] [stdout] 4 |     pub offset: Option<u32>,
[INFO] [stdout]   |         ^^^^^^
[INFO] [stdout] 5 |     pub symbol_type: SymbolType,
[INFO] [stdout]   |         ^^^^^^^^^^^
[INFO] [stdout]   |
[INFO] [stdout]   = note: `Symbol` has derived impls for the traits `Clone` and `Debug`, but these are intentionally ignored during dead code analysis
[INFO] [stdout] 
[INFO] [stdout] 
[INFO] [stdout] warning: associated functions `new` and `new_with_offset` are never used
[INFO] [stdout]   --> src/assembler/symbol_table.rs:8:12
[INFO] [stdout]    |
[INFO] [stdout] 7  | impl Symbol {
[INFO] [stdout]    | ----------- associated functions in this implementation
[INFO] [stdout] 8  |     pub fn new(name: String, symbol_type: SymbolType) -> Symbol {
[INFO] [stdout]    |            ^^^
[INFO] [stdout] ...
[INFO] [stdout] 15 |     pub fn new_with_offset(name: String, symbol_type: SymbolType, offset: u32) -> Symbol {
[INFO] [stdout]    |            ^^^^^^^^^^^^^^^
[INFO] [stdout] 
[INFO] [stdout] 
[INFO] [stdout] warning: variants `Label`, `Integer`, and `IrString` are never constructed
[INFO] [stdout]   --> src/assembler/symbol_table.rs:25:5
[INFO] [stdout]    |
[INFO] [stdout] 24 | pub enum SymbolType {
[INFO] [stdout]    |          ---------- variants in this enum
[INFO] [stdout] 25 |     Label,
[INFO] [stdout]    |     ^^^^^
[INFO] [stdout] 26 |     Integer,
[INFO] [stdout]    |     ^^^^^^^
[INFO] [stdout] 27 |     IrString,
[INFO] [stdout]    |     ^^^^^^^^
[INFO] [stdout]    |
[INFO] [stdout]    = note: `SymbolType` has derived impls for the traits `Clone` and `Debug`, but these are intentionally ignored during dead code analysis
[INFO] [stdout] 
[INFO] [stdout] 
[INFO] [stdout] warning: field `symbols` is never read
[INFO] [stdout]   --> src/assembler/symbol_table.rs:32:9
[INFO] [stdout]    |
[INFO] [stdout] 31 | pub struct SymbolTable {
[INFO] [stdout]    |            ----------- field in this struct
[INFO] [stdout] 32 |     pub symbols: Vec<Symbol>,
[INFO] [stdout]    |         ^^^^^^^
[INFO] [stdout]    |
[INFO] [stdout]    = note: `SymbolTable` has derived impls for the traits `Clone` and `Debug`, but these are intentionally ignored during dead code analysis
[INFO] [stdout] 
[INFO] [stdout] 
[INFO] [stdout] warning: associated items `new` and `add_symbol` are never used
[INFO] [stdout]   --> src/assembler/symbol_table.rs:35:12
[INFO] [stdout]    |
[INFO] [stdout] 34 | impl SymbolTable {
[INFO] [stdout]    | ---------------- associated items in this implementation
[INFO] [stdout] 35 |     pub fn new() -> SymbolTable {
[INFO] [stdout]    |            ^^^
[INFO] [stdout] ...
[INFO] [stdout] 38 |     pub fn add_symbol(&mut self, symbol: Symbol) {
[INFO] [stdout]    |            ^^^^^^^^^^
[INFO] [stdout] 
[INFO] [stdout] 
[INFO] [stdout] warning: associated function `new` is never used
[INFO] [stdout]   --> src/instruction.rs:59:12
[INFO] [stdout]    |
[INFO] [stdout] 58 | impl Instruction {
[INFO] [stdout]    | ---------------- associated function in this implementation
[INFO] [stdout] 59 |     pub fn new(opcode: Opcode) -> Instruction {
[INFO] [stdout]    |            ^^^
[INFO] [stdout] 
[INFO] [stdout] 
[INFO] [stdout] warning: method `parse_hex` is never used
[INFO] [stdout]   --> src/repl/mod.rs:24:8
[INFO] [stdout]    |
[INFO] [stdout] 15 | impl REPL {
[INFO] [stdout]    | --------- method in this implementation
[INFO] [stdout] ...
[INFO] [stdout] 24 |     fn parse_hex(&mut self, i: &str) -> Result<Vec<u8>, ParseIntError> {
[INFO] [stdout]    |        ^^^^^^^^^
[INFO] [stdout] 
[INFO] [stdout] 
[INFO] [stdout] warning: field `ro_data` is never read
[INFO] [stdout]   --> src/vm.rs:10:9
[INFO] [stdout]    |
[INFO] [stdout] 3  | pub struct VM {
[INFO] [stdout]    |            -- field in this struct
[INFO] [stdout] ...
[INFO] [stdout] 10 |     pub ro_data: Vec<u8>,
[INFO] [stdout]    |         ^^^^^^^
[INFO] [stdout] 
[INFO] [stdout] 
[INFO] [stdout] warning: methods `next_16_bits` and `run` are never used
[INFO] [stdout]   --> src/vm.rs:35:8
[INFO] [stdout]    |
[INFO] [stdout] 13 | impl VM {
[INFO] [stdout]    | ------- methods in this implementation
[INFO] [stdout] ...
[INFO] [stdout] 35 |     fn next_16_bits(&mut self) -> u16 {
[INFO] [stdout]    |        ^^^^^^^^^^^^
[INFO] [stdout] ...
[INFO] [stdout] 54 |     pub fn run(&mut self) {
[INFO] [stdout]    |            ^^^
[INFO] [stdout] 
[INFO] [stdout] 
[INFO] [stderr]     Finished `dev` profile [unoptimized + debuginfo] target(s) in 5.10s
[INFO] running `Command { std: "docker" "inspect" "d93b0353e53406ae56602f67606c3bc4eaba85033df54c3b6546d158be96d339", kill_on_drop: false }`
[INFO] running `Command { std: "docker" "rm" "-f" "d93b0353e53406ae56602f67606c3bc4eaba85033df54c3b6546d158be96d339", kill_on_drop: false }`
[INFO] [stdout] d93b0353e53406ae56602f67606c3bc4eaba85033df54c3b6546d158be96d339
[INFO] running `Command { std: "docker" "create" "-v" "/var/lib/crater-agent-workspace/builds/worker-5-tc1/target:/opt/rustwide/target:rw,Z" "-v" "/var/lib/crater-agent-workspace/builds/worker-5-tc1/source:/opt/rustwide/workdir:ro,Z" "-v" "/var/lib/crater-agent-workspace/cargo-home:/opt/rustwide/cargo-home:ro,Z" "-v" "/var/lib/crater-agent-workspace/rustup-home:/opt/rustwide/rustup-home:ro,Z" "-e" "SOURCE_DIR=/opt/rustwide/workdir" "-e" "CARGO_TARGET_DIR=/opt/rustwide/target" "-e" "CARGO_INCREMENTAL=0" "-e" "RUST_BACKTRACE=full" "-e" "RUSTFLAGS=--cap-lints=warn" "-e" "RUSTDOCFLAGS=--cap-lints=warn" "-e" "CARGO_HOME=/opt/rustwide/cargo-home" "-e" "RUSTUP_HOME=/opt/rustwide/rustup-home" "-w" "/opt/rustwide/workdir" "-m" "1610612736" "--user" "0:0" "--network" "none" "ghcr.io/rust-lang/crates-build-env/linux@sha256:f3a9d4ad9d972b27faf3965f35b62e55ba32bbce8f20bc8fe909558a86702fde" "/opt/rustwide/cargo-home/bin/cargo" "+1.83.0" "test" "--frozen" "--no-run" "--message-format=json", kill_on_drop: false }`
[INFO] [stdout] e3ae3ea1eb72c69a80190cd381fe2691e4418a60ca90bc0ae42ae1bc2db8ee64
[INFO] running `Command { std: "docker" "start" "-a" "e3ae3ea1eb72c69a80190cd381fe2691e4418a60ca90bc0ae42ae1bc2db8ee64", kill_on_drop: false }`
[INFO] [stderr]    Compiling pecet-vm v0.1.0 (/opt/rustwide/workdir)
[INFO] [stdout] warning: unused import: `instruction::Opcode`
[INFO] [stdout]  --> src/main.rs:1:5
[INFO] [stdout]   |
[INFO] [stdout] 1 | use instruction::Opcode;
[INFO] [stdout]   |     ^^^^^^^^^^^^^^^^^^^
[INFO] [stdout]   |
[INFO] [stdout]   = note: `#[warn(unused_imports)]` on by default
[INFO] [stdout] 
[INFO] [stdout] 
[INFO] [stdout] warning: unused imports: `IResult` and `bytes::complete::tag`
[INFO] [stdout]  --> src/main.rs:2:11
[INFO] [stdout]   |
[INFO] [stdout] 2 | use nom::{bytes::complete::tag, IResult};
[INFO] [stdout]   |           ^^^^^^^^^^^^^^^^^^^^  ^^^^^^^
[INFO] [stdout] 
[INFO] [stdout] 
[INFO] [stdout] warning: unused imports: `alphanumeric1`, `multispace0`, `preceded`, `recognize_float`, `space0`, `space1`, `tag`, and `terminated`
[INFO] [stdout]  --> src/assembler/parsers.rs:3:23
[INFO] [stdout]   |
[INFO] [stdout] 3 |     bytes::complete::{tag, tag_no_case, take_while1},
[INFO] [stdout]   |                       ^^^
[INFO] [stdout] 4 |     character::complete::{alpha1, alphanumeric1, char, digit1, multispace0, space0, space1},
[INFO] [stdout]   |                                   ^^^^^^^^^^^^^                ^^^^^^^^^^^  ^^^^^^  ^^^^^^
[INFO] [stdout] 5 |     combinator::{map, opt, recognize},
[INFO] [stdout] 6 |     number::complete::{float, recognize_float},
[INFO] [stdout]   |                               ^^^^^^^^^^^^^^^
[INFO] [stdout] 7 |     sequence::{pair, preceded, terminated},
[INFO] [stdout]   |                      ^^^^^^^^  ^^^^^^^^^^
[INFO] [stdout] 
[INFO] [stdout] 
[INFO] [stdout] warning: unnecessary parentheses around function argument
[INFO] [stdout]   --> src/assembler/symbol_table.rs:18:26
[INFO] [stdout]    |
[INFO] [stdout] 18 |             offset: Some((offset)),
[INFO] [stdout]    |                          ^      ^
[INFO] [stdout]    |
[INFO] [stdout]    = note: `#[warn(unused_parens)]` on by default
[INFO] [stdout] help: remove these parentheses
[INFO] [stdout]    |
[INFO] [stdout] 18 -             offset: Some((offset)),
[INFO] [stdout] 18 +             offset: Some(offset),
[INFO] [stdout]    |
[INFO] [stdout] 
[INFO] [stdout] 
[INFO] [stdout] warning: unused imports: `BorrowMut`, `Borrow`, and `ops::Deref`
[INFO] [stdout]  --> src/assembler/mod.rs:6:14
[INFO] [stdout]   |
[INFO] [stdout] 6 |     borrow::{Borrow, BorrowMut},
[INFO] [stdout]   |              ^^^^^^  ^^^^^^^^^
[INFO] [stdout] 7 |     ops::Deref,
[INFO] [stdout]   |     ^^^^^^^^^^
[INFO] [stdout] 
[INFO] [stdout] 
[INFO] [stdout] warning: unused imports: `alpha1`, `alphanumeric1`, `char`, `digit1`, `float`, `map`, `opt`, `pair`, `preceded`, `recognize_float`, `recognize`, `space0`, `space1`, `tag_no_case`, `tag`, `take_while1`, and `terminated`
[INFO] [stdout]   --> src/assembler/mod.rs:13:23
[INFO] [stdout]    |
[INFO] [stdout] 13 |     bytes::complete::{tag, tag_no_case, take_while1},
[INFO] [stdout]    |                       ^^^  ^^^^^^^^^^^  ^^^^^^^^^^^
[INFO] [stdout] 14 |     character::complete::{alpha1, alphanumeric1, char, digit1, multispace0, space0, space1},
[INFO] [stdout]    |                           ^^^^^^  ^^^^^^^^^^^^^  ^^^^  ^^^^^^               ^^^^^^  ^^^^^^
[INFO] [stdout] 15 |     combinator::{map, opt, recognize},
[INFO] [stdout]    |                  ^^^  ^^^  ^^^^^^^^^
[INFO] [stdout] 16 |     number::complete::{float, recognize_float},
[INFO] [stdout]    |                        ^^^^^  ^^^^^^^^^^^^^^^
[INFO] [stdout] 17 |     sequence::{pair, preceded, terminated},
[INFO] [stdout]    |                ^^^^  ^^^^^^^^  ^^^^^^^^^^
[INFO] [stdout] 
[INFO] [stdout] 
[INFO] [stdout] warning: unused import: `crate::instruction::Opcode`
[INFO] [stdout]  --> src/repl/mod.rs:2:5
[INFO] [stdout]   |
[INFO] [stdout] 2 | use crate::instruction::Opcode;
[INFO] [stdout]   |     ^^^^^^^^^^^^^^^^^^^^^^^^^^
[INFO] [stdout] 
[INFO] [stdout] 
[INFO] [stdout] warning: unused variable: `symbols`
[INFO] [stdout]   --> src/assembler/asm_instruction.rs:16:28
[INFO] [stdout]    |
[INFO] [stdout] 16 |     pub fn to_bytes(&self, symbols: &SymbolTable) -> Vec<u8> {
[INFO] [stdout]    |                            ^^^^^^^ help: if this is intentional, prefix it with an underscore: `_symbols`
[INFO] [stdout]    |
[INFO] [stdout]    = note: `#[warn(unused_variables)]` on by default
[INFO] [stdout] 
[INFO] [stdout] 
[INFO] [stdout] warning: unused variable: `tokens`
[INFO] [stdout]   --> src/assembler/mod.rs:52:13
[INFO] [stdout]    |
[INFO] [stdout] 52 |         let tokens = self.tokenize(raw).unwrap();
[INFO] [stdout]    |             ^^^^^^ help: if this is intentional, prefix it with an underscore: `_tokens`
[INFO] [stdout] 
[INFO] [stdout] 
[INFO] [stdout] warning: variable does not need to be mutable
[INFO] [stdout]   --> src/assembler/mod.rs:51:13
[INFO] [stdout]    |
[INFO] [stdout] 51 |         let mut result: Vec<u8> = Vec::new();
[INFO] [stdout]    |             ----^^^^^^
[INFO] [stdout]    |             |
[INFO] [stdout]    |             help: remove this `mut`
[INFO] [stdout]    |
[INFO] [stdout]    = note: `#[warn(unused_mut)]` on by default
[INFO] [stdout] 
[INFO] [stdout] 
[INFO] [stdout] warning: unused variable: `reg_num`
[INFO] [stdout]    --> src/assembler/mod.rs:132:50
[INFO] [stdout]     |
[INFO] [stdout] 132 |                         if let Token::Register { reg_num } = tokens[index + 1] {
[INFO] [stdout]     |                                                  ^^^^^^^ help: try ignoring the field: `reg_num: _`
[INFO] [stdout] 
[INFO] [stdout] 
[INFO] [stdout] warning: unused variable: `res`
[INFO] [stdout]   --> src/repl/mod.rs:95:26
[INFO] [stdout]    |
[INFO] [stdout] 95 |                     let (res, tokens) = self.assembler.tokenize(&buffer.trim()).unwrap();
[INFO] [stdout]    |                          ^^^ help: if this is intentional, prefix it with an underscore: `_res`
[INFO] [stdout] 
[INFO] [stdout] 
[INFO] [stdout] warning: unused variable: `i`
[INFO] [stdout]   --> src/vm.rs:81:21
[INFO] [stdout]    |
[INFO] [stdout] 81 |                 for i in 0..bytes {
[INFO] [stdout]    |                     ^ help: if this is intentional, prefix it with an underscore: `_i`
[INFO] [stdout] 
[INFO] [stdout] 
[INFO] [stdout] warning: fields `program`, `ro`, and `symbols` are never read
[INFO] [stdout]   --> src/assembler/mod.rs:38:9
[INFO] [stdout]    |
[INFO] [stdout] 37 | pub struct Assembler {
[INFO] [stdout]    |            --------- fields in this struct
[INFO] [stdout] 38 |     pub program: Vec<u8>,
[INFO] [stdout]    |         ^^^^^^^
[INFO] [stdout] 39 |     pub ro: Vec<u8>,
[INFO] [stdout]    |         ^^
[INFO] [stdout] 40 |     pub symbols: Vec<Symbol>,
[INFO] [stdout]    |         ^^^^^^^
[INFO] [stdout]    |
[INFO] [stdout]    = note: `Assembler` has a derived impl for the trait `Debug`, but this is intentionally ignored during dead code analysis
[INFO] [stdout]    = note: `#[warn(dead_code)]` on by default
[INFO] [stdout] 
[INFO] [stdout] 
[INFO] [stdout] warning: methods `assemble` and `process_first_phase` are never used
[INFO] [stdout]   --> src/assembler/mod.rs:50:12
[INFO] [stdout]    |
[INFO] [stdout] 42 | impl Assembler {
[INFO] [stdout]    | -------------- methods in this implementation
[INFO] [stdout] ...
[INFO] [stdout] 50 |     pub fn assemble<'a>(&self, raw: &'a str) -> Result<Vec<u8>, &str> {
[INFO] [stdout]    |            ^^^^^^^^
[INFO] [stdout] ...
[INFO] [stdout] 56 |     fn process_first_phase(&mut self, tokens: Vec<Token>) {
[INFO] [stdout]    |        ^^^^^^^^^^^^^^^^^^^
[INFO] [stdout] 
[INFO] [stdout] 
[INFO] [stdout] warning: method `to_bytes` is never used
[INFO] [stdout]   --> src/assembler/asm_instruction.rs:16:12
[INFO] [stdout]    |
[INFO] [stdout] 15 | impl AsmInstruction {
[INFO] [stdout]    | ------------------- method in this implementation
[INFO] [stdout] 16 |     pub fn to_bytes(&self, symbols: &SymbolTable) -> Vec<u8> {
[INFO] [stdout]    |            ^^^^^^^^
[INFO] [stdout] 
[INFO] [stdout] 
[INFO] [stdout] warning: function `parse_data` is never used
[INFO] [stdout]   --> src/assembler/parsers.rs:76:8
[INFO] [stdout]    |
[INFO] [stdout] 76 | pub fn parse_data(input: &str) -> IResult<&str, Token> {
[INFO] [stdout]    |        ^^^^^^^^^^
[INFO] [stdout] 
[INFO] [stdout] 
[INFO] [stdout] warning: fields `name`, `offset`, and `symbol_type` are never read
[INFO] [stdout]  --> src/assembler/symbol_table.rs:3:9
[INFO] [stdout]   |
[INFO] [stdout] 2 | pub struct Symbol {
[INFO] [stdout]   |            ------ fields in this struct
[INFO] [stdout] 3 |     pub name: String,
[INFO] [stdout]   |         ^^^^
[INFO] [stdout] 4 |     pub offset: Option<u32>,
[INFO] [stdout]   |         ^^^^^^
[INFO] [stdout] 5 |     pub symbol_type: SymbolType,
[INFO] [stdout]   |         ^^^^^^^^^^^
[INFO] [stdout]   |
[INFO] [stdout]   = note: `Symbol` has derived impls for the traits `Clone` and `Debug`, but these are intentionally ignored during dead code analysis
[INFO] [stdout] 
[INFO] [stdout] 
[INFO] [stdout] warning: associated functions `new` and `new_with_offset` are never used
[INFO] [stdout]   --> src/assembler/symbol_table.rs:8:12
[INFO] [stdout]    |
[INFO] [stdout] 7  | impl Symbol {
[INFO] [stdout]    | ----------- associated functions in this implementation
[INFO] [stdout] 8  |     pub fn new(name: String, symbol_type: SymbolType) -> Symbol {
[INFO] [stdout]    |            ^^^
[INFO] [stdout] ...
[INFO] [stdout] 15 |     pub fn new_with_offset(name: String, symbol_type: SymbolType, offset: u32) -> Symbol {
[INFO] [stdout]    |            ^^^^^^^^^^^^^^^
[INFO] [stdout] 
[INFO] [stdout] 
[INFO] [stdout] warning: variants `Label`, `Integer`, and `IrString` are never constructed
[INFO] [stdout]   --> src/assembler/symbol_table.rs:25:5
[INFO] [stdout]    |
[INFO] [stdout] 24 | pub enum SymbolType {
[INFO] [stdout]    |          ---------- variants in this enum
[INFO] [stdout] 25 |     Label,
[INFO] [stdout]    |     ^^^^^
[INFO] [stdout] 26 |     Integer,
[INFO] [stdout]    |     ^^^^^^^
[INFO] [stdout] 27 |     IrString,
[INFO] [stdout]    |     ^^^^^^^^
[INFO] [stdout]    |
[INFO] [stdout]    = note: `SymbolType` has derived impls for the traits `Clone` and `Debug`, but these are intentionally ignored during dead code analysis
[INFO] [stdout] 
[INFO] [stdout] 
[INFO] [stdout] warning: field `symbols` is never read
[INFO] [stdout]   --> src/assembler/symbol_table.rs:32:9
[INFO] [stdout]    |
[INFO] [stdout] 31 | pub struct SymbolTable {
[INFO] [stdout]    |            ----------- field in this struct
[INFO] [stdout] 32 |     pub symbols: Vec<Symbol>,
[INFO] [stdout]    |         ^^^^^^^
[INFO] [stdout]    |
[INFO] [stdout]    = note: `SymbolTable` has derived impls for the traits `Clone` and `Debug`, but these are intentionally ignored during dead code analysis
[INFO] [stdout] 
[INFO] [stdout] 
[INFO] [stdout] warning: associated items `new` and `add_symbol` are never used
[INFO] [stdout]   --> src/assembler/symbol_table.rs:35:12
[INFO] [stdout]    |
[INFO] [stdout] 34 | impl SymbolTable {
[INFO] [stdout]    | ---------------- associated items in this implementation
[INFO] [stdout] 35 |     pub fn new() -> SymbolTable {
[INFO] [stdout]    |            ^^^
[INFO] [stdout] ...
[INFO] [stdout] 38 |     pub fn add_symbol(&mut self, symbol: Symbol) {
[INFO] [stdout]    |            ^^^^^^^^^^
[INFO] [stdout] 
[INFO] [stdout] 
[INFO] [stdout] warning: method `parse_hex` is never used
[INFO] [stdout]   --> src/repl/mod.rs:24:8
[INFO] [stdout]    |
[INFO] [stdout] 15 | impl REPL {
[INFO] [stdout]    | --------- method in this implementation
[INFO] [stdout] ...
[INFO] [stdout] 24 |     fn parse_hex(&mut self, i: &str) -> Result<Vec<u8>, ParseIntError> {
[INFO] [stdout]    |        ^^^^^^^^^
[INFO] [stdout] 
[INFO] [stdout] 
[INFO] [stdout] warning: field `ro_data` is never read
[INFO] [stdout]   --> src/vm.rs:10:9
[INFO] [stdout]    |
[INFO] [stdout] 3  | pub struct VM {
[INFO] [stdout]    |            -- field in this struct
[INFO] [stdout] ...
[INFO] [stdout] 10 |     pub ro_data: Vec<u8>,
[INFO] [stdout]    |         ^^^^^^^
[INFO] [stdout] 
[INFO] [stdout] 
[INFO] [stdout] warning: method `next_16_bits` is never used
[INFO] [stdout]   --> src/vm.rs:35:8
[INFO] [stdout]    |
[INFO] [stdout] 13 | impl VM {
[INFO] [stdout]    | ------- method in this implementation
[INFO] [stdout] ...
[INFO] [stdout] 35 |     fn next_16_bits(&mut self) -> u16 {
[INFO] [stdout]    |        ^^^^^^^^^^^^
[INFO] [stdout] 
[INFO] [stdout] 
[INFO] [stderr]     Finished `test` profile [unoptimized + debuginfo] target(s) in 1.26s
[INFO] running `Command { std: "docker" "inspect" "e3ae3ea1eb72c69a80190cd381fe2691e4418a60ca90bc0ae42ae1bc2db8ee64", kill_on_drop: false }`
[INFO] running `Command { std: "docker" "rm" "-f" "e3ae3ea1eb72c69a80190cd381fe2691e4418a60ca90bc0ae42ae1bc2db8ee64", kill_on_drop: false }`
[INFO] [stdout] e3ae3ea1eb72c69a80190cd381fe2691e4418a60ca90bc0ae42ae1bc2db8ee64
[INFO] running `Command { std: "docker" "create" "-v" "/var/lib/crater-agent-workspace/builds/worker-5-tc1/target:/opt/rustwide/target:rw,Z" "-v" "/var/lib/crater-agent-workspace/builds/worker-5-tc1/source:/opt/rustwide/workdir:ro,Z" "-v" "/var/lib/crater-agent-workspace/cargo-home:/opt/rustwide/cargo-home:ro,Z" "-v" "/var/lib/crater-agent-workspace/rustup-home:/opt/rustwide/rustup-home:ro,Z" "-e" "SOURCE_DIR=/opt/rustwide/workdir" "-e" "CARGO_TARGET_DIR=/opt/rustwide/target" "-e" "CARGO_INCREMENTAL=0" "-e" "RUST_BACKTRACE=full" "-e" "RUSTFLAGS=--cap-lints=warn" "-e" "RUSTDOCFLAGS=--cap-lints=warn" "-e" "CARGO_HOME=/opt/rustwide/cargo-home" "-e" "RUSTUP_HOME=/opt/rustwide/rustup-home" "-w" "/opt/rustwide/workdir" "-m" "1610612736" "--user" "0:0" "--network" "none" "ghcr.io/rust-lang/crates-build-env/linux@sha256:f3a9d4ad9d972b27faf3965f35b62e55ba32bbce8f20bc8fe909558a86702fde" "/opt/rustwide/cargo-home/bin/cargo" "+1.83.0" "test" "--frozen", kill_on_drop: false }`
[INFO] [stdout] b3525f16af6bbfaafd69dd286e3a31de2a966860843a34a74140082b555251cb
[INFO] running `Command { std: "docker" "start" "-a" "b3525f16af6bbfaafd69dd286e3a31de2a966860843a34a74140082b555251cb", kill_on_drop: false }`
[INFO] [stderr] warning: unused import: `instruction::Opcode`
[INFO] [stderr]  --> src/main.rs:1:5
[INFO] [stderr]   |
[INFO] [stderr] 1 | use instruction::Opcode;
[INFO] [stderr]   |     ^^^^^^^^^^^^^^^^^^^
[INFO] [stderr]   |
[INFO] [stderr]   = note: `#[warn(unused_imports)]` on by default
[INFO] [stderr] 
[INFO] [stderr] warning: unused imports: `IResult` and `bytes::complete::tag`
[INFO] [stderr]  --> src/main.rs:2:11
[INFO] [stderr]   |
[INFO] [stderr] 2 | use nom::{bytes::complete::tag, IResult};
[INFO] [stderr]   |           ^^^^^^^^^^^^^^^^^^^^  ^^^^^^^
[INFO] [stderr] 
[INFO] [stderr] warning: unused imports: `alphanumeric1`, `multispace0`, `preceded`, `recognize_float`, `space0`, `space1`, `tag`, and `terminated`
[INFO] [stderr]  --> src/assembler/parsers.rs:3:23
[INFO] [stderr]   |
[INFO] [stderr] 3 |     bytes::complete::{tag, tag_no_case, take_while1},
[INFO] [stderr]   |                       ^^^
[INFO] [stderr] 4 |     character::complete::{alpha1, alphanumeric1, char, digit1, multispace0, space0, space1},
[INFO] [stderr]   |                                   ^^^^^^^^^^^^^                ^^^^^^^^^^^  ^^^^^^  ^^^^^^
[INFO] [stderr] 5 |     combinator::{map, opt, recognize},
[INFO] [stderr] 6 |     number::complete::{float, recognize_float},
[INFO] [stderr]   |                               ^^^^^^^^^^^^^^^
[INFO] [stderr] 7 |     sequence::{pair, preceded, terminated},
[INFO] [stderr]   |                      ^^^^^^^^  ^^^^^^^^^^
[INFO] [stderr] 
[INFO] [stderr] warning: unnecessary parentheses around function argument
[INFO] [stderr]   --> src/assembler/symbol_table.rs:18:26
[INFO] [stderr]    |
[INFO] [stderr] 18 |             offset: Some((offset)),
[INFO] [stderr]    |                          ^      ^
[INFO] [stderr]    |
[INFO] [stderr]    = note: `#[warn(unused_parens)]` on by default
[INFO] [stderr] help: remove these parentheses
[INFO] [stderr]    |
[INFO] [stderr] 18 -             offset: Some((offset)),
[INFO] [stderr] 18 +             offset: Some(offset),
[INFO] [stderr]    |
[INFO] [stderr] 
[INFO] [stderr] warning: unused imports: `BorrowMut`, `Borrow`, and `ops::Deref`
[INFO] [stderr]  --> src/assembler/mod.rs:6:14
[INFO] [stderr]   |
[INFO] [stderr] 6 |     borrow::{Borrow, BorrowMut},
[INFO] [stderr]   |              ^^^^^^  ^^^^^^^^^
[INFO] [stderr] 7 |     ops::Deref,
[INFO] [stderr]   |     ^^^^^^^^^^
[INFO] [stderr] 
[INFO] [stderr] warning: unused imports: `alpha1`, `alphanumeric1`, `char`, `digit1`, `float`, `map`, `opt`, `pair`, `preceded`, `recognize_float`, `recognize`, `space0`, `space1`, `tag_no_case`, `tag`, `take_while1`, and `terminated`
[INFO] [stderr]   --> src/assembler/mod.rs:13:23
[INFO] [stderr]    |
[INFO] [stderr] 13 |     bytes::complete::{tag, tag_no_case, take_while1},
[INFO] [stderr]    |                       ^^^  ^^^^^^^^^^^  ^^^^^^^^^^^
[INFO] [stderr] 14 |     character::complete::{alpha1, alphanumeric1, char, digit1, multispace0, space0, space1},
[INFO] [stderr]    |                           ^^^^^^  ^^^^^^^^^^^^^  ^^^^  ^^^^^^               ^^^^^^  ^^^^^^
[INFO] [stderr] 15 |     combinator::{map, opt, recognize},
[INFO] [stderr]    |                  ^^^  ^^^  ^^^^^^^^^
[INFO] [stderr] 16 |     number::complete::{float, recognize_float},
[INFO] [stderr]    |                        ^^^^^  ^^^^^^^^^^^^^^^
[INFO] [stderr] 17 |     sequence::{pair, preceded, terminated},
[INFO] [stderr]    |                ^^^^  ^^^^^^^^  ^^^^^^^^^^
[INFO] [stderr] 
[INFO] [stderr] warning: unused import: `crate::instruction::Opcode`
[INFO] [stderr]  --> src/repl/mod.rs:2:5
[INFO] [stderr]   |
[INFO] [stderr] 2 | use crate::instruction::Opcode;
[INFO] [stderr]   |     ^^^^^^^^^^^^^^^^^^^^^^^^^^
[INFO] [stderr] 
[INFO] [stderr] warning: unused variable: `symbols`
[INFO] [stderr]   --> src/assembler/asm_instruction.rs:16:28
[INFO] [stderr]    |
[INFO] [stderr] 16 |     pub fn to_bytes(&self, symbols: &SymbolTable) -> Vec<u8> {
[INFO] [stderr]    |                            ^^^^^^^ help: if this is intentional, prefix it with an underscore: `_symbols`
[INFO] [stderr]    |
[INFO] [stderr]    = note: `#[warn(unused_variables)]` on by default
[INFO] [stderr] 
[INFO] [stderr] warning: unused variable: `tokens`
[INFO] [stderr]   --> src/assembler/mod.rs:52:13
[INFO] [stderr]    |
[INFO] [stderr] 52 |         let tokens = self.tokenize(raw).unwrap();
[INFO] [stderr]    |             ^^^^^^ help: if this is intentional, prefix it with an underscore: `_tokens`
[INFO] [stderr] 
[INFO] [stderr] warning: variable does not need to be mutable
[INFO] [stderr]   --> src/assembler/mod.rs:51:13
[INFO] [stderr]    |
[INFO] [stderr] 51 |         let mut result: Vec<u8> = Vec::new();
[INFO] [stderr]    |             ----^^^^^^
[INFO] [stderr]    |             |
[INFO] [stderr]    |             help: remove this `mut`
[INFO] [stderr]    |
[INFO] [stderr]    = note: `#[warn(unused_mut)]` on by default
[INFO] [stderr] 
[INFO] [stderr] warning: unused variable: `reg_num`
[INFO] [stderr]    --> src/assembler/mod.rs:132:50
[INFO] [stderr]     |
[INFO] [stderr] 132 |                         if let Token::Register { reg_num } = tokens[index + 1] {
[INFO] [stderr]     |                                                  ^^^^^^^ help: try ignoring the field: `reg_num: _`
[INFO] [stderr] 
[INFO] [stderr] warning: unused variable: `res`
[INFO] [stderr]   --> src/repl/mod.rs:95:26
[INFO] [stderr]    |
[INFO] [stderr] 95 |                     let (res, tokens) = self.assembler.tokenize(&buffer.trim()).unwrap();
[INFO] [stderr]    |                          ^^^ help: if this is intentional, prefix it with an underscore: `_res`
[INFO] [stderr] 
[INFO] [stderr] warning: unused variable: `i`
[INFO] [stderr]   --> src/vm.rs:81:21
[INFO] [stderr]    |
[INFO] [stderr] 81 |                 for i in 0..bytes {
[INFO] [stderr]    |                     ^ help: if this is intentional, prefix it with an underscore: `_i`
[INFO] [stderr] 
[INFO] [stderr] warning: fields `program`, `ro`, and `symbols` are never read
[INFO] [stderr]   --> src/assembler/mod.rs:38:9
[INFO] [stderr]    |
[INFO] [stderr] 37 | pub struct Assembler {
[INFO] [stderr]    |            --------- fields in this struct
[INFO] [stderr] 38 |     pub program: Vec<u8>,
[INFO] [stderr]    |         ^^^^^^^
[INFO] [stderr] 39 |     pub ro: Vec<u8>,
[INFO] [stderr]    |         ^^
[INFO] [stderr] 40 |     pub symbols: Vec<Symbol>,
[INFO] [stderr]    |         ^^^^^^^
[INFO] [stderr]    |
[INFO] [stderr]    = note: `Assembler` has a derived impl for the trait `Debug`, but this is intentionally ignored during dead code analysis
[INFO] [stderr]    = note: `#[warn(dead_code)]` on by default
[INFO] [stderr] 
[INFO] [stderr] warning: methods `assemble` and `process_first_phase` are never used
[INFO] [stderr]   --> src/assembler/mod.rs:50:12
[INFO] [stderr]    |
[INFO] [stderr] 42 | impl Assembler {
[INFO] [stderr]    | -------------- methods in this implementation
[INFO] [stderr] ...
[INFO] [stderr] 50 |     pub fn assemble<'a>(&self, raw: &'a str) -> Result<Vec<u8>, &str> {
[INFO] [stderr]    |            ^^^^^^^^
[INFO] [stderr] ...
[INFO] [stderr] 56 |     fn process_first_phase(&mut self, tokens: Vec<Token>) {
[INFO] [stderr]    |        ^^^^^^^^^^^^^^^^^^^
[INFO] [stderr] 
[INFO] [stderr] warning: method `to_bytes` is never used
[INFO] [stderr]   --> src/assembler/asm_instruction.rs:16:12
[INFO] [stderr]    |
[INFO] [stderr] 15 | impl AsmInstruction {
[INFO] [stderr]    | ------------------- method in this implementation
[INFO] [stderr] 16 |     pub fn to_bytes(&self, symbols: &SymbolTable) -> Vec<u8> {
[INFO] [stderr]    |            ^^^^^^^^
[INFO] [stderr] 
[INFO] [stderr] warning: function `parse_data` is never used
[INFO] [stderr]   --> src/assembler/parsers.rs:76:8
[INFO] [stderr]    |
[INFO] [stderr] 76 | pub fn parse_data(input: &str) -> IResult<&str, Token> {
[INFO] [stderr]    |        ^^^^^^^^^^
[INFO] [stderr] 
[INFO] [stderr] warning: fields `name`, `offset`, and `symbol_type` are never read
[INFO] [stderr]  --> src/assembler/symbol_table.rs:3:9
[INFO] [stderr]   |
[INFO] [stderr] 2 | pub struct Symbol {
[INFO] [stderr]   |            ------ fields in this struct
[INFO] [stderr] 3 |     pub name: String,
[INFO] [stderr]   |         ^^^^
[INFO] [stderr] 4 |     pub offset: Option<u32>,
[INFO] [stderr]   |         ^^^^^^
[INFO] [stderr] 5 |     pub symbol_type: SymbolType,
[INFO] [stderr]   |         ^^^^^^^^^^^
[INFO] [stderr]   |
[INFO] [stderr]   = note: `Symbol` has derived impls for the traits `Clone` and `Debug`, but these are intentionally ignored during dead code analysis
[INFO] [stderr] 
[INFO] [stderr] warning: associated functions `new` and `new_with_offset` are never used
[INFO] [stderr]   --> src/assembler/symbol_table.rs:8:12
[INFO] [stderr]    |
[INFO] [stderr] 7  | impl Symbol {
[INFO] [stderr]    | ----------- associated functions in this implementation
[INFO] [stderr] 8  |     pub fn new(name: String, symbol_type: SymbolType) -> Symbol {
[INFO] [stderr]    |            ^^^
[INFO] [stderr] ...
[INFO] [stderr] 15 |     pub fn new_with_offset(name: String, symbol_type: SymbolType, offset: u32) -> Symbol {
[INFO] [stderr]    |            ^^^^^^^^^^^^^^^
[INFO] [stderr] 
[INFO] [stderr] warning: variants `Label`, `Integer`, and `IrString` are never constructed
[INFO] [stderr]   --> src/assembler/symbol_table.rs:25:5
[INFO] [stderr]    |
[INFO] [stderr] 24 | pub enum SymbolType {
[INFO] [stderr]    |          ---------- variants in this enum
[INFO] [stderr] 25 |     Label,
[INFO] [stderr]    |     ^^^^^
[INFO] [stderr] 26 |     Integer,
[INFO] [stderr]    |     ^^^^^^^
[INFO] [stderr] 27 |     IrString,
[INFO] [stderr]    |     ^^^^^^^^
[INFO] [stderr]    |
[INFO] [stderr]    = note: `SymbolType` has derived impls for the traits `Clone` and `Debug`, but these are intentionally ignored during dead code analysis
[INFO] [stderr] 
[INFO] [stderr] warning: field `symbols` is never read
[INFO] [stderr]   --> src/assembler/symbol_table.rs:32:9
[INFO] [stderr]    |
[INFO] [stderr] 31 | pub struct SymbolTable {
[INFO] [stderr]    |            ----------- field in this struct
[INFO] [stderr] 32 |     pub symbols: Vec<Symbol>,
[INFO] [stderr]    |         ^^^^^^^
[INFO] [stderr]    |
[INFO] [stderr]    = note: `SymbolTable` has derived impls for the traits `Clone` and `Debug`, but these are intentionally ignored during dead code analysis
[INFO] [stderr] 
[INFO] [stderr] warning: associated items `new` and `add_symbol` are never used
[INFO] [stderr]   --> src/assembler/symbol_table.rs:35:12
[INFO] [stderr]    |
[INFO] [stderr] 34 | impl SymbolTable {
[INFO] [stderr]    | ---------------- associated items in this implementation
[INFO] [stderr] 35 |     pub fn new() -> SymbolTable {
[INFO] [stderr]    |            ^^^
[INFO] [stderr] ...
[INFO] [stderr] 38 |     pub fn add_symbol(&mut self, symbol: Symbol) {
[INFO] [stderr]    |            ^^^^^^^^^^
[INFO] [stderr] 
[INFO] [stderr] warning: method `parse_hex` is never used
[INFO] [stderr]   --> src/repl/mod.rs:24:8
[INFO] [stderr]    |
[INFO] [stderr] 15 | impl REPL {
[INFO] [stderr]    | --------- method in this implementation
[INFO] [stderr] ...
[INFO] [stderr] 24 |     fn parse_hex(&mut self, i: &str) -> Result<Vec<u8>, ParseIntError> {
[INFO] [stderr]    |        ^^^^^^^^^
[INFO] [stderr] 
[INFO] [stderr] warning: field `ro_data` is never read
[INFO] [stderr]   --> src/vm.rs:10:9
[INFO] [stderr]    |
[INFO] [stderr] 3  | pub struct VM {
[INFO] [stderr]    |            -- field in this struct
[INFO] [stderr] ...
[INFO] [stderr] 10 |     pub ro_data: Vec<u8>,
[INFO] [stderr]    |         ^^^^^^^
[INFO] [stderr] 
[INFO] [stderr] warning: method `next_16_bits` is never used
[INFO] [stderr]   --> src/vm.rs:35:8
[INFO] [stderr]    |
[INFO] [stderr] 13 | impl VM {
[INFO] [stderr]    | ------- method in this implementation
[INFO] [stderr] ...
[INFO] [stderr] 35 |     fn next_16_bits(&mut self) -> u16 {
[INFO] [stderr]    |        ^^^^^^^^^^^^
[INFO] [stderr] 
[INFO] [stderr] warning: `pecet-vm` (bin "pecet-vm" test) generated 25 warnings (run `cargo fix --bin "pecet-vm" --tests` to apply 8 suggestions)
[INFO] [stderr]     Finished `test` profile [unoptimized + debuginfo] target(s) in 0.03s
[INFO] [stdout] 
[INFO] [stderr]      Running unittests src/main.rs (/opt/rustwide/target/debug/deps/pecet_vm-d682cb4284e5e3e7)
[INFO] [stdout] running 10 tests
[INFO] [stdout] test vm::tests::test_create_vm ... ok
[INFO] [stdout] test instruction::tests::test_create_iinstrruction ... ok
[INFO] [stdout] test vm::tests::test_jmp ... ok
[INFO] [stdout] test assembler::tests::test_tokens_to_instructions ... ok
[INFO] [stdout] test instruction::tests::test_create_hlt ... ok
[INFO] [stdout] test vm::tests::test_load_opcode ... FAILED
[INFO] [stdout] test vm::tests::test_alu ... FAILED
[INFO] [stdout] test vm::tests::test_jmpeq ... FAILED
[INFO] [stdout] test vm::tests::test_opcode_hlt ... FAILED
[INFO] [stdout] test vm::tests::test_unrecognized ... FAILED
[INFO] [stdout] 
[INFO] [stdout] failures:
[INFO] [stdout] 
[INFO] [stdout] ---- vm::tests::test_load_opcode stdout ----
[INFO] [stderr] error: test failed, to rerun pass `--bin pecet-vm`
[INFO] [stdout] 67109120
[INFO] [stdout] LOAD value:67109120 to r0
[INFO] [stdout] thread 'vm::tests::test_load_opcode' panicked at src/vm.rs:41:36:
[INFO] [stdout] index out of bounds: the len is 8 but the index is 8
[INFO] [stdout] stack backtrace:
[INFO] [stdout]    0:     0x60e1e1f072fa - std::backtrace_rs::backtrace::libunwind::trace::h5a5b8284f2d0c266
[INFO] [stdout]                                at /rustc/90b35a6239c3d8bdabc530a6a0816f7ff89a0aaf/library/std/src/../../backtrace/src/backtrace/libunwind.rs:116:5
[INFO] [stdout]    1:     0x60e1e1f072fa - std::backtrace_rs::backtrace::trace_unsynchronized::h76d4f1c9b0b875e3
[INFO] [stdout]                                at /rustc/90b35a6239c3d8bdabc530a6a0816f7ff89a0aaf/library/std/src/../../backtrace/src/backtrace/mod.rs:66:5
[INFO] [stdout]    2:     0x60e1e1f072fa - std::sys::backtrace::_print_fmt::hc4546b8364a537c6
[INFO] [stdout]                                at /rustc/90b35a6239c3d8bdabc530a6a0816f7ff89a0aaf/library/std/src/sys/backtrace.rs:66:9
[INFO] [stdout]    3:     0x60e1e1f072fa - <std::sys::backtrace::BacktraceLock::print::DisplayBacktrace as core::fmt::Display>::fmt::h5b6bd5631a6d1f6b
[INFO] [stdout]                                at /rustc/90b35a6239c3d8bdabc530a6a0816f7ff89a0aaf/library/std/src/sys/backtrace.rs:39:26
[INFO] [stdout]    4:     0x60e1e1f2ec73 - core::fmt::rt::Argument::fmt::h270f6602a2b96f62
[INFO] [stdout]                                at /rustc/90b35a6239c3d8bdabc530a6a0816f7ff89a0aaf/library/core/src/fmt/rt.rs:177:76
[INFO] [stdout]    5:     0x60e1e1f2ec73 - core::fmt::write::h7550c97b06c86515
[INFO] [stdout]                                at /rustc/90b35a6239c3d8bdabc530a6a0816f7ff89a0aaf/library/core/src/fmt/mod.rs:1186:21
[INFO] [stdout]    6:     0x60e1e1f044c3 - std::io::Write::write_fmt::h509ff860e5956e5e
[INFO] [stdout]                                at /rustc/90b35a6239c3d8bdabc530a6a0816f7ff89a0aaf/library/std/src/io/mod.rs:1839:15
[INFO] [stdout]    7:     0x60e1e1f07142 - std::sys::backtrace::BacktraceLock::print::h2395ccd2c84ba3aa
[INFO] [stdout]                                at /rustc/90b35a6239c3d8bdabc530a6a0816f7ff89a0aaf/library/std/src/sys/backtrace.rs:42:9
[INFO] [stdout]    8:     0x60e1e1f0875a - std::panicking::default_hook::{{closure}}::he19d4c7230e07961
[INFO] [stdout]                                at /rustc/90b35a6239c3d8bdabc530a6a0816f7ff89a0aaf/library/std/src/panicking.rs:268:22
[INFO] [stdout]    9:     0x60e1e1f08564 - std::panicking::default_hook::hf614597d3c67bbdb
[INFO] [stdout]                                at /rustc/90b35a6239c3d8bdabc530a6a0816f7ff89a0aaf/library/std/src/panicking.rs:292:9
[INFO] [stdout]   10:     0x60e1e1ed2bd9 - <alloc::boxed::Box<F,A> as core::ops::function::Fn<Args>>::call::h39b51ce4599c23d1
[INFO] [stdout]                                at /rustc/90b35a6239c3d8bdabc530a6a0816f7ff89a0aaf/library/alloc/src/boxed.rs:2468:9
[INFO] [stdout]   11:     0x60e1e1ed2bd9 - test::test_main::{{closure}}::he977ae839a582784
[INFO] [stdout]                                at /rustc/90b35a6239c3d8bdabc530a6a0816f7ff89a0aaf/library/test/src/lib.rs:133:21
[INFO] [stdout]   12:     0x60e1e1f08df8 - <alloc::boxed::Box<F,A> as core::ops::function::Fn<Args>>::call::h9455091b6b06f9fb
[INFO] [stdout]                                at /rustc/90b35a6239c3d8bdabc530a6a0816f7ff89a0aaf/library/alloc/src/boxed.rs:2468:9
[INFO] [stdout]   13:     0x60e1e1f08df8 - std::panicking::rust_panic_with_hook::h8942133a8b252070
[INFO] [stdout]                                at /rustc/90b35a6239c3d8bdabc530a6a0816f7ff89a0aaf/library/std/src/panicking.rs:809:13
[INFO] [stdout]   14:     0x60e1e1f08bba - std::panicking::begin_panic_handler::{{closure}}::hb5f5963570096b29
[INFO] [stdout]                                at /rustc/90b35a6239c3d8bdabc530a6a0816f7ff89a0aaf/library/std/src/panicking.rs:674:13
[INFO] [stdout]   15:     0x60e1e1f077d9 - std::sys::backtrace::__rust_end_short_backtrace::h6208cedc1922feda
[INFO] [stdout]                                at /rustc/90b35a6239c3d8bdabc530a6a0816f7ff89a0aaf/library/std/src/sys/backtrace.rs:170:18
[INFO] [stdout]   16:     0x60e1e1f0884c - rust_begin_unwind
[INFO] [stdout]                                at /rustc/90b35a6239c3d8bdabc530a6a0816f7ff89a0aaf/library/std/src/panicking.rs:665:5
[INFO] [stdout]   17:     0x60e1e1e7ca50 - core::panicking::panic_fmt::h0c3082644d1bf418
[INFO] [stdout]                                at /rustc/90b35a6239c3d8bdabc530a6a0816f7ff89a0aaf/library/core/src/panicking.rs:74:14
[INFO] [stdout]   18:     0x60e1e1e7cbd1 - core::panicking::panic_bounds_check::h8307ccead484a122
[INFO] [stdout]                                at /rustc/90b35a6239c3d8bdabc530a6a0816f7ff89a0aaf/library/core/src/panicking.rs:276:5
[INFO] [stdout]   19:     0x60e1e1e92993 - <usize as core::slice::index::SliceIndex<[T]>>::index::ha0eabae3b0c2bc11
[INFO] [stdout]                                at /rustc/90b35a6239c3d8bdabc530a6a0816f7ff89a0aaf/library/core/src/slice/index.rs:301:10
[INFO] [stdout]   20:     0x60e1e1e8ce72 - core::slice::index::<impl core::ops::index::Index<I> for [T]>::index::h6bc28bc3f46f027e
[INFO] [stdout]                                at /rustc/90b35a6239c3d8bdabc530a6a0816f7ff89a0aaf/library/core/src/slice/index.rs:16:9
[INFO] [stdout]   21:     0x60e1e1e8ce72 - <alloc::vec::Vec<T,A> as core::ops::index::Index<I>>::index::h61d0622133df8f68
[INFO] [stdout]                                at /rustc/90b35a6239c3d8bdabc530a6a0816f7ff89a0aaf/library/alloc/src/vec/mod.rs:3323:9
[INFO] [stdout]   22:     0x60e1e1e86a91 - pecet_vm::vm::VM::next_32_bits::hede8af1b06cdd393
[INFO] [stdout]                                at /opt/rustwide/workdir/src/vm.rs:41:36
[INFO] [stdout]   23:     0x60e1e1e86d1e - pecet_vm::vm::VM::execute_instruction::h2688f17606318690
[INFO] [stdout]                                at /opt/rustwide/workdir/src/vm.rs:220:30
[INFO] [stdout]   24:     0x60e1e1e86c12 - pecet_vm::vm::VM::run::haff2dce8e6cd1b27
[INFO] [stdout]                                at /opt/rustwide/workdir/src/vm.rs:57:23
[INFO] [stdout]   25:     0x60e1e1e9a09a - pecet_vm::vm::tests::test_load_opcode::he1cabb8a5f0281b8
[INFO] [stdout]                                at /opt/rustwide/workdir/src/vm.rs:274:9
[INFO] [stdout]   26:     0x60e1e1e99f87 - pecet_vm::vm::tests::test_load_opcode::{{closure}}::h2db6face78cd9494
[INFO] [stdout]                                at /opt/rustwide/workdir/src/vm.rs:270:26
[INFO] [stdout]   27:     0x60e1e1e89656 - core::ops::function::FnOnce::call_once::h0c16a3f0d0193e67
[INFO] [stdout]                                at /rustc/90b35a6239c3d8bdabc530a6a0816f7ff89a0aaf/library/core/src/ops/function.rs:250:5
[INFO] [stdout]   28:     0x60e1e1ed759b - core::ops::function::FnOnce::call_once::h109cf8051a59b34e
[INFO] [stdout]                                at /rustc/90b35a6239c3d8bdabc530a6a0816f7ff89a0aaf/library/core/src/ops/function.rs:250:5
[INFO] [stdout]   29:     0x60e1e1ed759b - test::__rust_begin_short_backtrace::hf4fff89d377446ba
[INFO] [stdout]                                at /rustc/90b35a6239c3d8bdabc530a6a0816f7ff89a0aaf/library/test/src/lib.rs:621:18
[INFO] [stdout]   30:     0x60e1e1ed6dd7 - test::run_test_in_process::{{closure}}::h0e39181dd7ee5a43
[INFO] [stdout]                                at /rustc/90b35a6239c3d8bdabc530a6a0816f7ff89a0aaf/library/test/src/lib.rs:644:60
[INFO] [stdout]   31:     0x60e1e1ed6dd7 - <core::panic::unwind_safe::AssertUnwindSafe<F> as core::ops::function::FnOnce<()>>::call_once::hc5a66a30f0bdfd1f
[INFO] [stdout]                                at /rustc/90b35a6239c3d8bdabc530a6a0816f7ff89a0aaf/library/core/src/panic/unwind_safe.rs:272:9
[INFO] [stdout]   32:     0x60e1e1ed6dd7 - std::panicking::try::do_call::h873b7cf639554a5e
[INFO] [stdout]                                at /rustc/90b35a6239c3d8bdabc530a6a0816f7ff89a0aaf/library/std/src/panicking.rs:557:40
[INFO] [stdout]   33:     0x60e1e1ed6dd7 - std::panicking::try::hdb19862fad9c8bd1
[INFO] [stdout]                                at /rustc/90b35a6239c3d8bdabc530a6a0816f7ff89a0aaf/library/std/src/panicking.rs:520:19
[INFO] [stdout]   34:     0x60e1e1ed6dd7 - std::panic::catch_unwind::h281fe732d236d260
[INFO] [stdout]                                at /rustc/90b35a6239c3d8bdabc530a6a0816f7ff89a0aaf/library/std/src/panic.rs:358:14
[INFO] [stdout]   35:     0x60e1e1ed6dd7 - test::run_test_in_process::h949b6df8457ed338
[INFO] [stdout]                                at /rustc/90b35a6239c3d8bdabc530a6a0816f7ff89a0aaf/library/test/src/lib.rs:644:27
[INFO] [stdout]   36:     0x60e1e1ed6dd7 - test::run_test::{{closure}}::h52c556a6d4740e10
[INFO] [stdout]                                at /rustc/90b35a6239c3d8bdabc530a6a0816f7ff89a0aaf/library/test/src/lib.rs:565:43
[INFO] [stdout]   37:     0x60e1e1e9c0b4 - test::run_test::{{closure}}::h4237f6381c45ccb9
[INFO] [stdout]                                at /rustc/90b35a6239c3d8bdabc530a6a0816f7ff89a0aaf/library/test/src/lib.rs:595:41
[INFO] [stdout]   38:     0x60e1e1e9c0b4 - std::sys::backtrace::__rust_begin_short_backtrace::h505c97a579eca628
[INFO] [stdout]                                at /rustc/90b35a6239c3d8bdabc530a6a0816f7ff89a0aaf/library/std/src/sys/backtrace.rs:154:18
[INFO] [stdout]   39:     0x60e1e1e9f77e - std::thread::Builder::spawn_unchecked_::{{closure}}::{{closure}}::h9e86b2e2bc107ea3
[INFO] [stdout]                                at /rustc/90b35a6239c3d8bdabc530a6a0816f7ff89a0aaf/library/std/src/thread/mod.rs:538:17
[INFO] [stdout]   40:     0x60e1e1e9f77e - <core::panic::unwind_safe::AssertUnwindSafe<F> as core::ops::function::FnOnce<()>>::call_once::h8b06ddb275ff4a25
[INFO] [stdout]                                at /rustc/90b35a6239c3d8bdabc530a6a0816f7ff89a0aaf/library/core/src/panic/unwind_safe.rs:272:9
[INFO] [stdout]   41:     0x60e1e1e9f77e - std::panicking::try::do_call::hb26ecd7cd9a9355d
[INFO] [stdout]                                at /rustc/90b35a6239c3d8bdabc530a6a0816f7ff89a0aaf/library/std/src/panicking.rs:557:40
[INFO] [stdout]   42:     0x60e1e1e9f77e - std::panicking::try::h8ddeca9d705f9069
[INFO] [stdout]                                at /rustc/90b35a6239c3d8bdabc530a6a0816f7ff89a0aaf/library/std/src/panicking.rs:520:19
[INFO] [stdout]   43:     0x60e1e1e9f77e - std::panic::catch_unwind::h49e1c33078844c46
[INFO] [stdout]                                at /rustc/90b35a6239c3d8bdabc530a6a0816f7ff89a0aaf/library/std/src/panic.rs:358:14
[INFO] [stdout]   44:     0x60e1e1e9f77e - std::thread::Builder::spawn_unchecked_::{{closure}}::h6073db6ff56ad35d
[INFO] [stdout]                                at /rustc/90b35a6239c3d8bdabc530a6a0816f7ff89a0aaf/library/std/src/thread/mod.rs:537:30
[INFO] [stdout]   45:     0x60e1e1e9f77e - core::ops::function::FnOnce::call_once{{vtable.shim}}::h2c5a5f3779c774f1
[INFO] [stdout]                                at /rustc/90b35a6239c3d8bdabc530a6a0816f7ff89a0aaf/library/core/src/ops/function.rs:250:5
[INFO] [stdout]   46:     0x60e1e1f0cb4b - <alloc::boxed::Box<F,A> as core::ops::function::FnOnce<Args>>::call_once::hf75717d9f28faebf
[INFO] [stdout]                                at /rustc/90b35a6239c3d8bdabc530a6a0816f7ff89a0aaf/library/alloc/src/boxed.rs:2454:9
[INFO] [stdout]   47:     0x60e1e1f0cb4b - <alloc::boxed::Box<F,A> as core::ops::function::FnOnce<Args>>::call_once::h7bd883a5f3c5f3c1
[INFO] [stdout]                                at /rustc/90b35a6239c3d8bdabc530a6a0816f7ff89a0aaf/library/alloc/src/boxed.rs:2454:9
[INFO] [stdout]   48:     0x60e1e1f0cb4b - std::sys::pal::unix::thread::Thread::new::thread_start::hcc78f3943333fa94
[INFO] [stdout]                                at /rustc/90b35a6239c3d8bdabc530a6a0816f7ff89a0aaf/library/std/src/sys/pal/unix/thread.rs:105:17
[INFO] [stdout]   49:     0x7edc62c88ac3 - <unknown>
[INFO] [stdout]   50:     0x7edc62d19a04 - clone
[INFO] [stdout]   51:                0x0 - <unknown>
[INFO] [stdout] 
[INFO] [stdout] ---- vm::tests::test_alu stdout ----
[INFO] [stdout] 6553857
[INFO] [stdout] LOAD value:6553857 to r0
[INFO] [stdout] 83886336
[INFO] [stdout] LOAD value:83886336 to r30
[INFO] [stdout] ***PROGRAM STOP***
[INFO] [stdout] [6553857, 0, 0, 0, 0, 0, 0, 0, 0, 0, 0, 0, 0, 0, 0, 0, 0, 0, 0, 0, 0, 0, 0, 0, 0, 0, 0, 0, 0, 0, 83886336, 0]
[INFO] [stdout] thread 'vm::tests::test_alu' panicked at src/vm.rs:287:9:
[INFO] [stdout] assertion `left == right` failed
[INFO] [stdout]   left: 6553857
[INFO] [stdout]  right: 1024
[INFO] [stdout] stack backtrace:
[INFO] [stdout]    0:     0x60e1e1f072fa - std::backtrace_rs::backtrace::libunwind::trace::h5a5b8284f2d0c266
[INFO] [stdout]                                at /rustc/90b35a6239c3d8bdabc530a6a0816f7ff89a0aaf/library/std/src/../../backtrace/src/backtrace/libunwind.rs:116:5
[INFO] [stdout]    1:     0x60e1e1f072fa - std::backtrace_rs::backtrace::trace_unsynchronized::h76d4f1c9b0b875e3
[INFO] [stdout]                                at /rustc/90b35a6239c3d8bdabc530a6a0816f7ff89a0aaf/library/std/src/../../backtrace/src/backtrace/mod.rs:66:5
[INFO] [stdout]    2:     0x60e1e1f072fa - std::sys::backtrace::_print_fmt::hc4546b8364a537c6
[INFO] [stdout]                                at /rustc/90b35a6239c3d8bdabc530a6a0816f7ff89a0aaf/library/std/src/sys/backtrace.rs:66:9
[INFO] [stdout]    3:     0x60e1e1f072fa - <std::sys::backtrace::BacktraceLock::print::DisplayBacktrace as core::fmt::Display>::fmt::h5b6bd5631a6d1f6b
[INFO] [stdout]                                at /rustc/90b35a6239c3d8bdabc530a6a0816f7ff89a0aaf/library/std/src/sys/backtrace.rs:39:26
[INFO] [stdout]    4:     0x60e1e1f2ec73 - core::fmt::rt::Argument::fmt::h270f6602a2b96f62
[INFO] [stdout]                                at /rustc/90b35a6239c3d8bdabc530a6a0816f7ff89a0aaf/library/core/src/fmt/rt.rs:177:76
[INFO] [stdout]    5:     0x60e1e1f2ec73 - core::fmt::write::h7550c97b06c86515
[INFO] [stdout]                                at /rustc/90b35a6239c3d8bdabc530a6a0816f7ff89a0aaf/library/core/src/fmt/mod.rs:1186:21
[INFO] [stdout]    6:     0x60e1e1f044c3 - std::io::Write::write_fmt::h509ff860e5956e5e
[INFO] [stdout]                                at /rustc/90b35a6239c3d8bdabc530a6a0816f7ff89a0aaf/library/std/src/io/mod.rs:1839:15
[INFO] [stdout]    7:     0x60e1e1f07142 - std::sys::backtrace::BacktraceLock::print::h2395ccd2c84ba3aa
[INFO] [stdout]                                at /rustc/90b35a6239c3d8bdabc530a6a0816f7ff89a0aaf/library/std/src/sys/backtrace.rs:42:9
[INFO] [stdout]    8:     0x60e1e1f0875a - std::panicking::default_hook::{{closure}}::he19d4c7230e07961
[INFO] [stdout]                                at /rustc/90b35a6239c3d8bdabc530a6a0816f7ff89a0aaf/library/std/src/panicking.rs:268:22
[INFO] [stdout]    9:     0x60e1e1f08564 - std::panicking::default_hook::hf614597d3c67bbdb
[INFO] [stdout]                                at /rustc/90b35a6239c3d8bdabc530a6a0816f7ff89a0aaf/library/std/src/panicking.rs:292:9
[INFO] [stdout]   10:     0x60e1e1ed2bd9 - <alloc::boxed::Box<F,A> as core::ops::function::Fn<Args>>::call::h39b51ce4599c23d1
[INFO] [stdout]                                at /rustc/90b35a6239c3d8bdabc530a6a0816f7ff89a0aaf/library/alloc/src/boxed.rs:2468:9
[INFO] [stdout]   11:     0x60e1e1ed2bd9 - test::test_main::{{closure}}::he977ae839a582784
[INFO] [stdout]                                at /rustc/90b35a6239c3d8bdabc530a6a0816f7ff89a0aaf/library/test/src/lib.rs:133:21
[INFO] [stdout]   12:     0x60e1e1f08df8 - <alloc::boxed::Box<F,A> as core::ops::function::Fn<Args>>::call::h9455091b6b06f9fb
[INFO] [stdout]                                at /rustc/90b35a6239c3d8bdabc530a6a0816f7ff89a0aaf/library/alloc/src/boxed.rs:2468:9
[INFO] [stdout]   13:     0x60e1e1f08df8 - std::panicking::rust_panic_with_hook::h8942133a8b252070
[INFO] [stdout]                                at /rustc/90b35a6239c3d8bdabc530a6a0816f7ff89a0aaf/library/std/src/panicking.rs:809:13
[INFO] [stdout]   14:     0x60e1e1f08bba - std::panicking::begin_panic_handler::{{closure}}::hb5f5963570096b29
[INFO] [stdout]                                at /rustc/90b35a6239c3d8bdabc530a6a0816f7ff89a0aaf/library/std/src/panicking.rs:674:13
[INFO] [stdout]   15:     0x60e1e1f077d9 - std::sys::backtrace::__rust_end_short_backtrace::h6208cedc1922feda
[INFO] [stdout]                                at /rustc/90b35a6239c3d8bdabc530a6a0816f7ff89a0aaf/library/std/src/sys/backtrace.rs:170:18
[INFO] [stdout]   16:     0x60e1e1f0884c - rust_begin_unwind
[INFO] [stdout]                                at /rustc/90b35a6239c3d8bdabc530a6a0816f7ff89a0aaf/library/std/src/panicking.rs:665:5
[INFO] [stdout]   17:     0x60e1e1e7ca50 - core::panicking::panic_fmt::h0c3082644d1bf418
[INFO] [stdout]                                at /rustc/90b35a6239c3d8bdabc530a6a0816f7ff89a0aaf/library/core/src/panicking.rs:74:14
[INFO] [stdout]   18:     0x60e1e1e7cdb4 - core::panicking::assert_failed_inner::h2ddf1fcc067fa858
[INFO] [stdout]   19:     0x60e1e1e8a5b0 - core::panicking::assert_failed::h6f8bccd157c945eb
[INFO] [stdout]                                at /rustc/90b35a6239c3d8bdabc530a6a0816f7ff89a0aaf/library/core/src/panicking.rs:367:5
[INFO] [stdout]   20:     0x60e1e1e9a42d - pecet_vm::vm::tests::test_alu::hd28b6630a688cdc9
[INFO] [stdout]                                at /opt/rustwide/workdir/src/vm.rs:287:9
[INFO] [stdout]   21:     0x60e1e1e9a1f7 - pecet_vm::vm::tests::test_alu::{{closure}}::hfac51abd7e373c32
[INFO] [stdout]                                at /opt/rustwide/workdir/src/vm.rs:280:18
[INFO] [stdout]   22:     0x60e1e1e89726 - core::ops::function::FnOnce::call_once::h5b1def85d6467121
[INFO] [stdout]                                at /rustc/90b35a6239c3d8bdabc530a6a0816f7ff89a0aaf/library/core/src/ops/function.rs:250:5
[INFO] [stdout]   23:     0x60e1e1ed759b - core::ops::function::FnOnce::call_once::h109cf8051a59b34e
[INFO] [stdout]                                at /rustc/90b35a6239c3d8bdabc530a6a0816f7ff89a0aaf/library/core/src/ops/function.rs:250:5
[INFO] [stdout]   24:     0x60e1e1ed759b - test::__rust_begin_short_backtrace::hf4fff89d377446ba
[INFO] [stdout]                                at /rustc/90b35a6239c3d8bdabc530a6a0816f7ff89a0aaf/library/test/src/lib.rs:621:18
[INFO] [stdout]   25:     0x60e1e1ed6dd7 - test::run_test_in_process::{{closure}}::h0e39181dd7ee5a43
[INFO] [stdout]                                at /rustc/90b35a6239c3d8bdabc530a6a0816f7ff89a0aaf/library/test/src/lib.rs:644:60
[INFO] [stdout]   26:     0x60e1e1ed6dd7 - <core::panic::unwind_safe::AssertUnwindSafe<F> as core::ops::function::FnOnce<()>>::call_once::hc5a66a30f0bdfd1f
[INFO] [stdout]                                at /rustc/90b35a6239c3d8bdabc530a6a0816f7ff89a0aaf/library/core/src/panic/unwind_safe.rs:272:9
[INFO] [stdout]   27:     0x60e1e1ed6dd7 - std::panicking::try::do_call::h873b7cf639554a5e
[INFO] [stdout]                                at /rustc/90b35a6239c3d8bdabc530a6a0816f7ff89a0aaf/library/std/src/panicking.rs:557:40
[INFO] [stdout]   28:     0x60e1e1ed6dd7 - std::panicking::try::hdb19862fad9c8bd1
[INFO] [stdout]                                at /rustc/90b35a6239c3d8bdabc530a6a0816f7ff89a0aaf/library/std/src/panicking.rs:520:19
[INFO] [stdout]   29:     0x60e1e1ed6dd7 - std::panic::catch_unwind::h281fe732d236d260
[INFO] [stdout]                                at /rustc/90b35a6239c3d8bdabc530a6a0816f7ff89a0aaf/library/std/src/panic.rs:358:14
[INFO] [stdout]   30:     0x60e1e1ed6dd7 - test::run_test_in_process::h949b6df8457ed338
[INFO] [stdout]                                at /rustc/90b35a6239c3d8bdabc530a6a0816f7ff89a0aaf/library/test/src/lib.rs:644:27
[INFO] [stdout]   31:     0x60e1e1ed6dd7 - test::run_test::{{closure}}::h52c556a6d4740e10
[INFO] [stdout]                                at /rustc/90b35a6239c3d8bdabc530a6a0816f7ff89a0aaf/library/test/src/lib.rs:565:43
[INFO] [stdout]   32:     0x60e1e1e9c0b4 - test::run_test::{{closure}}::h4237f6381c45ccb9
[INFO] [stdout]                                at /rustc/90b35a6239c3d8bdabc530a6a0816f7ff89a0aaf/library/test/src/lib.rs:595:41
[INFO] [stdout]   33:     0x60e1e1e9c0b4 - std::sys::backtrace::__rust_begin_short_backtrace::h505c97a579eca628
[INFO] [stdout]                                at /rustc/90b35a6239c3d8bdabc530a6a0816f7ff89a0aaf/library/std/src/sys/backtrace.rs:154:18
[INFO] [stdout]   34:     0x60e1e1e9f77e - std::thread::Builder::spawn_unchecked_::{{closure}}::{{closure}}::h9e86b2e2bc107ea3
[INFO] [stdout]                                at /rustc/90b35a6239c3d8bdabc530a6a0816f7ff89a0aaf/library/std/src/thread/mod.rs:538:17
[INFO] [stdout]   35:     0x60e1e1e9f77e - <core::panic::unwind_safe::AssertUnwindSafe<F> as core::ops::function::FnOnce<()>>::call_once::h8b06ddb275ff4a25
[INFO] [stdout]                                at /rustc/90b35a6239c3d8bdabc530a6a0816f7ff89a0aaf/library/core/src/panic/unwind_safe.rs:272:9
[INFO] [stdout]   36:     0x60e1e1e9f77e - std::panicking::try::do_call::hb26ecd7cd9a9355d
[INFO] [stdout]                                at /rustc/90b35a6239c3d8bdabc530a6a0816f7ff89a0aaf/library/std/src/panicking.rs:557:40
[INFO] [stdout]   37:     0x60e1e1e9f77e - std::panicking::try::h8ddeca9d705f9069
[INFO] [stdout]                                at /rustc/90b35a6239c3d8bdabc530a6a0816f7ff89a0aaf/library/std/src/panicking.rs:520:19
[INFO] [stdout]   38:     0x60e1e1e9f77e - std::panic::catch_unwind::h49e1c33078844c46
[INFO] [stdout]                                at /rustc/90b35a6239c3d8bdabc530a6a0816f7ff89a0aaf/library/std/src/panic.rs:358:14
[INFO] [stdout]   39:     0x60e1e1e9f77e - std::thread::Builder::spawn_unchecked_::{{closure}}::h6073db6ff56ad35d
[INFO] [stdout]                                at /rustc/90b35a6239c3d8bdabc530a6a0816f7ff89a0aaf/library/std/src/thread/mod.rs:537:30
[INFO] [stdout]   40:     0x60e1e1e9f77e - core::ops::function::FnOnce::call_once{{vtable.shim}}::h2c5a5f3779c774f1
[INFO] [stdout]                                at /rustc/90b35a6239c3d8bdabc530a6a0816f7ff89a0aaf/library/core/src/ops/function.rs:250:5
[INFO] [stdout]   41:     0x60e1e1f0cb4b - <alloc::boxed::Box<F,A> as core::ops::function::FnOnce<Args>>::call_once::hf75717d9f28faebf
[INFO] [stdout]                                at /rustc/90b35a6239c3d8bdabc530a6a0816f7ff89a0aaf/library/alloc/src/boxed.rs:2454:9
[INFO] [stdout]   42:     0x60e1e1f0cb4b - <alloc::boxed::Box<F,A> as core::ops::function::FnOnce<Args>>::call_once::h7bd883a5f3c5f3c1
[INFO] [stdout]                                at /rustc/90b35a6239c3d8bdabc530a6a0816f7ff89a0aaf/library/alloc/src/boxed.rs:2454:9
[INFO] [stdout]   43:     0x60e1e1f0cb4b - std::sys::pal::unix::thread::Thread::new::thread_start::hcc78f3943333fa94
[INFO] [stdout]                                at /rustc/90b35a6239c3d8bdabc530a6a0816f7ff89a0aaf/library/std/src/sys/pal/unix/thread.rs:105:17
[INFO] [stdout]   44:     0x7edc62c88ac3 - <unknown>
[INFO] [stdout]   45:     0x7edc62d19a04 - clone
[INFO] [stdout]   46:                0x0 - <unknown>
[INFO] [stdout] 
[INFO] [stdout] ---- vm::tests::test_jmpeq stdout ----
[INFO] [stdout] thread 'vm::tests::test_jmpeq' panicked at src/vm.rs:310:9:
[INFO] [stdout] assertion `left == right` failed
[INFO] [stdout]   left: 2
[INFO] [stdout]  right: 7
[INFO] [stdout] stack backtrace:
[INFO] [stdout]    0:     0x60e1e1f072fa - std::backtrace_rs::backtrace::libunwind::trace::h5a5b8284f2d0c266
[INFO] [stdout]                                at /rustc/90b35a6239c3d8bdabc530a6a0816f7ff89a0aaf/library/std/src/../../backtrace/src/backtrace/libunwind.rs:116:5
[INFO] [stdout]    1:     0x60e1e1f072fa - std::backtrace_rs::backtrace::trace_unsynchronized::h76d4f1c9b0b875e3
[INFO] [stdout]                                at /rustc/90b35a6239c3d8bdabc530a6a0816f7ff89a0aaf/library/std/src/../../backtrace/src/backtrace/mod.rs:66:5
[INFO] [stdout]    2:     0x60e1e1f072fa - std::sys::backtrace::_print_fmt::hc4546b8364a537c6
[INFO] [stdout]                                at /rustc/90b35a6239c3d8bdabc530a6a0816f7ff89a0aaf/library/std/src/sys/backtrace.rs:66:9
[INFO] [stdout]    3:     0x60e1e1f072fa - <std::sys::backtrace::BacktraceLock::print::DisplayBacktrace as core::fmt::Display>::fmt::h5b6bd5631a6d1f6b
[INFO] [stdout]                                at /rustc/90b35a6239c3d8bdabc530a6a0816f7ff89a0aaf/library/std/src/sys/backtrace.rs:39:26
[INFO] [stdout]    4:     0x60e1e1f2ec73 - core::fmt::rt::Argument::fmt::h270f6602a2b96f62
[INFO] [stdout]                                at /rustc/90b35a6239c3d8bdabc530a6a0816f7ff89a0aaf/library/core/src/fmt/rt.rs:177:76
[INFO] [stdout]    5:     0x60e1e1f2ec73 - core::fmt::write::h7550c97b06c86515
[INFO] [stdout]                                at /rustc/90b35a6239c3d8bdabc530a6a0816f7ff89a0aaf/library/core/src/fmt/mod.rs:1186:21
[INFO] [stdout]    6:     0x60e1e1f044c3 - std::io::Write::write_fmt::h509ff860e5956e5e
[INFO] [stdout]                                at /rustc/90b35a6239c3d8bdabc530a6a0816f7ff89a0aaf/library/std/src/io/mod.rs:1839:15
[INFO] [stdout]    7:     0x60e1e1f07142 - std::sys::backtrace::BacktraceLock::print::h2395ccd2c84ba3aa
[INFO] [stdout]                                at /rustc/90b35a6239c3d8bdabc530a6a0816f7ff89a0aaf/library/std/src/sys/backtrace.rs:42:9
[INFO] [stdout]    8:     0x60e1e1f0875a - std::panicking::default_hook::{{closure}}::he19d4c7230e07961
[INFO] [stdout]                                at /rustc/90b35a6239c3d8bdabc530a6a0816f7ff89a0aaf/library/std/src/panicking.rs:268:22
[INFO] [stdout]    9:     0x60e1e1f08564 - std::panicking::default_hook::hf614597d3c67bbdb
[INFO] [stdout]                                at /rustc/90b35a6239c3d8bdabc530a6a0816f7ff89a0aaf/library/std/src/panicking.rs:292:9
[INFO] [stdout]   10:     0x60e1e1ed2bd9 - <alloc::boxed::Box<F,A> as core::ops::function::Fn<Args>>::call::h39b51ce4599c23d1
[INFO] [stdout]                                at /rustc/90b35a6239c3d8bdabc530a6a0816f7ff89a0aaf/library/alloc/src/boxed.rs:2468:9
[INFO] [stdout]   11:     0x60e1e1ed2bd9 - test::test_main::{{closure}}::he977ae839a582784
[INFO] [stdout]                                at /rustc/90b35a6239c3d8bdabc530a6a0816f7ff89a0aaf/library/test/src/lib.rs:133:21
[INFO] [stdout]   12:     0x60e1e1f08df8 - <alloc::boxed::Box<F,A> as core::ops::function::Fn<Args>>::call::h9455091b6b06f9fb
[INFO] [stdout]                                at /rustc/90b35a6239c3d8bdabc530a6a0816f7ff89a0aaf/library/alloc/src/boxed.rs:2468:9
[INFO] [stdout]   13:     0x60e1e1f08df8 - std::panicking::rust_panic_with_hook::h8942133a8b252070
[INFO] [stdout]                                at /rustc/90b35a6239c3d8bdabc530a6a0816f7ff89a0aaf/library/std/src/panicking.rs:809:13
[INFO] [stdout]   14:     0x60e1e1f08bba - std::panicking::begin_panic_handler::{{closure}}::hb5f5963570096b29
[INFO] [stdout]                                at /rustc/90b35a6239c3d8bdabc530a6a0816f7ff89a0aaf/library/std/src/panicking.rs:674:13
[INFO] [stdout]   15:     0x60e1e1f077d9 - std::sys::backtrace::__rust_end_short_backtrace::h6208cedc1922feda
[INFO] [stdout]                                at /rustc/90b35a6239c3d8bdabc530a6a0816f7ff89a0aaf/library/std/src/sys/backtrace.rs:170:18
[INFO] [stdout]   16:     0x60e1e1f0884c - rust_begin_unwind
[INFO] [stdout]                                at /rustc/90b35a6239c3d8bdabc530a6a0816f7ff89a0aaf/library/std/src/panicking.rs:665:5
[INFO] [stdout]   17:     0x60e1e1e7ca50 - core::panicking::panic_fmt::h0c3082644d1bf418
[INFO] [stdout]                                at /rustc/90b35a6239c3d8bdabc530a6a0816f7ff89a0aaf/library/core/src/panicking.rs:74:14
[INFO] [stdout]   18:     0x60e1e1e7cdb4 - core::panicking::assert_failed_inner::h2ddf1fcc067fa858
[INFO] [stdout]   19:     0x60e1e1ede249 - core::panicking::assert_failed::h73b598a7b342b019
[INFO] [stdout]                                at /rustc/90b35a6239c3d8bdabc530a6a0816f7ff89a0aaf/library/core/src/panicking.rs:367:5
[INFO] [stdout]   20:     0x60e1e1e9a8c0 - pecet_vm::vm::tests::test_jmpeq::h3f727f99b7d68855
[INFO] [stdout]                                at /opt/rustwide/workdir/src/vm.rs:310:9
[INFO] [stdout]   21:     0x60e1e1e9a6c7 - pecet_vm::vm::tests::test_jmpeq::{{closure}}::hcaaa6db0f437c31e
[INFO] [stdout]                                at /opt/rustwide/workdir/src/vm.rs:302:20
[INFO] [stdout]   22:     0x60e1e1e898b6 - core::ops::function::FnOnce::call_once::hd390a48ef4c4a75a
[INFO] [stdout]                                at /rustc/90b35a6239c3d8bdabc530a6a0816f7ff89a0aaf/library/core/src/ops/function.rs:250:5
[INFO] [stdout]   23:     0x60e1e1ed759b - core::ops::function::FnOnce::call_once::h109cf8051a59b34e
[INFO] [stdout]                                at /rustc/90b35a6239c3d8bdabc530a6a0816f7ff89a0aaf/library/core/src/ops/function.rs:250:5
[INFO] [stdout]   24:     0x60e1e1ed759b - test::__rust_begin_short_backtrace::hf4fff89d377446ba
[INFO] [stdout]                                at /rustc/90b35a6239c3d8bdabc530a6a0816f7ff89a0aaf/library/test/src/lib.rs:621:18
[INFO] [stdout]   25:     0x60e1e1ed6dd7 - test::run_test_in_process::{{closure}}::h0e39181dd7ee5a43
[INFO] [stdout]                                at /rustc/90b35a6239c3d8bdabc530a6a0816f7ff89a0aaf/library/test/src/lib.rs:644:60
[INFO] [stdout]   26:     0x60e1e1ed6dd7 - <core::panic::unwind_safe::AssertUnwindSafe<F> as core::ops::function::FnOnce<()>>::call_once::hc5a66a30f0bdfd1f
[INFO] [stdout]                                at /rustc/90b35a6239c3d8bdabc530a6a0816f7ff89a0aaf/library/core/src/panic/unwind_safe.rs:272:9
[INFO] [stdout]   27:     0x60e1e1ed6dd7 - std::panicking::try::do_call::h873b7cf639554a5e
[INFO] [stdout]                                at /rustc/90b35a6239c3d8bdabc530a6a0816f7ff89a0aaf/library/std/src/panicking.rs:557:40
[INFO] [stdout]   28:     0x60e1e1ed6dd7 - std::panicking::try::hdb19862fad9c8bd1
[INFO] [stdout]                                at /rustc/90b35a6239c3d8bdabc530a6a0816f7ff89a0aaf/library/std/src/panicking.rs:520:19
[INFO] [stdout]   29:     0x60e1e1ed6dd7 - std::panic::catch_unwind::h281fe732d236d260
[INFO] [stdout]                                at /rustc/90b35a6239c3d8bdabc530a6a0816f7ff89a0aaf/library/std/src/panic.rs:358:14
[INFO] [stdout]   30:     0x60e1e1ed6dd7 - test::run_test_in_process::h949b6df8457ed338
[INFO] [stdout]                                at /rustc/90b35a6239c3d8bdabc530a6a0816f7ff89a0aaf/library/test/src/lib.rs:644:27
[INFO] [stdout]   31:     0x60e1e1ed6dd7 - test::run_test::{{closure}}::h52c556a6d4740e10
[INFO] [stdout]                                at /rustc/90b35a6239c3d8bdabc530a6a0816f7ff89a0aaf/library/test/src/lib.rs:565:43
[INFO] [stdout]   32:     0x60e1e1e9c0b4 - test::run_test::{{closure}}::h4237f6381c45ccb9
[INFO] [stdout]                                at /rustc/90b35a6239c3d8bdabc530a6a0816f7ff89a0aaf/library/test/src/lib.rs:595:41
[INFO] [stdout]   33:     0x60e1e1e9c0b4 - std::sys::backtrace::__rust_begin_short_backtrace::h505c97a579eca628
[INFO] [stdout]                                at /rustc/90b35a6239c3d8bdabc530a6a0816f7ff89a0aaf/library/std/src/sys/backtrace.rs:154:18
[INFO] [stdout]   34:     0x60e1e1e9f77e - std::thread::Builder::spawn_unchecked_::{{closure}}::{{closure}}::h9e86b2e2bc107ea3
[INFO] [stdout]                                at /rustc/90b35a6239c3d8bdabc530a6a0816f7ff89a0aaf/library/std/src/thread/mod.rs:538:17
[INFO] [stdout]   35:     0x60e1e1e9f77e - <core::panic::unwind_safe::AssertUnwindSafe<F> as core::ops::function::FnOnce<()>>::call_once::h8b06ddb275ff4a25
[INFO] [stdout]                                at /rustc/90b35a6239c3d8bdabc530a6a0816f7ff89a0aaf/library/core/src/panic/unwind_safe.rs:272:9
[INFO] [stdout]   36:     0x60e1e1e9f77e - std::panicking::try::do_call::hb26ecd7cd9a9355d
[INFO] [stdout]                                at /rustc/90b35a6239c3d8bdabc530a6a0816f7ff89a0aaf/library/std/src/panicking.rs:557:40
[INFO] [stdout]   37:     0x60e1e1e9f77e - std::panicking::try::h8ddeca9d705f9069
[INFO] [stdout]                                at /rustc/90b35a6239c3d8bdabc530a6a0816f7ff89a0aaf/library/std/src/panicking.rs:520:19
[INFO] [stdout]   38:     0x60e1e1e9f77e - std::panic::catch_unwind::h49e1c33078844c46
[INFO] [stdout]                                at /rustc/90b35a6239c3d8bdabc530a6a0816f7ff89a0aaf/library/std/src/panic.rs:358:14
[INFO] [stdout]   39:     0x60e1e1e9f77e - std::thread::Builder::spawn_unchecked_::{{closure}}::h6073db6ff56ad35d
[INFO] [stdout]                                at /rustc/90b35a6239c3d8bdabc530a6a0816f7ff89a0aaf/library/std/src/thread/mod.rs:537:30
[INFO] [stdout]   40:     0x60e1e1e9f77e - core::ops::function::FnOnce::call_once{{vtable.shim}}::h2c5a5f3779c774f1
[INFO] [stdout]                                at /rustc/90b35a6239c3d8bdabc530a6a0816f7ff89a0aaf/library/core/src/ops/function.rs:250:5
[INFO] [stdout]   41:     0x60e1e1f0cb4b - <alloc::boxed::Box<F,A> as core::ops::function::FnOnce<Args>>::call_once::hf75717d9f28faebf
[INFO] [stdout]                                at /rustc/90b35a6239c3d8bdabc530a6a0816f7ff89a0aaf/library/alloc/src/boxed.rs:2454:9
[INFO] [stdout]   42:     0x60e1e1f0cb4b - <alloc::boxed::Box<F,A> as core::ops::function::FnOnce<Args>>::call_once::h7bd883a5f3c5f3c1
[INFO] [stdout]                                at /rustc/90b35a6239c3d8bdabc530a6a0816f7ff89a0aaf/library/alloc/src/boxed.rs:2454:9
[INFO] [stdout]   43:     0x60e1e1f0cb4b - std::sys::pal::unix::thread::Thread::new::thread_start::hcc78f3943333fa94
[INFO] [stdout]                                at /rustc/90b35a6239c3d8bdabc530a6a0816f7ff89a0aaf/library/std/src/sys/pal/unix/thread.rs:105:17
[INFO] [stdout]   44:     0x7edc62c88ac3 - <unknown>
[INFO] [stdout]   45:     0x7edc62d19a04 - clone
[INFO] [stdout]   46:                0x0 - <unknown>
[INFO] [stdout] 
[INFO] [stdout] ---- vm::tests::test_opcode_hlt stdout ----
[INFO] [stdout] ADD r1: 0 r2: 0
[INFO] [stdout] RESULT: 0
[INFO] [stdout] thread 'vm::tests::test_opcode_hlt' panicked at src/vm.rs:258:9:
[INFO] [stdout] assertion `left == right` failed
[INFO] [stdout]   left: 4
[INFO] [stdout]  right: 1
[INFO] [stdout] stack backtrace:
[INFO] [stdout]    0:     0x60e1e1f072fa - std::backtrace_rs::backtrace::libunwind::trace::h5a5b8284f2d0c266
[INFO] [stdout]                                at /rustc/90b35a6239c3d8bdabc530a6a0816f7ff89a0aaf/library/std/src/../../backtrace/src/backtrace/libunwind.rs:116:5
[INFO] [stdout]    1:     0x60e1e1f072fa - std::backtrace_rs::backtrace::trace_unsynchronized::h76d4f1c9b0b875e3
[INFO] [stdout]                                at /rustc/90b35a6239c3d8bdabc530a6a0816f7ff89a0aaf/library/std/src/../../backtrace/src/backtrace/mod.rs:66:5
[INFO] [stdout]    2:     0x60e1e1f072fa - std::sys::backtrace::_print_fmt::hc4546b8364a537c6
[INFO] [stdout]                                at /rustc/90b35a6239c3d8bdabc530a6a0816f7ff89a0aaf/library/std/src/sys/backtrace.rs:66:9
[INFO] [stdout]    3:     0x60e1e1f072fa - <std::sys::backtrace::BacktraceLock::print::DisplayBacktrace as core::fmt::Display>::fmt::h5b6bd5631a6d1f6b
[INFO] [stdout]                                at /rustc/90b35a6239c3d8bdabc530a6a0816f7ff89a0aaf/library/std/src/sys/backtrace.rs:39:26
[INFO] [stdout]    4:     0x60e1e1f2ec73 - core::fmt::rt::Argument::fmt::h270f6602a2b96f62
[INFO] [stdout]                                at /rustc/90b35a6239c3d8bdabc530a6a0816f7ff89a0aaf/library/core/src/fmt/rt.rs:177:76
[INFO] [stdout]    5:     0x60e1e1f2ec73 - core::fmt::write::h7550c97b06c86515
[INFO] [stdout]                                at /rustc/90b35a6239c3d8bdabc530a6a0816f7ff89a0aaf/library/core/src/fmt/mod.rs:1186:21
[INFO] [stdout]    6:     0x60e1e1f044c3 - std::io::Write::write_fmt::h509ff860e5956e5e
[INFO] [stdout]                                at /rustc/90b35a6239c3d8bdabc530a6a0816f7ff89a0aaf/library/std/src/io/mod.rs:1839:15
[INFO] [stdout]    7:     0x60e1e1f07142 - std::sys::backtrace::BacktraceLock::print::h2395ccd2c84ba3aa
[INFO] [stdout]                                at /rustc/90b35a6239c3d8bdabc530a6a0816f7ff89a0aaf/library/std/src/sys/backtrace.rs:42:9
[INFO] [stdout]    8:     0x60e1e1f0875a - std::panicking::default_hook::{{closure}}::he19d4c7230e07961
[INFO] [stdout]                                at /rustc/90b35a6239c3d8bdabc530a6a0816f7ff89a0aaf/library/std/src/panicking.rs:268:22
[INFO] [stdout]    9:     0x60e1e1f08564 - std::panicking::default_hook::hf614597d3c67bbdb
[INFO] [stdout]                                at /rustc/90b35a6239c3d8bdabc530a6a0816f7ff89a0aaf/library/std/src/panicking.rs:292:9
[INFO] [stdout]   10:     0x60e1e1ed2bd9 - <alloc::boxed::Box<F,A> as core::ops::function::Fn<Args>>::call::h39b51ce4599c23d1
[INFO] [stdout]                                at /rustc/90b35a6239c3d8bdabc530a6a0816f7ff89a0aaf/library/alloc/src/boxed.rs:2468:9
[INFO] [stdout]   11:     0x60e1e1ed2bd9 - test::test_main::{{closure}}::he977ae839a582784
[INFO] [stdout]                                at /rustc/90b35a6239c3d8bdabc530a6a0816f7ff89a0aaf/library/test/src/lib.rs:133:21
[INFO] [stdout]   12:     0x60e1e1f08df8 - <alloc::boxed::Box<F,A> as core::ops::function::Fn<Args>>::call::h9455091b6b06f9fb
[INFO] [stdout]                                at /rustc/90b35a6239c3d8bdabc530a6a0816f7ff89a0aaf/library/alloc/src/boxed.rs:2468:9
[INFO] [stdout]   13:     0x60e1e1f08df8 - std::panicking::rust_panic_with_hook::h8942133a8b252070
[INFO] [stdout]                                at /rustc/90b35a6239c3d8bdabc530a6a0816f7ff89a0aaf/library/std/src/panicking.rs:809:13
[INFO] [stdout]   14:     0x60e1e1f08bba - std::panicking::begin_panic_handler::{{closure}}::hb5f5963570096b29
[INFO] [stdout]                                at /rustc/90b35a6239c3d8bdabc530a6a0816f7ff89a0aaf/library/std/src/panicking.rs:674:13
[INFO] [stdout]   15:     0x60e1e1f077d9 - std::sys::backtrace::__rust_end_short_backtrace::h6208cedc1922feda
[INFO] [stdout]                                at /rustc/90b35a6239c3d8bdabc530a6a0816f7ff89a0aaf/library/std/src/sys/backtrace.rs:170:18
[INFO] [stdout]   16:     0x60e1e1f0884c - rust_begin_unwind
[INFO] [stdout]                                at /rustc/90b35a6239c3d8bdabc530a6a0816f7ff89a0aaf/library/std/src/panicking.rs:665:5
[INFO] [stdout]   17:     0x60e1e1e7ca50 - core::panicking::panic_fmt::h0c3082644d1bf418
[INFO] [stdout]                                at /rustc/90b35a6239c3d8bdabc530a6a0816f7ff89a0aaf/library/core/src/panicking.rs:74:14
[INFO] [stdout]   18:     0x60e1e1e7cdb4 - core::panicking::assert_failed_inner::h2ddf1fcc067fa858
[INFO] [stdout]   19:     0x60e1e1ede249 - core::panicking::assert_failed::h73b598a7b342b019
[INFO] [stdout]                                at /rustc/90b35a6239c3d8bdabc530a6a0816f7ff89a0aaf/library/core/src/panicking.rs:367:5
[INFO] [stdout]   20:     0x60e1e1e99d82 - pecet_vm::vm::tests::test_opcode_hlt::h7ff503da67d6d29a
[INFO] [stdout]                                at /opt/rustwide/workdir/src/vm.rs:258:9
[INFO] [stdout]   21:     0x60e1e1e99c07 - pecet_vm::vm::tests::test_opcode_hlt::{{closure}}::h02258fb6d4df7518
[INFO] [stdout]                                at /opt/rustwide/workdir/src/vm.rs:253:25
[INFO] [stdout]   22:     0x60e1e1e89776 - core::ops::function::FnOnce::call_once::h68ac96e40082d238
[INFO] [stdout]                                at /rustc/90b35a6239c3d8bdabc530a6a0816f7ff89a0aaf/library/core/src/ops/function.rs:250:5
[INFO] [stdout]   23:     0x60e1e1ed759b - core::ops::function::FnOnce::call_once::h109cf8051a59b34e
[INFO] [stdout]                                at /rustc/90b35a6239c3d8bdabc530a6a0816f7ff89a0aaf/library/core/src/ops/function.rs:250:5
[INFO] [stdout]   24:     0x60e1e1ed759b - test::__rust_begin_short_backtrace::hf4fff89d377446ba
[INFO] [stdout]                                at /rustc/90b35a6239c3d8bdabc530a6a0816f7ff89a0aaf/library/test/src/lib.rs:621:18
[INFO] [stdout]   25:     0x60e1e1ed6dd7 - test::run_test_in_process::{{closure}}::h0e39181dd7ee5a43
[INFO] [stdout]                                at /rustc/90b35a6239c3d8bdabc530a6a0816f7ff89a0aaf/library/test/src/lib.rs:644:60
[INFO] [stdout]   26:     0x60e1e1ed6dd7 - <core::panic::unwind_safe::AssertUnwindSafe<F> as core::ops::function::FnOnce<()>>::call_once::hc5a66a30f0bdfd1f
[INFO] [stdout]                                at /rustc/90b35a6239c3d8bdabc530a6a0816f7ff89a0aaf/library/core/src/panic/unwind_safe.rs:272:9
[INFO] [stdout]   27:     0x60e1e1ed6dd7 - std::panicking::try::do_call::h873b7cf639554a5e
[INFO] [stdout]                                at /rustc/90b35a6239c3d8bdabc530a6a0816f7ff89a0aaf/library/std/src/panicking.rs:557:40
[INFO] [stdout]   28:     0x60e1e1ed6dd7 - std::panicking::try::hdb19862fad9c8bd1
[INFO] [stdout]                                at /rustc/90b35a6239c3d8bdabc530a6a0816f7ff89a0aaf/library/std/src/panicking.rs:520:19
[INFO] [stdout]   29:     0x60e1e1ed6dd7 - std::panic::catch_unwind::h281fe732d236d260
[INFO] [stdout]                                at /rustc/90b35a6239c3d8bdabc530a6a0816f7ff89a0aaf/library/std/src/panic.rs:358:14
[INFO] [stdout]   30:     0x60e1e1ed6dd7 - test::run_test_in_process::h949b6df8457ed338
[INFO] [stdout]                                at /rustc/90b35a6239c3d8bdabc530a6a0816f7ff89a0aaf/library/test/src/lib.rs:644:27
[INFO] [stdout]   31:     0x60e1e1ed6dd7 - test::run_test::{{closure}}::h52c556a6d4740e10
[INFO] [stdout]                                at /rustc/90b35a6239c3d8bdabc530a6a0816f7ff89a0aaf/library/test/src/lib.rs:565:43
[INFO] [stdout]   32:     0x60e1e1e9c0b4 - test::run_test::{{closure}}::h4237f6381c45ccb9
[INFO] [stdout]                                at /rustc/90b35a6239c3d8bdabc530a6a0816f7ff89a0aaf/library/test/src/lib.rs:595:41
[INFO] [stdout]   33:     0x60e1e1e9c0b4 - std::sys::backtrace::__rust_begin_short_backtrace::h505c97a579eca628
[INFO] [stdout]                                at /rustc/90b35a6239c3d8bdabc530a6a0816f7ff89a0aaf/library/std/src/sys/backtrace.rs:154:18
[INFO] [stdout]   34:     0x60e1e1e9f77e - std::thread::Builder::spawn_unchecked_::{{closure}}::{{closure}}::h9e86b2e2bc107ea3
[INFO] [stdout]                                at /rustc/90b35a6239c3d8bdabc530a6a0816f7ff89a0aaf/library/std/src/thread/mod.rs:538:17
[INFO] [stdout]   35:     0x60e1e1e9f77e - <core::panic::unwind_safe::AssertUnwindSafe<F> as core::ops::function::FnOnce<()>>::call_once::h8b06ddb275ff4a25
[INFO] [stdout]                                at /rustc/90b35a6239c3d8bdabc530a6a0816f7ff89a0aaf/library/core/src/panic/unwind_safe.rs:272:9
[INFO] [stdout]   36:     0x60e1e1e9f77e - std::panicking::try::do_call::hb26ecd7cd9a9355d
[INFO] [stdout]                                at /rustc/90b35a6239c3d8bdabc530a6a0816f7ff89a0aaf/library/std/src/panicking.rs:557:40
[INFO] [stdout]   37:     0x60e1e1e9f77e - std::panicking::try::h8ddeca9d705f9069
[INFO] [stdout]                                at /rustc/90b35a6239c3d8bdabc530a6a0816f7ff89a0aaf/library/std/src/panicking.rs:520:19
[INFO] [stdout]   38:     0x60e1e1e9f77e - std::panic::catch_unwind::h49e1c33078844c46
[INFO] [stdout]                                at /rustc/90b35a6239c3d8bdabc530a6a0816f7ff89a0aaf/library/std/src/panic.rs:358:14
[INFO] [stdout]   39:     0x60e1e1e9f77e - std::thread::Builder::spawn_unchecked_::{{closure}}::h6073db6ff56ad35d
[INFO] [stdout]                                at /rustc/90b35a6239c3d8bdabc530a6a0816f7ff89a0aaf/library/std/src/thread/mod.rs:537:30
[INFO] [stdout]   40:     0x60e1e1e9f77e - core::ops::function::FnOnce::call_once{{vtable.shim}}::h2c5a5f3779c774f1
[INFO] [stdout]                                at /rustc/90b35a6239c3d8bdabc530a6a0816f7ff89a0aaf/library/core/src/ops/function.rs:250:5
[INFO] [stdout]   41:     0x60e1e1f0cb4b - <alloc::boxed::Box<F,A> as core::ops::function::FnOnce<Args>>::call_once::hf75717d9f28faebf
[INFO] [stdout]                                at /rustc/90b35a6239c3d8bdabc530a6a0816f7ff89a0aaf/library/alloc/src/boxed.rs:2454:9
[INFO] [stdout]   42:     0x60e1e1f0cb4b - <alloc::boxed::Box<F,A> as core::ops::function::FnOnce<Args>>::call_once::h7bd883a5f3c5f3c1
[INFO] [stdout]                                at /rustc/90b35a6239c3d8bdabc530a6a0816f7ff89a0aaf/library/alloc/src/boxed.rs:2454:9
[INFO] [stdout]   43:     0x60e1e1f0cb4b - std::sys::pal::unix::thread::Thread::new::thread_start::hcc78f3943333fa94
[INFO] [stdout]                                at /rustc/90b35a6239c3d8bdabc530a6a0816f7ff89a0aaf/library/std/src/sys/pal/unix/thread.rs:105:17
[INFO] [stdout]   44:     0x7edc62c88ac3 - <unknown>
[INFO] [stdout]   45:     0x7edc62d19a04 - clone
[INFO] [stdout]   46:                0x0 - <unknown>
[INFO] [stdout] 
[INFO] [stdout] ---- vm::tests::test_unrecognized stdout ----
[INFO] [stdout] thread 'vm::tests::test_unrecognized' panicked at src/vm.rs:180:63:
[INFO] [stdout] attempt to divide by zero
[INFO] [stdout] stack backtrace:
[INFO] [stdout]    0:     0x60e1e1f072fa - std::backtrace_rs::backtrace::libunwind::trace::h5a5b8284f2d0c266
[INFO] [stdout]                                at /rustc/90b35a6239c3d8bdabc530a6a0816f7ff89a0aaf/library/std/src/../../backtrace/src/backtrace/libunwind.rs:116:5
[INFO] [stdout]    1:     0x60e1e1f072fa - std::backtrace_rs::backtrace::trace_unsynchronized::h76d4f1c9b0b875e3
[INFO] [stdout]                                at /rustc/90b35a6239c3d8bdabc530a6a0816f7ff89a0aaf/library/std/src/../../backtrace/src/backtrace/mod.rs:66:5
[INFO] [stdout]    2:     0x60e1e1f072fa - std::sys::backtrace::_print_fmt::hc4546b8364a537c6
[INFO] [stdout]                                at /rustc/90b35a6239c3d8bdabc530a6a0816f7ff89a0aaf/library/std/src/sys/backtrace.rs:66:9
[INFO] [stdout]    3:     0x60e1e1f072fa - <std::sys::backtrace::BacktraceLock::print::DisplayBacktrace as core::fmt::Display>::fmt::h5b6bd5631a6d1f6b
[INFO] [stdout]                                at /rustc/90b35a6239c3d8bdabc530a6a0816f7ff89a0aaf/library/std/src/sys/backtrace.rs:39:26
[INFO] [stdout]    4:     0x60e1e1f2ec73 - core::fmt::rt::Argument::fmt::h270f6602a2b96f62
[INFO] [stdout]                                at /rustc/90b35a6239c3d8bdabc530a6a0816f7ff89a0aaf/library/core/src/fmt/rt.rs:177:76
[INFO] [stdout]    5:     0x60e1e1f2ec73 - core::fmt::write::h7550c97b06c86515
[INFO] [stdout]                                at /rustc/90b35a6239c3d8bdabc530a6a0816f7ff89a0aaf/library/core/src/fmt/mod.rs:1186:21
[INFO] [stdout]    6:     0x60e1e1f044c3 - std::io::Write::write_fmt::h509ff860e5956e5e
[INFO] [stdout]                                at /rustc/90b35a6239c3d8bdabc530a6a0816f7ff89a0aaf/library/std/src/io/mod.rs:1839:15
[INFO] [stdout]    7:     0x60e1e1f07142 - std::sys::backtrace::BacktraceLock::print::h2395ccd2c84ba3aa
[INFO] [stdout]                                at /rustc/90b35a6239c3d8bdabc530a6a0816f7ff89a0aaf/library/std/src/sys/backtrace.rs:42:9
[INFO] [stdout]    8:     0x60e1e1f0875a - std::panicking::default_hook::{{closure}}::he19d4c7230e07961
[INFO] [stdout]                                at /rustc/90b35a6239c3d8bdabc530a6a0816f7ff89a0aaf/library/std/src/panicking.rs:268:22
[INFO] [stdout]    9:     0x60e1e1f08564 - std::panicking::default_hook::hf614597d3c67bbdb
[INFO] [stdout]                                at /rustc/90b35a6239c3d8bdabc530a6a0816f7ff89a0aaf/library/std/src/panicking.rs:292:9
[INFO] [stdout]   10:     0x60e1e1ed2bd9 - <alloc::boxed::Box<F,A> as core::ops::function::Fn<Args>>::call::h39b51ce4599c23d1
[INFO] [stdout]                                at /rustc/90b35a6239c3d8bdabc530a6a0816f7ff89a0aaf/library/alloc/src/boxed.rs:2468:9
[INFO] [stdout]   11:     0x60e1e1ed2bd9 - test::test_main::{{closure}}::he977ae839a582784
[INFO] [stdout]                                at /rustc/90b35a6239c3d8bdabc530a6a0816f7ff89a0aaf/library/test/src/lib.rs:133:21
[INFO] [stdout]   12:     0x60e1e1f08df8 - <alloc::boxed::Box<F,A> as core::ops::function::Fn<Args>>::call::h9455091b6b06f9fb
[INFO] [stdout]                                at /rustc/90b35a6239c3d8bdabc530a6a0816f7ff89a0aaf/library/alloc/src/boxed.rs:2468:9
[INFO] [stdout]   13:     0x60e1e1f08df8 - std::panicking::rust_panic_with_hook::h8942133a8b252070
[INFO] [stdout]                                at /rustc/90b35a6239c3d8bdabc530a6a0816f7ff89a0aaf/library/std/src/panicking.rs:809:13
[INFO] [stdout]   14:     0x60e1e1f08b86 - std::panicking::begin_panic_handler::{{closure}}::hb5f5963570096b29
[INFO] [stdout]                                at /rustc/90b35a6239c3d8bdabc530a6a0816f7ff89a0aaf/library/std/src/panicking.rs:667:13
[INFO] [stdout]   15:     0x60e1e1f077d9 - std::sys::backtrace::__rust_end_short_backtrace::h6208cedc1922feda
[INFO] [stdout]                                at /rustc/90b35a6239c3d8bdabc530a6a0816f7ff89a0aaf/library/std/src/sys/backtrace.rs:170:18
[INFO] [stdout]   16:     0x60e1e1f0884c - rust_begin_unwind
[INFO] [stdout]                                at /rustc/90b35a6239c3d8bdabc530a6a0816f7ff89a0aaf/library/std/src/panicking.rs:665:5
[INFO] [stdout]   17:     0x60e1e1e7ca50 - core::panicking::panic_fmt::h0c3082644d1bf418
[INFO] [stdout]                                at /rustc/90b35a6239c3d8bdabc530a6a0816f7ff89a0aaf/library/core/src/panicking.rs:74:14
[INFO] [stdout]   18:     0x60e1e1e7d247 - core::panicking::panic_const::panic_const_div_by_zero::h80fc355940c12604
[INFO] [stdout]                                at /rustc/90b35a6239c3d8bdabc530a6a0816f7ff89a0aaf/library/core/src/panicking.rs:181:21
[INFO] [stdout]   19:     0x60e1e1e87e15 - pecet_vm::vm::VM::execute_instruction::h2688f17606318690
[INFO] [stdout]                                at /opt/rustwide/workdir/src/vm.rs:180:63
[INFO] [stdout]   20:     0x60e1e1e86c12 - pecet_vm::vm::VM::run::haff2dce8e6cd1b27
[INFO] [stdout]                                at /opt/rustwide/workdir/src/vm.rs:57:23
[INFO] [stdout]   21:     0x60e1e1e99eca - pecet_vm::vm::tests::test_unrecognized::he67c3496d39d2fd8
[INFO] [stdout]                                at /opt/rustwide/workdir/src/vm.rs:266:9
[INFO] [stdout]   22:     0x60e1e1e99dc7 - pecet_vm::vm::tests::test_unrecognized::{{closure}}::hf24660d51f709629
[INFO] [stdout]                                at /opt/rustwide/workdir/src/vm.rs:262:27
[INFO] [stdout]   23:     0x60e1e1e89696 - core::ops::function::FnOnce::call_once::h213af23aa4516d3e
[INFO] [stdout]                                at /rustc/90b35a6239c3d8bdabc530a6a0816f7ff89a0aaf/library/core/src/ops/function.rs:250:5
[INFO] [stdout]   24:     0x60e1e1ed759b - core::ops::function::FnOnce::call_once::h109cf8051a59b34e
[INFO] [stdout]                                at /rustc/90b35a6239c3d8bdabc530a6a0816f7ff89a0aaf/library/core/src/ops/function.rs:250:5
[INFO] [stdout]   25:     0x60e1e1ed759b - test::__rust_begin_short_backtrace::hf4fff89d377446ba
[INFO] [stdout]                                at /rustc/90b35a6239c3d8bdabc530a6a0816f7ff89a0aaf/library/test/src/lib.rs:621:18
[INFO] [stdout]   26:     0x60e1e1ed6dd7 - test::run_test_in_process::{{closure}}::h0e39181dd7ee5a43
[INFO] [stdout]                                at /rustc/90b35a6239c3d8bdabc530a6a0816f7ff89a0aaf/library/test/src/lib.rs:644:60
[INFO] [stdout]   27:     0x60e1e1ed6dd7 - <core::panic::unwind_safe::AssertUnwindSafe<F> as core::ops::function::FnOnce<()>>::call_once::hc5a66a30f0bdfd1f
[INFO] [stdout]                                at /rustc/90b35a6239c3d8bdabc530a6a0816f7ff89a0aaf/library/core/src/panic/unwind_safe.rs:272:9
[INFO] [stdout]   28:     0x60e1e1ed6dd7 - std::panicking::try::do_call::h873b7cf639554a5e
[INFO] [stdout]                                at /rustc/90b35a6239c3d8bdabc530a6a0816f7ff89a0aaf/library/std/src/panicking.rs:557:40
[INFO] [stdout]   29:     0x60e1e1ed6dd7 - std::panicking::try::hdb19862fad9c8bd1
[INFO] [stdout]                                at /rustc/90b35a6239c3d8bdabc530a6a0816f7ff89a0aaf/library/std/src/panicking.rs:520:19
[INFO] [stdout]   30:     0x60e1e1ed6dd7 - std::panic::catch_unwind::h281fe732d236d260
[INFO] [stdout]                                at /rustc/90b35a6239c3d8bdabc530a6a0816f7ff89a0aaf/library/std/src/panic.rs:358:14
[INFO] [stdout]   31:     0x60e1e1ed6dd7 - test::run_test_in_process::h949b6df8457ed338
[INFO] [stdout]                                at /rustc/90b35a6239c3d8bdabc530a6a0816f7ff89a0aaf/library/test/src/lib.rs:644:27
[INFO] [stdout]   32:     0x60e1e1ed6dd7 - test::run_test::{{closure}}::h52c556a6d4740e10
[INFO] [stdout]                                at /rustc/90b35a6239c3d8bdabc530a6a0816f7ff89a0aaf/library/test/src/lib.rs:565:43
[INFO] [stdout]   33:     0x60e1e1e9c0b4 - test::run_test::{{closure}}::h4237f6381c45ccb9
[INFO] [stdout]                                at /rustc/90b35a6239c3d8bdabc530a6a0816f7ff89a0aaf/library/test/src/lib.rs:595:41
[INFO] [stdout]   34:     0x60e1e1e9c0b4 - std::sys::backtrace::__rust_begin_short_backtrace::h505c97a579eca628
[INFO] [stdout]                                at /rustc/90b35a6239c3d8bdabc530a6a0816f7ff89a0aaf/library/std/src/sys/backtrace.rs:154:18
[INFO] [stdout]   35:     0x60e1e1e9f77e - std::thread::Builder::spawn_unchecked_::{{closure}}::{{closure}}::h9e86b2e2bc107ea3
[INFO] [stdout]                                at /rustc/90b35a6239c3d8bdabc530a6a0816f7ff89a0aaf/library/std/src/thread/mod.rs:538:17
[INFO] [stdout]   36:     0x60e1e1e9f77e - <core::panic::unwind_safe::AssertUnwindSafe<F> as core::ops::function::FnOnce<()>>::call_once::h8b06ddb275ff4a25
[INFO] [stdout]                                at /rustc/90b35a6239c3d8bdabc530a6a0816f7ff89a0aaf/library/core/src/panic/unwind_safe.rs:272:9
[INFO] [stdout]   37:     0x60e1e1e9f77e - std::panicking::try::do_call::hb26ecd7cd9a9355d
[INFO] [stdout]                                at /rustc/90b35a6239c3d8bdabc530a6a0816f7ff89a0aaf/library/std/src/panicking.rs:557:40
[INFO] [stdout]   38:     0x60e1e1e9f77e - std::panicking::try::h8ddeca9d705f9069
[INFO] [stdout]                                at /rustc/90b35a6239c3d8bdabc530a6a0816f7ff89a0aaf/library/std/src/panicking.rs:520:19
[INFO] [stdout]   39:     0x60e1e1e9f77e - std::panic::catch_unwind::h49e1c33078844c46
[INFO] [stdout]                                at /rustc/90b35a6239c3d8bdabc530a6a0816f7ff89a0aaf/library/std/src/panic.rs:358:14
[INFO] [stdout]   40:     0x60e1e1e9f77e - std::thread::Builder::spawn_unchecked_::{{closure}}::h6073db6ff56ad35d
[INFO] [stdout]                                at /rustc/90b35a6239c3d8bdabc530a6a0816f7ff89a0aaf/library/std/src/thread/mod.rs:537:30
[INFO] [stdout]   41:     0x60e1e1e9f77e - core::ops::function::FnOnce::call_once{{vtable.shim}}::h2c5a5f3779c774f1
[INFO] [stdout]                                at /rustc/90b35a6239c3d8bdabc530a6a0816f7ff89a0aaf/library/core/src/ops/function.rs:250:5
[INFO] [stdout]   42:     0x60e1e1f0cb4b - <alloc::boxed::Box<F,A> as core::ops::function::FnOnce<Args>>::call_once::hf75717d9f28faebf
[INFO] [stdout]                                at /rustc/90b35a6239c3d8bdabc530a6a0816f7ff89a0aaf/library/alloc/src/boxed.rs:2454:9
[INFO] [stdout]   43:     0x60e1e1f0cb4b - <alloc::boxed::Box<F,A> as core::ops::function::FnOnce<Args>>::call_once::h7bd883a5f3c5f3c1
[INFO] [stdout]                                at /rustc/90b35a6239c3d8bdabc530a6a0816f7ff89a0aaf/library/alloc/src/boxed.rs:2454:9
[INFO] [stdout]   44:     0x60e1e1f0cb4b - std::sys::pal::unix::thread::Thread::new::thread_start::hcc78f3943333fa94
[INFO] [stdout]                                at /rustc/90b35a6239c3d8bdabc530a6a0816f7ff89a0aaf/library/std/src/sys/pal/unix/thread.rs:105:17
[INFO] [stdout]   45:     0x7edc62c88ac3 - <unknown>
[INFO] [stdout]   46:     0x7edc62d19a04 - clone
[INFO] [stdout]   47:                0x0 - <unknown>
[INFO] [stdout] 
[INFO] [stdout] 
[INFO] [stdout] failures:
[INFO] [stdout]     vm::tests::test_alu
[INFO] [stdout]     vm::tests::test_jmpeq
[INFO] [stdout]     vm::tests::test_load_opcode
[INFO] [stdout]     vm::tests::test_opcode_hlt
[INFO] [stdout]     vm::tests::test_unrecognized
[INFO] [stdout] 
[INFO] [stdout] test result: FAILED. 5 passed; 5 failed; 0 ignored; 0 measured; 0 filtered out; finished in 0.06s
[INFO] [stdout] 
[INFO] running `Command { std: "docker" "inspect" "b3525f16af6bbfaafd69dd286e3a31de2a966860843a34a74140082b555251cb", kill_on_drop: false }`
[INFO] running `Command { std: "docker" "rm" "-f" "b3525f16af6bbfaafd69dd286e3a31de2a966860843a34a74140082b555251cb", kill_on_drop: false }`
[INFO] [stdout] b3525f16af6bbfaafd69dd286e3a31de2a966860843a34a74140082b555251cb
