[INFO] cloning repository https://github.com/paul-vautier/rust-parser
[INFO] running `Command { std: "git" "-c" "credential.helper=" "-c" "credential.helper=/workspace/cargo-home/bin/git-credential-null" "clone" "--bare" "https://github.com/paul-vautier/rust-parser" "/workspace/cache/git-repos/https%3A%2F%2Fgithub.com%2Fpaul-vautier%2Frust-parser", kill_on_drop: false }`
[INFO] [stderr] Cloning into bare repository '/workspace/cache/git-repos/https%3A%2F%2Fgithub.com%2Fpaul-vautier%2Frust-parser'...
[INFO] running `Command { std: "git" "rev-parse" "HEAD", kill_on_drop: false }`
[INFO] [stdout] 3133a414f9a351fdf67b6fc4aa199a81d29bd8c2
[INFO] testing paul-vautier/rust-parser against 1.83.0 for beta-1.84.0-4-retry
[INFO] running `Command { std: "git" "clone" "/workspace/cache/git-repos/https%3A%2F%2Fgithub.com%2Fpaul-vautier%2Frust-parser" "/workspace/builds/worker-0-tc1/source", kill_on_drop: false }`
[INFO] [stderr] Cloning into '/workspace/builds/worker-0-tc1/source'...
[INFO] [stderr] done.
[INFO] validating manifest of git repo https://github.com/paul-vautier/rust-parser on toolchain 1.83.0
[INFO] running `Command { std: CARGO_HOME="/workspace/cargo-home" RUSTUP_HOME="/workspace/rustup-home" "/workspace/cargo-home/bin/cargo" "+1.83.0" "metadata" "--manifest-path" "Cargo.toml" "--no-deps", kill_on_drop: false }`
[INFO] started tweaking git repo https://github.com/paul-vautier/rust-parser
[INFO] finished tweaking git repo https://github.com/paul-vautier/rust-parser
[INFO] tweaked toml for git repo https://github.com/paul-vautier/rust-parser written to /workspace/builds/worker-0-tc1/source/Cargo.toml
[INFO] crate git repo https://github.com/paul-vautier/rust-parser already has a lockfile, it will not be regenerated
[INFO] running `Command { std: CARGO_HOME="/workspace/cargo-home" RUSTUP_HOME="/workspace/rustup-home" "/workspace/cargo-home/bin/cargo" "+1.83.0" "fetch" "--manifest-path" "Cargo.toml", kill_on_drop: false }`
[INFO] running `Command { std: "docker" "create" "-v" "/var/lib/crater-agent-workspace/builds/worker-0-tc1/target:/opt/rustwide/target:rw,Z" "-v" "/var/lib/crater-agent-workspace/builds/worker-0-tc1/source:/opt/rustwide/workdir:ro,Z" "-v" "/var/lib/crater-agent-workspace/cargo-home:/opt/rustwide/cargo-home:ro,Z" "-v" "/var/lib/crater-agent-workspace/rustup-home:/opt/rustwide/rustup-home:ro,Z" "-e" "SOURCE_DIR=/opt/rustwide/workdir" "-e" "CARGO_TARGET_DIR=/opt/rustwide/target" "-e" "CARGO_HOME=/opt/rustwide/cargo-home" "-e" "RUSTUP_HOME=/opt/rustwide/rustup-home" "-w" "/opt/rustwide/workdir" "-m" "1610612736" "--user" "0:0" "--network" "none" "ghcr.io/rust-lang/crates-build-env/linux@sha256:f3a9d4ad9d972b27faf3965f35b62e55ba32bbce8f20bc8fe909558a86702fde" "/opt/rustwide/cargo-home/bin/cargo" "+1.83.0" "metadata" "--no-deps" "--format-version=1", kill_on_drop: false }`
[INFO] [stdout] 44c924486169142cc23f8d78968f60a3e92c4c5d05ed9aa6b98d011b0bffbb80
[INFO] running `Command { std: "docker" "start" "-a" "44c924486169142cc23f8d78968f60a3e92c4c5d05ed9aa6b98d011b0bffbb80", kill_on_drop: false }`
[INFO] running `Command { std: "docker" "inspect" "44c924486169142cc23f8d78968f60a3e92c4c5d05ed9aa6b98d011b0bffbb80", kill_on_drop: false }`
[INFO] running `Command { std: "docker" "rm" "-f" "44c924486169142cc23f8d78968f60a3e92c4c5d05ed9aa6b98d011b0bffbb80", kill_on_drop: false }`
[INFO] [stdout] 44c924486169142cc23f8d78968f60a3e92c4c5d05ed9aa6b98d011b0bffbb80
[INFO] running `Command { std: "docker" "create" "-v" "/var/lib/crater-agent-workspace/builds/worker-0-tc1/target:/opt/rustwide/target:rw,Z" "-v" "/var/lib/crater-agent-workspace/builds/worker-0-tc1/source:/opt/rustwide/workdir:ro,Z" "-v" "/var/lib/crater-agent-workspace/cargo-home:/opt/rustwide/cargo-home:ro,Z" "-v" "/var/lib/crater-agent-workspace/rustup-home:/opt/rustwide/rustup-home:ro,Z" "-e" "SOURCE_DIR=/opt/rustwide/workdir" "-e" "CARGO_TARGET_DIR=/opt/rustwide/target" "-e" "CARGO_INCREMENTAL=0" "-e" "RUST_BACKTRACE=full" "-e" "RUSTFLAGS=--cap-lints=warn" "-e" "RUSTDOCFLAGS=--cap-lints=warn" "-e" "CARGO_HOME=/opt/rustwide/cargo-home" "-e" "RUSTUP_HOME=/opt/rustwide/rustup-home" "-w" "/opt/rustwide/workdir" "-m" "1610612736" "--user" "0:0" "--network" "none" "ghcr.io/rust-lang/crates-build-env/linux@sha256:f3a9d4ad9d972b27faf3965f35b62e55ba32bbce8f20bc8fe909558a86702fde" "/opt/rustwide/cargo-home/bin/cargo" "+1.83.0" "build" "--frozen" "--message-format=json", kill_on_drop: false }`
[INFO] [stdout] cd5310e0b13c296e5687bf47abb976eba363b44749652f515e392702eb21ca7e
[INFO] running `Command { std: "docker" "start" "-a" "cd5310e0b13c296e5687bf47abb976eba363b44749652f515e392702eb21ca7e", kill_on_drop: false }`
[INFO] [stderr]    Compiling pepser v0.1.0 (/opt/rustwide/workdir)
[INFO] [stderr]     Finished `dev` profile [unoptimized + debuginfo] target(s) in 0.31s
[INFO] running `Command { std: "docker" "inspect" "cd5310e0b13c296e5687bf47abb976eba363b44749652f515e392702eb21ca7e", kill_on_drop: false }`
[INFO] running `Command { std: "docker" "rm" "-f" "cd5310e0b13c296e5687bf47abb976eba363b44749652f515e392702eb21ca7e", kill_on_drop: false }`
[INFO] [stdout] cd5310e0b13c296e5687bf47abb976eba363b44749652f515e392702eb21ca7e
[INFO] running `Command { std: "docker" "create" "-v" "/var/lib/crater-agent-workspace/builds/worker-0-tc1/target:/opt/rustwide/target:rw,Z" "-v" "/var/lib/crater-agent-workspace/builds/worker-0-tc1/source:/opt/rustwide/workdir:ro,Z" "-v" "/var/lib/crater-agent-workspace/cargo-home:/opt/rustwide/cargo-home:ro,Z" "-v" "/var/lib/crater-agent-workspace/rustup-home:/opt/rustwide/rustup-home:ro,Z" "-e" "SOURCE_DIR=/opt/rustwide/workdir" "-e" "CARGO_TARGET_DIR=/opt/rustwide/target" "-e" "CARGO_INCREMENTAL=0" "-e" "RUST_BACKTRACE=full" "-e" "RUSTFLAGS=--cap-lints=warn" "-e" "RUSTDOCFLAGS=--cap-lints=warn" "-e" "CARGO_HOME=/opt/rustwide/cargo-home" "-e" "RUSTUP_HOME=/opt/rustwide/rustup-home" "-w" "/opt/rustwide/workdir" "-m" "1610612736" "--user" "0:0" "--network" "none" "ghcr.io/rust-lang/crates-build-env/linux@sha256:f3a9d4ad9d972b27faf3965f35b62e55ba32bbce8f20bc8fe909558a86702fde" "/opt/rustwide/cargo-home/bin/cargo" "+1.83.0" "test" "--frozen" "--no-run" "--message-format=json", kill_on_drop: false }`
[INFO] [stdout] cdfeccabba27f07bf52ebe43c69b965102bde45ac4a68d3a9e1e0ca1a140dec5
[INFO] running `Command { std: "docker" "start" "-a" "cdfeccabba27f07bf52ebe43c69b965102bde45ac4a68d3a9e1e0ca1a140dec5", kill_on_drop: false }`
[INFO] [stderr]    Compiling pepser v0.1.0 (/opt/rustwide/workdir)
[INFO] [stderr]     Finished `test` profile [unoptimized + debuginfo] target(s) in 1.47s
[INFO] running `Command { std: "docker" "inspect" "cdfeccabba27f07bf52ebe43c69b965102bde45ac4a68d3a9e1e0ca1a140dec5", kill_on_drop: false }`
[INFO] running `Command { std: "docker" "rm" "-f" "cdfeccabba27f07bf52ebe43c69b965102bde45ac4a68d3a9e1e0ca1a140dec5", kill_on_drop: false }`
[INFO] [stdout] cdfeccabba27f07bf52ebe43c69b965102bde45ac4a68d3a9e1e0ca1a140dec5
[INFO] running `Command { std: "docker" "create" "-v" "/var/lib/crater-agent-workspace/builds/worker-0-tc1/target:/opt/rustwide/target:rw,Z" "-v" "/var/lib/crater-agent-workspace/builds/worker-0-tc1/source:/opt/rustwide/workdir:ro,Z" "-v" "/var/lib/crater-agent-workspace/cargo-home:/opt/rustwide/cargo-home:ro,Z" "-v" "/var/lib/crater-agent-workspace/rustup-home:/opt/rustwide/rustup-home:ro,Z" "-e" "SOURCE_DIR=/opt/rustwide/workdir" "-e" "CARGO_TARGET_DIR=/opt/rustwide/target" "-e" "CARGO_INCREMENTAL=0" "-e" "RUST_BACKTRACE=full" "-e" "RUSTFLAGS=--cap-lints=warn" "-e" "RUSTDOCFLAGS=--cap-lints=warn" "-e" "CARGO_HOME=/opt/rustwide/cargo-home" "-e" "RUSTUP_HOME=/opt/rustwide/rustup-home" "-w" "/opt/rustwide/workdir" "-m" "1610612736" "--user" "0:0" "--network" "none" "ghcr.io/rust-lang/crates-build-env/linux@sha256:f3a9d4ad9d972b27faf3965f35b62e55ba32bbce8f20bc8fe909558a86702fde" "/opt/rustwide/cargo-home/bin/cargo" "+1.83.0" "test" "--frozen", kill_on_drop: false }`
[INFO] [stdout] 4ee7555221337b1164d350b862d681e734a0ea7bbb7306712df05f2f0db5acf4
[INFO] running `Command { std: "docker" "start" "-a" "4ee7555221337b1164d350b862d681e734a0ea7bbb7306712df05f2f0db5acf4", kill_on_drop: false }`
[INFO] [stderr]     Finished `test` profile [unoptimized + debuginfo] target(s) in 0.01s
[INFO] [stderr]      Running unittests src/lib.rs (/opt/rustwide/target/debug/deps/pepser-04557b5ad0b0d796)
[INFO] [stdout] 
[INFO] [stdout] running 0 tests
[INFO] [stdout] 
[INFO] [stderr]      Running tests/json.rs (/opt/rustwide/target/debug/deps/json-57707ec674821e1b)
[INFO] [stdout] test result: ok. 0 passed; 0 failed; 0 ignored; 0 measured; 0 filtered out; finished in 0.00s
[INFO] [stdout] 
[INFO] [stdout] 
[INFO] [stdout] running 1 test
[INFO] [stdout] test parse_object ... ok
[INFO] [stdout] 
[INFO] [stdout] test result: ok. 1 passed; 0 failed; 0 ignored; 0 measured; 0 filtered out; finished in 0.00s
[INFO] [stdout] 
[INFO] [stderr]    Doc-tests pepser
[INFO] [stdout] 
[INFO] [stdout] running 6 tests
[INFO] [stdout] test src/parser/traits.rs - parser::traits::Parser::many (line 166) ... FAILED
[INFO] [stdout] test src/parser/traits.rs - parser::traits::Parser::peek_in (line 123) ... FAILED
[INFO] [stdout] test src/parser/traits.rs - parser::traits::Parser::and (line 47) ... FAILED
[INFO] [stdout] test src/parser/traits.rs - parser::traits::Parser::or (line 75) ... FAILED
[INFO] [stdout] test src/parser/traits.rs - parser::traits::Parser::peek_out (line 144) ... FAILED
[INFO] [stdout] test src/parser/traits.rs - parser::traits::Parser::map (line 102) ... FAILED
[INFO] [stdout] 
[INFO] [stdout] failures:
[INFO] [stdout] 
[INFO] [stdout] ---- src/parser/traits.rs - parser::traits::Parser::many (line 166) stdout ----
[INFO] [stdout] error[E0603]: module `parser` is private
[INFO] [stdout]  --> src/parser/traits.rs:169:13
[INFO] [stdout]   |
[INFO] [stdout] 6 | use pepser::parser::impls::sequence;
[INFO] [stdout]   |             ^^^^^^ private module
[INFO] [stdout]   |
[INFO] [stdout] note: the module `parser` is defined here
[INFO] [stdout]  --> /opt/rustwide/workdir/src/lib.rs:1:1
[INFO] [stdout]   |
[INFO] [stdout] 1 | mod parser;
[INFO] [stdout]   | ^^^^^^^^^^
[INFO] [stdout] help: consider importing this module instead
[INFO] [stdout]   |
[INFO] [stdout] 6 | use pepser::impls::sequence;
[INFO] [stdout]   |     ~~~~~~~~~~~~~
[INFO] [stdout] 
[INFO] [stdout] error[E0603]: module `parser` is private
[INFO] [stdout]  --> src/parser/traits.rs:170:13
[INFO] [stdout]   |
[INFO] [stdout] 7 | use pepser::parser::traits::Parser;
[INFO] [stdout]   |             ^^^^^^ private module
[INFO] [stdout]   |
[INFO] [stdout] note: the module `parser` is defined here
[INFO] [stdout]  --> /opt/rustwide/workdir/src/lib.rs:1:1
[INFO] [stdout]   |
[INFO] [stdout] 1 | mod parser;
[INFO] [stdout]   | ^^^^^^^^^^
[INFO] [stdout] help: consider importing this trait instead
[INFO] [stdout]   |
[INFO] [stdout] 7 | use pepser::traits::Parser;
[INFO] [stdout]   |     ~~~~~~~~~~~~~~~~~~~~~~
[INFO] [stdout] 
[INFO] [stdout] error: aborting due to 2 previous errors
[INFO] [stdout] 
[INFO] [stdout] For more information about this error, try `rustc --explain E0603`.
[INFO] [stdout] Couldn't compile the test.
[INFO] [stdout] ---- src/parser/traits.rs - parser::traits::Parser::peek_in (line 123) stdout ----
[INFO] [stdout] error[E0603]: module `parser` is private
[INFO] [stdout]  --> src/parser/traits.rs:126:13
[INFO] [stdout]   |
[INFO] [stdout] 6 | use pepser::parser::impls::sequence;
[INFO] [stdout]   |             ^^^^^^ private module
[INFO] [stdout]   |
[INFO] [stdout] note: the module `parser` is defined here
[INFO] [stdout]  --> /opt/rustwide/workdir/src/lib.rs:1:1
[INFO] [stdout]   |
[INFO] [stdout] 1 | mod parser;
[INFO] [stdout]   | ^^^^^^^^^^
[INFO] [stdout] help: consider importing this module instead
[INFO] [stdout]   |
[INFO] [stdout] 6 | use pepser::impls::sequence;
[INFO] [stdout]   |     ~~~~~~~~~~~~~
[INFO] [stdout] 
[INFO] [stdout] error[E0603]: module `parser` is private
[INFO] [stdout]  --> src/parser/traits.rs:127:13
[INFO] [stdout]   |
[INFO] [stdout] 7 | use pepser::parser::traits::Parser;
[INFO] [stdout]   |             ^^^^^^ private module
[INFO] [stdout]   |
[INFO] [stdout] note: the module `parser` is defined here
[INFO] [stdout]  --> /opt/rustwide/workdir/src/lib.rs:1:1
[INFO] [stdout]   |
[INFO] [stdout] 1 | mod parser;
[INFO] [stdout]   | ^^^^^^^^^^
[INFO] [stdout] help: consider importing this trait instead
[INFO] [stdout]   |
[INFO] [stdout] 7 | use pepser::traits::Parser;
[INFO] [stdout]   |     ~~~~~~~~~~~~~~~~~~~~~~
[INFO] [stdout] 
[INFO] [stdout] error: aborting due to 2 previous errors
[INFO] [stdout] 
[INFO] [stdout] For more information about this error, try `rustc --explain E0603`.
[INFO] [stdout] Couldn't compile the test.
[INFO] [stdout] ---- src/parser/traits.rs - parser::traits::Parser::and (line 47) stdout ----
[INFO] [stdout] error[E0603]: module `parser` is private
[INFO] [stdout]  --> src/parser/traits.rs:50:13
[INFO] [stdout]   |
[INFO] [stdout] 6 | use pepser::parser::impls::sequence;
[INFO] [stdout]   |             ^^^^^^ private module
[INFO] [stdout]   |
[INFO] [stdout] note: the module `parser` is defined here
[INFO] [stdout]  --> /opt/rustwide/workdir/src/lib.rs:1:1
[INFO] [stdout]   |
[INFO] [stdout] 1 | mod parser;
[INFO] [stdout]   | ^^^^^^^^^^
[INFO] [stdout] help: consider importing this module instead
[INFO] [stdout]   |
[INFO] [stdout] 6 | use pepser::impls::sequence;
[INFO] [stdout]   |     ~~~~~~~~~~~~~
[INFO] [stdout] 
[INFO] [stdout] error[E0603]: module `parser` is private
[INFO] [stdout]  --> src/parser/traits.rs:51:13
[INFO] [stdout]   |
[INFO] [stdout] 7 | use pepser::parser::traits::Parser;
[INFO] [stdout]   |             ^^^^^^ private module
[INFO] [stdout]   |
[INFO] [stdout] note: the module `parser` is defined here
[INFO] [stdout]  --> /opt/rustwide/workdir/src/lib.rs:1:1
[INFO] [stdout]   |
[INFO] [stdout] 1 | mod parser;
[INFO] [stdout]   | ^^^^^^^^^^
[INFO] [stdout] help: consider importing this trait instead
[INFO] [stdout]   |
[INFO] [stdout] 7 | use pepser::traits::Parser;
[INFO] [stdout]   |     ~~~~~~~~~~~~~~~~~~~~~~
[INFO] [stdout] 
[INFO] [stdout] error: aborting due to 2 previous errors
[INFO] [stdout] 
[INFO] [stdout] For more information about this error, try `rustc --explain E0603`.
[INFO] [stdout] Couldn't compile the test.
[INFO] [stdout] ---- src/parser/traits.rs - parser::traits::Parser::or (line 75) stdout ----
[INFO] [stdout] error[E0603]: module `parser` is private
[INFO] [stdout]  --> src/parser/traits.rs:78:13
[INFO] [stdout]   |
[INFO] [stdout] 6 | use pepser::parser::impls::sequence;
[INFO] [stdout]   |             ^^^^^^ private module
[INFO] [stdout]   |
[INFO] [stdout] note: the module `parser` is defined here
[INFO] [stdout]  --> /opt/rustwide/workdir/src/lib.rs:1:1
[INFO] [stdout]   |
[INFO] [stdout] 1 | mod parser;
[INFO] [stdout]   | ^^^^^^^^^^
[INFO] [stdout] help: consider importing this module instead
[INFO] [stdout]   |
[INFO] [stdout] 6 | use pepser::impls::sequence;
[INFO] [stdout]   |     ~~~~~~~~~~~~~
[INFO] [stdout] 
[INFO] [stdout] error[E0603]: module `parser` is private
[INFO] [stdout]  --> src/parser/traits.rs:79:13
[INFO] [stdout]   |
[INFO] [stdout] 7 | use pepser::parser::traits::Parser;
[INFO] [stdout]   |             ^^^^^^ private module
[INFO] [stdout]   |
[INFO] [stdout] note: the module `parser` is defined here
[INFO] [stdout]  --> /opt/rustwide/workdir/src/lib.rs:1:1
[INFO] [stdout]   |
[INFO] [stdout] 1 | mod parser;
[INFO] [stdout]   | ^^^^^^^^^^
[INFO] [stdout] help: consider importing this trait instead
[INFO] [stdout]   |
[INFO] [stdout] 7 | use pepser::traits::Parser;
[INFO] [stdout]   |     ~~~~~~~~~~~~~~~~~~~~~~
[INFO] [stdout] 
[INFO] [stdout] error: aborting due to 2 previous errors
[INFO] [stdout] 
[INFO] [stdout] For more information about this error, try `rustc --explain E0603`.
[INFO] [stdout] Couldn't compile the test.
[INFO] [stdout] ---- src/parser/traits.rs - parser::traits::Parser::peek_out (line 144) stdout ----
[INFO] [stdout] error[E0603]: module `parser` is private
[INFO] [stdout]  --> src/parser/traits.rs:147:13
[INFO] [stdout]   |
[INFO] [stdout] 6 | use pepser::parser::impls::sequence;
[INFO] [stdout]   |             ^^^^^^ private module
[INFO] [stdout]   |
[INFO] [stdout] note: the module `parser` is defined here
[INFO] [stdout]  --> /opt/rustwide/workdir/src/lib.rs:1:1
[INFO] [stdout]   |
[INFO] [stdout] 1 | mod parser;
[INFO] [stdout]   | ^^^^^^^^^^
[INFO] [stdout] help: consider importing this module instead
[INFO] [stdout]   |
[INFO] [stdout] 6 | use pepser::impls::sequence;
[INFO] [stdout]   |     ~~~~~~~~~~~~~
[INFO] [stdout] 
[INFO] [stdout] error[E0603]: module `parser` is private
[INFO] [stdout]  --> src/parser/traits.rs:148:13
[INFO] [stdout]   |
[INFO] [stdout] 7 | use pepser::parser::traits::Parser;
[INFO] [stdout]   |             ^^^^^^ private module
[INFO] [stdout]   |
[INFO] [stdout] note: the module `parser` is defined here
[INFO] [stdout]  --> /opt/rustwide/workdir/src/lib.rs:1:1
[INFO] [stdout]   |
[INFO] [stdout] 1 | mod parser;
[INFO] [stdout]   | ^^^^^^^^^^
[INFO] [stdout] help: consider importing this trait instead
[INFO] [stdout]   |
[INFO] [stdout] 7 | use pepser::traits::Parser;
[INFO] [stdout]   |     ~~~~~~~~~~~~~~~~~~~~~~
[INFO] [stdout] 
[INFO] [stdout] error: aborting due to 2 previous errors
[INFO] [stdout] 
[INFO] [stdout] For more information about this error, try `rustc --explain E0603`.
[INFO] [stdout] Couldn't compile the test.
[INFO] [stdout] ---- src/parser/traits.rs - parser::traits::Parser::map (line 102) stdout ----
[INFO] [stdout] error[E0603]: module `parser` is private
[INFO] [stdout]  --> src/parser/traits.rs:105:13
[INFO] [stdout]   |
[INFO] [stdout] 6 | use pepser::parser::impls::sequence;
[INFO] [stdout]   |             ^^^^^^ private module
[INFO] [stdout]   |
[INFO] [stdout] note: the module `parser` is defined here
[INFO] [stdout]  --> /opt/rustwide/workdir/src/lib.rs:1:1
[INFO] [stdout]   |
[INFO] [stdout] 1 | mod parser;
[INFO] [stdout]   | ^^^^^^^^^^
[INFO] [stdout] help: consider importing this module instead
[INFO] [stdout]   |
[INFO] [stdout] 6 | use pepser::impls::sequence;
[INFO] [stdout]   |     ~~~~~~~~~~~~~
[INFO] [stdout] 
[INFO] [stdout] error[E0603]: module `parser` is private
[INFO] [stdout]  --> src/parser/traits.rs:106:13
[INFO] [stdout]   |
[INFO] [stdout] 7 | use pepser::parser::traits::Parser;
[INFO] [stdout]   |             ^^^^^^ private module
[INFO] [stdout]   |
[INFO] [stdout] note: the module `parser` is defined here
[INFO] [stdout]  --> /opt/rustwide/workdir/src/lib.rs:1:1
[INFO] [stdout]   |
[INFO] [stdout] 1 | mod parser;
[INFO] [stdout]   | ^^^^^^^^^^
[INFO] [stdout] help: consider importing this trait instead
[INFO] [stdout]   |
[INFO] [stdout] 7 | use pepser::traits::Parser;
[INFO] [stdout]   |     ~~~~~~~~~~~~~~~~~~~~~~
[INFO] [stdout] 
[INFO] [stdout] error: aborting due to 2 previous errors
[INFO] [stdout] 
[INFO] [stdout] For more information about this error, try `rustc --explain E0603`.
[INFO] [stdout] Couldn't compile the test.
[INFO] [stdout] 
[INFO] [stdout] failures:
[INFO] [stdout]     src/parser/traits.rs - parser::traits::Parser::and (line 47)
[INFO] [stdout]     src/parser/traits.rs - parser::traits::Parser::many (line 166)
[INFO] [stdout]     src/parser/traits.rs - parser::traits::Parser::map (line 102)
[INFO] [stdout]     src/parser/traits.rs - parser::traits::Parser::or (line 75)
[INFO] [stdout]     src/parser/traits.rs - parser::traits::Parser::peek_in (line 123)
[INFO] [stdout]     src/parser/traits.rs - parser::traits::Parser::peek_out (line 144)
[INFO] [stdout] 
[INFO] [stdout] test result: FAILED. 0 passed; 6 failed; 0 ignored; 0 measured; 0 filtered out; finished in 0.33s
[INFO] [stdout] 
[INFO] [stderr] error: doctest failed, to rerun pass `--doc`
[INFO] running `Command { std: "docker" "inspect" "4ee7555221337b1164d350b862d681e734a0ea7bbb7306712df05f2f0db5acf4", kill_on_drop: false }`
[INFO] running `Command { std: "docker" "rm" "-f" "4ee7555221337b1164d350b862d681e734a0ea7bbb7306712df05f2f0db5acf4", kill_on_drop: false }`
[INFO] [stdout] 4ee7555221337b1164d350b862d681e734a0ea7bbb7306712df05f2f0db5acf4
