[INFO] cloning repository https://github.com/paul-asvb/flyio-rust
[INFO] running `Command { std: "git" "-c" "credential.helper=" "-c" "credential.helper=/workspace/cargo-home/bin/git-credential-null" "clone" "--bare" "https://github.com/paul-asvb/flyio-rust" "/workspace/cache/git-repos/https%3A%2F%2Fgithub.com%2Fpaul-asvb%2Fflyio-rust", kill_on_drop: false }`
[INFO] [stderr] Cloning into bare repository '/workspace/cache/git-repos/https%3A%2F%2Fgithub.com%2Fpaul-asvb%2Fflyio-rust'...
[INFO] running `Command { std: "git" "rev-parse" "HEAD", kill_on_drop: false }`
[INFO] [stdout] 884909e1d1a6b72beb9b67b0e89b236aeb975182
[INFO] testing paul-asvb/flyio-rust against 1.83.0 for beta-1.84.0-4-retry
[INFO] running `Command { std: "git" "clone" "/workspace/cache/git-repos/https%3A%2F%2Fgithub.com%2Fpaul-asvb%2Fflyio-rust" "/workspace/builds/worker-6-tc1/source", kill_on_drop: false }`
[INFO] [stderr] Cloning into '/workspace/builds/worker-6-tc1/source'...
[INFO] [stderr] done.
[INFO] validating manifest of git repo https://github.com/paul-asvb/flyio-rust on toolchain 1.83.0
[INFO] running `Command { std: CARGO_HOME="/workspace/cargo-home" RUSTUP_HOME="/workspace/rustup-home" "/workspace/cargo-home/bin/cargo" "+1.83.0" "metadata" "--manifest-path" "Cargo.toml" "--no-deps", kill_on_drop: false }`
[INFO] started tweaking git repo https://github.com/paul-asvb/flyio-rust
[INFO] finished tweaking git repo https://github.com/paul-asvb/flyio-rust
[INFO] tweaked toml for git repo https://github.com/paul-asvb/flyio-rust written to /workspace/builds/worker-6-tc1/source/Cargo.toml
[INFO] crate git repo https://github.com/paul-asvb/flyio-rust already has a lockfile, it will not be regenerated
[INFO] running `Command { std: CARGO_HOME="/workspace/cargo-home" RUSTUP_HOME="/workspace/rustup-home" "/workspace/cargo-home/bin/cargo" "+1.83.0" "fetch" "--manifest-path" "Cargo.toml", kill_on_drop: false }`
[INFO] [stderr]  Downloading crates ...
[INFO] [stderr]   Downloaded axum-core v0.2.5
[INFO] [stderr]   Downloaded axum v0.5.7
[INFO] [stderr]   Downloaded handlebars v4.3.1
[INFO] running `Command { std: "docker" "create" "-v" "/var/lib/crater-agent-workspace/builds/worker-6-tc1/target:/opt/rustwide/target:rw,Z" "-v" "/var/lib/crater-agent-workspace/builds/worker-6-tc1/source:/opt/rustwide/workdir:ro,Z" "-v" "/var/lib/crater-agent-workspace/cargo-home:/opt/rustwide/cargo-home:ro,Z" "-v" "/var/lib/crater-agent-workspace/rustup-home:/opt/rustwide/rustup-home:ro,Z" "-e" "SOURCE_DIR=/opt/rustwide/workdir" "-e" "CARGO_TARGET_DIR=/opt/rustwide/target" "-e" "CARGO_HOME=/opt/rustwide/cargo-home" "-e" "RUSTUP_HOME=/opt/rustwide/rustup-home" "-w" "/opt/rustwide/workdir" "-m" "1610612736" "--user" "0:0" "--network" "none" "ghcr.io/rust-lang/crates-build-env/linux@sha256:f3a9d4ad9d972b27faf3965f35b62e55ba32bbce8f20bc8fe909558a86702fde" "/opt/rustwide/cargo-home/bin/cargo" "+1.83.0" "metadata" "--no-deps" "--format-version=1", kill_on_drop: false }`
[INFO] [stdout] bd571966070f84f1a9c7ede526c7ffec2c7530eb2d94434d80b9e4c25c84f5de
[INFO] running `Command { std: "docker" "start" "-a" "bd571966070f84f1a9c7ede526c7ffec2c7530eb2d94434d80b9e4c25c84f5de", kill_on_drop: false }`
[INFO] running `Command { std: "docker" "inspect" "bd571966070f84f1a9c7ede526c7ffec2c7530eb2d94434d80b9e4c25c84f5de", kill_on_drop: false }`
[INFO] running `Command { std: "docker" "rm" "-f" "bd571966070f84f1a9c7ede526c7ffec2c7530eb2d94434d80b9e4c25c84f5de", kill_on_drop: false }`
[INFO] [stdout] bd571966070f84f1a9c7ede526c7ffec2c7530eb2d94434d80b9e4c25c84f5de
[INFO] running `Command { std: "docker" "create" "-v" "/var/lib/crater-agent-workspace/builds/worker-6-tc1/target:/opt/rustwide/target:rw,Z" "-v" "/var/lib/crater-agent-workspace/builds/worker-6-tc1/source:/opt/rustwide/workdir:ro,Z" "-v" "/var/lib/crater-agent-workspace/cargo-home:/opt/rustwide/cargo-home:ro,Z" "-v" "/var/lib/crater-agent-workspace/rustup-home:/opt/rustwide/rustup-home:ro,Z" "-e" "SOURCE_DIR=/opt/rustwide/workdir" "-e" "CARGO_TARGET_DIR=/opt/rustwide/target" "-e" "CARGO_INCREMENTAL=0" "-e" "RUST_BACKTRACE=full" "-e" "RUSTFLAGS=--cap-lints=warn" "-e" "RUSTDOCFLAGS=--cap-lints=warn" "-e" "CARGO_HOME=/opt/rustwide/cargo-home" "-e" "RUSTUP_HOME=/opt/rustwide/rustup-home" "-w" "/opt/rustwide/workdir" "-m" "1610612736" "--user" "0:0" "--network" "none" "ghcr.io/rust-lang/crates-build-env/linux@sha256:f3a9d4ad9d972b27faf3965f35b62e55ba32bbce8f20bc8fe909558a86702fde" "/opt/rustwide/cargo-home/bin/cargo" "+1.83.0" "build" "--frozen" "--message-format=json", kill_on_drop: false }`
[INFO] [stdout] 265383ab5d241a58532fe694e2d9aaea4fe6beb5752748bbf139868d9319fd7b
[INFO] running `Command { std: "docker" "start" "-a" "265383ab5d241a58532fe694e2d9aaea4fe6beb5752748bbf139868d9319fd7b", kill_on_drop: false }`
[INFO] [stderr]    Compiling proc-macro2 v1.0.39
[INFO] [stderr]    Compiling unicode-ident v1.0.0
[INFO] [stderr]    Compiling syn v1.0.96
[INFO] [stderr]    Compiling libc v0.2.126
[INFO] [stderr]    Compiling autocfg v1.1.0
[INFO] [stderr]    Compiling cfg-if v1.0.0
[INFO] [stderr]    Compiling log v0.4.17
[INFO] [stderr]    Compiling bytes v1.1.0
[INFO] [stderr]    Compiling once_cell v1.12.0
[INFO] [stderr]    Compiling futures-core v0.3.21
[INFO] [stderr]    Compiling itoa v1.0.2
[INFO] [stderr]    Compiling memchr v2.5.0
[INFO] [stderr]    Compiling pin-project-lite v0.2.9
[INFO] [stderr]    Compiling futures-task v0.3.21
[INFO] [stderr]    Compiling pkg-config v0.3.25
[INFO] [stderr]    Compiling cc v1.0.73
[INFO] [stderr]    Compiling parking_lot_core v0.9.3
[INFO] [stderr]    Compiling smallvec v1.8.0
[INFO] [stderr]    Compiling futures-util v0.3.21
[INFO] [stderr]    Compiling serde_derive v1.0.137
[INFO] [stderr]    Compiling scopeguard v1.1.0
[INFO] [stderr]    Compiling matches v0.1.9
[INFO] [stderr]    Compiling pin-utils v0.1.0
[INFO] [stderr]    Compiling fnv v1.0.7
[INFO] [stderr]    Compiling serde v1.0.137
[INFO] [stderr]    Compiling tracing-core v0.1.27
[INFO] [stderr]    Compiling http v0.2.8
[INFO] [stderr]    Compiling tinyvec_macros v0.1.0
[INFO] [stderr]    Compiling async-trait v0.1.56
[INFO] [stderr]    Compiling lock_api v0.4.7
[INFO] [stderr]    Compiling percent-encoding v2.1.0
[INFO] [stderr]    Compiling bitflags v1.3.2
[INFO] [stderr]    Compiling ucd-trie v0.1.3
[INFO] [stderr]    Compiling form_urlencoded v1.0.1
[INFO] [stderr]    Compiling tinyvec v1.6.0
[INFO] [stderr]    Compiling tower-service v0.3.1
[INFO] [stderr]    Compiling httparse v1.7.1
[INFO] [stderr]    Compiling foreign-types-shared v0.1.1
[INFO] [stderr]    Compiling ryu v1.0.10
[INFO] [stderr]    Compiling pest v2.1.3
[INFO] [stderr]    Compiling serde_json v1.0.81
[INFO] [stderr]    Compiling maplit v1.0.2
[INFO] [stderr]    Compiling futures-channel v0.3.21
[INFO] [stderr]    Compiling openssl v0.10.40
[INFO] [stderr]    Compiling foreign-types v0.3.2
[INFO] [stderr]    Compiling native-tls v0.2.10
[INFO] [stderr]    Compiling try-lock v0.2.3
[INFO] [stderr]    Compiling unicode-bidi v0.3.8
[INFO] [stderr]    Compiling tower-layer v0.3.1
[INFO] [stderr]    Compiling quote v1.0.18
[INFO] [stderr]    Compiling want v0.3.0
[INFO] [stderr]    Compiling tracing v0.1.35
[INFO] [stderr]    Compiling http-range-header v0.3.0
[INFO] [stderr]    Compiling openssl-probe v0.1.5
[INFO] [stderr]    Compiling httpdate v1.0.2
[INFO] [stderr]    Compiling sha1_smol v1.0.0
[INFO] [stderr]    Compiling mio v0.8.3
[INFO] [stderr]    Compiling num_cpus v1.13.1
[INFO] [stderr]    Compiling socket2 v0.4.4
[INFO] [stderr]    Compiling parking_lot v0.12.1
[INFO] [stderr]    Compiling signal-hook-registry v1.4.0
[INFO] [stderr]    Compiling openssl-sys v0.9.74
[INFO] [stderr]    Compiling unicode-normalization v0.1.19
[INFO] [stderr]    Compiling mime v0.3.16
[INFO] [stderr]    Compiling combine v4.6.4
[INFO] [stderr]    Compiling sha1 v0.6.1
[INFO] [stderr]    Compiling itoa v0.4.8
[INFO] [stderr]    Compiling http-body v0.4.5
[INFO] [stderr]    Compiling matchit v0.5.0
[INFO] [stderr]    Compiling dtoa v0.4.8
[INFO] [stderr]    Compiling sync_wrapper v0.1.1
[INFO] [stderr]    Compiling dotenv v0.15.0
[INFO] [stderr]    Compiling lazy_static v1.4.0
[INFO] [stderr]    Compiling pest_meta v2.1.3
[INFO] [stderr]    Compiling idna v0.2.3
[INFO] [stderr]    Compiling url v2.2.2
[INFO] [stderr]    Compiling pest_generator v2.1.3
[INFO] [stderr]    Compiling tokio-macros v1.8.0
[INFO] [stderr]    Compiling pin-project-internal v1.0.10
[INFO] [stderr]    Compiling openssl-macros v0.1.0
[INFO] [stderr]    Compiling thiserror-impl v1.0.31
[INFO] [stderr]    Compiling pest_derive v2.1.0
[INFO] [stderr]    Compiling tokio v1.19.2
[INFO] [stderr]    Compiling pin-project v1.0.10
[INFO] [stderr]    Compiling axum-core v0.2.5
[INFO] [stderr]    Compiling thiserror v1.0.31
[INFO] [stderr]    Compiling redis v0.21.5
[INFO] [stderr]    Compiling tower v0.4.12
[INFO] [stderr]    Compiling hyper v0.14.19
[INFO] [stderr]    Compiling tower-http v0.3.4
[INFO] [stderr]    Compiling serde_urlencoded v0.7.1
[INFO] [stderr]    Compiling axum v0.5.7
[INFO] [stderr]    Compiling handlebars v4.3.1
[INFO] [stderr]    Compiling session-axum-redis v0.1.0 (/opt/rustwide/workdir)
[INFO] [stdout] warning: unused imports: `Html`, `Request`, and `Response`
[INFO] [stdout]  --> src/main.rs:5:12
[INFO] [stdout]   |
[INFO] [stdout] 5 |     http::{Request, Response, StatusCode},
[INFO] [stdout]   |            ^^^^^^^  ^^^^^^^^
[INFO] [stdout] 6 |     response::{Html, IntoResponse},
[INFO] [stdout]   |                ^^^^
[INFO] [stdout]   |
[INFO] [stdout]   = note: `#[warn(unused_imports)]` on by default
[INFO] [stdout] 
[INFO] [stdout] 
[INFO] [stdout] warning: unused variable: `session_id`
[INFO] [stdout]   --> src/repo.rs:24:26
[INFO] [stdout]    |
[INFO] [stdout] 24 |     async fn find(&self, session_id: String) -> Result<Session, SessionRepoError> {
[INFO] [stdout]    |                          ^^^^^^^^^^ help: if this is intentional, prefix it with an underscore: `_session_id`
[INFO] [stdout]    |
[INFO] [stdout]    = note: `#[warn(unused_variables)]` on by default
[INFO] [stdout] 
[INFO] [stdout] 
[INFO] [stdout] warning: unused variable: `session`
[INFO] [stdout]   --> src/repo.rs:28:28
[INFO] [stdout]    |
[INFO] [stdout] 28 |     async fn create(&self, session: Session) -> Result<bool, SessionRepoError> {
[INFO] [stdout]    |                            ^^^^^^^ help: if this is intentional, prefix it with an underscore: `_session`
[INFO] [stdout] 
[INFO] [stdout] 
[INFO] [stdout] warning: type `SessionRepoError` is more private than the item `<RedisSessionRepo as SessionRepo>::find`
[INFO] [stdout]   --> src/repo.rs:24:5
[INFO] [stdout]    |
[INFO] [stdout] 24 |     async fn find(&self, session_id: String) -> Result<Session, SessionRepoError> {
[INFO] [stdout]    |     ^^^^^^^^^^^^^ method `<RedisSessionRepo as SessionRepo>::find` is reachable at visibility `pub(crate)`
[INFO] [stdout]    |
[INFO] [stdout] note: but type `SessionRepoError` is only usable at visibility `pub(self)`
[INFO] [stdout]   --> src/repo.rs:42:1
[INFO] [stdout]    |
[INFO] [stdout] 42 | enum SessionRepoError {
[INFO] [stdout]    | ^^^^^^^^^^^^^^^^^^^^^
[INFO] [stdout]    = note: `#[warn(private_interfaces)]` on by default
[INFO] [stdout] 
[INFO] [stdout] 
[INFO] [stdout] warning: type `SessionRepoError` is more private than the item `<RedisSessionRepo as SessionRepo>::create`
[INFO] [stdout]   --> src/repo.rs:28:5
[INFO] [stdout]    |
[INFO] [stdout] 28 |     async fn create(&self, session: Session) -> Result<bool, SessionRepoError> {
[INFO] [stdout]    |     ^^^^^^^^^^^^^^^ method `<RedisSessionRepo as SessionRepo>::create` is reachable at visibility `pub(crate)`
[INFO] [stdout]    |
[INFO] [stdout] note: but type `SessionRepoError` is only usable at visibility `pub(self)`
[INFO] [stdout]   --> src/repo.rs:42:1
[INFO] [stdout]    |
[INFO] [stdout] 42 | enum SessionRepoError {
[INFO] [stdout]    | ^^^^^^^^^^^^^^^^^^^^^
[INFO] [stdout] 
[INFO] [stdout] 
[INFO] [stdout] warning: type `SessionRepoError` is more private than the item `SessionRepo::find`
[INFO] [stdout]   --> src/repo.rs:37:5
[INFO] [stdout]    |
[INFO] [stdout] 37 |     async fn find(&self, session_id: String) -> Result<Session, SessionRepoError>;
[INFO] [stdout]    |     ^^^^^^^^^^^^^^^^^^^^^^^^^^^^^^^^^^^^^^^^^^^^^^^^^^^^^^^^^^^^^^^^^^^^^^^^^^^^^^ method `SessionRepo::find` is reachable at visibility `pub(crate)`
[INFO] [stdout]    |
[INFO] [stdout] note: but type `SessionRepoError` is only usable at visibility `pub(self)`
[INFO] [stdout]   --> src/repo.rs:42:1
[INFO] [stdout]    |
[INFO] [stdout] 42 | enum SessionRepoError {
[INFO] [stdout]    | ^^^^^^^^^^^^^^^^^^^^^
[INFO] [stdout] 
[INFO] [stdout] 
[INFO] [stdout] warning: type `SessionRepoError` is more private than the item `SessionRepo::create`
[INFO] [stdout]   --> src/repo.rs:38:5
[INFO] [stdout]    |
[INFO] [stdout] 38 |     async fn create(&self, session: Session) -> Result<bool, SessionRepoError>;
[INFO] [stdout]    |     ^^^^^^^^^^^^^^^^^^^^^^^^^^^^^^^^^^^^^^^^^^^^^^^^^^^^^^^^^^^^^^^^^^^^^^^^^^^ method `SessionRepo::create` is reachable at visibility `pub(crate)`
[INFO] [stdout]    |
[INFO] [stdout] note: but type `SessionRepoError` is only usable at visibility `pub(self)`
[INFO] [stdout]   --> src/repo.rs:42:1
[INFO] [stdout]    |
[INFO] [stdout] 42 | enum SessionRepoError {
[INFO] [stdout]    | ^^^^^^^^^^^^^^^^^^^^^
[INFO] [stdout] 
[INFO] [stdout] 
[INFO] [stdout] warning: methods `find` and `create` are never used
[INFO] [stdout]   --> src/repo.rs:37:14
[INFO] [stdout]    |
[INFO] [stdout] 36 | pub trait SessionRepo {
[INFO] [stdout]    |           ----------- methods in this trait
[INFO] [stdout] 37 |     async fn find(&self, session_id: String) -> Result<Session, SessionRepoError>;
[INFO] [stdout]    |              ^^^^
[INFO] [stdout] 38 |     async fn create(&self, session: Session) -> Result<bool, SessionRepoError>;
[INFO] [stdout]    |              ^^^^^^
[INFO] [stdout]    |
[INFO] [stdout]    = note: `#[warn(dead_code)]` on by default
[INFO] [stdout] 
[INFO] [stdout] 
[INFO] [stderr]     Finished `dev` profile [unoptimized + debuginfo] target(s) in 1m 01s
[INFO] running `Command { std: "docker" "inspect" "265383ab5d241a58532fe694e2d9aaea4fe6beb5752748bbf139868d9319fd7b", kill_on_drop: false }`
[INFO] running `Command { std: "docker" "rm" "-f" "265383ab5d241a58532fe694e2d9aaea4fe6beb5752748bbf139868d9319fd7b", kill_on_drop: false }`
[INFO] [stdout] 265383ab5d241a58532fe694e2d9aaea4fe6beb5752748bbf139868d9319fd7b
[INFO] running `Command { std: "docker" "create" "-v" "/var/lib/crater-agent-workspace/builds/worker-6-tc1/target:/opt/rustwide/target:rw,Z" "-v" "/var/lib/crater-agent-workspace/builds/worker-6-tc1/source:/opt/rustwide/workdir:ro,Z" "-v" "/var/lib/crater-agent-workspace/cargo-home:/opt/rustwide/cargo-home:ro,Z" "-v" "/var/lib/crater-agent-workspace/rustup-home:/opt/rustwide/rustup-home:ro,Z" "-e" "SOURCE_DIR=/opt/rustwide/workdir" "-e" "CARGO_TARGET_DIR=/opt/rustwide/target" "-e" "CARGO_INCREMENTAL=0" "-e" "RUST_BACKTRACE=full" "-e" "RUSTFLAGS=--cap-lints=warn" "-e" "RUSTDOCFLAGS=--cap-lints=warn" "-e" "CARGO_HOME=/opt/rustwide/cargo-home" "-e" "RUSTUP_HOME=/opt/rustwide/rustup-home" "-w" "/opt/rustwide/workdir" "-m" "1610612736" "--user" "0:0" "--network" "none" "ghcr.io/rust-lang/crates-build-env/linux@sha256:f3a9d4ad9d972b27faf3965f35b62e55ba32bbce8f20bc8fe909558a86702fde" "/opt/rustwide/cargo-home/bin/cargo" "+1.83.0" "test" "--frozen" "--no-run" "--message-format=json", kill_on_drop: false }`
[INFO] [stdout] ca56e942f510ad122d0045a15ad3b684875c28687a395bd350766b03ba0386f5
[INFO] running `Command { std: "docker" "start" "-a" "ca56e942f510ad122d0045a15ad3b684875c28687a395bd350766b03ba0386f5", kill_on_drop: false }`
[INFO] [stderr]    Compiling session-axum-redis v0.1.0 (/opt/rustwide/workdir)
[INFO] [stdout] warning: unused imports: `Html`, `Request`, and `Response`
[INFO] [stdout]  --> src/main.rs:5:12
[INFO] [stdout]   |
[INFO] [stdout] 5 |     http::{Request, Response, StatusCode},
[INFO] [stdout]   |            ^^^^^^^  ^^^^^^^^
[INFO] [stdout] 6 |     response::{Html, IntoResponse},
[INFO] [stdout]   |                ^^^^
[INFO] [stdout]   |
[INFO] [stdout]   = note: `#[warn(unused_imports)]` on by default
[INFO] [stdout] 
[INFO] [stdout] 
[INFO] [stdout] warning: unused variable: `session_id`
[INFO] [stdout]   --> src/repo.rs:24:26
[INFO] [stdout]    |
[INFO] [stdout] 24 |     async fn find(&self, session_id: String) -> Result<Session, SessionRepoError> {
[INFO] [stdout]    |                          ^^^^^^^^^^ help: if this is intentional, prefix it with an underscore: `_session_id`
[INFO] [stdout]    |
[INFO] [stdout]    = note: `#[warn(unused_variables)]` on by default
[INFO] [stdout] 
[INFO] [stdout] 
[INFO] [stdout] warning: unused variable: `session`
[INFO] [stdout]   --> src/repo.rs:28:28
[INFO] [stdout]    |
[INFO] [stdout] 28 |     async fn create(&self, session: Session) -> Result<bool, SessionRepoError> {
[INFO] [stdout]    |                            ^^^^^^^ help: if this is intentional, prefix it with an underscore: `_session`
[INFO] [stdout] 
[INFO] [stdout] 
[INFO] [stdout] warning: type `SessionRepoError` is more private than the item `<RedisSessionRepo as SessionRepo>::find`
[INFO] [stdout]   --> src/repo.rs:24:5
[INFO] [stdout]    |
[INFO] [stdout] 24 |     async fn find(&self, session_id: String) -> Result<Session, SessionRepoError> {
[INFO] [stdout]    |     ^^^^^^^^^^^^^ method `<RedisSessionRepo as SessionRepo>::find` is reachable at visibility `pub(crate)`
[INFO] [stdout]    |
[INFO] [stdout] note: but type `SessionRepoError` is only usable at visibility `pub(self)`
[INFO] [stdout]   --> src/repo.rs:42:1
[INFO] [stdout]    |
[INFO] [stdout] 42 | enum SessionRepoError {
[INFO] [stdout]    | ^^^^^^^^^^^^^^^^^^^^^
[INFO] [stdout]    = note: `#[warn(private_interfaces)]` on by default
[INFO] [stdout] 
[INFO] [stdout] 
[INFO] [stdout] warning: type `SessionRepoError` is more private than the item `<RedisSessionRepo as SessionRepo>::create`
[INFO] [stdout]   --> src/repo.rs:28:5
[INFO] [stdout]    |
[INFO] [stdout] 28 |     async fn create(&self, session: Session) -> Result<bool, SessionRepoError> {
[INFO] [stdout]    |     ^^^^^^^^^^^^^^^ method `<RedisSessionRepo as SessionRepo>::create` is reachable at visibility `pub(crate)`
[INFO] [stdout]    |
[INFO] [stdout] note: but type `SessionRepoError` is only usable at visibility `pub(self)`
[INFO] [stdout]   --> src/repo.rs:42:1
[INFO] [stdout]    |
[INFO] [stdout] 42 | enum SessionRepoError {
[INFO] [stdout]    | ^^^^^^^^^^^^^^^^^^^^^
[INFO] [stdout] 
[INFO] [stdout] 
[INFO] [stdout] warning: type `SessionRepoError` is more private than the item `SessionRepo::find`
[INFO] [stdout]   --> src/repo.rs:37:5
[INFO] [stdout]    |
[INFO] [stdout] 37 |     async fn find(&self, session_id: String) -> Result<Session, SessionRepoError>;
[INFO] [stdout]    |     ^^^^^^^^^^^^^^^^^^^^^^^^^^^^^^^^^^^^^^^^^^^^^^^^^^^^^^^^^^^^^^^^^^^^^^^^^^^^^^ method `SessionRepo::find` is reachable at visibility `pub(crate)`
[INFO] [stdout]    |
[INFO] [stdout] note: but type `SessionRepoError` is only usable at visibility `pub(self)`
[INFO] [stdout]   --> src/repo.rs:42:1
[INFO] [stdout]    |
[INFO] [stdout] 42 | enum SessionRepoError {
[INFO] [stdout]    | ^^^^^^^^^^^^^^^^^^^^^
[INFO] [stdout] 
[INFO] [stdout] 
[INFO] [stdout] warning: type `SessionRepoError` is more private than the item `SessionRepo::create`
[INFO] [stdout]   --> src/repo.rs:38:5
[INFO] [stdout]    |
[INFO] [stdout] 38 |     async fn create(&self, session: Session) -> Result<bool, SessionRepoError>;
[INFO] [stdout]    |     ^^^^^^^^^^^^^^^^^^^^^^^^^^^^^^^^^^^^^^^^^^^^^^^^^^^^^^^^^^^^^^^^^^^^^^^^^^^ method `SessionRepo::create` is reachable at visibility `pub(crate)`
[INFO] [stdout]    |
[INFO] [stdout] note: but type `SessionRepoError` is only usable at visibility `pub(self)`
[INFO] [stdout]   --> src/repo.rs:42:1
[INFO] [stdout]    |
[INFO] [stdout] 42 | enum SessionRepoError {
[INFO] [stdout]    | ^^^^^^^^^^^^^^^^^^^^^
[INFO] [stdout] 
[INFO] [stdout] 
[INFO] [stdout] warning: methods `find` and `create` are never used
[INFO] [stdout]   --> src/repo.rs:37:14
[INFO] [stdout]    |
[INFO] [stdout] 36 | pub trait SessionRepo {
[INFO] [stdout]    |           ----------- methods in this trait
[INFO] [stdout] 37 |     async fn find(&self, session_id: String) -> Result<Session, SessionRepoError>;
[INFO] [stdout]    |              ^^^^
[INFO] [stdout] 38 |     async fn create(&self, session: Session) -> Result<bool, SessionRepoError>;
[INFO] [stdout]    |              ^^^^^^
[INFO] [stdout]    |
[INFO] [stdout]    = note: `#[warn(dead_code)]` on by default
[INFO] [stdout] 
[INFO] [stdout] 
[INFO] [stderr]     Finished `test` profile [unoptimized + debuginfo] target(s) in 3.35s
[INFO] running `Command { std: "docker" "inspect" "ca56e942f510ad122d0045a15ad3b684875c28687a395bd350766b03ba0386f5", kill_on_drop: false }`
[INFO] running `Command { std: "docker" "rm" "-f" "ca56e942f510ad122d0045a15ad3b684875c28687a395bd350766b03ba0386f5", kill_on_drop: false }`
[INFO] [stdout] ca56e942f510ad122d0045a15ad3b684875c28687a395bd350766b03ba0386f5
[INFO] running `Command { std: "docker" "create" "-v" "/var/lib/crater-agent-workspace/builds/worker-6-tc1/target:/opt/rustwide/target:rw,Z" "-v" "/var/lib/crater-agent-workspace/builds/worker-6-tc1/source:/opt/rustwide/workdir:ro,Z" "-v" "/var/lib/crater-agent-workspace/cargo-home:/opt/rustwide/cargo-home:ro,Z" "-v" "/var/lib/crater-agent-workspace/rustup-home:/opt/rustwide/rustup-home:ro,Z" "-e" "SOURCE_DIR=/opt/rustwide/workdir" "-e" "CARGO_TARGET_DIR=/opt/rustwide/target" "-e" "CARGO_INCREMENTAL=0" "-e" "RUST_BACKTRACE=full" "-e" "RUSTFLAGS=--cap-lints=warn" "-e" "RUSTDOCFLAGS=--cap-lints=warn" "-e" "CARGO_HOME=/opt/rustwide/cargo-home" "-e" "RUSTUP_HOME=/opt/rustwide/rustup-home" "-w" "/opt/rustwide/workdir" "-m" "1610612736" "--user" "0:0" "--network" "none" "ghcr.io/rust-lang/crates-build-env/linux@sha256:f3a9d4ad9d972b27faf3965f35b62e55ba32bbce8f20bc8fe909558a86702fde" "/opt/rustwide/cargo-home/bin/cargo" "+1.83.0" "test" "--frozen", kill_on_drop: false }`
[INFO] [stdout] 6428308e0175ecad079335a310c59b84fca20f942e0ba6d0bb847acf8ad0bfd0
[INFO] running `Command { std: "docker" "start" "-a" "6428308e0175ecad079335a310c59b84fca20f942e0ba6d0bb847acf8ad0bfd0", kill_on_drop: false }`
[INFO] [stderr] warning: unused imports: `Html`, `Request`, and `Response`
[INFO] [stderr]  --> src/main.rs:5:12
[INFO] [stderr]   |
[INFO] [stderr] 5 |     http::{Request, Response, StatusCode},
[INFO] [stderr]   |            ^^^^^^^  ^^^^^^^^
[INFO] [stderr] 6 |     response::{Html, IntoResponse},
[INFO] [stderr]   |                ^^^^
[INFO] [stderr]   |
[INFO] [stderr]   = note: `#[warn(unused_imports)]` on by default
[INFO] [stderr] 
[INFO] [stderr] warning: unused variable: `session_id`
[INFO] [stderr]   --> src/repo.rs:24:26
[INFO] [stderr]    |
[INFO] [stderr] 24 |     async fn find(&self, session_id: String) -> Result<Session, SessionRepoError> {
[INFO] [stderr]    |                          ^^^^^^^^^^ help: if this is intentional, prefix it with an underscore: `_session_id`
[INFO] [stderr]    |
[INFO] [stderr]    = note: `#[warn(unused_variables)]` on by default
[INFO] [stderr] 
[INFO] [stderr] warning: unused variable: `session`
[INFO] [stderr]   --> src/repo.rs:28:28
[INFO] [stderr]    |
[INFO] [stderr] 28 |     async fn create(&self, session: Session) -> Result<bool, SessionRepoError> {
[INFO] [stderr]    |                            ^^^^^^^ help: if this is intentional, prefix it with an underscore: `_session`
[INFO] [stderr] 
[INFO] [stderr] warning: type `SessionRepoError` is more private than the item `<RedisSessionRepo as SessionRepo>::find`
[INFO] [stderr]   --> src/repo.rs:24:5
[INFO] [stderr]    |
[INFO] [stderr] 24 |     async fn find(&self, session_id: String) -> Result<Session, SessionRepoError> {
[INFO] [stderr]    |     ^^^^^^^^^^^^^ method `<RedisSessionRepo as SessionRepo>::find` is reachable at visibility `pub(crate)`
[INFO] [stderr]    |
[INFO] [stderr] note: but type `SessionRepoError` is only usable at visibility `pub(self)`
[INFO] [stderr]   --> src/repo.rs:42:1
[INFO] [stderr]    |
[INFO] [stderr] 42 | enum SessionRepoError {
[INFO] [stderr]    | ^^^^^^^^^^^^^^^^^^^^^
[INFO] [stderr]    = note: `#[warn(private_interfaces)]` on by default
[INFO] [stderr] 
[INFO] [stderr] warning: type `SessionRepoError` is more private than the item `<RedisSessionRepo as SessionRepo>::create`
[INFO] [stderr]   --> src/repo.rs:28:5
[INFO] [stderr]    |
[INFO] [stderr] 28 |     async fn create(&self, session: Session) -> Result<bool, SessionRepoError> {
[INFO] [stderr]    |     ^^^^^^^^^^^^^^^ method `<RedisSessionRepo as SessionRepo>::create` is reachable at visibility `pub(crate)`
[INFO] [stderr]    |
[INFO] [stderr] note: but type `SessionRepoError` is only usable at visibility `pub(self)`
[INFO] [stderr]   --> src/repo.rs:42:1
[INFO] [stderr]    |
[INFO] [stderr] 42 | enum SessionRepoError {
[INFO] [stderr]    | ^^^^^^^^^^^^^^^^^^^^^
[INFO] [stderr] 
[INFO] [stderr] warning: type `SessionRepoError` is more private than the item `SessionRepo::find`
[INFO] [stderr]   --> src/repo.rs:37:5
[INFO] [stderr]    |
[INFO] [stderr] 37 |     async fn find(&self, session_id: String) -> Result<Session, SessionRepoError>;
[INFO] [stderr]    |     ^^^^^^^^^^^^^^^^^^^^^^^^^^^^^^^^^^^^^^^^^^^^^^^^^^^^^^^^^^^^^^^^^^^^^^^^^^^^^^ method `SessionRepo::find` is reachable at visibility `pub(crate)`
[INFO] [stderr]    |
[INFO] [stderr] note: but type `SessionRepoError` is only usable at visibility `pub(self)`
[INFO] [stderr]   --> src/repo.rs:42:1
[INFO] [stderr]    |
[INFO] [stderr] 42 | enum SessionRepoError {
[INFO] [stderr]    | ^^^^^^^^^^^^^^^^^^^^^
[INFO] [stderr] 
[INFO] [stderr] warning: type `SessionRepoError` is more private than the item `SessionRepo::create`
[INFO] [stderr]   --> src/repo.rs:38:5
[INFO] [stderr]    |
[INFO] [stderr] 38 |     async fn create(&self, session: Session) -> Result<bool, SessionRepoError>;
[INFO] [stderr]    |     ^^^^^^^^^^^^^^^^^^^^^^^^^^^^^^^^^^^^^^^^^^^^^^^^^^^^^^^^^^^^^^^^^^^^^^^^^^^ method `SessionRepo::create` is reachable at visibility `pub(crate)`
[INFO] [stderr]    |
[INFO] [stderr] note: but type `SessionRepoError` is only usable at visibility `pub(self)`
[INFO] [stderr]   --> src/repo.rs:42:1
[INFO] [stderr]    |
[INFO] [stderr] 42 | enum SessionRepoError {
[INFO] [stderr]    | ^^^^^^^^^^^^^^^^^^^^^
[INFO] [stderr] 
[INFO] [stderr] warning: methods `find` and `create` are never used
[INFO] [stderr]   --> src/repo.rs:37:14
[INFO] [stderr]    |
[INFO] [stderr] 36 | pub trait SessionRepo {
[INFO] [stderr]    |           ----------- methods in this trait
[INFO] [stderr] 37 |     async fn find(&self, session_id: String) -> Result<Session, SessionRepoError>;
[INFO] [stderr]    |              ^^^^
[INFO] [stderr] 38 |     async fn create(&self, session: Session) -> Result<bool, SessionRepoError>;
[INFO] [stderr]    |              ^^^^^^
[INFO] [stderr]    |
[INFO] [stderr]    = note: `#[warn(dead_code)]` on by default
[INFO] [stderr] 
[INFO] [stderr] warning: `session-axum-redis` (bin "session-axum-redis" test) generated 8 warnings (run `cargo fix --bin "session-axum-redis" --tests` to apply 1 suggestion)
[INFO] [stderr]     Finished `test` profile [unoptimized + debuginfo] target(s) in 0.15s
[INFO] [stderr]      Running unittests src/main.rs (/opt/rustwide/target/debug/deps/session_axum_redis-90dd0465e56acc8f)
[INFO] [stdout] 
[INFO] [stdout] running 2 tests
[INFO] [stdout] test tests::test_struct_deserialise ... ok
[INFO] [stdout] test tests::test_redis_connection ... FAILED
[INFO] [stdout] 
[INFO] [stdout] failures:
[INFO] [stdout] 
[INFO] [stdout] ---- tests::test_redis_connection stdout ----
[INFO] [stdout] thread 'tests::test_redis_connection' panicked at src/main.rs:66:64:
[INFO] [stdout] called `Result::unwrap()` on an `Err` value: NotPresent
[INFO] [stdout] stack backtrace:
[INFO] [stdout]    0:     0x604db2560a2a - std::backtrace_rs::backtrace::libunwind::trace::h5a5b8284f2d0c266
[INFO] [stdout]                                at /rustc/90b35a6239c3d8bdabc530a6a0816f7ff89a0aaf/library/std/src/../../backtrace/src/backtrace/libunwind.rs:116:5
[INFO] [stdout]    1:     0x604db2560a2a - std::backtrace_rs::backtrace::trace_unsynchronized::h76d4f1c9b0b875e3
[INFO] [stdout]                                at /rustc/90b35a6239c3d8bdabc530a6a0816f7ff89a0aaf/library/std/src/../../backtrace/src/backtrace/mod.rs:66:5
[INFO] [stdout]    2:     0x604db2560a2a - std::sys::backtrace::_print_fmt::hc4546b8364a537c6
[INFO] [stdout]                                at /rustc/90b35a6239c3d8bdabc530a6a0816f7ff89a0aaf/library/std/src/sys/backtrace.rs:66:9
[INFO] [stdout]    3:     0x604db2560a2a - <std::sys::backtrace::BacktraceLock::print::DisplayBacktrace as core::fmt::Display>::fmt::h5b6bd5631a6d1f6b
[INFO] [stdout]                                at /rustc/90b35a6239c3d8bdabc530a6a0816f7ff89a0aaf/library/std/src/sys/backtrace.rs:39:26
[INFO] [stdout]    4:     0x604db2588e93 - core::fmt::rt::Argument::fmt::h270f6602a2b96f62
[INFO] [stdout]                                at /rustc/90b35a6239c3d8bdabc530a6a0816f7ff89a0aaf/library/core/src/fmt/rt.rs:177:76
[INFO] [stdout]    5:     0x604db2588e93 - core::fmt::write::h7550c97b06c86515
[INFO] [stdout]                                at /rustc/90b35a6239c3d8bdabc530a6a0816f7ff89a0aaf/library/core/src/fmt/mod.rs:1186:21
[INFO] [stdout]    6:     0x604db255cb63 - std::io::Write::write_fmt::h509ff860e5956e5e
[INFO] [stdout]                                at /rustc/90b35a6239c3d8bdabc530a6a0816f7ff89a0aaf/library/std/src/io/mod.rs:1839:15
[INFO] [stdout]    7:     0x604db2560872 - std::sys::backtrace::BacktraceLock::print::h2395ccd2c84ba3aa
[INFO] [stdout]                                at /rustc/90b35a6239c3d8bdabc530a6a0816f7ff89a0aaf/library/std/src/sys/backtrace.rs:42:9
[INFO] [stdout]    8:     0x604db2561e8a - std::panicking::default_hook::{{closure}}::he19d4c7230e07961
[INFO] [stdout]                                at /rustc/90b35a6239c3d8bdabc530a6a0816f7ff89a0aaf/library/std/src/panicking.rs:268:22
[INFO] [stdout]    9:     0x604db2561c94 - std::panicking::default_hook::hf614597d3c67bbdb
[INFO] [stdout]                                at /rustc/90b35a6239c3d8bdabc530a6a0816f7ff89a0aaf/library/std/src/panicking.rs:292:9
[INFO] [stdout]   10:     0x604db23bdf79 - <alloc::boxed::Box<F,A> as core::ops::function::Fn<Args>>::call::h39b51ce4599c23d1
[INFO] [stdout]                                at /rustc/90b35a6239c3d8bdabc530a6a0816f7ff89a0aaf/library/alloc/src/boxed.rs:2468:9
[INFO] [stdout]   11:     0x604db23bdf79 - test::test_main::{{closure}}::he977ae839a582784
[INFO] [stdout]                                at /rustc/90b35a6239c3d8bdabc530a6a0816f7ff89a0aaf/library/test/src/lib.rs:133:21
[INFO] [stdout]   12:     0x604db2562528 - <alloc::boxed::Box<F,A> as core::ops::function::Fn<Args>>::call::h9455091b6b06f9fb
[INFO] [stdout]                                at /rustc/90b35a6239c3d8bdabc530a6a0816f7ff89a0aaf/library/alloc/src/boxed.rs:2468:9
[INFO] [stdout]   13:     0x604db2562528 - std::panicking::rust_panic_with_hook::h8942133a8b252070
[INFO] [stdout]                                at /rustc/90b35a6239c3d8bdabc530a6a0816f7ff89a0aaf/library/std/src/panicking.rs:809:13
[INFO] [stdout]   14:     0x604db25622ea - std::panicking::begin_panic_handler::{{closure}}::hb5f5963570096b29
[INFO] [stdout]                                at /rustc/90b35a6239c3d8bdabc530a6a0816f7ff89a0aaf/library/std/src/panicking.rs:674:13
[INFO] [stdout]   15:     0x604db2560f09 - std::sys::backtrace::__rust_end_short_backtrace::h6208cedc1922feda
[INFO] [stdout]                                at /rustc/90b35a6239c3d8bdabc530a6a0816f7ff89a0aaf/library/std/src/sys/backtrace.rs:170:18
[INFO] [stdout]   16:     0x604db2561f7c - rust_begin_unwind
[INFO] [stdout]                                at /rustc/90b35a6239c3d8bdabc530a6a0816f7ff89a0aaf/library/std/src/panicking.rs:665:5
[INFO] [stdout]   17:     0x604db23662a0 - core::panicking::panic_fmt::h0c3082644d1bf418
[INFO] [stdout]                                at /rustc/90b35a6239c3d8bdabc530a6a0816f7ff89a0aaf/library/core/src/panicking.rs:74:14
[INFO] [stdout]   18:     0x604db23666e6 - core::result::unwrap_failed::hd20b4aa073bda1e2
[INFO] [stdout]                                at /rustc/90b35a6239c3d8bdabc530a6a0816f7ff89a0aaf/library/core/src/result.rs:1700:5
[INFO] [stdout]   19:     0x604db2370d30 - core::result::Result<T,E>::unwrap::h15013358151dcaaa
[INFO] [stdout]                                at /rustc/90b35a6239c3d8bdabc530a6a0816f7ff89a0aaf/library/core/src/result.rs:1104:23
[INFO] [stdout]   20:     0x604db2370d30 - session_axum_redis::tests::test_redis_connection::{{closure}}::h7d9c7ac319f10bf7
[INFO] [stdout]                                at /opt/rustwide/workdir/src/main.rs:66:42
[INFO] [stdout]   21:     0x604db236b9ad - <core::pin::Pin<P> as core::future::future::Future>::poll::hee6ee344faa2c90e
[INFO] [stdout]                                at /rustc/90b35a6239c3d8bdabc530a6a0816f7ff89a0aaf/library/core/src/future/future.rs:123:9
[INFO] [stdout]   22:     0x604db236b57f - tokio::runtime::basic_scheduler::CoreGuard::block_on::{{closure}}::{{closure}}::{{closure}}::h2337e51c364901de
[INFO] [stdout]                                at /opt/rustwide/cargo-home/registry/src/index.crates.io-6f17d22bba15001f/tokio-1.19.2/src/runtime/basic_scheduler.rs:508:48
[INFO] [stdout]   23:     0x604db2368e33 - tokio::coop::with_budget::{{closure}}::h2d311489e017b659
[INFO] [stdout]                                at /opt/rustwide/cargo-home/registry/src/index.crates.io-6f17d22bba15001f/tokio-1.19.2/src/coop.rs:102:9
[INFO] [stdout]   24:     0x604db23678da - std::thread::local::LocalKey<T>::try_with::hb5eb562c41399274
[INFO] [stdout]                                at /rustc/90b35a6239c3d8bdabc530a6a0816f7ff89a0aaf/library/std/src/thread/local.rs:283:12
[INFO] [stdout]   25:     0x604db23672da - std::thread::local::LocalKey<T>::with::h3d0fb5c7061ee3c3
[INFO] [stdout]                                at /rustc/90b35a6239c3d8bdabc530a6a0816f7ff89a0aaf/library/std/src/thread/local.rs:260:9
[INFO] [stdout]   26:     0x604db236b519 - tokio::coop::with_budget::h9adfd30fea6ae7d5
[INFO] [stdout]                                at /opt/rustwide/cargo-home/registry/src/index.crates.io-6f17d22bba15001f/tokio-1.19.2/src/coop.rs:95:5
[INFO] [stdout]   27:     0x604db236b519 - tokio::coop::budget::h2dfd581188220acf
[INFO] [stdout]                                at /opt/rustwide/cargo-home/registry/src/index.crates.io-6f17d22bba15001f/tokio-1.19.2/src/coop.rs:72:5
[INFO] [stdout]   28:     0x604db236b519 - tokio::runtime::basic_scheduler::CoreGuard::block_on::{{closure}}::{{closure}}::hb99c93ef6f0b75dd
[INFO] [stdout]                                at /opt/rustwide/cargo-home/registry/src/index.crates.io-6f17d22bba15001f/tokio-1.19.2/src/runtime/basic_scheduler.rs:508:25
[INFO] [stdout]   29:     0x604db236a290 - tokio::runtime::basic_scheduler::Context::enter::h2b7bfbd324a45e6c
[INFO] [stdout]                                at /opt/rustwide/cargo-home/registry/src/index.crates.io-6f17d22bba15001f/tokio-1.19.2/src/runtime/basic_scheduler.rs:362:19
[INFO] [stdout]   30:     0x604db236ae96 - tokio::runtime::basic_scheduler::CoreGuard::block_on::{{closure}}::hc1db89b98c6559c4
[INFO] [stdout]                                at /opt/rustwide/cargo-home/registry/src/index.crates.io-6f17d22bba15001f/tokio-1.19.2/src/runtime/basic_scheduler.rs:507:36
[INFO] [stdout]   31:     0x604db236ac64 - tokio::runtime::basic_scheduler::CoreGuard::enter::{{closure}}::h20294547e7e09701
[INFO] [stdout]                                at /opt/rustwide/cargo-home/registry/src/index.crates.io-6f17d22bba15001f/tokio-1.19.2/src/runtime/basic_scheduler.rs:565:57
[INFO] [stdout]   32:     0x604db2369aad - tokio::macros::scoped_tls::ScopedKey<T>::set::hfacb20a71d299d53
[INFO] [stdout]                                at /opt/rustwide/cargo-home/registry/src/index.crates.io-6f17d22bba15001f/tokio-1.19.2/src/macros/scoped_tls.rs:61:9
[INFO] [stdout]   33:     0x604db236aa3c - tokio::runtime::basic_scheduler::CoreGuard::enter::h19ba507361ffb5ac
[INFO] [stdout]                                at /opt/rustwide/cargo-home/registry/src/index.crates.io-6f17d22bba15001f/tokio-1.19.2/src/runtime/basic_scheduler.rs:565:27
[INFO] [stdout]   34:     0x604db236ac7a - tokio::runtime::basic_scheduler::CoreGuard::block_on::he52f1dd0e661d196
[INFO] [stdout]                                at /opt/rustwide/cargo-home/registry/src/index.crates.io-6f17d22bba15001f/tokio-1.19.2/src/runtime/basic_scheduler.rs:498:9
[INFO] [stdout]   35:     0x604db2369d3b - tokio::runtime::basic_scheduler::BasicScheduler::block_on::hce61a1f510e0878d
[INFO] [stdout]                                at /opt/rustwide/cargo-home/registry/src/index.crates.io-6f17d22bba15001f/tokio-1.19.2/src/runtime/basic_scheduler.rs:174:24
[INFO] [stdout]   36:     0x604db236b8ae - tokio::runtime::Runtime::block_on::h33af2b190b40fc00
[INFO] [stdout]                                at /opt/rustwide/cargo-home/registry/src/index.crates.io-6f17d22bba15001f/tokio-1.19.2/src/runtime/mod.rs:480:46
[INFO] [stdout]   37:     0x604db2370b4a - session_axum_redis::tests::test_redis_connection::h6d29cb86f430ff37
[INFO] [stdout]                                at /opt/rustwide/workdir/src/main.rs:74:9
[INFO] [stdout]   38:     0x604db2370a27 - session_axum_redis::tests::test_redis_connection::{{closure}}::h9b48d108d60149d6
[INFO] [stdout]                                at /opt/rustwide/workdir/src/main.rs:63:37
[INFO] [stdout]   39:     0x604db2367a56 - core::ops::function::FnOnce::call_once::h2c51e376c0d3d6fe
[INFO] [stdout]                                at /rustc/90b35a6239c3d8bdabc530a6a0816f7ff89a0aaf/library/core/src/ops/function.rs:250:5
[INFO] [stdout]   40:     0x604db23c293b - core::ops::function::FnOnce::call_once::h109cf8051a59b34e
[INFO] [stdout]                                at /rustc/90b35a6239c3d8bdabc530a6a0816f7ff89a0aaf/library/core/src/ops/function.rs:250:5
[INFO] [stdout]   41:     0x604db23c293b - test::__rust_begin_short_backtrace::hf4fff89d377446ba
[INFO] [stdout]                                at /rustc/90b35a6239c3d8bdabc530a6a0816f7ff89a0aaf/library/test/src/lib.rs:621:18
[INFO] [stdout]   42:     0x604db23c2177 - test::run_test_in_process::{{closure}}::h0e39181dd7ee5a43
[INFO] [stdout]                                at /rustc/90b35a6239c3d8bdabc530a6a0816f7ff89a0aaf/library/test/src/lib.rs:644:60
[INFO] [stdout]   43:     0x604db23c2177 - <core::panic::unwind_safe::AssertUnwindSafe<F> as core::ops::function::FnOnce<()>>::call_once::hc5a66a30f0bdfd1f
[INFO] [stdout]                                at /rustc/90b35a6239c3d8bdabc530a6a0816f7ff89a0aaf/library/core/src/panic/unwind_safe.rs:272:9
[INFO] [stdout]   44:     0x604db23c2177 - std::panicking::try::do_call::h873b7cf639554a5e
[INFO] [stdout]                                at /rustc/90b35a6239c3d8bdabc530a6a0816f7ff89a0aaf/library/std/src/panicking.rs:557:40
[INFO] [stdout]   45:     0x604db23c2177 - std::panicking::try::hdb19862fad9c8bd1
[INFO] [stdout]                                at /rustc/90b35a6239c3d8bdabc530a6a0816f7ff89a0aaf/library/std/src/panicking.rs:520:19
[INFO] [stdout]   46:     0x604db23c2177 - std::panic::catch_unwind::h281fe732d236d260
[INFO] [stdout]                                at /rustc/90b35a6239c3d8bdabc530a6a0816f7ff89a0aaf/library/std/src/panic.rs:358:14
[INFO] [stdout]   47:     0x604db23c2177 - test::run_test_in_process::h949b6df8457ed338
[INFO] [stdout]                                at /rustc/90b35a6239c3d8bdabc530a6a0816f7ff89a0aaf/library/test/src/lib.rs:644:27
[INFO] [stdout]   48:     0x604db23c2177 - test::run_test::{{closure}}::h52c556a6d4740e10
[INFO] [stdout]                                at /rustc/90b35a6239c3d8bdabc530a6a0816f7ff89a0aaf/library/test/src/lib.rs:565:43
[INFO] [stdout]   49:     0x604db2387454 - test::run_test::{{closure}}::h4237f6381c45ccb9
[INFO] [stdout]                                at /rustc/90b35a6239c3d8bdabc530a6a0816f7ff89a0aaf/library/test/src/lib.rs:595:41
[INFO] [stdout]   50:     0x604db2387454 - std::sys::backtrace::__rust_begin_short_backtrace::h505c97a579eca628
[INFO] [stdout]                                at /rustc/90b35a6239c3d8bdabc530a6a0816f7ff89a0aaf/library/std/src/sys/backtrace.rs:154:18
[INFO] [stdout]   51:     0x604db238ab1e - std::thread::Builder::spawn_unchecked_::{{closure}}::{{closure}}::h9e86b2e2bc107ea3
[INFO] [stdout]                                at /rustc/90b35a6239c3d8bdabc530a6a0816f7ff89a0aaf/library/std/src/thread/mod.rs:538:17
[INFO] [stdout]   52:     0x604db238ab1e - <core::panic::unwind_safe::AssertUnwindSafe<F> as core::ops::function::FnOnce<()>>::call_once::h8b06ddb275ff4a25
[INFO] [stdout]                                at /rustc/90b35a6239c3d8bdabc530a6a0816f7ff89a0aaf/library/core/src/panic/unwind_safe.rs:272:9
[INFO] [stdout]   53:     0x604db238ab1e - std::panicking::try::do_call::hb26ecd7cd9a9355d
[INFO] [stdout]                                at /rustc/90b35a6239c3d8bdabc530a6a0816f7ff89a0aaf/library/std/src/panicking.rs:557:40
[INFO] [stdout]   54:     0x604db238ab1e - std::panicking::try::h8ddeca9d705f9069
[INFO] [stdout]                                at /rustc/90b35a6239c3d8bdabc530a6a0816f7ff89a0aaf/library/std/src/panicking.rs:520:19
[INFO] [stdout]   55:     0x604db238ab1e - std::panic::catch_unwind::h49e1c33078844c46
[INFO] [stdout]                                at /rustc/90b35a6239c3d8bdabc530a6a0816f7ff89a0aaf/library/std/src/panic.rs:358:14
[INFO] [stdout]   56:     0x604db238ab1e - std::thread::Builder::spawn_unchecked_::{{closure}}::h6073db6ff56ad35d
[INFO] [stdout]                                at /rustc/90b35a6239c3d8bdabc530a6a0816f7ff89a0aaf/library/std/src/thread/mod.rs:537:30
[INFO] [stdout]   57:     0x604db238ab1e - core::ops::function::FnOnce::call_once{{vtable.shim}}::h2c5a5f3779c774f1
[INFO] [stdout]                                at /rustc/90b35a6239c3d8bdabc530a6a0816f7ff89a0aaf/library/core/src/ops/function.rs:250:5
[INFO] [stdout]   58:     0x604db25668bb - <alloc::boxed::Box<F,A> as core::ops::function::FnOnce<Args>>::call_once::hf75717d9f28faebf
[INFO] [stdout]                                at /rustc/90b35a6239c3d8bdabc530a6a0816f7ff89a0aaf/library/alloc/src/boxed.rs:2454:9
[INFO] [stdout]   59:     0x604db25668bb - <alloc::boxed::Box<F,A> as core::ops::function::FnOnce<Args>>::call_once::h7bd883a5f3c5f3c1
[INFO] [stdout]                                at /rustc/90b35a6239c3d8bdabc530a6a0816f7ff89a0aaf/library/alloc/src/boxed.rs:2454:9
[INFO] [stdout]   60:     0x604db25668bb - std::sys::pal::unix::thread::Thread::new::thread_start::hcc78f3943333fa94
[INFO] [stdout]                                at /rustc/90b35a6239c3d8bdabc530a6a0816f7ff89a0aaf/library/std/src/sys/pal/unix/thread.rs:105:17
[INFO] [stdout]   61:     0x76302f21eac3 - <unknown>
[INFO] [stdout]   62:     0x76302f2afa04 - clone
[INFO] [stdout]   63:                0x0 - <unknown>
[INFO] [stdout] 
[INFO] [stdout] 
[INFO] [stdout] failures:
[INFO] [stdout]     tests::test_redis_connection
[INFO] [stdout] 
[INFO] [stdout] test result: FAILED. 1 passed; 1 failed; 0 ignored; 0 measured; 0 filtered out; finished in 0.05s
[INFO] [stdout] 
[INFO] [stderr] error: test failed, to rerun pass `--bin session-axum-redis`
[INFO] running `Command { std: "docker" "inspect" "6428308e0175ecad079335a310c59b84fca20f942e0ba6d0bb847acf8ad0bfd0", kill_on_drop: false }`
[INFO] running `Command { std: "docker" "rm" "-f" "6428308e0175ecad079335a310c59b84fca20f942e0ba6d0bb847acf8ad0bfd0", kill_on_drop: false }`
[INFO] [stdout] 6428308e0175ecad079335a310c59b84fca20f942e0ba6d0bb847acf8ad0bfd0
