[INFO] cloning repository https://github.com/patskovn/tca-rs
[INFO] running `Command { std: "git" "-c" "credential.helper=" "-c" "credential.helper=/workspace/cargo-home/bin/git-credential-null" "clone" "--bare" "https://github.com/patskovn/tca-rs" "/workspace/cache/git-repos/https%3A%2F%2Fgithub.com%2Fpatskovn%2Ftca-rs", kill_on_drop: false }`
[INFO] [stderr] Cloning into bare repository '/workspace/cache/git-repos/https%3A%2F%2Fgithub.com%2Fpatskovn%2Ftca-rs'...
[INFO] running `Command { std: "git" "rev-parse" "HEAD", kill_on_drop: false }`
[INFO] [stdout] ce5a82bde1c003e2ca31dec173f71fa6e0cd61a0
[INFO] testing patskovn/tca-rs against beta-2024-12-08 for beta-1.84.0-4-retry
[INFO] running `Command { std: "git" "clone" "/workspace/cache/git-repos/https%3A%2F%2Fgithub.com%2Fpatskovn%2Ftca-rs" "/workspace/builds/worker-6-tc2/source", kill_on_drop: false }`
[INFO] [stderr] Cloning into '/workspace/builds/worker-6-tc2/source'...
[INFO] [stderr] done.
[INFO] validating manifest of git repo https://github.com/patskovn/tca-rs on toolchain beta-2024-12-08
[INFO] running `Command { std: CARGO_HOME="/workspace/cargo-home" RUSTUP_HOME="/workspace/rustup-home" "/workspace/cargo-home/bin/cargo" "+beta-2024-12-08" "metadata" "--manifest-path" "Cargo.toml" "--no-deps", kill_on_drop: false }`
[INFO] started tweaking git repo https://github.com/patskovn/tca-rs
[INFO] finished tweaking git repo https://github.com/patskovn/tca-rs
[INFO] tweaked toml for git repo https://github.com/patskovn/tca-rs written to /workspace/builds/worker-6-tc2/source/Cargo.toml
[INFO] crate git repo https://github.com/patskovn/tca-rs already has a lockfile, it will not be regenerated
[INFO] running `Command { std: CARGO_HOME="/workspace/cargo-home" RUSTUP_HOME="/workspace/rustup-home" "/workspace/cargo-home/bin/cargo" "+beta-2024-12-08" "fetch" "--manifest-path" "Cargo.toml", kill_on_drop: false }`
[INFO] running `Command { std: "docker" "create" "-v" "/var/lib/crater-agent-workspace/builds/worker-6-tc2/target:/opt/rustwide/target:rw,Z" "-v" "/var/lib/crater-agent-workspace/builds/worker-6-tc2/source:/opt/rustwide/workdir:ro,Z" "-v" "/var/lib/crater-agent-workspace/cargo-home:/opt/rustwide/cargo-home:ro,Z" "-v" "/var/lib/crater-agent-workspace/rustup-home:/opt/rustwide/rustup-home:ro,Z" "-e" "SOURCE_DIR=/opt/rustwide/workdir" "-e" "CARGO_TARGET_DIR=/opt/rustwide/target" "-e" "CARGO_HOME=/opt/rustwide/cargo-home" "-e" "RUSTUP_HOME=/opt/rustwide/rustup-home" "-w" "/opt/rustwide/workdir" "-m" "1610612736" "--user" "0:0" "--network" "none" "ghcr.io/rust-lang/crates-build-env/linux@sha256:f3a9d4ad9d972b27faf3965f35b62e55ba32bbce8f20bc8fe909558a86702fde" "/opt/rustwide/cargo-home/bin/cargo" "+beta-2024-12-08" "metadata" "--no-deps" "--format-version=1", kill_on_drop: false }`
[INFO] [stdout] 8244cdc9bda6da3db0a91f688fe57ea711a78bd3feb2dc16a23044092d751164
[INFO] running `Command { std: "docker" "start" "-a" "8244cdc9bda6da3db0a91f688fe57ea711a78bd3feb2dc16a23044092d751164", kill_on_drop: false }`
[INFO] running `Command { std: "docker" "inspect" "8244cdc9bda6da3db0a91f688fe57ea711a78bd3feb2dc16a23044092d751164", kill_on_drop: false }`
[INFO] running `Command { std: "docker" "rm" "-f" "8244cdc9bda6da3db0a91f688fe57ea711a78bd3feb2dc16a23044092d751164", kill_on_drop: false }`
[INFO] [stdout] 8244cdc9bda6da3db0a91f688fe57ea711a78bd3feb2dc16a23044092d751164
[INFO] running `Command { std: "docker" "create" "-v" "/var/lib/crater-agent-workspace/builds/worker-6-tc2/target:/opt/rustwide/target:rw,Z" "-v" "/var/lib/crater-agent-workspace/builds/worker-6-tc2/source:/opt/rustwide/workdir:ro,Z" "-v" "/var/lib/crater-agent-workspace/cargo-home:/opt/rustwide/cargo-home:ro,Z" "-v" "/var/lib/crater-agent-workspace/rustup-home:/opt/rustwide/rustup-home:ro,Z" "-e" "SOURCE_DIR=/opt/rustwide/workdir" "-e" "CARGO_TARGET_DIR=/opt/rustwide/target" "-e" "CARGO_INCREMENTAL=0" "-e" "RUST_BACKTRACE=full" "-e" "RUSTFLAGS=--cap-lints=warn" "-e" "RUSTDOCFLAGS=--cap-lints=warn" "-e" "CARGO_HOME=/opt/rustwide/cargo-home" "-e" "RUSTUP_HOME=/opt/rustwide/rustup-home" "-w" "/opt/rustwide/workdir" "-m" "1610612736" "--user" "0:0" "--network" "none" "ghcr.io/rust-lang/crates-build-env/linux@sha256:f3a9d4ad9d972b27faf3965f35b62e55ba32bbce8f20bc8fe909558a86702fde" "/opt/rustwide/cargo-home/bin/cargo" "+beta-2024-12-08" "build" "--frozen" "--message-format=json", kill_on_drop: false }`
[INFO] [stdout] 751da9b698e571f9a42fb2b39ce43ed65476af78cb6e4215db7aa5ade81ed199
[INFO] running `Command { std: "docker" "start" "-a" "751da9b698e571f9a42fb2b39ce43ed65476af78cb6e4215db7aa5ade81ed199", kill_on_drop: false }`
[INFO] [stderr]    Compiling proc-macro2 v1.0.86
[INFO] [stderr]    Compiling libc v0.2.156
[INFO] [stderr]    Compiling futures-core v0.3.30
[INFO] [stderr]    Compiling futures-sink v0.3.30
[INFO] [stderr]    Compiling anyhow v1.0.86
[INFO] [stderr]    Compiling bytes v1.7.1
[INFO] [stderr]    Compiling log v0.4.22
[INFO] [stderr]    Compiling futures-channel v0.3.30
[INFO] [stderr]    Compiling quote v1.0.36
[INFO] [stderr]    Compiling syn v2.0.74
[INFO] [stderr]    Compiling parking_lot_core v0.9.10
[INFO] [stderr]    Compiling mio v1.0.2
[INFO] [stderr]    Compiling signal-hook-registry v1.4.2
[INFO] [stderr]    Compiling socket2 v0.5.7
[INFO] [stderr]    Compiling parking_lot v0.12.3
[INFO] [stderr]    Compiling futures-macro v0.3.30
[INFO] [stderr]    Compiling tokio-macros v2.4.0
[INFO] [stderr]    Compiling async-trait v0.1.81
[INFO] [stderr]    Compiling tokio v1.39.2
[INFO] [stderr]    Compiling futures-util v0.3.30
[INFO] [stderr]    Compiling futures-executor v0.3.30
[INFO] [stderr]    Compiling futures v0.3.30
[INFO] [stderr]    Compiling tca-rs v0.1.0 (/opt/rustwide/workdir)
[INFO] [stderr]     Finished `dev` profile [unoptimized + debuginfo] target(s) in 17.88s
[INFO] running `Command { std: "docker" "inspect" "751da9b698e571f9a42fb2b39ce43ed65476af78cb6e4215db7aa5ade81ed199", kill_on_drop: false }`
[INFO] running `Command { std: "docker" "rm" "-f" "751da9b698e571f9a42fb2b39ce43ed65476af78cb6e4215db7aa5ade81ed199", kill_on_drop: false }`
[INFO] [stdout] 751da9b698e571f9a42fb2b39ce43ed65476af78cb6e4215db7aa5ade81ed199
[INFO] running `Command { std: "docker" "create" "-v" "/var/lib/crater-agent-workspace/builds/worker-6-tc2/target:/opt/rustwide/target:rw,Z" "-v" "/var/lib/crater-agent-workspace/builds/worker-6-tc2/source:/opt/rustwide/workdir:ro,Z" "-v" "/var/lib/crater-agent-workspace/cargo-home:/opt/rustwide/cargo-home:ro,Z" "-v" "/var/lib/crater-agent-workspace/rustup-home:/opt/rustwide/rustup-home:ro,Z" "-e" "SOURCE_DIR=/opt/rustwide/workdir" "-e" "CARGO_TARGET_DIR=/opt/rustwide/target" "-e" "CARGO_INCREMENTAL=0" "-e" "RUST_BACKTRACE=full" "-e" "RUSTFLAGS=--cap-lints=warn" "-e" "RUSTDOCFLAGS=--cap-lints=warn" "-e" "CARGO_HOME=/opt/rustwide/cargo-home" "-e" "RUSTUP_HOME=/opt/rustwide/rustup-home" "-w" "/opt/rustwide/workdir" "-m" "1610612736" "--user" "0:0" "--network" "none" "ghcr.io/rust-lang/crates-build-env/linux@sha256:f3a9d4ad9d972b27faf3965f35b62e55ba32bbce8f20bc8fe909558a86702fde" "/opt/rustwide/cargo-home/bin/cargo" "+beta-2024-12-08" "test" "--frozen" "--no-run" "--message-format=json", kill_on_drop: false }`
[INFO] [stdout] 25a41c3227d334e82b5aee93f8c7f5f9f02c1784263d33260d3889d5832fbd17
[INFO] running `Command { std: "docker" "start" "-a" "25a41c3227d334e82b5aee93f8c7f5f9f02c1784263d33260d3889d5832fbd17", kill_on_drop: false }`
[INFO] [stderr]    Compiling tca-rs v0.1.0 (/opt/rustwide/workdir)
[INFO] [stderr]     Finished `test` profile [unoptimized + debuginfo] target(s) in 2.75s
[INFO] running `Command { std: "docker" "inspect" "25a41c3227d334e82b5aee93f8c7f5f9f02c1784263d33260d3889d5832fbd17", kill_on_drop: false }`
[INFO] running `Command { std: "docker" "rm" "-f" "25a41c3227d334e82b5aee93f8c7f5f9f02c1784263d33260d3889d5832fbd17", kill_on_drop: false }`
[INFO] [stdout] 25a41c3227d334e82b5aee93f8c7f5f9f02c1784263d33260d3889d5832fbd17
[INFO] running `Command { std: "docker" "create" "-v" "/var/lib/crater-agent-workspace/builds/worker-6-tc2/target:/opt/rustwide/target:rw,Z" "-v" "/var/lib/crater-agent-workspace/builds/worker-6-tc2/source:/opt/rustwide/workdir:ro,Z" "-v" "/var/lib/crater-agent-workspace/cargo-home:/opt/rustwide/cargo-home:ro,Z" "-v" "/var/lib/crater-agent-workspace/rustup-home:/opt/rustwide/rustup-home:ro,Z" "-e" "SOURCE_DIR=/opt/rustwide/workdir" "-e" "CARGO_TARGET_DIR=/opt/rustwide/target" "-e" "CARGO_INCREMENTAL=0" "-e" "RUST_BACKTRACE=full" "-e" "RUSTFLAGS=--cap-lints=warn" "-e" "RUSTDOCFLAGS=--cap-lints=warn" "-e" "CARGO_HOME=/opt/rustwide/cargo-home" "-e" "RUSTUP_HOME=/opt/rustwide/rustup-home" "-w" "/opt/rustwide/workdir" "-m" "1610612736" "--user" "0:0" "--network" "none" "ghcr.io/rust-lang/crates-build-env/linux@sha256:f3a9d4ad9d972b27faf3965f35b62e55ba32bbce8f20bc8fe909558a86702fde" "/opt/rustwide/cargo-home/bin/cargo" "+beta-2024-12-08" "test" "--frozen", kill_on_drop: false }`
[INFO] [stdout] 33c7086c80d1a2176e395efd786f2159205ac30f0c301dbbc220266bd2d59588
[INFO] running `Command { std: "docker" "start" "-a" "33c7086c80d1a2176e395efd786f2159205ac30f0c301dbbc220266bd2d59588", kill_on_drop: false }`
[INFO] [stderr]     Finished `test` profile [unoptimized + debuginfo] target(s) in 0.05s
[INFO] [stderr]      Running unittests src/lib.rs (/opt/rustwide/target/debug/deps/tca-4174f549b2236c8d)
[INFO] [stdout] 
[INFO] [stdout] running 5 tests
[INFO] [stdout] test store::test::multiple_scopes_not_hang ... ok
[INFO] [stdout] test store::test::simple_action ... ok
[INFO] [stdout] test store::test::closes_on_quit ... ok
[INFO] [stdout] test store::test::test_reentrant_mutex ... ok
[INFO] [stderr]    Doc-tests tca
[INFO] [stdout] test engine::test::reentrant_mutex_not_locks ... ok
[INFO] [stdout] 
[INFO] [stdout] test result: ok. 5 passed; 0 failed; 0 ignored; 0 measured; 0 filtered out; finished in 0.41s
[INFO] [stdout] 
[INFO] [stdout] 
[INFO] [stdout] running 5 tests
[INFO] [stdout] test src/effect.rs - effect::Effect<Action>::run (line 46) ... FAILED
[INFO] [stdout] test src/store.rs - store::Store (line 22) ... FAILED
[INFO] [stdout] test src/store.rs - store::Store (line 68) ... FAILED
[INFO] [stdout] test src/effect.rs - effect::Effect<Action>::run (line 55) ... FAILED
[INFO] [stdout] test src/store.rs - store::Store (line 86) ... FAILED
[INFO] [stderr] error: doctest failed, to rerun pass `--doc`
[INFO] [stdout] 
[INFO] [stdout] failures:
[INFO] [stdout] 
[INFO] [stdout] ---- src/effect.rs - effect::Effect<Action>::run (line 46) stdout ----
[INFO] [stdout] error: expected one of `!`, `+`, `,`, `::`, `=`, or `>`, found `{`
[INFO] [stdout]  --> src/effect.rs:47:53
[INFO] [stdout]   |
[INFO] [stdout] 3 | struct EventsClient<F: Fn() -> Stream<Item = Event> {
[INFO] [stdout]   |                                                     ^ expected one of `!`, `+`, `,`, `::`, `=`, or `>`
[INFO] [stdout]   |
[INFO] [stdout] help: you might have meant to end the type parameters here
[INFO] [stdout]   |
[INFO] [stdout] 3 | struct EventsClient<F: Fn() -> Stream<Item = Event>> {
[INFO] [stdout]   |                                                    +
[INFO] [stdout] 
[INFO] [stdout] error: aborting due to 1 previous error
[INFO] [stdout] 
[INFO] [stdout] Couldn't compile the test.
[INFO] [stdout] ---- src/store.rs - store::Store (line 22) stdout ----
[INFO] [stdout] error[E0433]: failed to resolve: use of undeclared crate or module `crossterm`
[INFO] [stdout]  --> src/store.rs:26:27
[INFO] [stdout]   |
[INFO] [stdout] 7 | let mut terminal_events = crossterm::event::EventStream::new();
[INFO] [stdout]   |                           ^^^^^^^^^ use of undeclared crate or module `crossterm`
[INFO] [stdout] 
[INFO] [stdout] error[E0412]: cannot find type `Feature` in this scope
[INFO] [stdout]  --> src/store.rs:24:31
[INFO] [stdout]   |
[INFO] [stdout] 5 | let store = tca::Store::new::<Feature>(State::default());
[INFO] [stdout]   |                               ^^^^^^^ not found in this scope
[INFO] [stdout]   |
[INFO] [stdout] help: you might be missing a type parameter
[INFO] [stdout]   |
[INFO] [stdout] 4 | fn main() { #[allow(non_snake_case)] fn _doctest_main_src_store_rs_22_0<Feature>() {
[INFO] [stdout]   |                                                                        +++++++++
[INFO] [stdout] 
[INFO] [stdout] error[E0425]: cannot find value `terminal` in this scope
[INFO] [stdout]   --> src/store.rs:35:21
[INFO] [stdout]    |
[INFO] [stdout] 16 |                     terminal.draw(|f| ui(f, &state))?;
[INFO] [stdout]    |                     ^^^^^^^^ not found in this scope
[INFO] [stdout] 
[INFO] [stdout] error[E0425]: cannot find value `state` in this scope
[INFO] [stdout]   --> src/store.rs:35:46
[INFO] [stdout]    |
[INFO] [stdout] 16 |                     terminal.draw(|f| ui(f, &state))?;
[INFO] [stdout]    |                                              ^^^^^ not found in this scope
[INFO] [stdout] 
[INFO] [stdout] error[E0728]: `await` is only allowed inside `async` functions and blocks
[INFO] [stdout]   --> src/store.rs:31:5
[INFO] [stdout]    |
[INFO] [stdout] 4  |   fn main() { #[allow(non_snake_case)] fn _doctest_main_src_store_rs_22_0() {
[INFO] [stdout]    |                                        ------------------------------------ this is not `async`
[INFO] [stdout] ...
[INFO] [stdout] 12 | /     tokio::select! {
[INFO] [stdout] 13 | |         maybe_redraw = redraw_event => {
[INFO] [stdout] 14 | |             match maybe_redraw {
[INFO] [stdout] 15 | |                 Ok(()) => {
[INFO] [stdout] ...  |
[INFO] [stdout] 32 | |         }
[INFO] [stdout] 33 | |     }
[INFO] [stdout]    | |_____^ only allowed inside `async` functions and blocks
[INFO] [stdout]    |
[INFO] [stdout]    = note: this error originates in the macro `$crate::select` which comes from the expansion of the macro `tokio::select` (in Nightly builds, run with -Z macro-backtrace for more info)
[INFO] [stdout] 
[INFO] [stdout] error[E0433]: failed to resolve: use of undeclared type `State`
[INFO] [stdout]  --> src/store.rs:24:40
[INFO] [stdout]   |
[INFO] [stdout] 5 | let store = tca::Store::new::<Feature>(State::default());
[INFO] [stdout]   |                                        ^^^^^ use of undeclared type `State`
[INFO] [stdout] 
[INFO] [stdout] error[E0425]: cannot find function `ui` in this scope
[INFO] [stdout]   --> src/store.rs:35:39
[INFO] [stdout]    |
[INFO] [stdout] 16 |                     terminal.draw(|f| ui(f, &state))?;
[INFO] [stdout]    |                                       ^^ not found in this scope
[INFO] [stdout] 
[INFO] [stdout] error[E0433]: failed to resolve: use of undeclared type `Action`
[INFO] [stdout]   --> src/store.rs:47:45
[INFO] [stdout]    |
[INFO] [stdout] 28 |                 Some(Ok(evt)) => store.send(Action::Event(evt)),
[INFO] [stdout]    |                                             ^^^^^^
[INFO] [stdout]    |                                             |
[INFO] [stdout]    |                                             use of undeclared type `Action`
[INFO] [stdout]    |                                             help: an enum with a similar name exists: `Option`
[INFO] [stdout] 
[INFO] [stdout] error: aborting due to 8 previous errors
[INFO] [stdout] 
[INFO] [stdout] Some errors have detailed explanations: E0412, E0425, E0433, E0728.
[INFO] [stdout] For more information about an error, try `rustc --explain E0412`.
[INFO] [stdout] Couldn't compile the test.
[INFO] [stdout] ---- src/store.rs - store::Store (line 68) stdout ----
[INFO] [stdout] error[E0046]: not all trait items implemented, missing: `reduce`
[INFO] [stdout]   --> src/store.rs:78:1
[INFO] [stdout]    |
[INFO] [stdout] 13 | impl tca::Reducer<AppState, AppAction> for Feature {
[INFO] [stdout]    | ^^^^^^^^^^^^^^^^^^^^^^^^^^^^^^^^^^^^^^^^^^^^^^^^^^ missing `reduce` in implementation
[INFO] [stdout]    |
[INFO] [stdout]    = help: implement the missing item: `fn reduce(_: &mut AppState, _: AppAction) -> Effect<AppAction> { todo!() }`
[INFO] [stdout] 
[INFO] [stdout] error[E0433]: failed to resolve: use of undeclared crate or module `activity`
[INFO] [stdout]  --> src/store.rs:71:15
[INFO] [stdout]   |
[INFO] [stdout] 6 |     activity: activity::State,
[INFO] [stdout]   |               ^^^^^^^^ use of undeclared crate or module `activity`
[INFO] [stdout] 
[INFO] [stdout] error[E0433]: failed to resolve: use of undeclared crate or module `activity`
[INFO] [stdout]  --> src/store.rs:74:14
[INFO] [stdout]   |
[INFO] [stdout] 9 |     Activity(activity::Action),
[INFO] [stdout]   |              ^^^^^^^^ use of undeclared crate or module `activity`
[INFO] [stdout] 
[INFO] [stdout] error: aborting due to 3 previous errors
[INFO] [stdout] 
[INFO] [stdout] Some errors have detailed explanations: E0046, E0433.
[INFO] [stdout] For more information about an error, try `rustc --explain E0046`.
[INFO] [stdout] Couldn't compile the test.
[INFO] [stdout] ---- src/effect.rs - effect::Effect<Action>::run (line 55) stdout ----
[INFO] [stdout] error[E0425]: cannot find value `action` in this scope
[INFO] [stdout]  --> src/effect.rs:56:7
[INFO] [stdout]   |
[INFO] [stdout] 3 | match action {
[INFO] [stdout]   |       ^^^^^^ not found in this scope
[INFO] [stdout] 
[INFO] [stdout] error[E0433]: failed to resolve: use of undeclared type `Effect`
[INFO] [stdout]  --> src/effect.rs:58:9
[INFO] [stdout]   |
[INFO] [stdout] 5 |         Effect::run(async move |send| {
[INFO] [stdout]   |         ^^^^^^ use of undeclared type `Effect`
[INFO] [stdout]   |
[INFO] [stdout] help: consider importing this struct
[INFO] [stdout]   |
[INFO] [stdout] 2 + use tca::Effect;
[INFO] [stdout]   |
[INFO] [stdout] 
[INFO] [stdout] error[E0658]: async closures are unstable
[INFO] [stdout]  --> src/effect.rs:58:21
[INFO] [stdout]   |
[INFO] [stdout] 5 |         Effect::run(async move |send| {
[INFO] [stdout]   |                     ^^^^^
[INFO] [stdout]   |
[INFO] [stdout]   = note: see issue #62290 <https://github.com/rust-lang/rust/issues/62290> for more information
[INFO] [stdout]   = help: to use an async block, remove the `||`: `async {`
[INFO] [stdout] 
[INFO] [stdout] error[E0433]: failed to resolve: use of undeclared type `EventsClient`
[INFO] [stdout]  --> src/effect.rs:59:33
[INFO] [stdout]   |
[INFO] [stdout] 6 |             let events_client = EventsClient::new().events();
[INFO] [stdout]   |                                 ^^^^^^^^^^^^ use of undeclared type `EventsClient`
[INFO] [stdout] 
[INFO] [stdout] error[E0433]: failed to resolve: use of undeclared type `Action`
[INFO] [stdout]  --> src/effect.rs:61:27
[INFO] [stdout]   |
[INFO] [stdout] 8 |                 send.send(Action::Event(event));
[INFO] [stdout]   |                           ^^^^^^
[INFO] [stdout]   |                           |
[INFO] [stdout]   |                           use of undeclared type `Action`
[INFO] [stdout]   |                           help: an enum with a similar name exists: `Option`
[INFO] [stdout] 
[INFO] [stdout] error[E0433]: failed to resolve: use of undeclared type `Action`
[INFO] [stdout]  --> src/effect.rs:57:5
[INFO] [stdout]   |
[INFO] [stdout] 4 |     Action::StartButtonTapped => {
[INFO] [stdout]   |     ^^^^^^
[INFO] [stdout]   |     |
[INFO] [stdout]   |     use of undeclared type `Action`
[INFO] [stdout]   |     help: an enum with a similar name exists: `Option`
[INFO] [stdout] 
[INFO] [stdout] error: aborting due to 6 previous errors
[INFO] [stdout] 
[INFO] [stdout] Some errors have detailed explanations: E0425, E0433, E0658.
[INFO] [stdout] For more information about an error, try `rustc --explain E0425`.
[INFO] [stdout] Couldn't compile the test.
[INFO] [stdout] ---- src/store.rs - store::Store (line 86) stdout ----
[INFO] [stdout] error: expected one of `!`, `(`, `+`, `,`, `::`, `<`, or `>`, found `)`
[INFO] [stdout]  --> src/store.rs:87:65
[INFO] [stdout]   |
[INFO] [stdout] 3 | fn draw_app(frame: &mut Frame, store: &Store<AppState, AppAction) {
[INFO] [stdout]   |                                                                 ^ expected one of 7 possible tokens
[INFO] [stdout]   |
[INFO] [stdout] help: you might have meant to end the type parameters here
[INFO] [stdout]   |
[INFO] [stdout] 3 | fn draw_app(frame: &mut Frame, store: &Store<AppState, AppAction>) {
[INFO] [stdout]   |                                                                 +
[INFO] [stdout] 
[INFO] [stdout] error: expected one of `:`, `@`, or `|`, found `)`
[INFO] [stdout]  --> src/store.rs:87:65
[INFO] [stdout]   |
[INFO] [stdout] 3 | fn draw_app(frame: &mut Frame, store: &Store<AppState, AppAction) {
[INFO] [stdout]   |                                                                 ^ expected one of `:`, `@`, or `|`
[INFO] [stdout]   |
[INFO] [stdout]   = note: anonymous parameters are removed in the 2018 edition (see RFC 1685)
[INFO] [stdout] help: if this is a parameter name, give it a type
[INFO] [stdout]   |
[INFO] [stdout] 3 | fn draw_app(frame: &mut Frame, store: &Store<AppState, AppAction: TypeName) {
[INFO] [stdout]   |                                                                 ++++++++++
[INFO] [stdout] help: if this is a type, explicitly ignore the parameter name
[INFO] [stdout]   |
[INFO] [stdout] 3 | fn draw_app(frame: &mut Frame, store: &Store<AppState, _: AppAction) {
[INFO] [stdout]   |                                                        ++
[INFO] [stdout] 
[INFO] [stdout] error[E0412]: cannot find type `Frame` in this scope
[INFO] [stdout]  --> src/store.rs:87:25
[INFO] [stdout]   |
[INFO] [stdout] 3 | fn draw_app(frame: &mut Frame, store: &Store<AppState, AppAction) {
[INFO] [stdout]   |                         ^^^^^ not found in this scope
[INFO] [stdout] 
[INFO] [stdout] error[E0425]: cannot find value `store` in this scope
[INFO] [stdout]  --> src/store.rs:88:27
[INFO] [stdout]   |
[INFO] [stdout] 4 |     activity::draw(frame, store.scope(|s| &s.activity, AppAction::Activity));
[INFO] [stdout]   |                           ^^^^^ not found in this scope
[INFO] [stdout] 
[INFO] [stdout] error[E0433]: failed to resolve: use of undeclared crate or module `activity`
[INFO] [stdout]  --> src/store.rs:88:5
[INFO] [stdout]   |
[INFO] [stdout] 4 |     activity::draw(frame, store.scope(|s| &s.activity, AppAction::Activity));
[INFO] [stdout]   |     ^^^^^^^^ use of undeclared crate or module `activity`
[INFO] [stdout] 
[INFO] [stdout] error[E0433]: failed to resolve: use of undeclared type `AppAction`
[INFO] [stdout]  --> src/store.rs:88:56
[INFO] [stdout]   |
[INFO] [stdout] 3 | fn draw_app(frame: &mut Frame, store: &Store<AppState, AppAction) {
[INFO] [stdout]   |                                                        --------- help: `AppAction` is defined here, but is not a type
[INFO] [stdout] 4 |     activity::draw(frame, store.scope(|s| &s.activity, AppAction::Activity));
[INFO] [stdout]   |                                                        ^^^^^^^^^ use of undeclared type `AppAction`
[INFO] [stdout] 
[INFO] [stdout] error: aborting due to 6 previous errors
[INFO] [stdout] 
[INFO] [stdout] Some errors have detailed explanations: E0412, E0425, E0433.
[INFO] [stdout] For more information about an error, try `rustc --explain E0412`.
[INFO] [stdout] Couldn't compile the test.
[INFO] [stdout] 
[INFO] [stdout] failures:
[INFO] [stdout]     src/effect.rs - effect::Effect<Action>::run (line 46)
[INFO] [stdout]     src/effect.rs - effect::Effect<Action>::run (line 55)
[INFO] [stdout]     src/store.rs - store::Store (line 22)
[INFO] [stdout]     src/store.rs - store::Store (line 68)
[INFO] [stdout]     src/store.rs - store::Store (line 86)
[INFO] [stdout] 
[INFO] [stdout] test result: FAILED. 0 passed; 5 failed; 0 ignored; 0 measured; 0 filtered out; finished in 0.27s
[INFO] [stdout] 
[INFO] running `Command { std: "docker" "inspect" "33c7086c80d1a2176e395efd786f2159205ac30f0c301dbbc220266bd2d59588", kill_on_drop: false }`
[INFO] running `Command { std: "docker" "rm" "-f" "33c7086c80d1a2176e395efd786f2159205ac30f0c301dbbc220266bd2d59588", kill_on_drop: false }`
[INFO] [stdout] 33c7086c80d1a2176e395efd786f2159205ac30f0c301dbbc220266bd2d59588
