[INFO] cloning repository https://github.com/patrick-skamarak/a_zed_extension
[INFO] running `Command { std: "git" "-c" "credential.helper=" "-c" "credential.helper=/workspace/cargo-home/bin/git-credential-null" "clone" "--bare" "https://github.com/patrick-skamarak/a_zed_extension" "/workspace/cache/git-repos/https%3A%2F%2Fgithub.com%2Fpatrick-skamarak%2Fa_zed_extension", kill_on_drop: false }`
[INFO] [stderr] Cloning into bare repository '/workspace/cache/git-repos/https%3A%2F%2Fgithub.com%2Fpatrick-skamarak%2Fa_zed_extension'...
[INFO] running `Command { std: "git" "rev-parse" "HEAD", kill_on_drop: false }`
[INFO] [stdout] 29a03ec6652e27ad74925e4eec2d2bf0806ecba1
[INFO] testing patrick-skamarak/a_zed_extension against beta-2024-12-08 for beta-1.84.0-4-retry
[INFO] running `Command { std: "git" "clone" "/workspace/cache/git-repos/https%3A%2F%2Fgithub.com%2Fpatrick-skamarak%2Fa_zed_extension" "/workspace/builds/worker-3-tc2/source", kill_on_drop: false }`
[INFO] [stderr] Cloning into '/workspace/builds/worker-3-tc2/source'...
[INFO] [stderr] done.
[INFO] validating manifest of git repo https://github.com/patrick-skamarak/a_zed_extension on toolchain beta-2024-12-08
[INFO] running `Command { std: CARGO_HOME="/workspace/cargo-home" RUSTUP_HOME="/workspace/rustup-home" "/workspace/cargo-home/bin/cargo" "+beta-2024-12-08" "metadata" "--manifest-path" "Cargo.toml" "--no-deps", kill_on_drop: false }`
[INFO] started tweaking git repo https://github.com/patrick-skamarak/a_zed_extension
[INFO] finished tweaking git repo https://github.com/patrick-skamarak/a_zed_extension
[INFO] tweaked toml for git repo https://github.com/patrick-skamarak/a_zed_extension written to /workspace/builds/worker-3-tc2/source/Cargo.toml
[INFO] crate git repo https://github.com/patrick-skamarak/a_zed_extension already has a lockfile, it will not be regenerated
[INFO] running `Command { std: CARGO_HOME="/workspace/cargo-home" RUSTUP_HOME="/workspace/rustup-home" "/workspace/cargo-home/bin/cargo" "+beta-2024-12-08" "fetch" "--manifest-path" "Cargo.toml", kill_on_drop: false }`
[INFO] running `Command { std: "docker" "create" "-v" "/var/lib/crater-agent-workspace/builds/worker-3-tc2/target:/opt/rustwide/target:rw,Z" "-v" "/var/lib/crater-agent-workspace/builds/worker-3-tc2/source:/opt/rustwide/workdir:ro,Z" "-v" "/var/lib/crater-agent-workspace/cargo-home:/opt/rustwide/cargo-home:ro,Z" "-v" "/var/lib/crater-agent-workspace/rustup-home:/opt/rustwide/rustup-home:ro,Z" "-e" "SOURCE_DIR=/opt/rustwide/workdir" "-e" "CARGO_TARGET_DIR=/opt/rustwide/target" "-e" "CARGO_HOME=/opt/rustwide/cargo-home" "-e" "RUSTUP_HOME=/opt/rustwide/rustup-home" "-w" "/opt/rustwide/workdir" "-m" "1610612736" "--user" "0:0" "--network" "none" "ghcr.io/rust-lang/crates-build-env/linux@sha256:f3a9d4ad9d972b27faf3965f35b62e55ba32bbce8f20bc8fe909558a86702fde" "/opt/rustwide/cargo-home/bin/cargo" "+beta-2024-12-08" "metadata" "--no-deps" "--format-version=1", kill_on_drop: false }`
[INFO] [stdout] 55ba72ac86df87fb39903c2d4cf4fbed4a65a265fd0fe1a13c5770a980d953ec
[INFO] running `Command { std: "docker" "start" "-a" "55ba72ac86df87fb39903c2d4cf4fbed4a65a265fd0fe1a13c5770a980d953ec", kill_on_drop: false }`
[INFO] running `Command { std: "docker" "inspect" "55ba72ac86df87fb39903c2d4cf4fbed4a65a265fd0fe1a13c5770a980d953ec", kill_on_drop: false }`
[INFO] running `Command { std: "docker" "rm" "-f" "55ba72ac86df87fb39903c2d4cf4fbed4a65a265fd0fe1a13c5770a980d953ec", kill_on_drop: false }`
[INFO] [stdout] 55ba72ac86df87fb39903c2d4cf4fbed4a65a265fd0fe1a13c5770a980d953ec
[INFO] running `Command { std: "docker" "create" "-v" "/var/lib/crater-agent-workspace/builds/worker-3-tc2/target:/opt/rustwide/target:rw,Z" "-v" "/var/lib/crater-agent-workspace/builds/worker-3-tc2/source:/opt/rustwide/workdir:ro,Z" "-v" "/var/lib/crater-agent-workspace/cargo-home:/opt/rustwide/cargo-home:ro,Z" "-v" "/var/lib/crater-agent-workspace/rustup-home:/opt/rustwide/rustup-home:ro,Z" "-e" "SOURCE_DIR=/opt/rustwide/workdir" "-e" "CARGO_TARGET_DIR=/opt/rustwide/target" "-e" "CARGO_INCREMENTAL=0" "-e" "RUST_BACKTRACE=full" "-e" "RUSTFLAGS=--cap-lints=warn" "-e" "RUSTDOCFLAGS=--cap-lints=warn" "-e" "CARGO_HOME=/opt/rustwide/cargo-home" "-e" "RUSTUP_HOME=/opt/rustwide/rustup-home" "-w" "/opt/rustwide/workdir" "-m" "1610612736" "--user" "0:0" "--network" "none" "ghcr.io/rust-lang/crates-build-env/linux@sha256:f3a9d4ad9d972b27faf3965f35b62e55ba32bbce8f20bc8fe909558a86702fde" "/opt/rustwide/cargo-home/bin/cargo" "+beta-2024-12-08" "build" "--frozen" "--message-format=json", kill_on_drop: false }`
[INFO] [stdout] 2db3e2eca2242887598be018a41d796c2c152976e9679449fef257d387b5e1f4
[INFO] running `Command { std: "docker" "start" "-a" "2db3e2eca2242887598be018a41d796c2c152976e9679449fef257d387b5e1f4", kill_on_drop: false }`
[INFO] [stderr]    Compiling proc-macro2 v1.0.86
[INFO] [stderr]    Compiling unicode-ident v1.0.12
[INFO] [stderr]    Compiling serde v1.0.209
[INFO] [stderr]    Compiling memchr v2.7.4
[INFO] [stderr]    Compiling serde_json v1.0.127
[INFO] [stderr]    Compiling semver v1.0.23
[INFO] [stderr]    Compiling hashbrown v0.14.5
[INFO] [stderr]    Compiling anyhow v1.0.86
[INFO] [stderr]    Compiling ryu v1.0.18
[INFO] [stderr]    Compiling itoa v1.0.11
[INFO] [stderr]    Compiling equivalent v1.0.1
[INFO] [stderr]    Compiling bitflags v2.6.0
[INFO] [stderr]    Compiling log v0.4.22
[INFO] [stderr]    Compiling id-arena v2.2.1
[INFO] [stderr]    Compiling leb128 v0.2.5
[INFO] [stderr]    Compiling smallvec v1.13.2
[INFO] [stderr]    Compiling unicode-xid v0.2.5
[INFO] [stderr]    Compiling wit-bindgen-rust v0.22.0
[INFO] [stderr]    Compiling wasm-encoder v0.201.0
[INFO] [stderr]    Compiling unicode-segmentation v1.11.0
[INFO] [stderr]    Compiling wit-bindgen-rt v0.22.0
[INFO] [stderr]    Compiling wit-bindgen-rust-macro v0.22.0
[INFO] [stderr]    Compiling zed_extension_api v0.1.0
[INFO] [stderr]    Compiling regex-syntax v0.8.4
[INFO] [stderr]    Compiling constcat v0.5.1
[INFO] [stderr]    Compiling spdx v0.10.6
[INFO] [stderr]    Compiling heck v0.4.1
[INFO] [stderr]    Compiling aho-corasick v1.1.3
[INFO] [stderr]    Compiling quote v1.0.37
[INFO] [stderr]    Compiling syn v2.0.76
[INFO] [stderr]    Compiling regex-automata v0.4.7
[INFO] [stderr]    Compiling serde_derive v1.0.209
[INFO] [stderr]    Compiling indexmap v2.4.0
[INFO] [stderr]    Compiling wasmparser v0.201.0
[INFO] [stderr]    Compiling regex v1.10.6
[INFO] [stderr]    Compiling wit-parser v0.201.0
[INFO] [stderr]    Compiling wasm-metadata v0.201.0
[INFO] [stderr]    Compiling wit-component v0.201.0
[INFO] [stderr]    Compiling wit-bindgen-core v0.22.0
[INFO] [stderr]    Compiling wit-bindgen v0.22.0
[INFO] [stderr]    Compiling a_zed_extension v0.1.0 (/opt/rustwide/workdir)
[INFO] [stdout] warning: unnecessary parentheses around `if` condition
[INFO] [stdout]   --> src/lib.rs:21:12
[INFO] [stdout]    |
[INFO] [stdout] 21 |         if (language_server_id.as_ref() != constants::LANGUAGE_SERVER_NAME) {
[INFO] [stdout]    |            ^                                                              ^
[INFO] [stdout]    |
[INFO] [stdout]    = note: `#[warn(unused_parens)]` on by default
[INFO] [stdout] help: remove these parentheses
[INFO] [stdout]    |
[INFO] [stdout] 21 -         if (language_server_id.as_ref() != constants::LANGUAGE_SERVER_NAME) {
[INFO] [stdout] 21 +         if language_server_id.as_ref() != constants::LANGUAGE_SERVER_NAME {
[INFO] [stdout]    |
[INFO] [stdout] 
[INFO] [stdout] 
[INFO] [stdout] warning: unused variable: `worktree`
[INFO] [stdout]   --> src/lib.rs:19:9
[INFO] [stdout]    |
[INFO] [stdout] 19 |         worktree: &zed::Worktree,
[INFO] [stdout]    |         ^^^^^^^^ help: if this is intentional, prefix it with an underscore: `_worktree`
[INFO] [stdout]    |
[INFO] [stdout]    = note: `#[warn(unused_variables)]` on by default
[INFO] [stdout] 
[INFO] [stdout] 
[INFO] [stdout] warning: static `LANGUAGE_NAME` is never used
[INFO] [stdout]  --> src/constants.rs:2:12
[INFO] [stdout]   |
[INFO] [stdout] 2 | pub static LANGUAGE_NAME: &'static str = "Apex";
[INFO] [stdout]   |            ^^^^^^^^^^^^^
[INFO] [stdout]   |
[INFO] [stdout]   = note: `#[warn(dead_code)]` on by default
[INFO] [stdout] 
[INFO] [stdout] 
[INFO] [stdout] warning: static `IDK` is never used
[INFO] [stdout]   --> src/constants.rs:12:12
[INFO] [stdout]    |
[INFO] [stdout] 12 | pub static IDK: &[&'static str] = &["HI"];
[INFO] [stdout]    |            ^^^
[INFO] [stdout] 
[INFO] [stdout] 
[INFO] [stdout] warning: constant `WHAT` is never used
[INFO] [stdout]  --> src/settings.rs:5:7
[INFO] [stdout]   |
[INFO] [stdout] 5 | const WHAT: &'static str = "Hey";
[INFO] [stdout]   |       ^^^^
[INFO] [stdout] 
[INFO] [stdout] 
[INFO] [stdout] warning: constant `IDK` is never used
[INFO] [stdout]  --> src/settings.rs:6:7
[INFO] [stdout]   |
[INFO] [stdout] 6 | const IDK: &[&'static str] = &[WHAT, "HI"];
[INFO] [stdout]   |       ^^^
[INFO] [stdout] 
[INFO] [stdout] 
[INFO] [stdout] warning: constant `CONCAT` is never used
[INFO] [stdout]  --> src/settings.rs:7:7
[INFO] [stdout]   |
[INFO] [stdout] 7 | const CONCAT: &[&str] = concat_slices!([&str]:IDK, &["HIIIII"]);
[INFO] [stdout]   |       ^^^^^^
[INFO] [stdout] 
[INFO] [stdout] 
[INFO] [stdout] warning: struct `Wrapper` is never constructed
[INFO] [stdout]  --> src/settings.rs:9:8
[INFO] [stdout]   |
[INFO] [stdout] 9 | struct Wrapper<T>(T);
[INFO] [stdout]   |        ^^^^^^^
[INFO] [stdout] 
[INFO] [stdout] 
[INFO] [stdout] warning: methods `get` and `recursive_get` are never used
[INFO] [stdout]   --> src/settings.rs:12:12
[INFO] [stdout]    |
[INFO] [stdout] 11 | impl Wrapper<Value> {
[INFO] [stdout]    | ------------------- methods in this implementation
[INFO] [stdout] 12 |     pub fn get(&self, json_tag_list: &[&str]) -> Result<Option<Value>, &str> {
[INFO] [stdout]    |            ^^^
[INFO] [stdout] ...
[INFO] [stdout] 15 |     fn recursive_get<'a, T: Iterator<Item = &'a &'a str>>(
[INFO] [stdout]    |        ^^^^^^^^^^^^^
[INFO] [stdout] 
[INFO] [stdout] 
[INFO] [stdout] warning: static `JAVA_ABSOLUTE_PATH_TAG` is never used
[INFO] [stdout]  --> src/settings/java.rs:7:12
[INFO] [stdout]   |
[INFO] [stdout] 7 | pub static JAVA_ABSOLUTE_PATH_TAG: &'static str = "java_absolute_path";
[INFO] [stdout]   |            ^^^^^^^^^^^^^^^^^^^^^^
[INFO] [stdout] 
[INFO] [stdout] 
[INFO] [stdout] warning: static `REGEX` is never used
[INFO] [stdout]  --> src/settings/java.rs:8:12
[INFO] [stdout]   |
[INFO] [stdout] 8 | pub static REGEX: LazyLock<Regex> = LazyLock::new(|| {
[INFO] [stdout]   |            ^^^^^
[INFO] [stdout] 
[INFO] [stdout] 
[INFO] [stdout] warning: function `get_java_properties` is never used
[INFO] [stdout]   --> src/settings/java.rs:21:4
[INFO] [stdout]    |
[INFO] [stdout] 21 | fn get_java_properties(command: String) -> Result<String, Error> {
[INFO] [stdout]    |    ^^^^^^^^^^^^^^^^^^^
[INFO] [stdout] 
[INFO] [stdout] 
[INFO] [stdout] warning: function `is_supported_java_version` is never used
[INFO] [stdout]   --> src/settings/java.rs:34:4
[INFO] [stdout]    |
[INFO] [stdout] 34 | fn is_supported_java_version(java_properties: &String) -> bool {
[INFO] [stdout]    |    ^^^^^^^^^^^^^^^^^^^^^^^^^
[INFO] [stdout] 
[INFO] [stdout] 
[INFO] [stderr]     Finished `dev` profile [unoptimized + debuginfo] target(s) in 25.71s
[INFO] running `Command { std: "docker" "inspect" "2db3e2eca2242887598be018a41d796c2c152976e9679449fef257d387b5e1f4", kill_on_drop: false }`
[INFO] running `Command { std: "docker" "rm" "-f" "2db3e2eca2242887598be018a41d796c2c152976e9679449fef257d387b5e1f4", kill_on_drop: false }`
[INFO] [stdout] 2db3e2eca2242887598be018a41d796c2c152976e9679449fef257d387b5e1f4
[INFO] running `Command { std: "docker" "create" "-v" "/var/lib/crater-agent-workspace/builds/worker-3-tc2/target:/opt/rustwide/target:rw,Z" "-v" "/var/lib/crater-agent-workspace/builds/worker-3-tc2/source:/opt/rustwide/workdir:ro,Z" "-v" "/var/lib/crater-agent-workspace/cargo-home:/opt/rustwide/cargo-home:ro,Z" "-v" "/var/lib/crater-agent-workspace/rustup-home:/opt/rustwide/rustup-home:ro,Z" "-e" "SOURCE_DIR=/opt/rustwide/workdir" "-e" "CARGO_TARGET_DIR=/opt/rustwide/target" "-e" "CARGO_INCREMENTAL=0" "-e" "RUST_BACKTRACE=full" "-e" "RUSTFLAGS=--cap-lints=warn" "-e" "RUSTDOCFLAGS=--cap-lints=warn" "-e" "CARGO_HOME=/opt/rustwide/cargo-home" "-e" "RUSTUP_HOME=/opt/rustwide/rustup-home" "-w" "/opt/rustwide/workdir" "-m" "1610612736" "--user" "0:0" "--network" "none" "ghcr.io/rust-lang/crates-build-env/linux@sha256:f3a9d4ad9d972b27faf3965f35b62e55ba32bbce8f20bc8fe909558a86702fde" "/opt/rustwide/cargo-home/bin/cargo" "+beta-2024-12-08" "test" "--frozen" "--no-run" "--message-format=json", kill_on_drop: false }`
[INFO] [stdout] f1de84435e7049e77aa2bf655415e98348ff61b717f0dac8300f9bcd342e5422
[INFO] running `Command { std: "docker" "start" "-a" "f1de84435e7049e77aa2bf655415e98348ff61b717f0dac8300f9bcd342e5422", kill_on_drop: false }`
[INFO] [stderr]    Compiling a_zed_extension v0.1.0 (/opt/rustwide/workdir)
[INFO] [stdout] warning: unnecessary parentheses around `if` condition
[INFO] [stdout]   --> src/lib.rs:21:12
[INFO] [stdout]    |
[INFO] [stdout] 21 |         if (language_server_id.as_ref() != constants::LANGUAGE_SERVER_NAME) {
[INFO] [stdout]    |            ^                                                              ^
[INFO] [stdout]    |
[INFO] [stdout]    = note: `#[warn(unused_parens)]` on by default
[INFO] [stdout] help: remove these parentheses
[INFO] [stdout]    |
[INFO] [stdout] 21 -         if (language_server_id.as_ref() != constants::LANGUAGE_SERVER_NAME) {
[INFO] [stdout] 21 +         if language_server_id.as_ref() != constants::LANGUAGE_SERVER_NAME {
[INFO] [stdout]    |
[INFO] [stdout] 
[INFO] [stdout] 
[INFO] [stdout] warning: unused variable: `worktree`
[INFO] [stdout]   --> src/lib.rs:19:9
[INFO] [stdout]    |
[INFO] [stdout] 19 |         worktree: &zed::Worktree,
[INFO] [stdout]    |         ^^^^^^^^ help: if this is intentional, prefix it with an underscore: `_worktree`
[INFO] [stdout]    |
[INFO] [stdout]    = note: `#[warn(unused_variables)]` on by default
[INFO] [stdout] 
[INFO] [stdout] 
[INFO] [stdout] warning: static `LANGUAGE_NAME` is never used
[INFO] [stdout]  --> src/constants.rs:2:12
[INFO] [stdout]   |
[INFO] [stdout] 2 | pub static LANGUAGE_NAME: &'static str = "Apex";
[INFO] [stdout]   |            ^^^^^^^^^^^^^
[INFO] [stdout]   |
[INFO] [stdout]   = note: `#[warn(dead_code)]` on by default
[INFO] [stdout] 
[INFO] [stdout] 
[INFO] [stdout] warning: static `IDK` is never used
[INFO] [stdout]   --> src/constants.rs:12:12
[INFO] [stdout]    |
[INFO] [stdout] 12 | pub static IDK: &[&'static str] = &["HI"];
[INFO] [stdout]    |            ^^^
[INFO] [stdout] 
[INFO] [stdout] 
[INFO] [stdout] warning: static `JAVA_ABSOLUTE_PATH_TAG` is never used
[INFO] [stdout]  --> src/settings/java.rs:7:12
[INFO] [stdout]   |
[INFO] [stdout] 7 | pub static JAVA_ABSOLUTE_PATH_TAG: &'static str = "java_absolute_path";
[INFO] [stdout]   |            ^^^^^^^^^^^^^^^^^^^^^^
[INFO] [stdout] 
[INFO] [stdout] 
[INFO] [stdout] warning: function `get_java_properties` is never used
[INFO] [stdout]   --> src/settings/java.rs:21:4
[INFO] [stdout]    |
[INFO] [stdout] 21 | fn get_java_properties(command: String) -> Result<String, Error> {
[INFO] [stdout]    |    ^^^^^^^^^^^^^^^^^^^
[INFO] [stdout] 
[INFO] [stdout] 
[INFO] [stderr]     Finished `test` profile [unoptimized + debuginfo] target(s) in 1.49s
[INFO] running `Command { std: "docker" "inspect" "f1de84435e7049e77aa2bf655415e98348ff61b717f0dac8300f9bcd342e5422", kill_on_drop: false }`
[INFO] running `Command { std: "docker" "rm" "-f" "f1de84435e7049e77aa2bf655415e98348ff61b717f0dac8300f9bcd342e5422", kill_on_drop: false }`
[INFO] [stdout] f1de84435e7049e77aa2bf655415e98348ff61b717f0dac8300f9bcd342e5422
[INFO] running `Command { std: "docker" "create" "-v" "/var/lib/crater-agent-workspace/builds/worker-3-tc2/target:/opt/rustwide/target:rw,Z" "-v" "/var/lib/crater-agent-workspace/builds/worker-3-tc2/source:/opt/rustwide/workdir:ro,Z" "-v" "/var/lib/crater-agent-workspace/cargo-home:/opt/rustwide/cargo-home:ro,Z" "-v" "/var/lib/crater-agent-workspace/rustup-home:/opt/rustwide/rustup-home:ro,Z" "-e" "SOURCE_DIR=/opt/rustwide/workdir" "-e" "CARGO_TARGET_DIR=/opt/rustwide/target" "-e" "CARGO_INCREMENTAL=0" "-e" "RUST_BACKTRACE=full" "-e" "RUSTFLAGS=--cap-lints=warn" "-e" "RUSTDOCFLAGS=--cap-lints=warn" "-e" "CARGO_HOME=/opt/rustwide/cargo-home" "-e" "RUSTUP_HOME=/opt/rustwide/rustup-home" "-w" "/opt/rustwide/workdir" "-m" "1610612736" "--user" "0:0" "--network" "none" "ghcr.io/rust-lang/crates-build-env/linux@sha256:f3a9d4ad9d972b27faf3965f35b62e55ba32bbce8f20bc8fe909558a86702fde" "/opt/rustwide/cargo-home/bin/cargo" "+beta-2024-12-08" "test" "--frozen", kill_on_drop: false }`
[INFO] [stdout] ab5d93ac4431c6c542e2da0a009bf801d169e92c108e3d1b03ba6d303f013ed6
[INFO] running `Command { std: "docker" "start" "-a" "ab5d93ac4431c6c542e2da0a009bf801d169e92c108e3d1b03ba6d303f013ed6", kill_on_drop: false }`
[INFO] [stderr] warning: unnecessary parentheses around `if` condition
[INFO] [stderr]   --> src/lib.rs:21:12
[INFO] [stderr]    |
[INFO] [stderr] 21 |         if (language_server_id.as_ref() != constants::LANGUAGE_SERVER_NAME) {
[INFO] [stderr]    |            ^                                                              ^
[INFO] [stderr]    |
[INFO] [stderr]    = note: `#[warn(unused_parens)]` on by default
[INFO] [stderr] help: remove these parentheses
[INFO] [stderr]    |
[INFO] [stderr] 21 -         if (language_server_id.as_ref() != constants::LANGUAGE_SERVER_NAME) {
[INFO] [stderr] 21 +         if language_server_id.as_ref() != constants::LANGUAGE_SERVER_NAME {
[INFO] [stderr]    |
[INFO] [stderr] 
[INFO] [stderr] warning: unused variable: `worktree`
[INFO] [stderr]   --> src/lib.rs:19:9
[INFO] [stderr]    |
[INFO] [stderr] 19 |         worktree: &zed::Worktree,
[INFO] [stderr]    |         ^^^^^^^^ help: if this is intentional, prefix it with an underscore: `_worktree`
[INFO] [stderr]    |
[INFO] [stderr]    = note: `#[warn(unused_variables)]` on by default
[INFO] [stderr] 
[INFO] [stderr] warning: static `LANGUAGE_NAME` is never used
[INFO] [stderr]  --> src/constants.rs:2:12
[INFO] [stderr]   |
[INFO] [stderr] 2 | pub static LANGUAGE_NAME: &'static str = "Apex";
[INFO] [stderr]   |            ^^^^^^^^^^^^^
[INFO] [stderr]   |
[INFO] [stderr]   = note: `#[warn(dead_code)]` on by default
[INFO] [stderr] 
[INFO] [stderr] warning: static `IDK` is never used
[INFO] [stderr]   --> src/constants.rs:12:12
[INFO] [stderr]    |
[INFO] [stderr] 12 | pub static IDK: &[&'static str] = &["HI"];
[INFO] [stderr]    |            ^^^
[INFO] [stderr] 
[INFO] [stderr] warning: static `JAVA_ABSOLUTE_PATH_TAG` is never used
[INFO] [stderr]  --> src/settings/java.rs:7:12
[INFO] [stderr]   |
[INFO] [stderr] 7 | pub static JAVA_ABSOLUTE_PATH_TAG: &'static str = "java_absolute_path";
[INFO] [stderr]   |            ^^^^^^^^^^^^^^^^^^^^^^
[INFO] [stderr] 
[INFO] [stderr] warning: function `get_java_properties` is never used
[INFO] [stderr]   --> src/settings/java.rs:21:4
[INFO] [stderr]    |
[INFO] [stderr] 21 | fn get_java_properties(command: String) -> Result<String, Error> {
[INFO] [stderr]    |    ^^^^^^^^^^^^^^^^^^^
[INFO] [stderr] 
[INFO] [stderr] warning: `a_zed_extension` (lib test) generated 6 warnings (run `cargo fix --lib -p a_zed_extension --tests` to apply 1 suggestion)
[INFO] [stderr]     Finished `test` profile [unoptimized + debuginfo] target(s) in 0.04s
[INFO] [stderr]      Running unittests src/lib.rs (/opt/rustwide/target/debug/deps/a_zed_extension-3254269cc4e0fd72)
[INFO] [stdout] 
[INFO] [stdout] running 3 tests
[INFO] [stdout] test settings::java::tests::it_is_a_supported_java_version ... ok
[INFO] [stdout] test settings::java::tests::it_is_not_a_supported_java_version ... ok
[INFO] [stdout] test settings::tests::test_name ... FAILED
[INFO] [stdout] 
[INFO] [stdout] failures:
[INFO] [stdout] 
[INFO] [stdout] ---- settings::tests::test_name stdout ----
[INFO] [stdout] ["Hey", "HI", "HIIIII"]
[INFO] [stdout] Some("a")
[INFO] [stdout] thread 'settings::tests::test_name' panicked at src/settings.rs:20:9:
[INFO] [stdout] not yet implemented
[INFO] [stdout] stack backtrace:
[INFO] [stdout]    0:     0x584c8185ec3a - std::backtrace_rs::backtrace::libunwind::trace::h8810477743020387
[INFO] [stdout]                                at /rustc/202008a1b8de96d2e5b6bc02d379db03a877d34d/library/std/src/../../backtrace/src/backtrace/libunwind.rs:116:5
[INFO] [stdout]    1:     0x584c8185ec3a - std::backtrace_rs::backtrace::trace_unsynchronized::h3aa55355dd6c54a6
[INFO] [stdout]                                at /rustc/202008a1b8de96d2e5b6bc02d379db03a877d34d/library/std/src/../../backtrace/src/backtrace/mod.rs:66:5
[INFO] [stdout]    2:     0x584c8185ec3a - std::sys::backtrace::_print_fmt::h8588b0f62410823f
[INFO] [stdout]                                at /rustc/202008a1b8de96d2e5b6bc02d379db03a877d34d/library/std/src/sys/backtrace.rs:66:9
[INFO] [stdout]    3:     0x584c8185ec3a - <std::sys::backtrace::BacktraceLock::print::DisplayBacktrace as core::fmt::Display>::fmt::h98c26ac25ffe89bb
[INFO] [stdout]                                at /rustc/202008a1b8de96d2e5b6bc02d379db03a877d34d/library/std/src/sys/backtrace.rs:39:26
[INFO] [stdout]    4:     0x584c81884b93 - core::fmt::rt::Argument::fmt::hf95377f4aebd453b
[INFO] [stdout]                                at /rustc/202008a1b8de96d2e5b6bc02d379db03a877d34d/library/core/src/fmt/rt.rs:177:76
[INFO] [stdout]    5:     0x584c81884b93 - core::fmt::write::h0dd5f6e2238c7982
[INFO] [stdout]                                at /rustc/202008a1b8de96d2e5b6bc02d379db03a877d34d/library/core/src/fmt/mod.rs:1189:21
[INFO] [stdout]    6:     0x584c8185bdd3 - std::io::Write::write_fmt::h03bb0ca26e6faf8c
[INFO] [stdout]                                at /rustc/202008a1b8de96d2e5b6bc02d379db03a877d34d/library/std/src/io/mod.rs:1884:15
[INFO] [stdout]    7:     0x584c8185ea82 - std::sys::backtrace::BacktraceLock::print::h5c19c1c038ee186d
[INFO] [stdout]                                at /rustc/202008a1b8de96d2e5b6bc02d379db03a877d34d/library/std/src/sys/backtrace.rs:42:9
[INFO] [stdout]    8:     0x584c818600bd - std::panicking::default_hook::{{closure}}::h77172f079a1fcb13
[INFO] [stdout]                                at /rustc/202008a1b8de96d2e5b6bc02d379db03a877d34d/library/std/src/panicking.rs:268:22
[INFO] [stdout]    9:     0x584c8185fec7 - std::panicking::default_hook::he5f8e3b203ccddba
[INFO] [stdout]                                at /rustc/202008a1b8de96d2e5b6bc02d379db03a877d34d/library/std/src/panicking.rs:292:9
[INFO] [stdout]   10:     0x584c8159f087 - <alloc::boxed::Box<F,A> as core::ops::function::Fn<Args>>::call::h7a3c7b4a1ae77f2f
[INFO] [stdout]                                at /rustc/202008a1b8de96d2e5b6bc02d379db03a877d34d/library/alloc/src/boxed.rs:1986:9
[INFO] [stdout]   11:     0x584c8159f087 - test::test_main::{{closure}}::hf0d3b69ae9b353d1
[INFO] [stdout]                                at /rustc/202008a1b8de96d2e5b6bc02d379db03a877d34d/library/test/src/lib.rs:134:21
[INFO] [stdout]   12:     0x584c81860768 - <alloc::boxed::Box<F,A> as core::ops::function::Fn<Args>>::call::h6332e82e7b189abd
[INFO] [stdout]                                at /rustc/202008a1b8de96d2e5b6bc02d379db03a877d34d/library/alloc/src/boxed.rs:1986:9
[INFO] [stdout]   13:     0x584c81860768 - std::panicking::rust_panic_with_hook::h53863d4e9018df39
[INFO] [stdout]                                at /rustc/202008a1b8de96d2e5b6bc02d379db03a877d34d/library/std/src/panicking.rs:809:13
[INFO] [stdout]   14:     0x584c818604f6 - std::panicking::begin_panic_handler::{{closure}}::h67280e6fa0757873
[INFO] [stdout]                                at /rustc/202008a1b8de96d2e5b6bc02d379db03a877d34d/library/std/src/panicking.rs:667:13
[INFO] [stdout]   15:     0x584c8185f119 - std::sys::backtrace::__rust_end_short_backtrace::h1dac3f54d6fbbeb2
[INFO] [stdout]                                at /rustc/202008a1b8de96d2e5b6bc02d379db03a877d34d/library/std/src/sys/backtrace.rs:170:18
[INFO] [stdout]   16:     0x584c818601bc - rust_begin_unwind
[INFO] [stdout]                                at /rustc/202008a1b8de96d2e5b6bc02d379db03a877d34d/library/std/src/panicking.rs:665:5
[INFO] [stdout]   17:     0x584c81560180 - core::panicking::panic_fmt::h6792bd1b2bf01041
[INFO] [stdout]                                at /rustc/202008a1b8de96d2e5b6bc02d379db03a877d34d/library/core/src/panicking.rs:76:14
[INFO] [stdout]   18:     0x584c8156020c - core::panicking::panic::hbb5c236a846c507c
[INFO] [stdout]                                at /rustc/202008a1b8de96d2e5b6bc02d379db03a877d34d/library/core/src/panicking.rs:148:5
[INFO] [stdout]   19:     0x584c815653be - a_zed_extension::settings::Wrapper<serde_json::value::Value>::recursive_get::he0bbad12629e5f05
[INFO] [stdout]                                at /opt/rustwide/workdir/src/settings.rs:20:9
[INFO] [stdout]   20:     0x584c815652f0 - a_zed_extension::settings::Wrapper<serde_json::value::Value>::get::ha388c63db47affc2
[INFO] [stdout]                                at /opt/rustwide/workdir/src/settings.rs:13:16
[INFO] [stdout]   21:     0x584c8156577a - a_zed_extension::settings::tests::test_name::h771242daabd991aa
[INFO] [stdout]                                at /opt/rustwide/workdir/src/settings.rs:35:13
[INFO] [stdout]   22:     0x584c81565617 - a_zed_extension::settings::tests::test_name::{{closure}}::h90d347d8838e2651
[INFO] [stdout]                                at /opt/rustwide/workdir/src/settings.rs:31:19
[INFO] [stdout]   23:     0x584c81562bd6 - core::ops::function::FnOnce::call_once::h731175a46a2b846a
[INFO] [stdout]                                at /rustc/202008a1b8de96d2e5b6bc02d379db03a877d34d/library/core/src/ops/function.rs:250:5
[INFO] [stdout]   24:     0x584c815a3bab - core::ops::function::FnOnce::call_once::h871bf86719ec9aa4
[INFO] [stdout]                                at /rustc/202008a1b8de96d2e5b6bc02d379db03a877d34d/library/core/src/ops/function.rs:250:5
[INFO] [stdout]   25:     0x584c815a3bab - test::__rust_begin_short_backtrace::h2167df1e2b7d76fd
[INFO] [stdout]                                at /rustc/202008a1b8de96d2e5b6bc02d379db03a877d34d/library/test/src/lib.rs:632:18
[INFO] [stdout]   26:     0x584c815a3598 - test::run_test_in_process::{{closure}}::h15d92f75a3adfb79
[INFO] [stdout]                                at /rustc/202008a1b8de96d2e5b6bc02d379db03a877d34d/library/test/src/lib.rs:655:60
[INFO] [stdout]   27:     0x584c815a3598 - <core::panic::unwind_safe::AssertUnwindSafe<F> as core::ops::function::FnOnce<()>>::call_once::hb6c8955835a8dbbb
[INFO] [stdout]                                at /rustc/202008a1b8de96d2e5b6bc02d379db03a877d34d/library/core/src/panic/unwind_safe.rs:272:9
[INFO] [stdout]   28:     0x584c815a3598 - std::panicking::try::do_call::hc79d0fc888a0bd30
[INFO] [stdout]                                at /rustc/202008a1b8de96d2e5b6bc02d379db03a877d34d/library/std/src/panicking.rs:557:40
[INFO] [stdout]   29:     0x584c815a3598 - std::panicking::try::hb8a7878e3a8589d6
[INFO] [stdout]                                at /rustc/202008a1b8de96d2e5b6bc02d379db03a877d34d/library/std/src/panicking.rs:520:19
[INFO] [stdout]   30:     0x584c815a3598 - std::panic::catch_unwind::hb8e4600ff0ff5cfa
[INFO] [stdout]                                at /rustc/202008a1b8de96d2e5b6bc02d379db03a877d34d/library/std/src/panic.rs:358:14
[INFO] [stdout]   31:     0x584c815a3598 - test::run_test_in_process::hc2900b0b18688dd6
[INFO] [stdout]                                at /rustc/202008a1b8de96d2e5b6bc02d379db03a877d34d/library/test/src/lib.rs:655:27
[INFO] [stdout]   32:     0x584c815a3598 - test::run_test::{{closure}}::hac2a9cb07be3d48d
[INFO] [stdout]                                at /rustc/202008a1b8de96d2e5b6bc02d379db03a877d34d/library/test/src/lib.rs:576:43
[INFO] [stdout]   33:     0x584c8156703a - test::run_test::{{closure}}::h4a5b729e66a38cd8
[INFO] [stdout]                                at /rustc/202008a1b8de96d2e5b6bc02d379db03a877d34d/library/test/src/lib.rs:606:41
[INFO] [stdout]   34:     0x584c8156703a - std::sys::backtrace::__rust_begin_short_backtrace::h0496fb742492f573
[INFO] [stdout]                                at /rustc/202008a1b8de96d2e5b6bc02d379db03a877d34d/library/std/src/sys/backtrace.rs:154:18
[INFO] [stdout]   35:     0x584c8156a9b4 - std::thread::Builder::spawn_unchecked_::{{closure}}::{{closure}}::hbb6d257c550a54bd
[INFO] [stdout]                                at /rustc/202008a1b8de96d2e5b6bc02d379db03a877d34d/library/std/src/thread/mod.rs:561:17
[INFO] [stdout]   36:     0x584c8156a9b4 - <core::panic::unwind_safe::AssertUnwindSafe<F> as core::ops::function::FnOnce<()>>::call_once::h46696fe4a6832328
[INFO] [stdout]                                at /rustc/202008a1b8de96d2e5b6bc02d379db03a877d34d/library/core/src/panic/unwind_safe.rs:272:9
[INFO] [stdout]   37:     0x584c8156a9b4 - std::panicking::try::do_call::h2625a51b667bfb64
[INFO] [stdout]                                at /rustc/202008a1b8de96d2e5b6bc02d379db03a877d34d/library/std/src/panicking.rs:557:40
[INFO] [stdout]   38:     0x584c8156a9b4 - std::panicking::try::hb956a59a1973aa4c
[INFO] [stdout]                                at /rustc/202008a1b8de96d2e5b6bc02d379db03a877d34d/library/std/src/panicking.rs:520:19
[INFO] [stdout]   39:     0x584c8156a9b4 - std::panic::catch_unwind::h64f3b9d1067ef6a0
[INFO] [stdout]                                at /rustc/202008a1b8de96d2e5b6bc02d379db03a877d34d/library/std/src/panic.rs:358:14
[INFO] [stdout]   40:     0x584c8156a9b4 - std::thread::Builder::spawn_unchecked_::{{closure}}::h42b2841295b6c0b2
[INFO] [stdout]                                at /rustc/202008a1b8de96d2e5b6bc02d379db03a877d34d/library/std/src/thread/mod.rs:559:30
[INFO] [stdout]   41:     0x584c8156a9b4 - core::ops::function::FnOnce::call_once{{vtable.shim}}::h6127de71b8124639
[INFO] [stdout]                                at /rustc/202008a1b8de96d2e5b6bc02d379db03a877d34d/library/core/src/ops/function.rs:250:5
[INFO] [stdout]   42:     0x584c818646ab - <alloc::boxed::Box<F,A> as core::ops::function::FnOnce<Args>>::call_once::h42f0ba71002a1b2c
[INFO] [stdout]                                at /rustc/202008a1b8de96d2e5b6bc02d379db03a877d34d/library/alloc/src/boxed.rs:1972:9
[INFO] [stdout]   43:     0x584c818646ab - <alloc::boxed::Box<F,A> as core::ops::function::FnOnce<Args>>::call_once::had9e47d7a3dcecb8
[INFO] [stdout]                                at /rustc/202008a1b8de96d2e5b6bc02d379db03a877d34d/library/alloc/src/boxed.rs:1972:9
[INFO] [stdout]   44:     0x584c818646ab - std::sys::pal::unix::thread::Thread::new::thread_start::h48cf765408f6f5f2
[INFO] [stdout]                                at /rustc/202008a1b8de96d2e5b6bc02d379db03a877d34d/library/std/src/sys/pal/unix/thread.rs:105:17
[INFO] [stdout]   45:     0x760384600ac3 - <unknown>
[INFO] [stdout]   46:     0x760384691a04 - clone
[INFO] [stdout]   47:                0x0 - <unknown>
[INFO] [stdout] 
[INFO] [stdout] 
[INFO] [stdout] failures:
[INFO] [stdout]     settings::tests::test_name
[INFO] [stdout] 
[INFO] [stdout] test result: FAILED. 2 passed; 1 failed; 0 ignored; 0 measured; 0 filtered out; finished in 0.02s
[INFO] [stdout] 
[INFO] [stderr] error: test failed, to rerun pass `--lib`
[INFO] running `Command { std: "docker" "inspect" "ab5d93ac4431c6c542e2da0a009bf801d169e92c108e3d1b03ba6d303f013ed6", kill_on_drop: false }`
[INFO] running `Command { std: "docker" "rm" "-f" "ab5d93ac4431c6c542e2da0a009bf801d169e92c108e3d1b03ba6d303f013ed6", kill_on_drop: false }`
[INFO] [stdout] ab5d93ac4431c6c542e2da0a009bf801d169e92c108e3d1b03ba6d303f013ed6
