[INFO] cloning repository https://github.com/patel21082/d
[INFO] running `Command { std: "git" "-c" "credential.helper=" "-c" "credential.helper=/workspace/cargo-home/bin/git-credential-null" "clone" "--bare" "https://github.com/patel21082/d" "/workspace/cache/git-repos/https%3A%2F%2Fgithub.com%2Fpatel21082%2Fd", kill_on_drop: false }`
[INFO] [stderr] Cloning into bare repository '/workspace/cache/git-repos/https%3A%2F%2Fgithub.com%2Fpatel21082%2Fd'...
[INFO] running `Command { std: "git" "rev-parse" "HEAD", kill_on_drop: false }`
[INFO] [stdout] d73dcd6753ffbf52a8c29f9265190234c9a49af4
[INFO] testing patel21082/d against beta-2024-12-08 for beta-1.84.0-4-retry
[INFO] running `Command { std: "git" "clone" "/workspace/cache/git-repos/https%3A%2F%2Fgithub.com%2Fpatel21082%2Fd" "/workspace/builds/worker-7-tc2/source", kill_on_drop: false }`
[INFO] [stderr] Cloning into '/workspace/builds/worker-7-tc2/source'...
[INFO] [stderr] done.
[INFO] [stderr] Updating files:   7% (4058/52747)
Updating files:   8% (4220/52747)
Updating files:   9% (4748/52747)
Updating files:  10% (5275/52747)
Updating files:  11% (5803/52747)
Updating files:  12% (6330/52747)
Updating files:  13% (6858/52747)
Updating files:  14% (7385/52747)
Updating files:  15% (7913/52747)
Updating files:  16% (8440/52747)
Updating files:  17% (8967/52747)
Updating files:  18% (9495/52747)
Updating files:  19% (10022/52747)
Updating files:  20% (10550/52747)
Updating files:  21% (11077/52747)
Updating files:  22% (11605/52747)
Updating files:  23% (12132/52747)
Updating files:  24% (12660/52747)
Updating files:  25% (13187/52747)
Updating files:  26% (13715/52747)
Updating files:  27% (14242/52747)
Updating files:  28% (14770/52747)
Updating files:  29% (15297/52747)
Updating files:  30% (15825/52747)
Updating files:  31% (16352/52747)
Updating files:  32% (16880/52747)
Updating files:  33% (17407/52747)
Updating files:  33% (17464/52747)
Updating files:  34% (17934/52747)
Updating files:  35% (18462/52747)
Updating files:  36% (18989/52747)
Updating files:  37% (19517/52747)
Updating files:  38% (20044/52747)
Updating files:  39% (20572/52747)
Updating files:  40% (21099/52747)
Updating files:  41% (21627/52747)
Updating files:  42% (22154/52747)
Updating files:  43% (22682/52747)
Updating files:  44% (23209/52747)
Updating files:  45% (23737/52747)
Updating files:  46% (24264/52747)
Updating files:  47% (24792/52747)
Updating files:  48% (25319/52747)
Updating files:  49% (25847/52747)
Updating files:  49% (26151/52747)
Updating files:  50% (26374/52747)
Updating files:  51% (26901/52747)
Updating files:  52% (27429/52747)
Updating files:  53% (27956/52747)
Updating files:  54% (28484/52747)
Updating files:  55% (29011/52747)
Updating files:  56% (29539/52747)
Updating files:  57% (30066/52747)
Updating files:  58% (30594/52747)
Updating files:  59% (31121/52747)
Updating files:  60% (31649/52747)
Updating files:  61% (32176/52747)
Updating files:  62% (32704/52747)
Updating files:  63% (33231/52747)
Updating files:  63% (33507/52747)
Updating files:  64% (33759/52747)
Updating files:  65% (34286/52747)
Updating files:  66% (34814/52747)
Updating files:  67% (35341/52747)
Updating files:  68% (35868/52747)
Updating files:  69% (36396/52747)
Updating files:  70% (36923/52747)
Updating files:  71% (37451/52747)
Updating files:  72% (37978/52747)
Updating files:  73% (38506/52747)
Updating files:  74% (39033/52747)
Updating files:  75% (39561/52747)
Updating files:  76% (40088/52747)
Updating files:  77% (40616/52747)
Updating files:  78% (41143/52747)
Updating files:  79% (41671/52747)
Updating files:  80% (42198/52747)
Updating files:  81% (42726/52747)
Updating files:  81% (42757/52747)
Updating files:  82% (43253/52747)
Updating files:  83% (43781/52747)
Updating files:  84% (44308/52747)
Updating files:  85% (44835/52747)
Updating files:  86% (45363/52747)
Updating files:  87% (45890/52747)
Updating files:  88% (46418/52747)
Updating files:  89% (46945/52747)
Updating files:  90% (47473/52747)
Updating files:  91% (48000/52747)
Updating files:  92% (48528/52747)
Updating files:  92% (48637/52747)
Updating files:  93% (49055/52747)
Updating files:  94% (49583/52747)
Updating files:  95% (50110/52747)
Updating files:  96% (50638/52747)
Updating files:  97% (51165/52747)
Updating files:  98% (51693/52747)
Updating files:  99% (52220/52747)
Updating files: 100% (52747/52747)
Updating files: 100% (52747/52747), done.
[INFO] validating manifest of git repo https://github.com/patel21082/d on toolchain beta-2024-12-08
[INFO] running `Command { std: CARGO_HOME="/workspace/cargo-home" RUSTUP_HOME="/workspace/rustup-home" "/workspace/cargo-home/bin/cargo" "+beta-2024-12-08" "metadata" "--manifest-path" "Cargo.toml" "--no-deps", kill_on_drop: false }`
[INFO] started tweaking git repo https://github.com/patel21082/d
[INFO] finished tweaking git repo https://github.com/patel21082/d
[INFO] tweaked toml for git repo https://github.com/patel21082/d written to /workspace/builds/worker-7-tc2/source/Cargo.toml
[INFO] crate git repo https://github.com/patel21082/d already has a lockfile, it will not be regenerated
[INFO] running `Command { std: CARGO_HOME="/workspace/cargo-home" RUSTUP_HOME="/workspace/rustup-home" "/workspace/cargo-home/bin/cargo" "+beta-2024-12-08" "fetch" "--manifest-path" "Cargo.toml", kill_on_drop: false }`
[INFO] running `Command { std: "docker" "create" "-v" "/var/lib/crater-agent-workspace/builds/worker-7-tc2/target:/opt/rustwide/target:rw,Z" "-v" "/var/lib/crater-agent-workspace/builds/worker-7-tc2/source:/opt/rustwide/workdir:ro,Z" "-v" "/var/lib/crater-agent-workspace/cargo-home:/opt/rustwide/cargo-home:ro,Z" "-v" "/var/lib/crater-agent-workspace/rustup-home:/opt/rustwide/rustup-home:ro,Z" "-e" "SOURCE_DIR=/opt/rustwide/workdir" "-e" "CARGO_TARGET_DIR=/opt/rustwide/target" "-e" "CARGO_HOME=/opt/rustwide/cargo-home" "-e" "RUSTUP_HOME=/opt/rustwide/rustup-home" "-w" "/opt/rustwide/workdir" "-m" "1610612736" "--user" "0:0" "--network" "none" "ghcr.io/rust-lang/crates-build-env/linux@sha256:f3a9d4ad9d972b27faf3965f35b62e55ba32bbce8f20bc8fe909558a86702fde" "/opt/rustwide/cargo-home/bin/cargo" "+beta-2024-12-08" "metadata" "--no-deps" "--format-version=1", kill_on_drop: false }`
[INFO] [stdout] 687adbe9de5a371f62a602ba63d7d7f9dd3dc297fec36472a209feec8b769e5d
[INFO] running `Command { std: "docker" "start" "-a" "687adbe9de5a371f62a602ba63d7d7f9dd3dc297fec36472a209feec8b769e5d", kill_on_drop: false }`
[INFO] running `Command { std: "docker" "inspect" "687adbe9de5a371f62a602ba63d7d7f9dd3dc297fec36472a209feec8b769e5d", kill_on_drop: false }`
[INFO] running `Command { std: "docker" "rm" "-f" "687adbe9de5a371f62a602ba63d7d7f9dd3dc297fec36472a209feec8b769e5d", kill_on_drop: false }`
[INFO] [stdout] 687adbe9de5a371f62a602ba63d7d7f9dd3dc297fec36472a209feec8b769e5d
[INFO] running `Command { std: "docker" "create" "-v" "/var/lib/crater-agent-workspace/builds/worker-7-tc2/target:/opt/rustwide/target:rw,Z" "-v" "/var/lib/crater-agent-workspace/builds/worker-7-tc2/source:/opt/rustwide/workdir:ro,Z" "-v" "/var/lib/crater-agent-workspace/cargo-home:/opt/rustwide/cargo-home:ro,Z" "-v" "/var/lib/crater-agent-workspace/rustup-home:/opt/rustwide/rustup-home:ro,Z" "-e" "SOURCE_DIR=/opt/rustwide/workdir" "-e" "CARGO_TARGET_DIR=/opt/rustwide/target" "-e" "CARGO_INCREMENTAL=0" "-e" "RUST_BACKTRACE=full" "-e" "RUSTFLAGS=--cap-lints=warn" "-e" "RUSTDOCFLAGS=--cap-lints=warn" "-e" "CARGO_HOME=/opt/rustwide/cargo-home" "-e" "RUSTUP_HOME=/opt/rustwide/rustup-home" "-w" "/opt/rustwide/workdir" "-m" "1610612736" "--user" "0:0" "--network" "none" "ghcr.io/rust-lang/crates-build-env/linux@sha256:f3a9d4ad9d972b27faf3965f35b62e55ba32bbce8f20bc8fe909558a86702fde" "/opt/rustwide/cargo-home/bin/cargo" "+beta-2024-12-08" "build" "--frozen" "--message-format=json", kill_on_drop: false }`
[INFO] [stdout] 69e05daaf15e7820334abdec7367bdd7ff1c4556057cc447a7deef46fc33979b
[INFO] running `Command { std: "docker" "start" "-a" "69e05daaf15e7820334abdec7367bdd7ff1c4556057cc447a7deef46fc33979b", kill_on_drop: false }`
[INFO] [stderr]    Compiling proc-macro2 v1.0.89
[INFO] [stderr]    Compiling unicode-ident v1.0.13
[INFO] [stderr]    Compiling libc v0.2.162
[INFO] [stderr]    Compiling autocfg v1.4.0
[INFO] [stderr]    Compiling serde v1.0.214
[INFO] [stderr]    Compiling once_cell v1.20.2
[INFO] [stderr]    Compiling cfg-if v1.0.0
[INFO] [stderr]    Compiling either v1.13.0
[INFO] [stderr]    Compiling pin-project-lite v0.2.15
[INFO] [stderr]    Compiling crossbeam-utils v0.8.20
[INFO] [stderr]    Compiling smallvec v1.13.2
[INFO] [stderr]    Compiling tracing-core v0.1.32
[INFO] [stderr]    Compiling rustc-hash v1.1.0
[INFO] [stderr]    Compiling itertools v0.12.1
[INFO] [stderr]    Compiling equivalent v1.0.1
[INFO] [stderr]    Compiling hashbrown v0.15.1
[INFO] [stderr]    Compiling lock_api v0.4.12
[INFO] [stderr]    Compiling parking_lot_core v0.9.10
[INFO] [stderr]    Compiling camino v1.1.9
[INFO] [stderr]    Compiling scopeguard v1.2.0
[INFO] [stderr]    Compiling quote v1.0.37
[INFO] [stderr]    Compiling crossbeam-channel v0.5.13
[INFO] [stderr]    Compiling indexmap v2.6.0
[INFO] [stderr]    Compiling text-size v1.1.1
[INFO] [stderr]    Compiling hashbrown v0.14.5
[INFO] [stderr]    Compiling unicode-xid v0.2.6
[INFO] [stderr]    Compiling syn v2.0.87
[INFO] [stderr]    Compiling stable_deref_trait v1.2.0
[INFO] [stderr]    Compiling unicode-properties v0.1.3
[INFO] [stderr]    Compiling jod-thread v0.1.2
[INFO] [stderr]    Compiling ra-ap-rustc_lexer v0.63.0
[INFO] [stderr]    Compiling arrayvec v0.7.6
[INFO] [stderr]    Compiling memchr v2.7.4
[INFO] [stderr]    Compiling memoffset v0.9.1
[INFO] [stderr]    Compiling log v0.4.22
[INFO] [stderr]    Compiling fst v0.4.7
[INFO] [stderr]    Compiling nohash-hasher v0.2.0
[INFO] [stderr]    Compiling dashmap v5.5.3
[INFO] [stderr]    Compiling ra_ap_limit v0.0.232
[INFO] [stderr]    Compiling sptr v0.3.2
[INFO] [stderr]    Compiling drop_bomb v0.1.5
[INFO] [stderr]    Compiling heck v0.4.1
[INFO] [stderr]    Compiling countme v3.0.1
[INFO] [stderr]    Compiling ra_ap_text_edit v0.0.232
[INFO] [stderr]    Compiling parking_lot v0.12.3
[INFO] [stderr]    Compiling rowan v0.15.15
[INFO] [stderr]    Compiling cov-mark v2.0.0
[INFO] [stderr]    Compiling oorandom v11.1.4
[INFO] [stderr]    Compiling smol_str v0.2.2
[INFO] [stderr]    Compiling la-arena v0.3.1
[INFO] [stderr]    Compiling semver v1.0.23
[INFO] [stderr]    Compiling shlex v1.3.0
[INFO] [stderr]    Compiling version_check v0.9.5
[INFO] [stderr]    Compiling bitflags v1.3.2
[INFO] [stderr]    Compiling cc v1.1.37
[INFO] [stderr]    Compiling itoa v1.0.11
[INFO] [stderr]    Compiling ryu v1.0.18
[INFO] [stderr]    Compiling bitflags v2.6.0
[INFO] [stderr]    Compiling lz4_flex v0.11.3
[INFO] [stderr]    Compiling crossbeam-epoch v0.9.18
[INFO] [stderr]    Compiling rayon-core v1.12.1
[INFO] [stderr]    Compiling serde_json v1.0.132
[INFO] [stderr]    Compiling strsim v0.11.1
[INFO] [stderr]    Compiling rustc_apfloat v0.2.1+llvm-462a31f5a5ab (https://github.com/redsun82/rustc_apfloat.git?rev=096d585100636bc2e9f09d7eefec38c5b334d47b#096d5851)
[INFO] [stderr]    Compiling encoding_index_tests v0.1.4
[INFO] [stderr]    Compiling aho-corasick v1.1.3
[INFO] [stderr]    Compiling fixedbitset v0.4.2
[INFO] [stderr]    Compiling crossbeam-deque v0.8.5
[INFO] [stderr]    Compiling regex-syntax v0.8.5
[INFO] [stderr]    Compiling petgraph v0.6.5
[INFO] [stderr]    Compiling ena v0.14.3
[INFO] [stderr]    Compiling num-traits v0.2.19
[INFO] [stderr]    Compiling proc-macro2-diagnostics v0.10.1
[INFO] [stderr]    Compiling rayon v1.10.0
[INFO] [stderr]    Compiling tree-sitter-language v0.1.2
[INFO] [stderr]    Compiling utf8parse v0.2.2
[INFO] [stderr]    Compiling fnv v1.0.7
[INFO] [stderr]    Compiling regex-syntax v0.6.29
[INFO] [stderr]    Compiling thiserror v1.0.69
[INFO] [stderr]    Compiling ident_case v1.0.1
[INFO] [stderr]    Compiling tree-sitter v0.24.4
[INFO] [stderr]    Compiling anstyle-parse v0.2.6
[INFO] [stderr]    Compiling inotify-sys v0.1.5
[INFO] [stderr]    Compiling perf-event-open-sys v1.0.1
[INFO] [stderr]    Compiling thread_local v1.1.8
[INFO] [stderr]    Compiling yansi v1.0.1
[INFO] [stderr]    Compiling is_terminal_polyfill v1.70.1
[INFO] [stderr]    Compiling adler2 v2.0.0
[INFO] [stderr]    Compiling regex-automata v0.4.8
[INFO] [stderr]    Compiling same-file v1.0.6
[INFO] [stderr]    Compiling colorchoice v1.0.3
[INFO] [stderr]    Compiling regex-automata v0.1.10
[INFO] [stderr]    Compiling anyhow v1.0.93
[INFO] [stderr]    Compiling synstructure v0.13.1
[INFO] [stderr]    Compiling darling_core v0.20.10
[INFO] [stderr]    Compiling scoped-tls v1.0.1
[INFO] [stderr]    Compiling anstyle v1.0.10
[INFO] [stderr]    Compiling typed-arena v2.0.2
[INFO] [stderr]    Compiling iana-time-zone v0.1.61
[INFO] [stderr]    Compiling lazy_static v1.5.0
[INFO] [stderr]    Compiling anstyle-query v1.1.2
[INFO] [stderr]    Compiling overload v0.1.1
[INFO] [stderr]    Compiling anstream v0.6.18
[INFO] [stderr]    Compiling nu-ansi-term v0.46.0
[INFO] [stderr]    Compiling sharded-slab v0.1.7
[INFO] [stderr]    Compiling matchers v0.1.0
[INFO] [stderr]    Compiling walkdir v2.5.0
[INFO] [stderr]    Compiling miniz_oxide v0.8.0
[INFO] [stderr]    Compiling perf-event v0.4.7
[INFO] [stderr]    Compiling inotify v0.9.6
[INFO] [stderr]    Compiling encoding-index-korean v1.20141219.5
[INFO] [stderr]    Compiling encoding-index-simpchinese v1.20141219.5
[INFO] [stderr]    Compiling encoding-index-singlebyte v1.20141219.5
[INFO] [stderr]    Compiling encoding-index-tradchinese v1.20141219.5
[INFO] [stderr]    Compiling encoding-index-japanese v1.20141219.5
[INFO] [stderr]    Compiling uncased v0.9.10
[INFO] [stderr]    Compiling bstr v1.10.0
[INFO] [stderr]    Compiling serde_derive v1.0.214
[INFO] [stderr]    Compiling tracing-attributes v0.1.27
[INFO] [stderr]    Compiling ra_ap_salsa-macros v0.0.232
[INFO] [stderr]    Compiling ra-ap-rustc_index_macros v0.63.0
[INFO] [stderr]    Compiling chalk-derive v0.98.0
[INFO] [stderr]    Compiling regex v1.11.1
[INFO] [stderr]    Compiling ra-ap-rustc_index v0.63.0
[INFO] [stderr]    Compiling ra-ap-rustc_parse_format v0.63.0
[INFO] [stderr]    Compiling thiserror-impl v1.0.69
[INFO] [stderr]    Compiling mio v0.8.11
[INFO] [stderr]    Compiling tracing v0.1.40
[INFO] [stderr]    Compiling chalk-ir v0.98.0
[INFO] [stderr]    Compiling always-assert v0.2.0
[INFO] [stderr]    Compiling ra_ap_parser v0.0.232
[INFO] [stderr]    Compiling ra_ap_stdx v0.0.232
[INFO] [stderr]    Compiling ra-ap-rustc_abi v0.63.0
[INFO] [stderr]    Compiling ra-ap-rustc_pattern_analysis v0.63.0
[INFO] [stderr]    Compiling darling_macro v0.20.10
[INFO] [stderr]    Compiling tracing-log v0.2.0
[INFO] [stderr]    Compiling filetime v0.2.25
[INFO] [stderr]    Compiling fs-err v2.11.0
[INFO] [stderr]    Compiling crc32fast v1.4.2
[INFO] [stderr]    Compiling home v0.5.9
[INFO] [stderr]    Compiling streaming-iterator v0.1.9
[INFO] [stderr]    Compiling clap_lex v0.7.2
[INFO] [stderr]    Compiling heck v0.5.0
[INFO] [stderr]    Compiling flate2 v1.0.34
[INFO] [stderr]    Compiling darling v0.20.10
[INFO] [stderr]    Compiling clap_builder v4.5.20
[INFO] [stderr]    Compiling clap_derive v4.5.18
[INFO] [stderr]    Compiling notify v6.1.1
[INFO] [stderr]    Compiling tracing-subscriber v0.3.18
[INFO] [stderr]    Compiling chalk-solve v0.98.0
[INFO] [stderr]    Compiling globset v0.4.15
[INFO] [stderr]    Compiling pear_codegen v0.2.9
[INFO] [stderr]    Compiling encoding v0.2.33
[INFO] [stderr]    Compiling ra_ap_profile v0.0.232
[INFO] [stderr]    Compiling tree-sitter-ruby v0.23.1
[INFO] [stderr]    Compiling tree-sitter-embedded-template v0.23.2
[INFO] [stderr]    Compiling figment v0.10.19
[INFO] [stderr]    Compiling line-index v0.1.2
[INFO] [stderr]    Compiling num_cpus v1.16.0
[INFO] [stderr]    Compiling unsafe-libyaml v0.2.11
[INFO] [stderr]    Compiling inlinable_string v0.1.15
[INFO] [stderr]    Compiling pear v0.2.9
[INFO] [stderr]    Compiling chalk-recursive v0.98.0
[INFO] [stderr]    Compiling clap v4.5.20
[INFO] [stderr]    Compiling serde_with_macros v3.11.0
[INFO] [stderr]    Compiling os_str_bytes v7.0.0
[INFO] [stderr]    Compiling is-terminal v0.4.13
[INFO] [stderr]    Compiling termcolor v1.1.3
[INFO] [stderr]    Compiling argfile v0.2.1
[INFO] [stderr]    Compiling rust-extractor-macros v0.1.0 (/opt/rustwide/workdir/rust/extractor/macros)
[INFO] [stderr]    Compiling itertools v0.13.0
[INFO] [stderr]    Compiling itertools v0.10.5
[INFO] [stderr]    Compiling ungrammar v1.16.1
[INFO] [stderr]    Compiling triomphe v0.1.14
[INFO] [stderr]    Compiling ra_ap_intern v0.0.232
[INFO] [stderr]    Compiling ra_ap_paths v0.0.232
[INFO] [stderr]    Compiling ra_ap_vfs v0.0.232
[INFO] [stderr]    Compiling ra_ap_salsa v0.0.232
[INFO] [stderr]    Compiling ra_ap_syntax v0.0.232
[INFO] [stderr]    Compiling cargo-platform v0.1.8
[INFO] [stderr]    Compiling chrono v0.4.38
[INFO] [stderr]    Compiling cargo_metadata v0.18.1
[INFO] [stderr]    Compiling ra_ap_toolchain v0.0.232
[INFO] [stderr]    Compiling ra_ap_vfs-notify v0.0.232
[INFO] [stderr]    Compiling serde_yaml v0.9.34+deprecated
[INFO] [stderr]    Compiling ra_ap_tt v0.0.232
[INFO] [stderr]    Compiling serde_with v3.11.0
[INFO] [stderr]    Compiling ra_ap_cfg v0.0.232
[INFO] [stderr]    Compiling codeql-extractor v0.2.0 (/opt/rustwide/workdir/shared/tree-sitter-extractor)
[INFO] [stderr]    Compiling stderrlog v0.6.0
[INFO] [stderr]    Compiling ra_ap_span v0.0.232
[INFO] [stderr]    Compiling glob v0.3.1
[INFO] [stderr]    Compiling ra_ap_base_db v0.0.232
[INFO] [stderr]    Compiling ra_ap_syntax-bridge v0.0.232
[INFO] [stderr]    Compiling ast-generator v0.1.0 (/opt/rustwide/workdir/rust/ast-generator)
[INFO] [stderr]    Compiling ra_ap_mbe v0.0.232
[INFO] [stderr]    Compiling ra_ap_project_model v0.0.232
[INFO] [stdout] warning: type `Edition` is more private than the item `KindsSrc::edition_dependent_keywords`
[INFO] [stdout]   --> rust/ast-generator/src/codegen/grammar/ast_src.rs:15:5
[INFO] [stdout]    |
[INFO] [stdout] 15 |     pub(crate) edition_dependent_keywords: &'static [(&'static str, Edition)],
[INFO] [stdout]    |     ^^^^^^^^^^^^^^^^^^^^^^^^^^^^^^^^^^^^^^^^^^^^^^^^^^^^^^^^^^^^^^^^^^^^^^^^^ field `KindsSrc::edition_dependent_keywords` is reachable at visibility `pub(crate)`
[INFO] [stdout]    |
[INFO] [stdout] note: but type `Edition` is only usable at visibility `pub(grammar)`
[INFO] [stdout]   --> rust/ast-generator/src/codegen/grammar/ast_src.rs:20:1
[INFO] [stdout]    |
[INFO] [stdout] 20 | pub(super) enum Edition {
[INFO] [stdout]    | ^^^^^^^^^^^^^^^^^^^^^^^
[INFO] [stdout]    = note: `#[warn(private_interfaces)]` on by default
[INFO] [stdout] 
[INFO] [stdout] 
[INFO] [stdout] warning: function `generate` is never used
[INFO] [stdout]   --> rust/ast-generator/src/codegen/grammar.rs:27:15
[INFO] [stdout]    |
[INFO] [stdout] 27 | pub(crate) fn generate(check: bool) {
[INFO] [stdout]    |               ^^^^^^^^
[INFO] [stdout]    |
[INFO] [stdout]    = note: `#[warn(dead_code)]` on by default
[INFO] [stdout] 
[INFO] [stdout] 
[INFO] [stdout] warning: function `generate_tokens` is never used
[INFO] [stdout]   --> rust/ast-generator/src/codegen/grammar.rs:63:4
[INFO] [stdout]    |
[INFO] [stdout] 63 | fn generate_tokens(grammar: &AstSrc) -> String {
[INFO] [stdout]    |    ^^^^^^^^^^^^^^^
[INFO] [stdout] 
[INFO] [stdout] 
[INFO] [stdout] warning: function `generate_nodes` is never used
[INFO] [stdout]    --> rust/ast-generator/src/codegen/grammar.rs:100:4
[INFO] [stdout]     |
[INFO] [stdout] 100 | fn generate_nodes(kinds: KindsSrc, grammar: &AstSrc) -> String {
[INFO] [stdout]     |    ^^^^^^^^^^^^^^
[INFO] [stdout] 
[INFO] [stdout] 
[INFO] [stdout] warning: function `write_doc_comment` is never used
[INFO] [stdout]    --> rust/ast-generator/src/codegen/grammar.rs:382:4
[INFO] [stdout]     |
[INFO] [stdout] 382 | fn write_doc_comment(contents: &[String], dest: &mut String) {
[INFO] [stdout]     |    ^^^^^^^^^^^^^^^^^
[INFO] [stdout] 
[INFO] [stdout] 
[INFO] [stdout] warning: function `generate_syntax_kinds` is never used
[INFO] [stdout]    --> rust/ast-generator/src/codegen/grammar.rs:388:4
[INFO] [stdout]     |
[INFO] [stdout] 388 | fn generate_syntax_kinds(grammar: KindsSrc) -> String {
[INFO] [stdout]     |    ^^^^^^^^^^^^^^^^^^^^^
[INFO] [stdout] 
[INFO] [stdout] 
[INFO] [stdout] warning: function `to_upper_snake_case` is never used
[INFO] [stdout]    --> rust/ast-generator/src/codegen/grammar.rs:615:4
[INFO] [stdout]     |
[INFO] [stdout] 615 | fn to_upper_snake_case(s: &str) -> String {
[INFO] [stdout]     |    ^^^^^^^^^^^^^^^^^^^
[INFO] [stdout] 
[INFO] [stdout] 
[INFO] [stdout] warning: function `to_pascal_case` is never used
[INFO] [stdout]    --> rust/ast-generator/src/codegen/grammar.rs:643:4
[INFO] [stdout]     |
[INFO] [stdout] 643 | fn to_pascal_case(s: &str) -> String {
[INFO] [stdout]     |    ^^^^^^^^^^^^^^
[INFO] [stdout] 
[INFO] [stdout] 
[INFO] [stdout] warning: method `token_kind` is never used
[INFO] [stdout]    --> rust/ast-generator/src/codegen/grammar.rs:673:12
[INFO] [stdout]     |
[INFO] [stdout] 663 | impl Field {
[INFO] [stdout]     | ---------- method in this implementation
[INFO] [stdout] ...
[INFO] [stdout] 673 |     pub fn token_kind(&self) -> Option<proc_macro2::TokenStream> {
[INFO] [stdout]     |            ^^^^^^^^^^
[INFO] [stdout] 
[INFO] [stdout] 
[INFO] [stdout] warning: struct `KindsSrc` is never constructed
[INFO] [stdout]  --> rust/ast-generator/src/codegen/grammar/ast_src.rs:8:19
[INFO] [stdout]   |
[INFO] [stdout] 8 | pub(crate) struct KindsSrc {
[INFO] [stdout]   |                   ^^^^^^^^
[INFO] [stdout] 
[INFO] [stdout] 
[INFO] [stdout] warning: constant `PUNCT` is never used
[INFO] [stdout]   --> rust/ast-generator/src/codegen/grammar/ast_src.rs:47:7
[INFO] [stdout]    |
[INFO] [stdout] 47 | const PUNCT: &[(&str, &str)] = &[
[INFO] [stdout]    |       ^^^^^
[INFO] [stdout] 
[INFO] [stdout] 
[INFO] [stdout] warning: constant `TOKENS` is never used
[INFO] [stdout]    --> rust/ast-generator/src/codegen/grammar/ast_src.rs:102:7
[INFO] [stdout]     |
[INFO] [stdout] 102 | const TOKENS: &[&str] = &["ERROR", "WHITESPACE", "NEWLINE", "COMMENT"];
[INFO] [stdout]     |       ^^^^^^
[INFO] [stdout] 
[INFO] [stdout] 
[INFO] [stdout] warning: constant `EOF` is never used
[INFO] [stdout]    --> rust/ast-generator/src/codegen/grammar/ast_src.rs:105:7
[INFO] [stdout]     |
[INFO] [stdout] 105 | const EOF: &str = "EOF";
[INFO] [stdout]     |       ^^^
[INFO] [stdout] 
[INFO] [stdout] 
[INFO] [stdout] warning: constant `RESERVED` is never used
[INFO] [stdout]    --> rust/ast-generator/src/codegen/grammar/ast_src.rs:107:7
[INFO] [stdout]     |
[INFO] [stdout] 107 | const RESERVED: &[&str] = &[
[INFO] [stdout]     |       ^^^^^^^^
[INFO] [stdout] 
[INFO] [stdout] 
[INFO] [stdout] warning: constant `CONTEXTUAL_KEYWORDS` is never used
[INFO] [stdout]    --> rust/ast-generator/src/codegen/grammar/ast_src.rs:113:7
[INFO] [stdout]     |
[INFO] [stdout] 113 | const CONTEXTUAL_KEYWORDS: &[&str] = &[
[INFO] [stdout]     |       ^^^^^^^^^^^^^^^^^^^
[INFO] [stdout] 
[INFO] [stdout] 
[INFO] [stdout] warning: constant `CONTEXTUAL_BUILTIN_KEYWORDS` is never used
[INFO] [stdout]    --> rust/ast-generator/src/codegen/grammar/ast_src.rs:123:7
[INFO] [stdout]     |
[INFO] [stdout] 123 | const CONTEXTUAL_BUILTIN_KEYWORDS: &[&str] = &["builtin", "offset_of", "format_args", "asm"];
[INFO] [stdout]     |       ^^^^^^^^^^^^^^^^^^^^^^^^^^^
[INFO] [stdout] 
[INFO] [stdout] 
[INFO] [stdout] warning: constant `EDITION_DEPENDENT_KEYWORDS` is never used
[INFO] [stdout]    --> rust/ast-generator/src/codegen/grammar/ast_src.rs:125:7
[INFO] [stdout]     |
[INFO] [stdout] 125 | const EDITION_DEPENDENT_KEYWORDS: &[(&str, Edition)] = &[
[INFO] [stdout]     |       ^^^^^^^^^^^^^^^^^^^^^^^^^^
[INFO] [stdout] 
[INFO] [stdout] 
[INFO] [stdout] warning: function `generate_kind_src` is never used
[INFO] [stdout]    --> rust/ast-generator/src/codegen/grammar/ast_src.rs:133:15
[INFO] [stdout]     |
[INFO] [stdout] 133 | pub(crate) fn generate_kind_src(
[INFO] [stdout]     |               ^^^^^^^^^^^^^^^^^
[INFO] [stdout] 
[INFO] [stdout] 
[INFO] [stdout] warning: field `doc` is never read
[INFO] [stdout]    --> rust/ast-generator/src/codegen/grammar/ast_src.rs:234:16
[INFO] [stdout]     |
[INFO] [stdout] 233 | pub(crate) struct AstNodeSrc {
[INFO] [stdout]     |                   ---------- field in this struct
[INFO] [stdout] 234 |     pub(crate) doc: Vec<String>,
[INFO] [stdout]     |                ^^^
[INFO] [stdout]     |
[INFO] [stdout]     = note: `AstNodeSrc` has a derived impl for the trait `Debug`, but this is intentionally ignored during dead code analysis
[INFO] [stdout] 
[INFO] [stdout] 
[INFO] [stdout] warning: field `doc` is never read
[INFO] [stdout]    --> rust/ast-generator/src/codegen/grammar/ast_src.rs:258:16
[INFO] [stdout]     |
[INFO] [stdout] 257 | pub(crate) struct AstEnumSrc {
[INFO] [stdout]     |                   ---------- field in this struct
[INFO] [stdout] 258 |     pub(crate) doc: Vec<String>,
[INFO] [stdout]     |                ^^^
[INFO] [stdout]     |
[INFO] [stdout]     = note: `AstEnumSrc` has a derived impl for the trait `Debug`, but this is intentionally ignored during dead code analysis
[INFO] [stdout] 
[INFO] [stdout] 
[INFO] [stderr]    Compiling ra_ap_hir_expand v0.0.232
[INFO] [stderr]    Compiling ra_ap_proc_macro_api v0.0.232
[INFO] [stderr]    Compiling codeql-extractor-ruby v0.1.0 (/opt/rustwide/workdir/ruby/extractor)
[INFO] [stderr]    Compiling ra_ap_hir_def v0.0.232
[INFO] [stderr]    Compiling ra_ap_hir_ty v0.0.232
[INFO] [stderr]    Compiling ra_ap_hir v0.0.232
[INFO] [stderr]    Compiling ra_ap_ide_db v0.0.232
[INFO] [stderr]    Compiling ra_ap_load-cargo v0.0.232
[INFO] [stderr]    Compiling codeql-rust v0.1.0 (/opt/rustwide/workdir/rust/extractor)
[INFO] [stderr]     Finished `dev` profile [unoptimized + debuginfo] target(s) in 5m 06s
[INFO] running `Command { std: "docker" "inspect" "69e05daaf15e7820334abdec7367bdd7ff1c4556057cc447a7deef46fc33979b", kill_on_drop: false }`
[INFO] running `Command { std: "docker" "rm" "-f" "69e05daaf15e7820334abdec7367bdd7ff1c4556057cc447a7deef46fc33979b", kill_on_drop: false }`
[INFO] [stdout] 69e05daaf15e7820334abdec7367bdd7ff1c4556057cc447a7deef46fc33979b
[INFO] running `Command { std: "docker" "create" "-v" "/var/lib/crater-agent-workspace/builds/worker-7-tc2/target:/opt/rustwide/target:rw,Z" "-v" "/var/lib/crater-agent-workspace/builds/worker-7-tc2/source:/opt/rustwide/workdir:ro,Z" "-v" "/var/lib/crater-agent-workspace/cargo-home:/opt/rustwide/cargo-home:ro,Z" "-v" "/var/lib/crater-agent-workspace/rustup-home:/opt/rustwide/rustup-home:ro,Z" "-e" "SOURCE_DIR=/opt/rustwide/workdir" "-e" "CARGO_TARGET_DIR=/opt/rustwide/target" "-e" "CARGO_INCREMENTAL=0" "-e" "RUST_BACKTRACE=full" "-e" "RUSTFLAGS=--cap-lints=warn" "-e" "RUSTDOCFLAGS=--cap-lints=warn" "-e" "CARGO_HOME=/opt/rustwide/cargo-home" "-e" "RUSTUP_HOME=/opt/rustwide/rustup-home" "-w" "/opt/rustwide/workdir" "-m" "1610612736" "--user" "0:0" "--network" "none" "ghcr.io/rust-lang/crates-build-env/linux@sha256:f3a9d4ad9d972b27faf3965f35b62e55ba32bbce8f20bc8fe909558a86702fde" "/opt/rustwide/cargo-home/bin/cargo" "+beta-2024-12-08" "test" "--frozen" "--no-run" "--message-format=json", kill_on_drop: false }`
[INFO] [stdout] 6055745abcff145d9c9aa380d5031c682344cf39592cad58e22c54a313ca04f2
[INFO] running `Command { std: "docker" "start" "-a" "6055745abcff145d9c9aa380d5031c682344cf39592cad58e22c54a313ca04f2", kill_on_drop: false }`
[INFO] [stderr]    Compiling zerocopy-derive v0.7.35
[INFO] [stderr]    Compiling byteorder v1.5.0
[INFO] [stderr]    Compiling getrandom v0.2.15
[INFO] [stderr]    Compiling tree-sitter-ql v0.23.1
[INFO] [stderr]    Compiling tree-sitter-json v0.24.8
[INFO] [stderr]    Compiling rust-extractor-macros v0.1.0 (/opt/rustwide/workdir/rust/extractor/macros)
[INFO] [stderr]    Compiling ast-generator v0.1.0 (/opt/rustwide/workdir/rust/ast-generator)
[INFO] [stderr]    Compiling codeql-extractor-ruby v0.1.0 (/opt/rustwide/workdir/ruby/extractor)
[INFO] [stderr]    Compiling rand_core v0.6.4
[INFO] [stdout] warning: type `Edition` is more private than the item `KindsSrc::edition_dependent_keywords`
[INFO] [stdout]   --> rust/ast-generator/src/codegen/grammar/ast_src.rs:15:5
[INFO] [stdout]    |
[INFO] [stdout] 15 |     pub(crate) edition_dependent_keywords: &'static [(&'static str, Edition)],
[INFO] [stdout]    |     ^^^^^^^^^^^^^^^^^^^^^^^^^^^^^^^^^^^^^^^^^^^^^^^^^^^^^^^^^^^^^^^^^^^^^^^^^ field `KindsSrc::edition_dependent_keywords` is reachable at visibility `pub(crate)`
[INFO] [stdout]    |
[INFO] [stdout] note: but type `Edition` is only usable at visibility `pub(grammar)`
[INFO] [stdout]   --> rust/ast-generator/src/codegen/grammar/ast_src.rs:20:1
[INFO] [stdout]    |
[INFO] [stdout] 20 | pub(super) enum Edition {
[INFO] [stdout]    | ^^^^^^^^^^^^^^^^^^^^^^^
[INFO] [stdout]    = note: `#[warn(private_interfaces)]` on by default
[INFO] [stdout] 
[INFO] [stdout] 
[INFO] [stderr]    Compiling codeql-rust v0.1.0 (/opt/rustwide/workdir/rust/extractor)
[INFO] [stderr]    Compiling zerocopy v0.7.35
[INFO] [stderr]    Compiling ppv-lite86 v0.2.20
[INFO] [stderr]    Compiling rand_chacha v0.3.1
[INFO] [stderr]    Compiling rand v0.8.5
[INFO] [stderr]    Compiling codeql-extractor v0.2.0 (/opt/rustwide/workdir/shared/tree-sitter-extractor)
[INFO] [stderr]     Finished `test` profile [unoptimized + debuginfo] target(s) in 20.57s
[INFO] running `Command { std: "docker" "inspect" "6055745abcff145d9c9aa380d5031c682344cf39592cad58e22c54a313ca04f2", kill_on_drop: false }`
[INFO] running `Command { std: "docker" "rm" "-f" "6055745abcff145d9c9aa380d5031c682344cf39592cad58e22c54a313ca04f2", kill_on_drop: false }`
[INFO] [stdout] 6055745abcff145d9c9aa380d5031c682344cf39592cad58e22c54a313ca04f2
[INFO] running `Command { std: "docker" "create" "-v" "/var/lib/crater-agent-workspace/builds/worker-7-tc2/target:/opt/rustwide/target:rw,Z" "-v" "/var/lib/crater-agent-workspace/builds/worker-7-tc2/source:/opt/rustwide/workdir:ro,Z" "-v" "/var/lib/crater-agent-workspace/cargo-home:/opt/rustwide/cargo-home:ro,Z" "-v" "/var/lib/crater-agent-workspace/rustup-home:/opt/rustwide/rustup-home:ro,Z" "-e" "SOURCE_DIR=/opt/rustwide/workdir" "-e" "CARGO_TARGET_DIR=/opt/rustwide/target" "-e" "CARGO_INCREMENTAL=0" "-e" "RUST_BACKTRACE=full" "-e" "RUSTFLAGS=--cap-lints=warn" "-e" "RUSTDOCFLAGS=--cap-lints=warn" "-e" "CARGO_HOME=/opt/rustwide/cargo-home" "-e" "RUSTUP_HOME=/opt/rustwide/rustup-home" "-w" "/opt/rustwide/workdir" "-m" "1610612736" "--user" "0:0" "--network" "none" "ghcr.io/rust-lang/crates-build-env/linux@sha256:f3a9d4ad9d972b27faf3965f35b62e55ba32bbce8f20bc8fe909558a86702fde" "/opt/rustwide/cargo-home/bin/cargo" "+beta-2024-12-08" "test" "--frozen", kill_on_drop: false }`
[INFO] [stdout] 6daffb47c8bd3879dc0048b4e4479e87528f7315ca4d3c05bc4cae27c67cea64
[INFO] running `Command { std: "docker" "start" "-a" "6daffb47c8bd3879dc0048b4e4479e87528f7315ca4d3c05bc4cae27c67cea64", kill_on_drop: false }`
[INFO] [stderr] warning: type `Edition` is more private than the item `KindsSrc::edition_dependent_keywords`
[INFO] [stderr]   --> rust/ast-generator/src/codegen/grammar/ast_src.rs:15:5
[INFO] [stderr]    |
[INFO] [stderr] 15 |     pub(crate) edition_dependent_keywords: &'static [(&'static str, Edition)],
[INFO] [stderr]    |     ^^^^^^^^^^^^^^^^^^^^^^^^^^^^^^^^^^^^^^^^^^^^^^^^^^^^^^^^^^^^^^^^^^^^^^^^^ field `KindsSrc::edition_dependent_keywords` is reachable at visibility `pub(crate)`
[INFO] [stderr]    |
[INFO] [stderr] note: but type `Edition` is only usable at visibility `pub(grammar)`
[INFO] [stderr]   --> rust/ast-generator/src/codegen/grammar/ast_src.rs:20:1
[INFO] [stderr]    |
[INFO] [stderr] 20 | pub(super) enum Edition {
[INFO] [stderr]    | ^^^^^^^^^^^^^^^^^^^^^^^
[INFO] [stderr]    = note: `#[warn(private_interfaces)]` on by default
[INFO] [stderr] 
[INFO] [stderr] warning: `ast-generator` (bin "ast-generator" test) generated 1 warning
[INFO] [stderr]     Finished `test` profile [unoptimized + debuginfo] target(s) in 0.26s
[INFO] [stderr]      Running unittests src/main.rs (/opt/rustwide/target/debug/deps/ast_generator-d72edef029b848e1)
[INFO] [stdout] 
[INFO] [stdout] running 1 test
[INFO] [stdout] test codegen::grammar::test ... FAILED
[INFO] [stdout] 
[INFO] [stdout] failures:
[INFO] [stdout] 
[INFO] [stdout] ---- codegen::grammar::test stdout ----
[INFO] [stdout] thread 'codegen::grammar::test' panicked at rust/ast-generator/src/codegen/grammar.rs:29:10:
[INFO] [stdout] called `Result::unwrap()` on an `Err` value: Os { code: 2, kind: NotFound, message: "No such file or directory" }
[INFO] [stdout] stack backtrace:
[INFO] [stdout]    0:     0x5c3bc62c1b4a - std::backtrace_rs::backtrace::libunwind::trace::h8810477743020387
[INFO] [stdout]                                at /rustc/202008a1b8de96d2e5b6bc02d379db03a877d34d/library/std/src/../../backtrace/src/backtrace/libunwind.rs:116:5
[INFO] [stdout]    1:     0x5c3bc62c1b4a - std::backtrace_rs::backtrace::trace_unsynchronized::h3aa55355dd6c54a6
[INFO] [stdout]                                at /rustc/202008a1b8de96d2e5b6bc02d379db03a877d34d/library/std/src/../../backtrace/src/backtrace/mod.rs:66:5
[INFO] [stdout]    2:     0x5c3bc62c1b4a - std::sys::backtrace::_print_fmt::h8588b0f62410823f
[INFO] [stdout]                                at /rustc/202008a1b8de96d2e5b6bc02d379db03a877d34d/library/std/src/sys/backtrace.rs:66:9
[INFO] [stdout]    3:     0x5c3bc62c1b4a - <std::sys::backtrace::BacktraceLock::print::DisplayBacktrace as core::fmt::Display>::fmt::h98c26ac25ffe89bb
[INFO] [stdout]                                at /rustc/202008a1b8de96d2e5b6bc02d379db03a877d34d/library/std/src/sys/backtrace.rs:39:26
[INFO] [stdout]    4:     0x5c3bc62e79b3 - core::fmt::rt::Argument::fmt::hf95377f4aebd453b
[INFO] [stdout]                                at /rustc/202008a1b8de96d2e5b6bc02d379db03a877d34d/library/core/src/fmt/rt.rs:177:76
[INFO] [stdout]    5:     0x5c3bc62e79b3 - core::fmt::write::h0dd5f6e2238c7982
[INFO] [stdout]                                at /rustc/202008a1b8de96d2e5b6bc02d379db03a877d34d/library/core/src/fmt/mod.rs:1189:21
[INFO] [stdout]    6:     0x5c3bc62bea93 - std::io::Write::write_fmt::h03bb0ca26e6faf8c
[INFO] [stdout]                                at /rustc/202008a1b8de96d2e5b6bc02d379db03a877d34d/library/std/src/io/mod.rs:1884:15
[INFO] [stdout]    7:     0x5c3bc62c1992 - std::sys::backtrace::BacktraceLock::print::h5c19c1c038ee186d
[INFO] [stdout]                                at /rustc/202008a1b8de96d2e5b6bc02d379db03a877d34d/library/std/src/sys/backtrace.rs:42:9
[INFO] [stdout]    8:     0x5c3bc62c2fcd - std::panicking::default_hook::{{closure}}::h77172f079a1fcb13
[INFO] [stdout]                                at /rustc/202008a1b8de96d2e5b6bc02d379db03a877d34d/library/std/src/panicking.rs:268:22
[INFO] [stdout]    9:     0x5c3bc62c2dd7 - std::panicking::default_hook::he5f8e3b203ccddba
[INFO] [stdout]                                at /rustc/202008a1b8de96d2e5b6bc02d379db03a877d34d/library/std/src/panicking.rs:292:9
[INFO] [stdout]   10:     0x5c3bc6249527 - <alloc::boxed::Box<F,A> as core::ops::function::Fn<Args>>::call::h7a3c7b4a1ae77f2f
[INFO] [stdout]                                at /rustc/202008a1b8de96d2e5b6bc02d379db03a877d34d/library/alloc/src/boxed.rs:1986:9
[INFO] [stdout]   11:     0x5c3bc6249527 - test::test_main::{{closure}}::hf0d3b69ae9b353d1
[INFO] [stdout]                                at /rustc/202008a1b8de96d2e5b6bc02d379db03a877d34d/library/test/src/lib.rs:134:21
[INFO] [stdout]   12:     0x5c3bc62c3678 - <alloc::boxed::Box<F,A> as core::ops::function::Fn<Args>>::call::h6332e82e7b189abd
[INFO] [stdout]                                at /rustc/202008a1b8de96d2e5b6bc02d379db03a877d34d/library/alloc/src/boxed.rs:1986:9
[INFO] [stdout]   13:     0x5c3bc62c3678 - std::panicking::rust_panic_with_hook::h53863d4e9018df39
[INFO] [stdout]                                at /rustc/202008a1b8de96d2e5b6bc02d379db03a877d34d/library/std/src/panicking.rs:809:13
[INFO] [stdout]   14:     0x5c3bc62c343a - std::panicking::begin_panic_handler::{{closure}}::h67280e6fa0757873
[INFO] [stdout]                                at /rustc/202008a1b8de96d2e5b6bc02d379db03a877d34d/library/std/src/panicking.rs:674:13
[INFO] [stdout]   15:     0x5c3bc62c2029 - std::sys::backtrace::__rust_end_short_backtrace::h1dac3f54d6fbbeb2
[INFO] [stdout]                                at /rustc/202008a1b8de96d2e5b6bc02d379db03a877d34d/library/std/src/sys/backtrace.rs:170:18
[INFO] [stdout]   16:     0x5c3bc62c30cc - rust_begin_unwind
[INFO] [stdout]                                at /rustc/202008a1b8de96d2e5b6bc02d379db03a877d34d/library/std/src/panicking.rs:665:5
[INFO] [stdout]   17:     0x5c3bc6188780 - core::panicking::panic_fmt::h6792bd1b2bf01041
[INFO] [stdout]                                at /rustc/202008a1b8de96d2e5b6bc02d379db03a877d34d/library/core/src/panicking.rs:76:14
[INFO] [stdout]   18:     0x5c3bc6188bc6 - core::result::unwrap_failed::h05e0602ed34287c5
[INFO] [stdout]                                at /rustc/202008a1b8de96d2e5b6bc02d379db03a877d34d/library/core/src/result.rs:1699:5
[INFO] [stdout]   19:     0x5c3bc61b538b - core::result::Result<T,E>::unwrap::he942ce3ad918985f
[INFO] [stdout]                                at /rustc/202008a1b8de96d2e5b6bc02d379db03a877d34d/library/core/src/result.rs:1104:23
[INFO] [stdout]   20:     0x5c3bc61b538b - ast_generator::codegen::grammar::generate::h7de62ad123a30e41
[INFO] [stdout]                                at /opt/rustwide/workdir/rust/ast-generator/src/codegen/grammar.rs:28:19
[INFO] [stdout]   21:     0x5c3bc61cfdeb - ast_generator::codegen::grammar::test::h616574af6d0ef58a
[INFO] [stdout]                                at /opt/rustwide/workdir/rust/ast-generator/src/codegen/grammar.rs:1076:5
[INFO] [stdout]   22:     0x5c3bc61cfdc7 - ast_generator::codegen::grammar::test::{{closure}}::hf500e2b2c1bcbd24
[INFO] [stdout]                                at /opt/rustwide/workdir/rust/ast-generator/src/codegen/grammar.rs:1075:10
[INFO] [stdout]   23:     0x5c3bc620a1a6 - core::ops::function::FnOnce::call_once::h87088f2444c19084
[INFO] [stdout]                                at /rustc/202008a1b8de96d2e5b6bc02d379db03a877d34d/library/core/src/ops/function.rs:250:5
[INFO] [stdout]   24:     0x5c3bc624e04b - core::ops::function::FnOnce::call_once::h871bf86719ec9aa4
[INFO] [stdout]                                at /rustc/202008a1b8de96d2e5b6bc02d379db03a877d34d/library/core/src/ops/function.rs:250:5
[INFO] [stdout]   25:     0x5c3bc624e04b - test::__rust_begin_short_backtrace::h2167df1e2b7d76fd
[INFO] [stdout]                                at /rustc/202008a1b8de96d2e5b6bc02d379db03a877d34d/library/test/src/lib.rs:632:18
[INFO] [stdout]   26:     0x5c3bc624da38 - test::run_test_in_process::{{closure}}::h15d92f75a3adfb79
[INFO] [stdout]                                at /rustc/202008a1b8de96d2e5b6bc02d379db03a877d34d/library/test/src/lib.rs:655:60
[INFO] [stdout]   27:     0x5c3bc624da38 - <core::panic::unwind_safe::AssertUnwindSafe<F> as core::ops::function::FnOnce<()>>::call_once::hb6c8955835a8dbbb
[INFO] [stdout]                                at /rustc/202008a1b8de96d2e5b6bc02d379db03a877d34d/library/core/src/panic/unwind_safe.rs:272:9
[INFO] [stdout]   28:     0x5c3bc624da38 - std::panicking::try::do_call::hc79d0fc888a0bd30
[INFO] [stdout]                                at /rustc/202008a1b8de96d2e5b6bc02d379db03a877d34d/library/std/src/panicking.rs:557:40
[INFO] [stdout]   29:     0x5c3bc624da38 - std::panicking::try::hb8a7878e3a8589d6
[INFO] [stdout]                                at /rustc/202008a1b8de96d2e5b6bc02d379db03a877d34d/library/std/src/panicking.rs:520:19
[INFO] [stdout]   30:     0x5c3bc624da38 - std::panic::catch_unwind::hb8e4600ff0ff5cfa
[INFO] [stdout]                                at /rustc/202008a1b8de96d2e5b6bc02d379db03a877d34d/library/std/src/panic.rs:358:14
[INFO] [stdout]   31:     0x5c3bc624da38 - test::run_test_in_process::hc2900b0b18688dd6
[INFO] [stdout]                                at /rustc/202008a1b8de96d2e5b6bc02d379db03a877d34d/library/test/src/lib.rs:655:27
[INFO] [stdout]   32:     0x5c3bc624da38 - test::run_test::{{closure}}::hac2a9cb07be3d48d
[INFO] [stdout]                                at /rustc/202008a1b8de96d2e5b6bc02d379db03a877d34d/library/test/src/lib.rs:576:43
[INFO] [stdout]   33:     0x5c3bc62114da - test::run_test::{{closure}}::h4a5b729e66a38cd8
[INFO] [stdout]                                at /rustc/202008a1b8de96d2e5b6bc02d379db03a877d34d/library/test/src/lib.rs:606:41
[INFO] [stdout]   34:     0x5c3bc62114da - std::sys::backtrace::__rust_begin_short_backtrace::h0496fb742492f573
[INFO] [stdout]                                at /rustc/202008a1b8de96d2e5b6bc02d379db03a877d34d/library/std/src/sys/backtrace.rs:154:18
[INFO] [stdout]   35:     0x5c3bc6214e54 - std::thread::Builder::spawn_unchecked_::{{closure}}::{{closure}}::hbb6d257c550a54bd
[INFO] [stdout]                                at /rustc/202008a1b8de96d2e5b6bc02d379db03a877d34d/library/std/src/thread/mod.rs:561:17
[INFO] [stdout]   36:     0x5c3bc6214e54 - <core::panic::unwind_safe::AssertUnwindSafe<F> as core::ops::function::FnOnce<()>>::call_once::h46696fe4a6832328
[INFO] [stdout]                                at /rustc/202008a1b8de96d2e5b6bc02d379db03a877d34d/library/core/src/panic/unwind_safe.rs:272:9
[INFO] [stdout]   37:     0x5c3bc6214e54 - std::panicking::try::do_call::h2625a51b667bfb64
[INFO] [stdout]                                at /rustc/202008a1b8de96d2e5b6bc02d379db03a877d34d/library/std/src/panicking.rs:557:40
[INFO] [stdout]   38:     0x5c3bc6214e54 - std::panicking::try::hb956a59a1973aa4c
[INFO] [stdout]                                at /rustc/202008a1b8de96d2e5b6bc02d379db03a877d34d/library/std/src/panicking.rs:520:19
[INFO] [stdout]   39:     0x5c3bc6214e54 - std::panic::catch_unwind::h64f3b9d1067ef6a0
[INFO] [stdout]                                at /rustc/202008a1b8de96d2e5b6bc02d379db03a877d34d/library/std/src/panic.rs:358:14
[INFO] [stdout]   40:     0x5c3bc6214e54 - std::thread::Builder::spawn_unchecked_::{{closure}}::h42b2841295b6c0b2
[INFO] [stdout]                                at /rustc/202008a1b8de96d2e5b6bc02d379db03a877d34d/library/std/src/thread/mod.rs:559:30
[INFO] [stdout]   41:     0x5c3bc6214e54 - core::ops::function::FnOnce::call_once{{vtable.shim}}::h6127de71b8124639
[INFO] [stdout]                                at /rustc/202008a1b8de96d2e5b6bc02d379db03a877d34d/library/core/src/ops/function.rs:250:5
[INFO] [stdout]   42:     0x5c3bc62c774b - <alloc::boxed::Box<F,A> as core::ops::function::FnOnce<Args>>::call_once::h42f0ba71002a1b2c
[INFO] [stdout]                                at /rustc/202008a1b8de96d2e5b6bc02d379db03a877d34d/library/alloc/src/boxed.rs:1972:9
[INFO] [stdout]   43:     0x5c3bc62c774b - <alloc::boxed::Box<F,A> as core::ops::function::FnOnce<Args>>::call_once::had9e47d7a3dcecb8
[INFO] [stdout]                                at /rustc/202008a1b8de96d2e5b6bc02d379db03a877d34d/library/alloc/src/boxed.rs:1972:9
[INFO] [stdout]   44:     0x5c3bc62c774b - std::sys::pal::unix::thread::Thread::new::thread_start::h48cf765408f6f5f2
[INFO] [stdout]                                at /rustc/202008a1b8de96d2e5b6bc02d379db03a877d34d/library/std/src/sys/pal/unix/thread.rs:105:17
[INFO] [stdout]   45:     0x7badf72c0ac3 - <unknown>
[INFO] [stdout]   46:     0x7badf7351a04 - clone
[INFO] [stdout]   47:                0x0 - <unknown>
[INFO] [stdout] 
[INFO] [stdout] 
[INFO] [stdout] failures:
[INFO] [stdout]     codegen::grammar::test
[INFO] [stdout] 
[INFO] [stdout] test result: FAILED. 0 passed; 1 failed; 0 ignored; 0 measured; 0 filtered out; finished in 0.04s
[INFO] [stdout] 
[INFO] [stderr] error: test failed, to rerun pass `-p ast-generator --bin ast-generator`
[INFO] running `Command { std: "docker" "inspect" "6daffb47c8bd3879dc0048b4e4479e87528f7315ca4d3c05bc4cae27c67cea64", kill_on_drop: false }`
[INFO] running `Command { std: "docker" "rm" "-f" "6daffb47c8bd3879dc0048b4e4479e87528f7315ca4d3c05bc4cae27c67cea64", kill_on_drop: false }`
[INFO] [stdout] 6daffb47c8bd3879dc0048b4e4479e87528f7315ca4d3c05bc4cae27c67cea64
