[INFO] cloning repository https://github.com/patcoll/exercises
[INFO] running `Command { std: "git" "-c" "credential.helper=" "-c" "credential.helper=/workspace/cargo-home/bin/git-credential-null" "clone" "--bare" "https://github.com/patcoll/exercises" "/workspace/cache/git-repos/https%3A%2F%2Fgithub.com%2Fpatcoll%2Fexercises", kill_on_drop: false }`
[INFO] [stderr] Cloning into bare repository '/workspace/cache/git-repos/https%3A%2F%2Fgithub.com%2Fpatcoll%2Fexercises'...
[INFO] running `Command { std: "git" "rev-parse" "HEAD", kill_on_drop: false }`
[INFO] [stdout] 52a3c731533155bdc76adf1e85d40b1cfd58557c
[INFO] testing patcoll/exercises against 1.83.0 for beta-1.84.0-4-retry
[INFO] running `Command { std: "git" "clone" "/workspace/cache/git-repos/https%3A%2F%2Fgithub.com%2Fpatcoll%2Fexercises" "/workspace/builds/worker-3-tc1/source", kill_on_drop: false }`
[INFO] [stderr] Cloning into '/workspace/builds/worker-3-tc1/source'...
[INFO] [stderr] done.
[INFO] validating manifest of git repo https://github.com/patcoll/exercises on toolchain 1.83.0
[INFO] running `Command { std: CARGO_HOME="/workspace/cargo-home" RUSTUP_HOME="/workspace/rustup-home" "/workspace/cargo-home/bin/cargo" "+1.83.0" "metadata" "--manifest-path" "Cargo.toml" "--no-deps", kill_on_drop: false }`
[INFO] started tweaking git repo https://github.com/patcoll/exercises
[INFO] finished tweaking git repo https://github.com/patcoll/exercises
[INFO] tweaked toml for git repo https://github.com/patcoll/exercises written to /workspace/builds/worker-3-tc1/source/Cargo.toml
[INFO] crate git repo https://github.com/patcoll/exercises already has a lockfile, it will not be regenerated
[INFO] running `Command { std: CARGO_HOME="/workspace/cargo-home" RUSTUP_HOME="/workspace/rustup-home" "/workspace/cargo-home/bin/cargo" "+1.83.0" "fetch" "--manifest-path" "Cargo.toml", kill_on_drop: false }`
[INFO] [stderr]     Updating crates.io index
[INFO] [stderr]     Blocking waiting for file lock on package cache
[INFO] [stderr]  Downloading crates ...
[INFO] [stderr]   Downloaded conv v0.3.3
[INFO] [stderr]   Downloaded futures-lite v2.1.0
[INFO] [stderr]   Downloaded notify-rust v4.10.0
[INFO] [stderr]   Downloaded async-channel v2.1.1
[INFO] [stderr]   Downloaded cargo-platform v0.1.5
[INFO] [stderr]   Downloaded tauri-winrt-notification v0.1.3
[INFO] [stderr]   Downloaded async-io v2.2.1
[INFO] [stderr]   Downloaded polling v3.3.1
[INFO] [stderr]   Downloaded cargo_metadata v0.17.0
[INFO] [stderr]   Downloaded mac-notification-sys v0.6.1
[INFO] [stderr]   Downloaded winnow v0.5.25
[INFO] [stderr]   Downloaded quick-xml v0.30.0
[INFO] [stderr]   Downloaded cargo-watch v8.4.1
[INFO] [stderr]   Downloaded event-listener v4.0.0
[INFO] [stderr]   Downloaded async-lock v3.2.0
[INFO] running `Command { std: "docker" "create" "-v" "/var/lib/crater-agent-workspace/builds/worker-3-tc1/target:/opt/rustwide/target:rw,Z" "-v" "/var/lib/crater-agent-workspace/builds/worker-3-tc1/source:/opt/rustwide/workdir:ro,Z" "-v" "/var/lib/crater-agent-workspace/cargo-home:/opt/rustwide/cargo-home:ro,Z" "-v" "/var/lib/crater-agent-workspace/rustup-home:/opt/rustwide/rustup-home:ro,Z" "-e" "SOURCE_DIR=/opt/rustwide/workdir" "-e" "CARGO_TARGET_DIR=/opt/rustwide/target" "-e" "CARGO_HOME=/opt/rustwide/cargo-home" "-e" "RUSTUP_HOME=/opt/rustwide/rustup-home" "-w" "/opt/rustwide/workdir" "-m" "1610612736" "--user" "0:0" "--network" "none" "ghcr.io/rust-lang/crates-build-env/linux@sha256:f3a9d4ad9d972b27faf3965f35b62e55ba32bbce8f20bc8fe909558a86702fde" "/opt/rustwide/cargo-home/bin/cargo" "+1.83.0" "metadata" "--no-deps" "--format-version=1", kill_on_drop: false }`
[INFO] [stdout] c24bfa10b3479ead44572aca8c1599376e9fb1f9a143527bd00ec4ff48e710d7
[INFO] running `Command { std: "docker" "start" "-a" "c24bfa10b3479ead44572aca8c1599376e9fb1f9a143527bd00ec4ff48e710d7", kill_on_drop: false }`
[INFO] running `Command { std: "docker" "inspect" "c24bfa10b3479ead44572aca8c1599376e9fb1f9a143527bd00ec4ff48e710d7", kill_on_drop: false }`
[INFO] running `Command { std: "docker" "rm" "-f" "c24bfa10b3479ead44572aca8c1599376e9fb1f9a143527bd00ec4ff48e710d7", kill_on_drop: false }`
[INFO] [stdout] c24bfa10b3479ead44572aca8c1599376e9fb1f9a143527bd00ec4ff48e710d7
[INFO] running `Command { std: "docker" "create" "-v" "/var/lib/crater-agent-workspace/builds/worker-3-tc1/target:/opt/rustwide/target:rw,Z" "-v" "/var/lib/crater-agent-workspace/builds/worker-3-tc1/source:/opt/rustwide/workdir:ro,Z" "-v" "/var/lib/crater-agent-workspace/cargo-home:/opt/rustwide/cargo-home:ro,Z" "-v" "/var/lib/crater-agent-workspace/rustup-home:/opt/rustwide/rustup-home:ro,Z" "-e" "SOURCE_DIR=/opt/rustwide/workdir" "-e" "CARGO_TARGET_DIR=/opt/rustwide/target" "-e" "CARGO_INCREMENTAL=0" "-e" "RUST_BACKTRACE=full" "-e" "RUSTFLAGS=--cap-lints=warn" "-e" "RUSTDOCFLAGS=--cap-lints=warn" "-e" "CARGO_HOME=/opt/rustwide/cargo-home" "-e" "RUSTUP_HOME=/opt/rustwide/rustup-home" "-w" "/opt/rustwide/workdir" "-m" "1610612736" "--user" "0:0" "--network" "none" "ghcr.io/rust-lang/crates-build-env/linux@sha256:f3a9d4ad9d972b27faf3965f35b62e55ba32bbce8f20bc8fe909558a86702fde" "/opt/rustwide/cargo-home/bin/cargo" "+1.83.0" "build" "--frozen" "--message-format=json", kill_on_drop: false }`
[INFO] [stdout] 70e5c2db9e729878e46eb0a8680224b5f75839f48c55f923d82be0802b0fff6b
[INFO] running `Command { std: "docker" "start" "-a" "70e5c2db9e729878e46eb0a8680224b5f75839f48c55f923d82be0802b0fff6b", kill_on_drop: false }`
[INFO] [stderr]    Compiling autocfg v1.1.0
[INFO] [stderr]    Compiling proc-macro2 v1.0.70
[INFO] [stderr]    Compiling unicode-ident v1.0.12
[INFO] [stderr]    Compiling serde v1.0.193
[INFO] [stderr]    Compiling serde_json v1.0.108
[INFO] [stderr]    Compiling custom_derive v0.1.7
[INFO] [stderr]    Compiling itoa v1.0.9
[INFO] [stderr]    Compiling ryu v1.0.15
[INFO] [stderr]    Compiling conv v0.3.3
[INFO] [stderr]    Compiling num-traits v0.2.17
[INFO] [stderr]    Compiling num-integer v0.1.45
[INFO] [stderr]    Compiling num-bigint v0.4.4
[INFO] [stderr]    Compiling num-rational v0.4.1
[INFO] [stderr]    Compiling quote v1.0.33
[INFO] [stderr]    Compiling syn v2.0.39
[INFO] [stderr]    Compiling serde_derive v1.0.193
[INFO] [stderr]    Compiling exercises v0.1.0 (/opt/rustwide/workdir)
[INFO] [stderr]     Finished `dev` profile [unoptimized + debuginfo] target(s) in 31.69s
[INFO] running `Command { std: "docker" "inspect" "70e5c2db9e729878e46eb0a8680224b5f75839f48c55f923d82be0802b0fff6b", kill_on_drop: false }`
[INFO] running `Command { std: "docker" "rm" "-f" "70e5c2db9e729878e46eb0a8680224b5f75839f48c55f923d82be0802b0fff6b", kill_on_drop: false }`
[INFO] [stdout] 70e5c2db9e729878e46eb0a8680224b5f75839f48c55f923d82be0802b0fff6b
[INFO] running `Command { std: "docker" "create" "-v" "/var/lib/crater-agent-workspace/builds/worker-3-tc1/target:/opt/rustwide/target:rw,Z" "-v" "/var/lib/crater-agent-workspace/builds/worker-3-tc1/source:/opt/rustwide/workdir:ro,Z" "-v" "/var/lib/crater-agent-workspace/cargo-home:/opt/rustwide/cargo-home:ro,Z" "-v" "/var/lib/crater-agent-workspace/rustup-home:/opt/rustwide/rustup-home:ro,Z" "-e" "SOURCE_DIR=/opt/rustwide/workdir" "-e" "CARGO_TARGET_DIR=/opt/rustwide/target" "-e" "CARGO_INCREMENTAL=0" "-e" "RUST_BACKTRACE=full" "-e" "RUSTFLAGS=--cap-lints=warn" "-e" "RUSTDOCFLAGS=--cap-lints=warn" "-e" "CARGO_HOME=/opt/rustwide/cargo-home" "-e" "RUSTUP_HOME=/opt/rustwide/rustup-home" "-w" "/opt/rustwide/workdir" "-m" "1610612736" "--user" "0:0" "--network" "none" "ghcr.io/rust-lang/crates-build-env/linux@sha256:f3a9d4ad9d972b27faf3965f35b62e55ba32bbce8f20bc8fe909558a86702fde" "/opt/rustwide/cargo-home/bin/cargo" "+1.83.0" "test" "--frozen" "--no-run" "--message-format=json", kill_on_drop: false }`
[INFO] [stdout] 2bb0a68291da535d4910161cc0e77286841b863cfdfee83bf585aaee11357da9
[INFO] running `Command { std: "docker" "start" "-a" "2bb0a68291da535d4910161cc0e77286841b863cfdfee83bf585aaee11357da9", kill_on_drop: false }`
[INFO] [stderr] warning: exercises v0.1.0 (/opt/rustwide/workdir) ignoring invalid dependency `cargo-watch` which is missing a lib target
[INFO] [stderr]    Compiling syn v2.0.39
[INFO] [stderr]    Compiling serde_json v1.0.108
[INFO] [stderr]    Compiling serde_derive v1.0.193
[INFO] [stderr]    Compiling serde v1.0.193
[INFO] [stderr]    Compiling exercises v0.1.0 (/opt/rustwide/workdir)
[INFO] [stderr]     Finished `test` profile [unoptimized + debuginfo] target(s) in 39.30s
[INFO] running `Command { std: "docker" "inspect" "2bb0a68291da535d4910161cc0e77286841b863cfdfee83bf585aaee11357da9", kill_on_drop: false }`
[INFO] running `Command { std: "docker" "rm" "-f" "2bb0a68291da535d4910161cc0e77286841b863cfdfee83bf585aaee11357da9", kill_on_drop: false }`
[INFO] [stdout] 2bb0a68291da535d4910161cc0e77286841b863cfdfee83bf585aaee11357da9
[INFO] running `Command { std: "docker" "create" "-v" "/var/lib/crater-agent-workspace/builds/worker-3-tc1/target:/opt/rustwide/target:rw,Z" "-v" "/var/lib/crater-agent-workspace/builds/worker-3-tc1/source:/opt/rustwide/workdir:ro,Z" "-v" "/var/lib/crater-agent-workspace/cargo-home:/opt/rustwide/cargo-home:ro,Z" "-v" "/var/lib/crater-agent-workspace/rustup-home:/opt/rustwide/rustup-home:ro,Z" "-e" "SOURCE_DIR=/opt/rustwide/workdir" "-e" "CARGO_TARGET_DIR=/opt/rustwide/target" "-e" "CARGO_INCREMENTAL=0" "-e" "RUST_BACKTRACE=full" "-e" "RUSTFLAGS=--cap-lints=warn" "-e" "RUSTDOCFLAGS=--cap-lints=warn" "-e" "CARGO_HOME=/opt/rustwide/cargo-home" "-e" "RUSTUP_HOME=/opt/rustwide/rustup-home" "-w" "/opt/rustwide/workdir" "-m" "1610612736" "--user" "0:0" "--network" "none" "ghcr.io/rust-lang/crates-build-env/linux@sha256:f3a9d4ad9d972b27faf3965f35b62e55ba32bbce8f20bc8fe909558a86702fde" "/opt/rustwide/cargo-home/bin/cargo" "+1.83.0" "test" "--frozen", kill_on_drop: false }`
[INFO] [stdout] 19a833b382766d89fe6972f2fbc5bb29500cae8d953446bc1b99262a89dae8da
[INFO] running `Command { std: "docker" "start" "-a" "19a833b382766d89fe6972f2fbc5bb29500cae8d953446bc1b99262a89dae8da", kill_on_drop: false }`
[INFO] [stderr] warning: exercises v0.1.0 (/opt/rustwide/workdir) ignoring invalid dependency `cargo-watch` which is missing a lib target
[INFO] [stderr]     Finished `test` profile [unoptimized + debuginfo] target(s) in 0.19s
[INFO] [stderr]      Running unittests src/lib.rs (/opt/rustwide/target/debug/deps/exercises-5d1db88d30c5987d)
[INFO] [stdout] 
[INFO] [stdout] running 52 tests
[INFO] [stdout] test calibrate::test::test_get_numbers_from_value_with_words ... ok
[INFO] [stdout] test calibrate::test::test_recover_value ... ok
[INFO] [stdout] test calibrate::test::test_recover_and_sum_values ... ok
[INFO] [stdout] test cubes::test::test_cube_group_fits_within_group ... ok
[INFO] [stdout] test calibrate::test::test_recover_value_with_words_and_sum_values ... ok
[INFO] [stdout] test cubes::test::test_cube_group_fits_within_subset ... ok
[INFO] [stdout] test aoc23::test::test_day_02_part_2 ... ok
[INFO] [stdout] test cubes::test::test_cube_groups ... ok
[INFO] [stdout] test aoc23::test::test_day_01 ... ok
[INFO] [stdout] test calibrate::test::test_recover_value_with_words ... ok
[INFO] [stdout] test count_sort::test::test_frequency_array ... ok
[INFO] [stdout] test cubes::test::test_color ... ok
[INFO] [stdout] test cubes::test::test_game_fits_within_subset ... ok
[INFO] [stdout] test cubes::test::test_game_minimum_subset ... ok
[INFO] [stdout] test cubes::test::test_games ... ok
[INFO] [stdout] test cubes::test::test_games_from ... ok
[INFO] [stdout] test cubes::test::test_games_minimum_subset ... ok
[INFO] [stdout] test cubes::test::test_games_within_subset ... ok
[INFO] [stdout] test cubes::test::test_subset ... ok
[INFO] [stdout] test engine::test::test_is_symbol ... ok
[INFO] [stdout] test diag::test::test_diagonal_difference ... ok
[INFO] [stdout] test lonely::test::test_find_lonely_integer ... ok
[INFO] [stdout] test minmax::test::test_min_and_max_sums ... ok
[INFO] [stdout] test operation::test::test_document_cannot_skip_past_beginning ... ok
[INFO] [stdout] test operation::test::test_operation ... ok
[INFO] [stdout] test ratio::test::test_plus_minus ... ok
[INFO] [stdout] test operation::test::test_verify_works ... ok
[INFO] [stdout] test aoc23::test::test_day_02 ... ok
[INFO] [stdout] test ratio::test::test_plus_minus_string ... ok
[INFO] [stdout] test cubes::test::test_game ... ok
[INFO] [stdout] test engine::test::test_schematic_gears ... ok
[INFO] [stdout] test engine::test::test_schematic ... ok
[INFO] [stdout] test engine::test::test_schematic_last_number ... ok
[INFO] [stdout] test engine::test::test_schematic_parts ... ok
[INFO] [stdout] test minmax::test::test_min_and_max_sums_string ... ok
[INFO] [stdout] test operation::test::test_document ... ok
[INFO] [stdout] test rover::test::test_process_input ... ok
[INFO] [stdout] test rover::test::test_parse_input ... ok
[INFO] [stdout] test rover::test::test_process ... ok
[INFO] [stdout] test rover::test::test_rover ... ok
[INFO] [stdout] test aoc23::test::test_day_04 ... ok
[INFO] [stdout] test scratchcard::test::test_cards ... ok
[INFO] [stdout] test scratchcard::test::test_card ... ok
[INFO] [stdout] test operation::test::test_document_cannot_skip_beyond_end ... ok
[INFO] [stdout] test scratchcard::test::test_card_score ... ok
[INFO] [stdout] test zig_zag::test::test_zig_zag_array ... ok
[INFO] [stdout] test operation::test::test_operations_deserialize ... ok
[INFO] [stdout] test time::test::test_convert_to_military ... ok
[INFO] [stdout] test aoc23::test::test_day_03 ... ok
[INFO] [stdout] test aoc23::test::test_day_03_part_2 ... ok
[INFO] [stdout] test aoc23::test::test_day_01_part_2 ... ok
[INFO] [stdout] test scratchcard::test::test_cards_cumulative_total ... FAILED
[INFO] [stdout] 
[INFO] [stdout] failures:
[INFO] [stdout] 
[INFO] [stdout] ---- scratchcard::test::test_cards_cumulative_total stdout ----
[INFO] [stdout] [src/scratchcard.rs:76:9] &initial_counts = [
[INFO] [stdout]     0,
[INFO] [stdout]     1,
[INFO] [stdout]     1,
[INFO] [stdout]     1,
[INFO] [stdout]     1,
[INFO] [stdout]     1,
[INFO] [stdout]     1,
[INFO] [stdout] ]
[INFO] [stdout] [src/scratchcard.rs:85:21] index = 1
[INFO] [stdout] [src/scratchcard.rs:87:21] num_matches = 4
[INFO] [stdout] [src/scratchcard.rs:91:21] &range_limit = 5
[INFO] [stdout] [src/scratchcard.rs:94:21] &rest_range.clone().collect::<Vec<_>>() = [
[INFO] [stdout]     2,
[INFO] [stdout]     3,
[INFO] [stdout]     4,
[INFO] [stdout]     5,
[INFO] [stdout] ]
[INFO] [stdout] [src/scratchcard.rs:103:25] &j = 2
[INFO] [stdout] [src/scratchcard.rs:103:25] &j = 3
[INFO] [stdout] [src/scratchcard.rs:103:25] &j = 4
[INFO] [stdout] [src/scratchcard.rs:103:25] &j = 5
[INFO] [stdout] [src/scratchcard.rs:107:21] &counts = [
[INFO] [stdout]     0,
[INFO] [stdout]     1,
[INFO] [stdout]     2,
[INFO] [stdout]     2,
[INFO] [stdout]     2,
[INFO] [stdout]     2,
[INFO] [stdout]     1,
[INFO] [stdout] ]
[INFO] [stdout] [src/scratchcard.rs:85:21] index = 2
[INFO] [stdout] [src/scratchcard.rs:87:21] num_matches = 2
[INFO] [stdout] [src/scratchcard.rs:91:21] &range_limit = 4
[INFO] [stdout] [src/scratchcard.rs:94:21] &rest_range.clone().collect::<Vec<_>>() = [
[INFO] [stdout]     3,
[INFO] [stdout]     4,
[INFO] [stdout] ]
[INFO] [stdout] [src/scratchcard.rs:103:25] &j = 3
[INFO] [stdout] [src/scratchcard.rs:103:25] &j = 4
[INFO] [stdout] [src/scratchcard.rs:107:21] &counts = [
[INFO] [stdout]     0,
[INFO] [stdout]     1,
[INFO] [stdout]     2,
[INFO] [stdout]     3,
[INFO] [stdout]     3,
[INFO] [stdout]     2,
[INFO] [stdout]     1,
[INFO] [stdout] ]
[INFO] [stdout] [src/scratchcard.rs:85:21] index = 3
[INFO] [stdout] [src/scratchcard.rs:87:21] num_matches = 2
[INFO] [stdout] [src/scratchcard.rs:91:21] &range_limit = 5
[INFO] [stdout] [src/scratchcard.rs:94:21] &rest_range.clone().collect::<Vec<_>>() = [
[INFO] [stdout]     4,
[INFO] [stdout]     5,
[INFO] [stdout] ]
[INFO] [stdout] [src/scratchcard.rs:103:25] &j = 4
[INFO] [stdout] [src/scratchcard.rs:103:25] &j = 5
[INFO] [stdout] [src/scratchcard.rs:107:21] &counts = [
[INFO] [stdout]     0,
[INFO] [stdout]     1,
[INFO] [stdout]     2,
[INFO] [stdout]     3,
[INFO] [stdout]     4,
[INFO] [stdout]     3,
[INFO] [stdout]     1,
[INFO] [stdout] ]
[INFO] [stdout] [src/scratchcard.rs:85:21] index = 4
[INFO] [stdout] [src/scratchcard.rs:87:21] num_matches = 1
[INFO] [stdout] [src/scratchcard.rs:91:21] &range_limit = 5
[INFO] [stdout] [src/scratchcard.rs:94:21] &rest_range.clone().collect::<Vec<_>>() = [
[INFO] [stdout]     5,
[INFO] [stdout] ]
[INFO] [stdout] [src/scratchcard.rs:103:25] &j = 5
[INFO] [stdout] [src/scratchcard.rs:107:21] &counts = [
[INFO] [stdout]     0,
[INFO] [stdout]     1,
[INFO] [stdout]     2,
[INFO] [stdout]     3,
[INFO] [stdout]     4,
[INFO] [stdout]     4,
[INFO] [stdout]     1,
[INFO] [stdout] ]
[INFO] [stdout] [src/scratchcard.rs:85:21] index = 5
[INFO] [stdout] [src/scratchcard.rs:87:21] num_matches = 0
[INFO] [stdout] [src/scratchcard.rs:91:21] &range_limit = 5
[INFO] [stdout] [src/scratchcard.rs:94:21] &rest_range.clone().collect::<Vec<_>>() = []
[INFO] [stdout] [src/scratchcard.rs:107:21] &counts = [
[INFO] [stdout]     0,
[INFO] [stdout]     1,
[INFO] [stdout]     2,
[INFO] [stdout]     3,
[INFO] [stdout]     4,
[INFO] [stdout]     4,
[INFO] [stdout]     1,
[INFO] [stdout] ]
[INFO] [stdout] [src/scratchcard.rs:85:21] index = 6
[INFO] [stdout] [src/scratchcard.rs:87:21] num_matches = 0
[INFO] [stdout] [src/scratchcard.rs:91:21] &range_limit = 6
[INFO] [stdout] [src/scratchcard.rs:94:21] &rest_range.clone().collect::<Vec<_>>() = []
[INFO] [stdout] [src/scratchcard.rs:107:21] &counts = [
[INFO] [stdout]     0,
[INFO] [stdout]     1,
[INFO] [stdout]     2,
[INFO] [stdout]     3,
[INFO] [stdout]     4,
[INFO] [stdout]     4,
[INFO] [stdout]     1,
[INFO] [stdout] ]
[INFO] [stdout] [src/scratchcard.rs:114:9] &sums = [
[INFO] [stdout]     0,
[INFO] [stdout]     1,
[INFO] [stdout]     2,
[INFO] [stdout]     3,
[INFO] [stdout]     4,
[INFO] [stdout]     4,
[INFO] [stdout]     1,
[INFO] [stdout] ]
[INFO] [stdout] thread 'scratchcard::test::test_cards_cumulative_total' panicked at src/scratchcard.rs:122:9:
[INFO] [stdout] not yet implemented
[INFO] [stdout] stack backtrace:
[INFO] [stdout]    0:     0x5bfb753b96da - std::backtrace_rs::backtrace::libunwind::trace::h5a5b8284f2d0c266
[INFO] [stdout]                                at /rustc/90b35a6239c3d8bdabc530a6a0816f7ff89a0aaf/library/std/src/../../backtrace/src/backtrace/libunwind.rs:116:5
[INFO] [stdout]    1:     0x5bfb753b96da - std::backtrace_rs::backtrace::trace_unsynchronized::h76d4f1c9b0b875e3
[INFO] [stdout]                                at /rustc/90b35a6239c3d8bdabc530a6a0816f7ff89a0aaf/library/std/src/../../backtrace/src/backtrace/mod.rs:66:5
[INFO] [stdout]    2:     0x5bfb753b96da - std::sys::backtrace::_print_fmt::hc4546b8364a537c6
[INFO] [stdout]                                at /rustc/90b35a6239c3d8bdabc530a6a0816f7ff89a0aaf/library/std/src/sys/backtrace.rs:66:9
[INFO] [stdout]    3:     0x5bfb753b96da - <std::sys::backtrace::BacktraceLock::print::DisplayBacktrace as core::fmt::Display>::fmt::h5b6bd5631a6d1f6b
[INFO] [stdout]                                at /rustc/90b35a6239c3d8bdabc530a6a0816f7ff89a0aaf/library/std/src/sys/backtrace.rs:39:26
[INFO] [stdout]    4:     0x5bfb753deb43 - core::fmt::rt::Argument::fmt::h270f6602a2b96f62
[INFO] [stdout]                                at /rustc/90b35a6239c3d8bdabc530a6a0816f7ff89a0aaf/library/core/src/fmt/rt.rs:177:76
[INFO] [stdout]    5:     0x5bfb753deb43 - core::fmt::write::h7550c97b06c86515
[INFO] [stdout]                                at /rustc/90b35a6239c3d8bdabc530a6a0816f7ff89a0aaf/library/core/src/fmt/mod.rs:1186:21
[INFO] [stdout]    6:     0x5bfb753b68a3 - std::io::Write::write_fmt::h509ff860e5956e5e
[INFO] [stdout]                                at /rustc/90b35a6239c3d8bdabc530a6a0816f7ff89a0aaf/library/std/src/io/mod.rs:1839:15
[INFO] [stdout]    7:     0x5bfb753b9522 - std::sys::backtrace::BacktraceLock::print::h2395ccd2c84ba3aa
[INFO] [stdout]                                at /rustc/90b35a6239c3d8bdabc530a6a0816f7ff89a0aaf/library/std/src/sys/backtrace.rs:42:9
[INFO] [stdout]    8:     0x5bfb753bab3a - std::panicking::default_hook::{{closure}}::he19d4c7230e07961
[INFO] [stdout]                                at /rustc/90b35a6239c3d8bdabc530a6a0816f7ff89a0aaf/library/std/src/panicking.rs:268:22
[INFO] [stdout]    9:     0x5bfb753ba944 - std::panicking::default_hook::hf614597d3c67bbdb
[INFO] [stdout]                                at /rustc/90b35a6239c3d8bdabc530a6a0816f7ff89a0aaf/library/std/src/panicking.rs:292:9
[INFO] [stdout]   10:     0x5bfb75385b19 - <alloc::boxed::Box<F,A> as core::ops::function::Fn<Args>>::call::h39b51ce4599c23d1
[INFO] [stdout]                                at /rustc/90b35a6239c3d8bdabc530a6a0816f7ff89a0aaf/library/alloc/src/boxed.rs:2468:9
[INFO] [stdout]   11:     0x5bfb75385b19 - test::test_main::{{closure}}::he977ae839a582784
[INFO] [stdout]                                at /rustc/90b35a6239c3d8bdabc530a6a0816f7ff89a0aaf/library/test/src/lib.rs:133:21
[INFO] [stdout]   12:     0x5bfb753bb1d8 - <alloc::boxed::Box<F,A> as core::ops::function::Fn<Args>>::call::h9455091b6b06f9fb
[INFO] [stdout]                                at /rustc/90b35a6239c3d8bdabc530a6a0816f7ff89a0aaf/library/alloc/src/boxed.rs:2468:9
[INFO] [stdout]   13:     0x5bfb753bb1d8 - std::panicking::rust_panic_with_hook::h8942133a8b252070
[INFO] [stdout]                                at /rustc/90b35a6239c3d8bdabc530a6a0816f7ff89a0aaf/library/std/src/panicking.rs:809:13
[INFO] [stdout]   14:     0x5bfb753baf66 - std::panicking::begin_panic_handler::{{closure}}::hb5f5963570096b29
[INFO] [stdout]                                at /rustc/90b35a6239c3d8bdabc530a6a0816f7ff89a0aaf/library/std/src/panicking.rs:667:13
[INFO] [stdout]   15:     0x5bfb753b9bb9 - std::sys::backtrace::__rust_end_short_backtrace::h6208cedc1922feda
[INFO] [stdout]                                at /rustc/90b35a6239c3d8bdabc530a6a0816f7ff89a0aaf/library/std/src/sys/backtrace.rs:170:18
[INFO] [stdout]   16:     0x5bfb753bac2c - rust_begin_unwind
[INFO] [stdout]                                at /rustc/90b35a6239c3d8bdabc530a6a0816f7ff89a0aaf/library/std/src/panicking.rs:665:5
[INFO] [stdout]   17:     0x5bfb752e9db0 - core::panicking::panic_fmt::h0c3082644d1bf418
[INFO] [stdout]                                at /rustc/90b35a6239c3d8bdabc530a6a0816f7ff89a0aaf/library/core/src/panicking.rs:74:14
[INFO] [stdout]   18:     0x5bfb752e9e3c - core::panicking::panic::h957f98c65a3b3074
[INFO] [stdout]                                at /rustc/90b35a6239c3d8bdabc530a6a0816f7ff89a0aaf/library/core/src/panicking.rs:148:5
[INFO] [stdout]   19:     0x5bfb7533a5fc - exercises::scratchcard::Cards::cumulative_total::hbfc15636313db906
[INFO] [stdout]                                at /opt/rustwide/workdir/src/scratchcard.rs:122:9
[INFO] [stdout]   20:     0x5bfb75346b7a - exercises::scratchcard::test::test_cards_cumulative_total::hba5084dbe3eb6a85
[INFO] [stdout]                                at /opt/rustwide/workdir/src/scratchcard.rs:185:20
[INFO] [stdout]   21:     0x5bfb75346b37 - exercises::scratchcard::test::test_cards_cumulative_total::{{closure}}::h508ca41d43906a2a
[INFO] [stdout]                                at /opt/rustwide/workdir/src/scratchcard.rs:177:37
[INFO] [stdout]   22:     0x5bfb75329c06 - core::ops::function::FnOnce::call_once::hb795be860d9cbd8a
[INFO] [stdout]                                at /rustc/90b35a6239c3d8bdabc530a6a0816f7ff89a0aaf/library/core/src/ops/function.rs:250:5
[INFO] [stdout]   23:     0x5bfb7538a4db - core::ops::function::FnOnce::call_once::h109cf8051a59b34e
[INFO] [stdout]                                at /rustc/90b35a6239c3d8bdabc530a6a0816f7ff89a0aaf/library/core/src/ops/function.rs:250:5
[INFO] [stdout]   24:     0x5bfb7538a4db - test::__rust_begin_short_backtrace::hf4fff89d377446ba
[INFO] [stdout]                                at /rustc/90b35a6239c3d8bdabc530a6a0816f7ff89a0aaf/library/test/src/lib.rs:621:18
[INFO] [stdout]   25:     0x5bfb75389d17 - test::run_test_in_process::{{closure}}::h0e39181dd7ee5a43
[INFO] [stdout]                                at /rustc/90b35a6239c3d8bdabc530a6a0816f7ff89a0aaf/library/test/src/lib.rs:644:60
[INFO] [stdout]   26:     0x5bfb75389d17 - <core::panic::unwind_safe::AssertUnwindSafe<F> as core::ops::function::FnOnce<()>>::call_once::hc5a66a30f0bdfd1f
[INFO] [stdout]                                at /rustc/90b35a6239c3d8bdabc530a6a0816f7ff89a0aaf/library/core/src/panic/unwind_safe.rs:272:9
[INFO] [stdout]   27:     0x5bfb75389d17 - std::panicking::try::do_call::h873b7cf639554a5e
[INFO] [stdout]                                at /rustc/90b35a6239c3d8bdabc530a6a0816f7ff89a0aaf/library/std/src/panicking.rs:557:40
[INFO] [stdout]   28:     0x5bfb75389d17 - std::panicking::try::hdb19862fad9c8bd1
[INFO] [stdout]                                at /rustc/90b35a6239c3d8bdabc530a6a0816f7ff89a0aaf/library/std/src/panicking.rs:520:19
[INFO] [stdout]   29:     0x5bfb75389d17 - std::panic::catch_unwind::h281fe732d236d260
[INFO] [stdout]                                at /rustc/90b35a6239c3d8bdabc530a6a0816f7ff89a0aaf/library/std/src/panic.rs:358:14
[INFO] [stderr] error: test failed, to rerun pass `--lib`
[INFO] [stdout]   30:     0x5bfb75389d17 - test::run_test_in_process::h949b6df8457ed338
[INFO] [stdout]                                at /rustc/90b35a6239c3d8bdabc530a6a0816f7ff89a0aaf/library/test/src/lib.rs:644:27
[INFO] [stdout]   31:     0x5bfb75389d17 - test::run_test::{{closure}}::h52c556a6d4740e10
[INFO] [stdout]                                at /rustc/90b35a6239c3d8bdabc530a6a0816f7ff89a0aaf/library/test/src/lib.rs:565:43
[INFO] [stdout]   32:     0x5bfb7534eff4 - test::run_test::{{closure}}::h4237f6381c45ccb9
[INFO] [stdout]                                at /rustc/90b35a6239c3d8bdabc530a6a0816f7ff89a0aaf/library/test/src/lib.rs:595:41
[INFO] [stdout]   33:     0x5bfb7534eff4 - std::sys::backtrace::__rust_begin_short_backtrace::h505c97a579eca628
[INFO] [stdout]                                at /rustc/90b35a6239c3d8bdabc530a6a0816f7ff89a0aaf/library/std/src/sys/backtrace.rs:154:18
[INFO] [stdout]   34:     0x5bfb753526be - std::thread::Builder::spawn_unchecked_::{{closure}}::{{closure}}::h9e86b2e2bc107ea3
[INFO] [stdout]                                at /rustc/90b35a6239c3d8bdabc530a6a0816f7ff89a0aaf/library/std/src/thread/mod.rs:538:17
[INFO] [stdout]   35:     0x5bfb753526be - <core::panic::unwind_safe::AssertUnwindSafe<F> as core::ops::function::FnOnce<()>>::call_once::h8b06ddb275ff4a25
[INFO] [stdout]                                at /rustc/90b35a6239c3d8bdabc530a6a0816f7ff89a0aaf/library/core/src/panic/unwind_safe.rs:272:9
[INFO] [stdout]   36:     0x5bfb753526be - std::panicking::try::do_call::hb26ecd7cd9a9355d
[INFO] [stdout]                                at /rustc/90b35a6239c3d8bdabc530a6a0816f7ff89a0aaf/library/std/src/panicking.rs:557:40
[INFO] [stdout]   37:     0x5bfb753526be - std::panicking::try::h8ddeca9d705f9069
[INFO] [stdout]                                at /rustc/90b35a6239c3d8bdabc530a6a0816f7ff89a0aaf/library/std/src/panicking.rs:520:19
[INFO] [stdout]   38:     0x5bfb753526be - std::panic::catch_unwind::h49e1c33078844c46
[INFO] [stdout]                                at /rustc/90b35a6239c3d8bdabc530a6a0816f7ff89a0aaf/library/std/src/panic.rs:358:14
[INFO] [stdout]   39:     0x5bfb753526be - std::thread::Builder::spawn_unchecked_::{{closure}}::h6073db6ff56ad35d
[INFO] [stdout]                                at /rustc/90b35a6239c3d8bdabc530a6a0816f7ff89a0aaf/library/std/src/thread/mod.rs:537:30
[INFO] [stdout]   40:     0x5bfb753526be - core::ops::function::FnOnce::call_once{{vtable.shim}}::h2c5a5f3779c774f1
[INFO] [stdout]                                at /rustc/90b35a6239c3d8bdabc530a6a0816f7ff89a0aaf/library/core/src/ops/function.rs:250:5
[INFO] [stdout]   41:     0x5bfb753bef2b - <alloc::boxed::Box<F,A> as core::ops::function::FnOnce<Args>>::call_once::hf75717d9f28faebf
[INFO] [stdout]                                at /rustc/90b35a6239c3d8bdabc530a6a0816f7ff89a0aaf/library/alloc/src/boxed.rs:2454:9
[INFO] [stdout]   42:     0x5bfb753bef2b - <alloc::boxed::Box<F,A> as core::ops::function::FnOnce<Args>>::call_once::h7bd883a5f3c5f3c1
[INFO] [stdout]                                at /rustc/90b35a6239c3d8bdabc530a6a0816f7ff89a0aaf/library/alloc/src/boxed.rs:2454:9
[INFO] [stdout]   43:     0x5bfb753bef2b - std::sys::pal::unix::thread::Thread::new::thread_start::hcc78f3943333fa94
[INFO] [stdout]                                at /rustc/90b35a6239c3d8bdabc530a6a0816f7ff89a0aaf/library/std/src/sys/pal/unix/thread.rs:105:17
[INFO] [stdout]   44:     0x75cae5d08ac3 - <unknown>
[INFO] [stdout]   45:     0x75cae5d99a04 - clone
[INFO] [stdout]   46:                0x0 - <unknown>
[INFO] [stdout] 
[INFO] [stdout] 
[INFO] [stdout] failures:
[INFO] [stdout]     scratchcard::test::test_cards_cumulative_total
[INFO] [stdout] 
[INFO] [stdout] test result: FAILED. 51 passed; 1 failed; 0 ignored; 0 measured; 0 filtered out; finished in 0.08s
[INFO] [stdout] 
[INFO] running `Command { std: "docker" "inspect" "19a833b382766d89fe6972f2fbc5bb29500cae8d953446bc1b99262a89dae8da", kill_on_drop: false }`
[INFO] running `Command { std: "docker" "rm" "-f" "19a833b382766d89fe6972f2fbc5bb29500cae8d953446bc1b99262a89dae8da", kill_on_drop: false }`
[INFO] [stdout] 19a833b382766d89fe6972f2fbc5bb29500cae8d953446bc1b99262a89dae8da
