[INFO] cloning repository https://github.com/pastelite/unnamedfo
[INFO] running `Command { std: "git" "-c" "credential.helper=" "-c" "credential.helper=/workspace/cargo-home/bin/git-credential-null" "clone" "--bare" "https://github.com/pastelite/unnamedfo" "/workspace/cache/git-repos/https%3A%2F%2Fgithub.com%2Fpastelite%2Funnamedfo", kill_on_drop: false }`
[INFO] [stderr] Cloning into bare repository '/workspace/cache/git-repos/https%3A%2F%2Fgithub.com%2Fpastelite%2Funnamedfo'...
[INFO] running `Command { std: "git" "rev-parse" "HEAD", kill_on_drop: false }`
[INFO] [stdout] 33bbd5daaf8c41279fb628bdf74121d8e7be9ff5
[INFO] testing pastelite/unnamedfo against 1.83.0 for beta-1.84.0-4-retry
[INFO] running `Command { std: "git" "clone" "/workspace/cache/git-repos/https%3A%2F%2Fgithub.com%2Fpastelite%2Funnamedfo" "/workspace/builds/worker-0-tc1/source", kill_on_drop: false }`
[INFO] [stderr] Cloning into '/workspace/builds/worker-0-tc1/source'...
[INFO] [stderr] done.
[INFO] validating manifest of git repo https://github.com/pastelite/unnamedfo on toolchain 1.83.0
[INFO] running `Command { std: CARGO_HOME="/workspace/cargo-home" RUSTUP_HOME="/workspace/rustup-home" "/workspace/cargo-home/bin/cargo" "+1.83.0" "metadata" "--manifest-path" "Cargo.toml" "--no-deps", kill_on_drop: false }`
[INFO] started tweaking git repo https://github.com/pastelite/unnamedfo
[INFO] finished tweaking git repo https://github.com/pastelite/unnamedfo
[INFO] tweaked toml for git repo https://github.com/pastelite/unnamedfo written to /workspace/builds/worker-0-tc1/source/Cargo.toml
[INFO] crate git repo https://github.com/pastelite/unnamedfo already has a lockfile, it will not be regenerated
[INFO] running `Command { std: CARGO_HOME="/workspace/cargo-home" RUSTUP_HOME="/workspace/rustup-home" "/workspace/cargo-home/bin/cargo" "+1.83.0" "fetch" "--manifest-path" "Cargo.toml", kill_on_drop: false }`
[INFO] [stderr]  Downloading crates ...
[INFO] [stderr]   Downloaded polling v2.5.2
[INFO] [stderr]   Downloaded blocking v1.3.0
[INFO] [stderr]   Downloaded serde_yaml v0.9.17
[INFO] [stderr]   Downloaded async-recursion v1.0.2
[INFO] [stderr]   Downloaded async-io v1.12.0
[INFO] [stderr]   Downloaded atomic-waker v1.1.0
[INFO] [stderr]   Downloaded async-process v1.6.0
[INFO] [stderr]   Downloaded clap v4.1.4
[INFO] running `Command { std: "docker" "create" "-v" "/var/lib/crater-agent-workspace/builds/worker-0-tc1/target:/opt/rustwide/target:rw,Z" "-v" "/var/lib/crater-agent-workspace/builds/worker-0-tc1/source:/opt/rustwide/workdir:ro,Z" "-v" "/var/lib/crater-agent-workspace/cargo-home:/opt/rustwide/cargo-home:ro,Z" "-v" "/var/lib/crater-agent-workspace/rustup-home:/opt/rustwide/rustup-home:ro,Z" "-e" "SOURCE_DIR=/opt/rustwide/workdir" "-e" "CARGO_TARGET_DIR=/opt/rustwide/target" "-e" "CARGO_HOME=/opt/rustwide/cargo-home" "-e" "RUSTUP_HOME=/opt/rustwide/rustup-home" "-w" "/opt/rustwide/workdir" "-m" "1610612736" "--user" "0:0" "--network" "none" "ghcr.io/rust-lang/crates-build-env/linux@sha256:f3a9d4ad9d972b27faf3965f35b62e55ba32bbce8f20bc8fe909558a86702fde" "/opt/rustwide/cargo-home/bin/cargo" "+1.83.0" "metadata" "--no-deps" "--format-version=1", kill_on_drop: false }`
[INFO] [stdout] e1cff707120054a5165cf3bf5814623583271bed821749c11c20da50e76f279c
[INFO] running `Command { std: "docker" "start" "-a" "e1cff707120054a5165cf3bf5814623583271bed821749c11c20da50e76f279c", kill_on_drop: false }`
[INFO] running `Command { std: "docker" "inspect" "e1cff707120054a5165cf3bf5814623583271bed821749c11c20da50e76f279c", kill_on_drop: false }`
[INFO] running `Command { std: "docker" "rm" "-f" "e1cff707120054a5165cf3bf5814623583271bed821749c11c20da50e76f279c", kill_on_drop: false }`
[INFO] [stdout] e1cff707120054a5165cf3bf5814623583271bed821749c11c20da50e76f279c
[INFO] running `Command { std: "docker" "create" "-v" "/var/lib/crater-agent-workspace/builds/worker-0-tc1/target:/opt/rustwide/target:rw,Z" "-v" "/var/lib/crater-agent-workspace/builds/worker-0-tc1/source:/opt/rustwide/workdir:ro,Z" "-v" "/var/lib/crater-agent-workspace/cargo-home:/opt/rustwide/cargo-home:ro,Z" "-v" "/var/lib/crater-agent-workspace/rustup-home:/opt/rustwide/rustup-home:ro,Z" "-e" "SOURCE_DIR=/opt/rustwide/workdir" "-e" "CARGO_TARGET_DIR=/opt/rustwide/target" "-e" "CARGO_INCREMENTAL=0" "-e" "RUST_BACKTRACE=full" "-e" "RUSTFLAGS=--cap-lints=warn" "-e" "RUSTDOCFLAGS=--cap-lints=warn" "-e" "CARGO_HOME=/opt/rustwide/cargo-home" "-e" "RUSTUP_HOME=/opt/rustwide/rustup-home" "-w" "/opt/rustwide/workdir" "-m" "1610612736" "--user" "0:0" "--network" "none" "ghcr.io/rust-lang/crates-build-env/linux@sha256:f3a9d4ad9d972b27faf3965f35b62e55ba32bbce8f20bc8fe909558a86702fde" "/opt/rustwide/cargo-home/bin/cargo" "+1.83.0" "build" "--frozen" "--message-format=json", kill_on_drop: false }`
[INFO] [stdout] c49a8eabdf1e99f7e0697f79e8b77e5ff819668710294e70b059eb132c420d19
[INFO] running `Command { std: "docker" "start" "-a" "c49a8eabdf1e99f7e0697f79e8b77e5ff819668710294e70b059eb132c420d19", kill_on_drop: false }`
[INFO] [stderr]    Compiling version_check v0.9.4
[INFO] [stderr]    Compiling proc-macro2 v1.0.50
[INFO] [stderr]    Compiling quote v1.0.23
[INFO] [stderr]    Compiling unicode-ident v1.0.6
[INFO] [stderr]    Compiling syn v1.0.107
[INFO] [stderr]    Compiling libc v0.2.139
[INFO] [stderr]    Compiling futures-core v0.3.26
[INFO] [stderr]    Compiling memchr v2.5.0
[INFO] [stderr]    Compiling once_cell v1.17.0
[INFO] [stderr]    Compiling log v0.4.17
[INFO] [stderr]    Compiling futures-io v0.3.26
[INFO] [stderr]    Compiling pin-project-lite v0.2.9
[INFO] [stderr]    Compiling slab v0.4.7
[INFO] [stderr]    Compiling crossbeam-utils v0.8.14
[INFO] [stderr]    Compiling pkg-config v0.3.26
[INFO] [stderr]    Compiling parking v2.0.0
[INFO] [stderr]    Compiling fastrand v1.8.0
[INFO] [stderr]    Compiling waker-fn v1.1.0
[INFO] [stderr]    Compiling event-listener v2.5.3
[INFO] [stderr]    Compiling polling v2.5.2
[INFO] [stderr]    Compiling async-io v1.12.0
[INFO] [stderr]    Compiling foreign-types-shared v0.1.1
[INFO] [stderr]    Compiling typenum v1.16.0
[INFO] [stderr]    Compiling value-bag v1.0.0-alpha.9
[INFO] [stderr]    Compiling ahash v0.7.6
[INFO] [stderr]    Compiling signal-hook v0.3.14
[INFO] [stderr]    Compiling openssl v0.10.45
[INFO] [stderr]    Compiling tinyvec v1.6.0
[INFO] [stderr]    Compiling foreign-types v0.3.2
[INFO] [stderr]    Compiling generic-array v0.14.6
[INFO] [stderr]    Compiling lock_api v0.4.9
[INFO] [stderr]    Compiling async-task v4.3.0
[INFO] [stderr]    Compiling futures-sink v0.3.26
[INFO] [stderr]    Compiling futures-task v0.3.26
[INFO] [stderr]    Compiling async-process v1.6.0
[INFO] [stderr]    Compiling unicode-bidi v0.3.10
[INFO] [stderr]    Compiling atomic-waker v1.1.0
[INFO] [stderr]    Compiling concurrent-queue v2.1.0
[INFO] [stderr]    Compiling futures-util v0.3.26
[INFO] [stderr]    Compiling openssl-sys v0.9.80
[INFO] [stderr]    Compiling futures-lite v1.12.0
[INFO] [stderr]    Compiling parking_lot_core v0.8.6
[INFO] [stderr]    Compiling async-channel v1.8.0
[INFO] [stderr]    Compiling native-tls v0.2.11
[INFO] [stderr]    Compiling num-traits v0.2.15
[INFO] [stderr]    Compiling unicode-normalization v0.1.22
[INFO] [stderr]    Compiling thiserror v1.0.38
[INFO] [stderr]    Compiling smallvec v1.10.0
[INFO] [stderr]    Compiling openssl-probe v0.1.5
[INFO] [stderr]    Compiling percent-encoding v2.2.0
[INFO] [stderr]    Compiling socket2 v0.4.7
[INFO] [stderr]    Compiling num-integer v0.1.45
[INFO] [stderr]    Compiling signal-hook-registry v1.4.0
[INFO] [stderr]    Compiling getrandom v0.2.8
[INFO] [stderr]    Compiling async-lock v2.6.0
[INFO] [stderr]    Compiling idna v0.3.0
[INFO] [stderr]    Compiling form_urlencoded v1.1.0
[INFO] [stderr]    Compiling blocking v1.3.0
[INFO] [stderr]    Compiling async-executor v1.5.0
[INFO] [stderr]    Compiling libsqlite3-sys v0.24.2
[INFO] [stderr]    Compiling paste v1.0.11
[INFO] [stderr]    Compiling futures-channel v0.3.26
[INFO] [stderr]    Compiling either v1.8.1
[INFO] [stderr]    Compiling minimal-lexical v0.2.1
[INFO] [stderr]    Compiling crossbeam-queue v0.3.8
[INFO] [stderr]    Compiling iana-time-zone v0.1.53
[INFO] [stderr]    Compiling cpufeatures v0.2.5
[INFO] [stderr]    Compiling url v2.3.1
[INFO] [stderr]    Compiling itertools v0.10.5
[INFO] [stderr]    Compiling nom v7.1.3
[INFO] [stderr]    Compiling hashbrown v0.12.3
[INFO] [stderr]    Compiling crypto-common v0.1.6
[INFO] [stderr]    Compiling block-buffer v0.10.3
[INFO] [stderr]    Compiling spin v0.9.4
[INFO] [stderr]    Compiling digest v0.10.6
[INFO] [stderr]    Compiling proc-macro-error-attr v1.0.4
[INFO] [stderr]    Compiling indexmap v1.9.2
[INFO] [stderr]    Compiling unicode-segmentation v1.10.1
[INFO] [stderr]    Compiling unicode_categories v0.1.1
[INFO] [stderr]    Compiling itoa v1.0.5
[INFO] [stderr]    Compiling crc-catalog v2.2.0
[INFO] [stderr]    Compiling io-lifetimes v1.0.5
[INFO] [stderr]    Compiling crc v3.0.1
[INFO] [stderr]    Compiling parking_lot v0.11.2
[INFO] [stderr]    Compiling atoi v1.0.0
[INFO] [stderr]    Compiling stringprep v0.1.2
[INFO] [stderr]    Compiling proc-macro-error v1.0.4
[INFO] [stderr]    Compiling hex v0.4.3
[INFO] [stderr]    Compiling serde_derive v1.0.152
[INFO] [stderr]    Compiling byteorder v1.4.3
[INFO] [stderr]    Compiling bytes v1.4.0
[INFO] [stderr]    Compiling rustix v0.36.7
[INFO] [stderr]    Compiling dotenvy v0.15.6
[INFO] [stderr]    Compiling heck v0.4.0
[INFO] [stderr]    Compiling chrono v0.4.23
[INFO] [stderr]    Compiling futures-intrusive v0.4.2
[INFO] [stderr]    Compiling hashlink v0.8.1
[INFO] [stderr]    Compiling sha2 v0.10.6
[INFO] [stderr]    Compiling time v0.1.45
[INFO] [stderr]    Compiling serde v1.0.152
[INFO] [stderr]    Compiling linux-raw-sys v0.1.4
[INFO] [stderr]    Compiling os_str_bytes v6.4.1
[INFO] [stderr]    Compiling aho-corasick v0.7.20
[INFO] [stderr]    Compiling unsafe-libyaml v0.2.5
[INFO] [stderr]    Compiling strsim v0.10.0
[INFO] [stderr]    Compiling termcolor v1.2.0
[INFO] [stderr]    Compiling ryu v1.0.12
[INFO] [stderr]    Compiling regex-syntax v0.6.28
[INFO] [stderr]    Compiling md-5 v0.10.5
[INFO] [stderr]    Compiling clap_lex v0.3.1
[INFO] [stderr]    Compiling base64ct v1.5.3
[INFO] [stderr]    Compiling sqlformat v0.2.1
[INFO] [stderr]    Compiling ctor v0.1.26
[INFO] [stderr]    Compiling openssl-macros v0.1.0
[INFO] [stderr]    Compiling futures-macro v0.3.26
[INFO] [stderr]    Compiling thiserror-impl v1.0.38
[INFO] [stderr]    Compiling pin-project-internal v1.0.12
[INFO] [stderr]    Compiling async-attributes v1.1.2
[INFO] [stderr]    Compiling clap_derive v4.1.0
[INFO] [stderr]    Compiling async-recursion v1.0.2
[INFO] [stderr]    Compiling is-terminal v0.4.2
[INFO] [stderr]    Compiling regex v1.7.1
[INFO] [stderr]    Compiling kv-log-macro v1.0.7
[INFO] [stderr]    Compiling async-global-executor v2.3.1
[INFO] [stderr]    Compiling clap v4.1.4
[INFO] [stderr]    Compiling pin-project v1.0.12
[INFO] [stderr]    Compiling flume v0.10.14
[INFO] [stderr]    Compiling async-std v1.12.0
[INFO] [stderr]    Compiling futures-executor v0.3.26
[INFO] [stderr]    Compiling async-native-tls v0.4.0
[INFO] [stderr]    Compiling sqlx-rt v0.6.2
[INFO] [stderr]    Compiling sqlx-core v0.6.2
[INFO] [stderr]    Compiling serde_yaml v0.9.17
[INFO] [stderr]    Compiling sqlx-macros v0.6.2
[INFO] [stderr]    Compiling sqlx v0.6.2
[INFO] [stderr]    Compiling picofo v0.1.0 (/opt/rustwide/workdir)
[INFO] [stdout] warning: unused import: `async_std::fs::read_dir`
[INFO] [stdout]  --> src/main.rs:3:5
[INFO] [stdout]   |
[INFO] [stdout] 3 | use async_std::fs::read_dir;
[INFO] [stdout]   |     ^^^^^^^^^^^^^^^^^^^^^^^
[INFO] [stdout]   |
[INFO] [stdout]   = note: `#[warn(unused_imports)]` on by default
[INFO] [stdout] 
[INFO] [stdout] 
[INFO] [stdout] warning: unused import: `db::IndexDB`
[INFO] [stdout]  --> src/main.rs:5:5
[INFO] [stdout]   |
[INFO] [stdout] 5 | use db::IndexDB;
[INFO] [stdout]   |     ^^^^^^^^^^^
[INFO] [stdout] 
[INFO] [stdout] 
[INFO] [stdout] warning: unused import: `std::hash::Hash`
[INFO] [stdout]  --> src/config_reader.rs:2:5
[INFO] [stdout]   |
[INFO] [stdout] 2 | use std::hash::Hash;
[INFO] [stdout]   |     ^^^^^^^^^^^^^^^
[INFO] [stdout] 
[INFO] [stdout] 
[INFO] [stdout] warning: unused imports: `iter::Peekable` and `str::Chars`
[INFO] [stdout]  --> src/format.rs:8:11
[INFO] [stdout]   |
[INFO] [stdout] 8 | use std::{iter::Peekable, str::Chars};
[INFO] [stdout]   |           ^^^^^^^^^^^^^^  ^^^^^^^^^^
[INFO] [stdout] 
[INFO] [stdout] 
[INFO] [stdout] warning: unnecessary parentheses around `if` condition
[INFO] [stdout]    --> src/helper.rs:256:16
[INFO] [stdout]     |
[INFO] [stdout] 256 |             if (match_text(&schema_notation, &self.schema_name)) {
[INFO] [stdout]     |                ^                                               ^
[INFO] [stdout]     |
[INFO] [stdout]     = note: `#[warn(unused_parens)]` on by default
[INFO] [stdout] help: remove these parentheses
[INFO] [stdout]     |
[INFO] [stdout] 256 -             if (match_text(&schema_notation, &self.schema_name)) {
[INFO] [stdout] 256 +             if match_text(&schema_notation, &self.schema_name) {
[INFO] [stdout]     |
[INFO] [stdout] 
[INFO] [stdout] 
[INFO] [stdout] warning: unused imports: `cmp::max`, `ffi::OsStr`, and `hash::Hash`
[INFO] [stdout]  --> src/indexer.rs:2:5
[INFO] [stdout]   |
[INFO] [stdout] 2 |     cmp::max,
[INFO] [stdout]   |     ^^^^^^^^
[INFO] [stdout] 3 |     collections::HashMap,
[INFO] [stdout] 4 |     ffi::OsStr,
[INFO] [stdout]   |     ^^^^^^^^^^
[INFO] [stdout] 5 |     fs,
[INFO] [stdout] 6 |     hash::Hash,
[INFO] [stdout]   |     ^^^^^^^^^^
[INFO] [stdout] 
[INFO] [stdout] 
[INFO] [stdout] warning: unused imports: `flat_map`, `separated_pair`, `space1`, `take_till1`, `take_until1`, and `take_until`
[INFO] [stdout]  --> src/parser/format.rs:4:37
[INFO] [stdout]   |
[INFO] [stdout] 4 |     bytes::complete::{escaped, tag, take_till1, take_until, take_until1, take_while1},
[INFO] [stdout]   |                                     ^^^^^^^^^^  ^^^^^^^^^^  ^^^^^^^^^^^
[INFO] [stdout] 5 |     character::complete::{none_of, one_of, space0, space1},
[INFO] [stdout]   |                                                    ^^^^^^
[INFO] [stdout] 6 |     combinator::{flat_map, map, opt},
[INFO] [stdout]   |                  ^^^^^^^^
[INFO] [stdout] 7 |     multi::{many1, separated_list1},
[INFO] [stdout] 8 |     sequence::{delimited, pair, preceded, separated_pair, terminated},
[INFO] [stdout]   |                                           ^^^^^^^^^^^^^^
[INFO] [stdout] 
[INFO] [stdout] 
[INFO] [stdout] warning: unused imports: `Cell`, `RefCell`, `borrow::BorrowMut`, `hash::Hash`, `rc::Rc`, and `sync::Arc`
[INFO] [stdout]  --> src/schema.rs:2:5
[INFO] [stdout]   |
[INFO] [stdout] 2 |     borrow::BorrowMut,
[INFO] [stdout]   |     ^^^^^^^^^^^^^^^^^
[INFO] [stdout] 3 |     cell::{Cell, RefCell},
[INFO] [stdout]   |            ^^^^  ^^^^^^^
[INFO] [stdout] ...
[INFO] [stdout] 6 |     hash::Hash,
[INFO] [stdout]   |     ^^^^^^^^^^
[INFO] [stdout] 7 |     mem::replace,
[INFO] [stdout] 8 |     rc::Rc,
[INFO] [stdout]   |     ^^^^^^
[INFO] [stdout] 9 |     sync::Arc,
[INFO] [stdout]   |     ^^^^^^^^^
[INFO] [stdout] 
[INFO] [stdout] 
[INFO] [stdout] warning: unused import: `Captures`
[INFO] [stdout]   --> src/schema.rs:12:13
[INFO] [stdout]    |
[INFO] [stdout] 12 | use regex::{Captures, Regex};
[INFO] [stdout]    |             ^^^^^^^^
[INFO] [stdout] 
[INFO] [stdout] 
[INFO] [stdout] warning: unused macro definition: `S`
[INFO] [stdout]    --> src/schema.rs:380:14
[INFO] [stdout]     |
[INFO] [stdout] 380 | macro_rules! S {
[INFO] [stdout]     |              ^
[INFO] [stdout]     |
[INFO] [stdout]     = note: `#[warn(unused_macros)]` on by default
[INFO] [stdout] 
[INFO] [stdout] 
[INFO] [stdout] warning: unused import: `indexer::Indexer`
[INFO] [stdout]   --> src/main.rs:16:5
[INFO] [stdout]    |
[INFO] [stdout] 16 | use indexer::Indexer;
[INFO] [stdout]    |     ^^^^^^^^^^^^^^^^
[INFO] [stdout] 
[INFO] [stdout] 
[INFO] [stdout] warning: unused import: `nom::Err`
[INFO] [stdout]  --> src/error.rs:2:5
[INFO] [stdout]   |
[INFO] [stdout] 2 | use nom::Err;
[INFO] [stdout]   |     ^^^^^^^^
[INFO] [stdout] 
[INFO] [stdout] 
[INFO] [stdout] warning: unused imports: `Display` and `collections::HashMap`
[INFO] [stdout]   --> src/mover.rs:17:5
[INFO] [stdout]    |
[INFO] [stdout] 17 |     collections::HashMap,
[INFO] [stdout]    |     ^^^^^^^^^^^^^^^^^^^^
[INFO] [stdout] 18 |     fmt::{Debug, Display, Formatter},
[INFO] [stdout]    |                  ^^^^^^^
[INFO] [stdout] 
[INFO] [stdout] 
[INFO] [stdout] warning: unused import: `self`
[INFO] [stdout]   --> src/mover.rs:29:14
[INFO] [stdout]    |
[INFO] [stdout] 29 |     schema::{self, Schema, SchemaList},
[INFO] [stdout]    |              ^^^^
[INFO] [stdout] 
[INFO] [stdout] 
[INFO] [stdout] warning: unused macro definition: `string`
[INFO] [stdout]    --> src/mover.rs:254:14
[INFO] [stdout]     |
[INFO] [stdout] 254 | macro_rules! string {
[INFO] [stdout]     |              ^^^^^^
[INFO] [stdout] 
[INFO] [stdout] 
[INFO] [stdout] warning: unused variable: `search`
[INFO] [stdout]   --> src/main.rs:53:30
[INFO] [stdout]    |
[INFO] [stdout] 53 |         Subcommand::Search { search } => {
[INFO] [stdout]    |                              ^^^^^^ help: try ignoring the field: `search: _`
[INFO] [stdout]    |
[INFO] [stdout]    = note: `#[warn(unused_variables)]` on by default
[INFO] [stdout] 
[INFO] [stdout] 
[INFO] [stdout] warning: unused variable: `var`
[INFO] [stdout]   --> src/format.rs:52:38
[INFO] [stdout]    |
[INFO] [stdout] 52 |                 StringPart::Variable(var) => {
[INFO] [stdout]    |                                      ^^^ help: if this is intentional, prefix it with an underscore: `_var`
[INFO] [stdout] 
[INFO] [stdout] 
[INFO] [stdout] warning: unreachable pattern
[INFO] [stdout]    --> src/schema.rs:106:13
[INFO] [stdout]     |
[INFO] [stdout] 106 |             _ => return false,
[INFO] [stdout]     |             ^ no value can reach this
[INFO] [stdout]     |
[INFO] [stdout] note: multiple earlier patterns match some of the same values
[INFO] [stdout]    --> src/schema.rs:106:13
[INFO] [stdout]     |
[INFO] [stdout] 89  |             (&ConfigDatatype::String(_), _) => (),
[INFO] [stdout]     |             ------------------------------- matches some of the same values
[INFO] [stdout] 90  |             (&ConfigDatatype::Integer(_), s) => {
[INFO] [stdout]     |             -------------------------------- matches some of the same values
[INFO] [stdout] ...
[INFO] [stdout] 95  |             (&ConfigDatatype::Float(_), s) => {
[INFO] [stdout]     |             ------------------------------ matches some of the same values
[INFO] [stdout] ...
[INFO] [stdout] 100 |             (&ConfigDatatype::Tags(_), s) => {
[INFO] [stdout]     |             ----------------------------- matches some of the same values
[INFO] [stdout] ...
[INFO] [stdout] 106 |             _ => return false,
[INFO] [stdout]     |             ^ collectively making this unreachable
[INFO] [stdout]     = note: `#[warn(unreachable_patterns)]` on by default
[INFO] [stdout] 
[INFO] [stdout] 
[INFO] [stdout] warning: unused variable: `re`
[INFO] [stdout]    --> src/schema.rs:221:13
[INFO] [stdout]     |
[INFO] [stdout] 221 |         let re = Regex::new(r"^(\w+)(?:\((\w+)\))?(!)?$").unwrap();
[INFO] [stdout]     |             ^^ help: if this is intentional, prefix it with an underscore: `_re`
[INFO] [stdout] 
[INFO] [stdout] 
[INFO] [stdout] warning: variable does not need to be mutable
[INFO] [stdout]    --> src/mover.rs:212:9
[INFO] [stdout]     |
[INFO] [stdout] 212 |     let mut data = data.clone();
[INFO] [stdout]     |         ----^^^^
[INFO] [stdout]     |         |
[INFO] [stdout]     |         help: remove this `mut`
[INFO] [stdout]     |
[INFO] [stdout]     = note: `#[warn(unused_mut)]` on by default
[INFO] [stdout] 
[INFO] [stdout] 
[INFO] [stdout] warning: method `combine` is never used
[INFO] [stdout]    --> src/config_reader.rs:125:8
[INFO] [stdout]     |
[INFO] [stdout] 124 | impl SchemaConfigItem {
[INFO] [stdout]     | --------------------- method in this implementation
[INFO] [stdout] 125 |     fn combine(&self, other: &SchemaConfigItem) -> SchemaConfigItem {
[INFO] [stdout]     |        ^^^^^^^
[INFO] [stdout]     |
[INFO] [stdout]     = note: `#[warn(dead_code)]` on by default
[INFO] [stdout] 
[INFO] [stdout] 
[INFO] [stdout] warning: struct `IndexDB` is never constructed
[INFO] [stdout]   --> src/db.rs:13:12
[INFO] [stdout]    |
[INFO] [stdout] 13 | pub struct IndexDB {
[INFO] [stdout]    |            ^^^^^^^
[INFO] [stdout] 
[INFO] [stdout] 
[INFO] [stdout] warning: struct `ChildItem` is never constructed
[INFO] [stdout]   --> src/db.rs:19:12
[INFO] [stdout]    |
[INFO] [stdout] 19 | pub struct ChildItem {
[INFO] [stdout]    |            ^^^^^^^^^
[INFO] [stdout]    |
[INFO] [stdout]    = note: `ChildItem` has a derived impl for the trait `Debug`, but this is intentionally ignored during dead code analysis
[INFO] [stdout] 
[INFO] [stdout] 
[INFO] [stdout] warning: type alias `ChildrenList` is never used
[INFO] [stdout]   --> src/db.rs:27:6
[INFO] [stdout]    |
[INFO] [stdout] 27 | type ChildrenList = HashMap<String, ChildItem>;
[INFO] [stdout]    |      ^^^^^^^^^^^^
[INFO] [stdout] 
[INFO] [stdout] 
[INFO] [stdout] warning: multiple associated items are never used
[INFO] [stdout]    --> src/db.rs:30:18
[INFO] [stdout]     |
[INFO] [stdout] 29  | impl IndexDB {
[INFO] [stdout]     | ------------ associated items in this implementation
[INFO] [stdout] 30  |     pub async fn new() -> Result<Self> {
[INFO] [stdout]     |                  ^^^
[INFO] [stdout] ...
[INFO] [stdout] 44  |     pub async fn open<P: AsRef<Path>>(path: P) -> Result<Self> {
[INFO] [stdout]     |                  ^^^^
[INFO] [stdout] ...
[INFO] [stdout] 68  |     pub async fn setup(&mut self) -> Result<()> {
[INFO] [stdout]     |                  ^^^^^
[INFO] [stdout] ...
[INFO] [stdout] 137 |     pub async fn add_file<P: AsRef<Path>>(&self, path: P, parent: i32) -> Result<()> {
[INFO] [stdout]     |                  ^^^^^^^^
[INFO] [stdout] ...
[INFO] [stdout] 170 |     pub async fn add_folder<P: AsRef<Path>>(&self, path: P, parent: i32) -> Result<i32> {
[INFO] [stdout]     |                  ^^^^^^^^^^
[INFO] [stdout] ...
[INFO] [stdout] 194 |     pub async fn delete(&self, id: i32) -> Result<()> {
[INFO] [stdout]     |                  ^^^^^^
[INFO] [stdout] ...
[INFO] [stdout] 228 |     pub async fn children(&self, id: i32) -> Result<ChildrenList> {
[INFO] [stdout]     |                  ^^^^^^^^
[INFO] [stdout] ...
[INFO] [stdout] 249 |     pub fn exists(&self) -> bool {
[INFO] [stdout]     |            ^^^^^^
[INFO] [stdout] ...
[INFO] [stdout] 253 |     pub fn get_path_new(&self) -> PathBuf {
[INFO] [stdout]     |            ^^^^^^^^^^^^
[INFO] [stdout] ...
[INFO] [stdout] 258 |     pub async fn save_schema(&self, schema: &Schema) {
[INFO] [stdout]     |                  ^^^^^^^^^^^
[INFO] [stdout] 
[INFO] [stdout] 
[INFO] [stdout] warning: enum `ParseResult` is never used
[INFO] [stdout]   --> src/format.rs:63:6
[INFO] [stdout]    |
[INFO] [stdout] 63 | enum ParseResult {
[INFO] [stdout]    |      ^^^^^^^^^^^
[INFO] [stdout] 
[INFO] [stdout] 
[INFO] [stdout] warning: methods `to_string`, `format`, and `cut` are never used
[INFO] [stdout]   --> src/helper.rs:35:8
[INFO] [stdout]    |
[INFO] [stdout] 34 | pub trait PathHelper {
[INFO] [stdout]    |           ---------- methods in this trait
[INFO] [stdout] 35 |     fn to_string(&self) -> String;
[INFO] [stdout]    |        ^^^^^^^^^
[INFO] [stdout] 36 |     fn format(&self) -> String;
[INFO] [stdout]    |        ^^^^^^
[INFO] [stdout] 37 |     fn cut<P: AsRef<Path>>(&self, cut: P) -> PathBuf;
[INFO] [stdout]    |        ^^^
[INFO] [stdout] 
[INFO] [stdout] 
[INFO] [stdout] warning: methods `to_path` and `to_string` are never used
[INFO] [stdout]   --> src/helper.rs:41:8
[INFO] [stdout]    |
[INFO] [stdout] 40 | pub trait StringHelper {
[INFO] [stdout]    |           ------------ methods in this trait
[INFO] [stdout] 41 |     fn to_path(&self) -> PathBuf;
[INFO] [stdout]    |        ^^^^^^^
[INFO] [stdout] 42 |     fn to_string(&self) -> String;
[INFO] [stdout]    |        ^^^^^^^^^
[INFO] [stdout] 
[INFO] [stdout] 
[INFO] [stdout] warning: methods `file_name` and `last_mod` are never used
[INFO] [stdout]   --> src/helper.rs:94:12
[INFO] [stdout]    |
[INFO] [stdout] 87 | impl FileHelper {
[INFO] [stdout]    | --------------- methods in this implementation
[INFO] [stdout] ...
[INFO] [stdout] 94 |     pub fn file_name(&self) -> String {
[INFO] [stdout]    |            ^^^^^^^^^
[INFO] [stdout] ...
[INFO] [stdout] 98 |     pub fn last_mod(&self) -> Option<DateTime<Utc>> {
[INFO] [stdout]    |            ^^^^^^^^
[INFO] [stdout] 
[INFO] [stdout] 
[INFO] [stdout] warning: struct `Indexer` is never constructed
[INFO] [stdout]   --> src/indexer.rs:18:12
[INFO] [stdout]    |
[INFO] [stdout] 18 | pub struct Indexer<'a> {
[INFO] [stdout]    |            ^^^^^^^
[INFO] [stdout] 
[INFO] [stdout] 
[INFO] [stdout] warning: associated items `open` and `indexing` are never used
[INFO] [stdout]   --> src/indexer.rs:24:12
[INFO] [stdout]    |
[INFO] [stdout] 23 | impl<'a> Indexer<'a> {
[INFO] [stdout]    | -------------------- associated items in this implementation
[INFO] [stdout] 24 |     pub fn open(db: &'a mut IndexDB) -> Self {
[INFO] [stdout]    |            ^^^^
[INFO] [stdout] ...
[INFO] [stdout] 34 |     pub async fn indexing<P: AsRef<Path> + std::marker::Send>(
[INFO] [stdout]    |                  ^^^^^^^^
[INFO] [stdout] 
[INFO] [stdout] 
[INFO] [stdout] warning: method `to_format` is never used
[INFO] [stdout]   --> src/schema.rs:29:12
[INFO] [stdout]    |
[INFO] [stdout] 28 | impl Schema {
[INFO] [stdout]    | ----------- method in this implementation
[INFO] [stdout] 29 |     pub fn to_format(&self) -> String {
[INFO] [stdout]    |            ^^^^^^^^^
[INFO] [stdout] 
[INFO] [stdout] 
[INFO] [stdout] warning: method `to_format` is never used
[INFO] [stdout]   --> src/schema.rs:62:12
[INFO] [stdout]    |
[INFO] [stdout] 61 | impl Field {
[INFO] [stdout]    | ---------- method in this implementation
[INFO] [stdout] 62 |     pub fn to_format(&self) -> String {
[INFO] [stdout]    |            ^^^^^^^^^
[INFO] [stdout] 
[INFO] [stdout] 
[INFO] [stdout] warning: method `to_string` is never used
[INFO] [stdout]    --> src/schema.rs:191:12
[INFO] [stdout]     |
[INFO] [stdout] 180 | impl ConfigDatatype {
[INFO] [stdout]     | ------------------- method in this implementation
[INFO] [stdout] ...
[INFO] [stdout] 191 |     pub fn to_string(&self) -> String {
[INFO] [stdout]     |            ^^^^^^^^^
[INFO] [stdout] 
[INFO] [stdout] 
[INFO] [stdout] warning: methods `parse_format` and `insert` are never used
[INFO] [stdout]    --> src/schema.rs:219:12
[INFO] [stdout]     |
[INFO] [stdout] 207 | impl SchemaList {
[INFO] [stdout]     | --------------- methods in this implementation
[INFO] [stdout] ...
[INFO] [stdout] 219 |     pub fn parse_format(&mut self, name: String, format: &str) -> Option<()> {
[INFO] [stdout]     |            ^^^^^^^^^^^^
[INFO] [stdout] ...
[INFO] [stdout] 334 |     fn insert(&mut self, schema: Schema) {
[INFO] [stdout]     |        ^^^^^^
[INFO] [stdout] 
[INFO] [stdout] 
[INFO] [stdout] warning: enum `Operation` is never used
[INFO] [stdout]  --> src/search.rs:5:6
[INFO] [stdout]   |
[INFO] [stdout] 5 | enum Operation {
[INFO] [stdout]   |      ^^^^^^^^^
[INFO] [stdout] 
[INFO] [stdout] 
[INFO] [stdout] warning: variant `SchemaError` is never constructed
[INFO] [stdout]   --> src/error.rs:16:5
[INFO] [stdout]    |
[INFO] [stdout] 6  | pub enum FOError {
[INFO] [stdout]    |          ------- variant in this enum
[INFO] [stdout] ...
[INFO] [stdout] 16 |     SchemaError(String),
[INFO] [stdout]    |     ^^^^^^^^^^^
[INFO] [stdout]    |
[INFO] [stdout]    = note: `FOError` has a derived impl for the trait `Debug`, but this is intentionally ignored during dead code analysis
[INFO] [stdout] 
[INFO] [stdout] 
[INFO] [stderr]     Finished `dev` profile [unoptimized + debuginfo] target(s) in 1m 14s
[INFO] running `Command { std: "docker" "inspect" "c49a8eabdf1e99f7e0697f79e8b77e5ff819668710294e70b059eb132c420d19", kill_on_drop: false }`
[INFO] running `Command { std: "docker" "rm" "-f" "c49a8eabdf1e99f7e0697f79e8b77e5ff819668710294e70b059eb132c420d19", kill_on_drop: false }`
[INFO] [stdout] c49a8eabdf1e99f7e0697f79e8b77e5ff819668710294e70b059eb132c420d19
[INFO] running `Command { std: "docker" "create" "-v" "/var/lib/crater-agent-workspace/builds/worker-0-tc1/target:/opt/rustwide/target:rw,Z" "-v" "/var/lib/crater-agent-workspace/builds/worker-0-tc1/source:/opt/rustwide/workdir:ro,Z" "-v" "/var/lib/crater-agent-workspace/cargo-home:/opt/rustwide/cargo-home:ro,Z" "-v" "/var/lib/crater-agent-workspace/rustup-home:/opt/rustwide/rustup-home:ro,Z" "-e" "SOURCE_DIR=/opt/rustwide/workdir" "-e" "CARGO_TARGET_DIR=/opt/rustwide/target" "-e" "CARGO_INCREMENTAL=0" "-e" "RUST_BACKTRACE=full" "-e" "RUSTFLAGS=--cap-lints=warn" "-e" "RUSTDOCFLAGS=--cap-lints=warn" "-e" "CARGO_HOME=/opt/rustwide/cargo-home" "-e" "RUSTUP_HOME=/opt/rustwide/rustup-home" "-w" "/opt/rustwide/workdir" "-m" "1610612736" "--user" "0:0" "--network" "none" "ghcr.io/rust-lang/crates-build-env/linux@sha256:f3a9d4ad9d972b27faf3965f35b62e55ba32bbce8f20bc8fe909558a86702fde" "/opt/rustwide/cargo-home/bin/cargo" "+1.83.0" "test" "--frozen" "--no-run" "--message-format=json", kill_on_drop: false }`
[INFO] [stdout] a622487561c2d99d87c5c672be130ae885ca39cba4091ef90802befa72e88eb3
[INFO] running `Command { std: "docker" "start" "-a" "a622487561c2d99d87c5c672be130ae885ca39cba4091ef90802befa72e88eb3", kill_on_drop: false }`
[INFO] [stderr]    Compiling picofo v0.1.0 (/opt/rustwide/workdir)
[INFO] [stdout] warning: unused import: `async_std::fs::read_dir`
[INFO] [stdout]  --> src/main.rs:3:5
[INFO] [stdout]   |
[INFO] [stdout] 3 | use async_std::fs::read_dir;
[INFO] [stdout]   |     ^^^^^^^^^^^^^^^^^^^^^^^
[INFO] [stdout]   |
[INFO] [stdout]   = note: `#[warn(unused_imports)]` on by default
[INFO] [stdout] 
[INFO] [stdout] 
[INFO] [stdout] warning: unused import: `db::IndexDB`
[INFO] [stdout]  --> src/main.rs:5:5
[INFO] [stdout]   |
[INFO] [stdout] 5 | use db::IndexDB;
[INFO] [stdout]   |     ^^^^^^^^^^^
[INFO] [stdout] 
[INFO] [stdout] 
[INFO] [stdout] warning: unused import: `std::hash::Hash`
[INFO] [stdout]  --> src/config_reader.rs:2:5
[INFO] [stdout]   |
[INFO] [stdout] 2 | use std::hash::Hash;
[INFO] [stdout]   |     ^^^^^^^^^^^^^^^
[INFO] [stdout] 
[INFO] [stdout] 
[INFO] [stdout] warning: unused imports: `iter::Peekable` and `str::Chars`
[INFO] [stdout]  --> src/format.rs:8:11
[INFO] [stdout]   |
[INFO] [stdout] 8 | use std::{iter::Peekable, str::Chars};
[INFO] [stdout]   |           ^^^^^^^^^^^^^^  ^^^^^^^^^^
[INFO] [stdout] 
[INFO] [stdout] 
[INFO] [stdout] warning: unnecessary parentheses around `if` condition
[INFO] [stdout]    --> src/helper.rs:256:16
[INFO] [stdout]     |
[INFO] [stdout] 256 |             if (match_text(&schema_notation, &self.schema_name)) {
[INFO] [stdout]     |                ^                                               ^
[INFO] [stdout]     |
[INFO] [stdout]     = note: `#[warn(unused_parens)]` on by default
[INFO] [stdout] help: remove these parentheses
[INFO] [stdout]     |
[INFO] [stdout] 256 -             if (match_text(&schema_notation, &self.schema_name)) {
[INFO] [stdout] 256 +             if match_text(&schema_notation, &self.schema_name) {
[INFO] [stdout]     |
[INFO] [stdout] 
[INFO] [stdout] 
[INFO] [stdout] warning: unused imports: `cmp::max`, `ffi::OsStr`, and `hash::Hash`
[INFO] [stdout]  --> src/indexer.rs:2:5
[INFO] [stdout]   |
[INFO] [stdout] 2 |     cmp::max,
[INFO] [stdout]   |     ^^^^^^^^
[INFO] [stdout] 3 |     collections::HashMap,
[INFO] [stdout] 4 |     ffi::OsStr,
[INFO] [stdout]   |     ^^^^^^^^^^
[INFO] [stdout] 5 |     fs,
[INFO] [stdout] 6 |     hash::Hash,
[INFO] [stdout]   |     ^^^^^^^^^^
[INFO] [stdout] 
[INFO] [stdout] 
[INFO] [stdout] warning: unused imports: `flat_map`, `separated_pair`, `space1`, `take_till1`, `take_until1`, and `take_until`
[INFO] [stdout]  --> src/parser/format.rs:4:37
[INFO] [stdout]   |
[INFO] [stdout] 4 |     bytes::complete::{escaped, tag, take_till1, take_until, take_until1, take_while1},
[INFO] [stdout]   |                                     ^^^^^^^^^^  ^^^^^^^^^^  ^^^^^^^^^^^
[INFO] [stdout] 5 |     character::complete::{none_of, one_of, space0, space1},
[INFO] [stdout]   |                                                    ^^^^^^
[INFO] [stdout] 6 |     combinator::{flat_map, map, opt},
[INFO] [stdout]   |                  ^^^^^^^^
[INFO] [stdout] 7 |     multi::{many1, separated_list1},
[INFO] [stdout] 8 |     sequence::{delimited, pair, preceded, separated_pair, terminated},
[INFO] [stdout]   |                                           ^^^^^^^^^^^^^^
[INFO] [stdout] 
[INFO] [stdout] 
[INFO] [stdout] warning: unused imports: `Cell`, `RefCell`, `borrow::BorrowMut`, `hash::Hash`, `rc::Rc`, and `sync::Arc`
[INFO] [stdout]  --> src/schema.rs:2:5
[INFO] [stdout]   |
[INFO] [stdout] 2 |     borrow::BorrowMut,
[INFO] [stdout]   |     ^^^^^^^^^^^^^^^^^
[INFO] [stdout] 3 |     cell::{Cell, RefCell},
[INFO] [stdout]   |            ^^^^  ^^^^^^^
[INFO] [stdout] ...
[INFO] [stdout] 6 |     hash::Hash,
[INFO] [stdout]   |     ^^^^^^^^^^
[INFO] [stdout] 7 |     mem::replace,
[INFO] [stdout] 8 |     rc::Rc,
[INFO] [stdout]   |     ^^^^^^
[INFO] [stdout] 9 |     sync::Arc,
[INFO] [stdout]   |     ^^^^^^^^^
[INFO] [stdout] 
[INFO] [stdout] 
[INFO] [stdout] warning: unused import: `Captures`
[INFO] [stdout]   --> src/schema.rs:12:13
[INFO] [stdout]    |
[INFO] [stdout] 12 | use regex::{Captures, Regex};
[INFO] [stdout]    |             ^^^^^^^^
[INFO] [stdout] 
[INFO] [stdout] 
[INFO] [stdout] warning: unused import: `indexer::Indexer`
[INFO] [stdout]   --> src/main.rs:16:5
[INFO] [stdout]    |
[INFO] [stdout] 16 | use indexer::Indexer;
[INFO] [stdout]    |     ^^^^^^^^^^^^^^^^
[INFO] [stdout] 
[INFO] [stdout] 
[INFO] [stdout] warning: unused import: `nom::Err`
[INFO] [stdout]  --> src/error.rs:2:5
[INFO] [stdout]   |
[INFO] [stdout] 2 | use nom::Err;
[INFO] [stdout]   |     ^^^^^^^^
[INFO] [stdout] 
[INFO] [stdout] 
[INFO] [stdout] warning: unused imports: `Display` and `collections::HashMap`
[INFO] [stdout]   --> src/mover.rs:17:5
[INFO] [stdout]    |
[INFO] [stdout] 17 |     collections::HashMap,
[INFO] [stdout]    |     ^^^^^^^^^^^^^^^^^^^^
[INFO] [stdout] 18 |     fmt::{Debug, Display, Formatter},
[INFO] [stdout]    |                  ^^^^^^^
[INFO] [stdout] 
[INFO] [stdout] 
[INFO] [stdout] warning: unused import: `self`
[INFO] [stdout]   --> src/mover.rs:29:14
[INFO] [stdout]    |
[INFO] [stdout] 29 |     schema::{self, Schema, SchemaList},
[INFO] [stdout]    |              ^^^^
[INFO] [stdout] 
[INFO] [stdout] 
[INFO] [stdout] warning: unused variable: `search`
[INFO] [stdout]   --> src/main.rs:53:30
[INFO] [stdout]    |
[INFO] [stdout] 53 |         Subcommand::Search { search } => {
[INFO] [stdout]    |                              ^^^^^^ help: try ignoring the field: `search: _`
[INFO] [stdout]    |
[INFO] [stdout]    = note: `#[warn(unused_variables)]` on by default
[INFO] [stdout] 
[INFO] [stdout] 
[INFO] [stdout] warning: variable does not need to be mutable
[INFO] [stdout]    --> src/config_reader.rs:402:9
[INFO] [stdout]     |
[INFO] [stdout] 402 |     let mut config1: Config = serde_yaml::from_str(
[INFO] [stdout]     |         ----^^^^^^^
[INFO] [stdout]     |         |
[INFO] [stdout]     |         help: remove this `mut`
[INFO] [stdout]     |
[INFO] [stdout]     = note: `#[warn(unused_mut)]` on by default
[INFO] [stdout] 
[INFO] [stdout] 
[INFO] [stdout] warning: variable does not need to be mutable
[INFO] [stdout]    --> src/db.rs:281:9
[INFO] [stdout]     |
[INFO] [stdout] 281 |     let mut db = IndexDB::open("./testdir").await.unwrap();
[INFO] [stdout]     |         ----^^
[INFO] [stdout]     |         |
[INFO] [stdout]     |         help: remove this `mut`
[INFO] [stdout] 
[INFO] [stdout] 
[INFO] [stdout] warning: unused variable: `var`
[INFO] [stdout]   --> src/format.rs:52:38
[INFO] [stdout]    |
[INFO] [stdout] 52 |                 StringPart::Variable(var) => {
[INFO] [stdout]    |                                      ^^^ help: if this is intentional, prefix it with an underscore: `_var`
[INFO] [stdout] 
[INFO] [stdout] 
[INFO] [stdout] warning: variable does not need to be mutable
[INFO] [stdout]    --> src/helper.rs:312:9
[INFO] [stdout]     |
[INFO] [stdout] 312 |     let mut helper = FieldHashMapBuilder::new("abc").insert(&data);
[INFO] [stdout]     |         ----^^^^^^
[INFO] [stdout]     |         |
[INFO] [stdout]     |         help: remove this `mut`
[INFO] [stdout] 
[INFO] [stdout] 
[INFO] [stdout] warning: unreachable pattern
[INFO] [stdout]    --> src/schema.rs:106:13
[INFO] [stdout]     |
[INFO] [stdout] 106 |             _ => return false,
[INFO] [stdout]     |             ^ no value can reach this
[INFO] [stdout]     |
[INFO] [stdout] note: multiple earlier patterns match some of the same values
[INFO] [stdout]    --> src/schema.rs:106:13
[INFO] [stdout]     |
[INFO] [stdout] 89  |             (&ConfigDatatype::String(_), _) => (),
[INFO] [stdout]     |             ------------------------------- matches some of the same values
[INFO] [stdout] 90  |             (&ConfigDatatype::Integer(_), s) => {
[INFO] [stdout]     |             -------------------------------- matches some of the same values
[INFO] [stdout] ...
[INFO] [stdout] 95  |             (&ConfigDatatype::Float(_), s) => {
[INFO] [stdout]     |             ------------------------------ matches some of the same values
[INFO] [stdout] ...
[INFO] [stdout] 100 |             (&ConfigDatatype::Tags(_), s) => {
[INFO] [stdout]     |             ----------------------------- matches some of the same values
[INFO] [stdout] ...
[INFO] [stdout] 106 |             _ => return false,
[INFO] [stdout]     |             ^ collectively making this unreachable
[INFO] [stdout]     = note: `#[warn(unreachable_patterns)]` on by default
[INFO] [stdout] 
[INFO] [stdout] 
[INFO] [stdout] warning: unused variable: `re`
[INFO] [stdout]    --> src/schema.rs:221:13
[INFO] [stdout]     |
[INFO] [stdout] 221 |         let re = Regex::new(r"^(\w+)(?:\((\w+)\))?(!)?$").unwrap();
[INFO] [stdout]     |             ^^ help: if this is intentional, prefix it with an underscore: `_re`
[INFO] [stdout] 
[INFO] [stdout] 
[INFO] [stdout] warning: variable does not need to be mutable
[INFO] [stdout]    --> src/mover.rs:212:9
[INFO] [stdout]     |
[INFO] [stdout] 212 |     let mut data = data.clone();
[INFO] [stdout]     |         ----^^^^
[INFO] [stdout]     |         |
[INFO] [stdout]     |         help: remove this `mut`
[INFO] [stdout] 
[INFO] [stdout] 
[INFO] [stdout] warning: method `combine` is never used
[INFO] [stdout]    --> src/config_reader.rs:125:8
[INFO] [stdout]     |
[INFO] [stdout] 124 | impl SchemaConfigItem {
[INFO] [stdout]     | --------------------- method in this implementation
[INFO] [stdout] 125 |     fn combine(&self, other: &SchemaConfigItem) -> SchemaConfigItem {
[INFO] [stdout]     |        ^^^^^^^
[INFO] [stdout]     |
[INFO] [stdout]     = note: `#[warn(dead_code)]` on by default
[INFO] [stdout] 
[INFO] [stdout] 
[INFO] [stdout] warning: field `path` is never read
[INFO] [stdout]   --> src/db.rs:21:9
[INFO] [stdout]    |
[INFO] [stdout] 19 | pub struct ChildItem {
[INFO] [stdout]    |            --------- field in this struct
[INFO] [stdout] 20 |     pub id: i32,
[INFO] [stdout] 21 |     pub path: String,
[INFO] [stdout]    |         ^^^^
[INFO] [stdout]    |
[INFO] [stdout]    = note: `ChildItem` has a derived impl for the trait `Debug`, but this is intentionally ignored during dead code analysis
[INFO] [stdout] 
[INFO] [stdout] 
[INFO] [stdout] warning: associated items `new`, `exists`, and `save_schema` are never used
[INFO] [stdout]    --> src/db.rs:30:18
[INFO] [stdout]     |
[INFO] [stdout] 29  | impl IndexDB {
[INFO] [stdout]     | ------------ associated items in this implementation
[INFO] [stdout] 30  |     pub async fn new() -> Result<Self> {
[INFO] [stdout]     |                  ^^^
[INFO] [stdout] ...
[INFO] [stdout] 249 |     pub fn exists(&self) -> bool {
[INFO] [stdout]     |            ^^^^^^
[INFO] [stdout] ...
[INFO] [stdout] 258 |     pub async fn save_schema(&self, schema: &Schema) {
[INFO] [stdout]     |                  ^^^^^^^^^^^
[INFO] [stdout] 
[INFO] [stdout] 
[INFO] [stdout] warning: enum `ParseResult` is never used
[INFO] [stdout]   --> src/format.rs:63:6
[INFO] [stdout]    |
[INFO] [stdout] 63 | enum ParseResult {
[INFO] [stdout]    |      ^^^^^^^^^^^
[INFO] [stdout] 
[INFO] [stdout] 
[INFO] [stdout] warning: method `to_string` is never used
[INFO] [stdout]   --> src/helper.rs:35:8
[INFO] [stdout]    |
[INFO] [stdout] 34 | pub trait PathHelper {
[INFO] [stdout]    |           ---------- method in this trait
[INFO] [stdout] 35 |     fn to_string(&self) -> String;
[INFO] [stdout]    |        ^^^^^^^^^
[INFO] [stdout] 
[INFO] [stdout] 
[INFO] [stdout] warning: methods `to_path` and `to_string` are never used
[INFO] [stdout]   --> src/helper.rs:41:8
[INFO] [stdout]    |
[INFO] [stdout] 40 | pub trait StringHelper {
[INFO] [stdout]    |           ------------ methods in this trait
[INFO] [stdout] 41 |     fn to_path(&self) -> PathBuf;
[INFO] [stdout]    |        ^^^^^^^
[INFO] [stdout] 42 |     fn to_string(&self) -> String;
[INFO] [stdout]    |        ^^^^^^^^^
[INFO] [stdout] 
[INFO] [stdout] 
[INFO] [stdout] warning: method `to_format` is never used
[INFO] [stdout]   --> src/schema.rs:29:12
[INFO] [stdout]    |
[INFO] [stdout] 28 | impl Schema {
[INFO] [stdout]    | ----------- method in this implementation
[INFO] [stdout] 29 |     pub fn to_format(&self) -> String {
[INFO] [stdout]    |            ^^^^^^^^^
[INFO] [stdout] 
[INFO] [stdout] 
[INFO] [stdout] warning: method `to_format` is never used
[INFO] [stdout]   --> src/schema.rs:62:12
[INFO] [stdout]    |
[INFO] [stdout] 61 | impl Field {
[INFO] [stdout]    | ---------- method in this implementation
[INFO] [stdout] 62 |     pub fn to_format(&self) -> String {
[INFO] [stdout]    |            ^^^^^^^^^
[INFO] [stdout] 
[INFO] [stdout] 
[INFO] [stdout] warning: method `to_string` is never used
[INFO] [stdout]    --> src/schema.rs:191:12
[INFO] [stdout]     |
[INFO] [stdout] 180 | impl ConfigDatatype {
[INFO] [stdout]     | ------------------- method in this implementation
[INFO] [stdout] ...
[INFO] [stdout] 191 |     pub fn to_string(&self) -> String {
[INFO] [stdout]     |            ^^^^^^^^^
[INFO] [stdout] 
[INFO] [stdout] 
[INFO] [stdout] warning: method `insert` is never used
[INFO] [stdout]    --> src/schema.rs:334:8
[INFO] [stdout]     |
[INFO] [stdout] 207 | impl SchemaList {
[INFO] [stdout]     | --------------- method in this implementation
[INFO] [stdout] ...
[INFO] [stdout] 334 |     fn insert(&mut self, schema: Schema) {
[INFO] [stdout]     |        ^^^^^^
[INFO] [stdout] 
[INFO] [stdout] 
[INFO] [stdout] warning: enum `Operation` is never used
[INFO] [stdout]  --> src/search.rs:5:6
[INFO] [stdout]   |
[INFO] [stdout] 5 | enum Operation {
[INFO] [stdout]   |      ^^^^^^^^^
[INFO] [stdout] 
[INFO] [stdout] 
[INFO] [stdout] warning: variant `SchemaError` is never constructed
[INFO] [stdout]   --> src/error.rs:16:5
[INFO] [stdout]    |
[INFO] [stdout] 6  | pub enum FOError {
[INFO] [stdout]    |          ------- variant in this enum
[INFO] [stdout] ...
[INFO] [stdout] 16 |     SchemaError(String),
[INFO] [stdout]    |     ^^^^^^^^^^^
[INFO] [stdout]    |
[INFO] [stdout]    = note: `FOError` has a derived impl for the trait `Debug`, but this is intentionally ignored during dead code analysis
[INFO] [stdout] 
[INFO] [stdout] 
[INFO] [stdout] warning: unused `Result` that must be used
[INFO] [stdout]    --> src/parser/format.rs:122:5
[INFO] [stdout]     |
[INFO] [stdout] 122 |     dbg!(result);
[INFO] [stdout]     |     ^^^^^^^^^^^^
[INFO] [stdout]     |
[INFO] [stdout]     = note: this `Result` may be an `Err` variant, which should be handled
[INFO] [stdout]     = note: `#[warn(unused_must_use)]` on by default
[INFO] [stdout]     = note: this warning originates in the macro `dbg` (in Nightly builds, run with -Z macro-backtrace for more info)
[INFO] [stdout] 
[INFO] [stdout] 
[INFO] [stdout] warning: unused `Result` that must be used
[INFO] [stdout]    --> src/parser/format.rs:125:5
[INFO] [stdout]     |
[INFO] [stdout] 125 |     dbg!(result);
[INFO] [stdout]     |     ^^^^^^^^^^^^
[INFO] [stdout]     |
[INFO] [stdout]     = note: this `Result` may be an `Err` variant, which should be handled
[INFO] [stdout]     = note: this warning originates in the macro `dbg` (in Nightly builds, run with -Z macro-backtrace for more info)
[INFO] [stdout] 
[INFO] [stdout] 
[INFO] [stdout] warning: unused `Result` that must be used
[INFO] [stdout]    --> src/parser/format.rs:128:5
[INFO] [stdout]     |
[INFO] [stdout] 128 |     dbg!(result);
[INFO] [stdout]     |     ^^^^^^^^^^^^
[INFO] [stdout]     |
[INFO] [stdout]     = note: this `Result` may be an `Err` variant, which should be handled
[INFO] [stdout]     = note: this warning originates in the macro `dbg` (in Nightly builds, run with -Z macro-backtrace for more info)
[INFO] [stdout] 
[INFO] [stdout] 
[INFO] [stdout] warning: unused `Result` that must be used
[INFO] [stdout]    --> src/parser/format.rs:131:5
[INFO] [stdout]     |
[INFO] [stdout] 131 |     dbg!(result);
[INFO] [stdout]     |     ^^^^^^^^^^^^
[INFO] [stdout]     |
[INFO] [stdout]     = note: this `Result` may be an `Err` variant, which should be handled
[INFO] [stdout]     = note: this warning originates in the macro `dbg` (in Nightly builds, run with -Z macro-backtrace for more info)
[INFO] [stdout] 
[INFO] [stdout] 
[INFO] [stderr]     Finished `test` profile [unoptimized + debuginfo] target(s) in 9.56s
[INFO] running `Command { std: "docker" "inspect" "a622487561c2d99d87c5c672be130ae885ca39cba4091ef90802befa72e88eb3", kill_on_drop: false }`
[INFO] running `Command { std: "docker" "rm" "-f" "a622487561c2d99d87c5c672be130ae885ca39cba4091ef90802befa72e88eb3", kill_on_drop: false }`
[INFO] [stdout] a622487561c2d99d87c5c672be130ae885ca39cba4091ef90802befa72e88eb3
[INFO] running `Command { std: "docker" "create" "-v" "/var/lib/crater-agent-workspace/builds/worker-0-tc1/target:/opt/rustwide/target:rw,Z" "-v" "/var/lib/crater-agent-workspace/builds/worker-0-tc1/source:/opt/rustwide/workdir:ro,Z" "-v" "/var/lib/crater-agent-workspace/cargo-home:/opt/rustwide/cargo-home:ro,Z" "-v" "/var/lib/crater-agent-workspace/rustup-home:/opt/rustwide/rustup-home:ro,Z" "-e" "SOURCE_DIR=/opt/rustwide/workdir" "-e" "CARGO_TARGET_DIR=/opt/rustwide/target" "-e" "CARGO_INCREMENTAL=0" "-e" "RUST_BACKTRACE=full" "-e" "RUSTFLAGS=--cap-lints=warn" "-e" "RUSTDOCFLAGS=--cap-lints=warn" "-e" "CARGO_HOME=/opt/rustwide/cargo-home" "-e" "RUSTUP_HOME=/opt/rustwide/rustup-home" "-w" "/opt/rustwide/workdir" "-m" "1610612736" "--user" "0:0" "--network" "none" "ghcr.io/rust-lang/crates-build-env/linux@sha256:f3a9d4ad9d972b27faf3965f35b62e55ba32bbce8f20bc8fe909558a86702fde" "/opt/rustwide/cargo-home/bin/cargo" "+1.83.0" "test" "--frozen", kill_on_drop: false }`
[INFO] [stdout] 87d35ddf7a04f48b909d1143fc84872bc8479f0b0614a64110e0aa1558a9ca46
[INFO] running `Command { std: "docker" "start" "-a" "87d35ddf7a04f48b909d1143fc84872bc8479f0b0614a64110e0aa1558a9ca46", kill_on_drop: false }`
[INFO] [stderr] warning: unused import: `async_std::fs::read_dir`
[INFO] [stderr]  --> src/main.rs:3:5
[INFO] [stderr]   |
[INFO] [stderr] 3 | use async_std::fs::read_dir;
[INFO] [stderr]   |     ^^^^^^^^^^^^^^^^^^^^^^^
[INFO] [stderr]   |
[INFO] [stderr]   = note: `#[warn(unused_imports)]` on by default
[INFO] [stderr] 
[INFO] [stderr] warning: unused import: `db::IndexDB`
[INFO] [stderr]  --> src/main.rs:5:5
[INFO] [stderr]   |
[INFO] [stderr] 5 | use db::IndexDB;
[INFO] [stderr]   |     ^^^^^^^^^^^
[INFO] [stderr] 
[INFO] [stderr] warning: unused import: `std::hash::Hash`
[INFO] [stderr]  --> src/config_reader.rs:2:5
[INFO] [stderr]   |
[INFO] [stderr] 2 | use std::hash::Hash;
[INFO] [stderr]   |     ^^^^^^^^^^^^^^^
[INFO] [stderr] 
[INFO] [stderr] warning: unused imports: `iter::Peekable` and `str::Chars`
[INFO] [stderr]  --> src/format.rs:8:11
[INFO] [stderr]   |
[INFO] [stderr] 8 | use std::{iter::Peekable, str::Chars};
[INFO] [stderr]   |           ^^^^^^^^^^^^^^  ^^^^^^^^^^
[INFO] [stderr] 
[INFO] [stderr] warning: unnecessary parentheses around `if` condition
[INFO] [stderr]    --> src/helper.rs:256:16
[INFO] [stderr]     |
[INFO] [stderr] 256 |             if (match_text(&schema_notation, &self.schema_name)) {
[INFO] [stderr]     |                ^                                               ^
[INFO] [stderr]     |
[INFO] [stderr]     = note: `#[warn(unused_parens)]` on by default
[INFO] [stderr] help: remove these parentheses
[INFO] [stderr]     |
[INFO] [stderr] 256 -             if (match_text(&schema_notation, &self.schema_name)) {
[INFO] [stderr] 256 +             if match_text(&schema_notation, &self.schema_name) {
[INFO] [stderr]     |
[INFO] [stderr] 
[INFO] [stderr] warning: unused imports: `cmp::max`, `ffi::OsStr`, and `hash::Hash`
[INFO] [stderr]  --> src/indexer.rs:2:5
[INFO] [stderr]   |
[INFO] [stderr] 2 |     cmp::max,
[INFO] [stderr]   |     ^^^^^^^^
[INFO] [stderr] 3 |     collections::HashMap,
[INFO] [stderr] 4 |     ffi::OsStr,
[INFO] [stderr]   |     ^^^^^^^^^^
[INFO] [stderr] 5 |     fs,
[INFO] [stderr] 6 |     hash::Hash,
[INFO] [stderr]   |     ^^^^^^^^^^
[INFO] [stderr] 
[INFO] [stderr] warning: unused imports: `flat_map`, `separated_pair`, `space1`, `take_till1`, `take_until1`, and `take_until`
[INFO] [stderr]  --> src/parser/format.rs:4:37
[INFO] [stderr]   |
[INFO] [stderr] 4 |     bytes::complete::{escaped, tag, take_till1, take_until, take_until1, take_while1},
[INFO] [stderr]   |                                     ^^^^^^^^^^  ^^^^^^^^^^  ^^^^^^^^^^^
[INFO] [stderr] 5 |     character::complete::{none_of, one_of, space0, space1},
[INFO] [stderr]   |                                                    ^^^^^^
[INFO] [stderr] 6 |     combinator::{flat_map, map, opt},
[INFO] [stderr]   |                  ^^^^^^^^
[INFO] [stderr] 7 |     multi::{many1, separated_list1},
[INFO] [stderr] 8 |     sequence::{delimited, pair, preceded, separated_pair, terminated},
[INFO] [stderr]   |                                           ^^^^^^^^^^^^^^
[INFO] [stderr] 
[INFO] [stderr] warning: unused imports: `Cell`, `RefCell`, `borrow::BorrowMut`, `hash::Hash`, `rc::Rc`, and `sync::Arc`
[INFO] [stderr]  --> src/schema.rs:2:5
[INFO] [stderr]   |
[INFO] [stderr] 2 |     borrow::BorrowMut,
[INFO] [stderr]   |     ^^^^^^^^^^^^^^^^^
[INFO] [stderr] 3 |     cell::{Cell, RefCell},
[INFO] [stderr]   |            ^^^^  ^^^^^^^
[INFO] [stderr] ...
[INFO] [stderr] 6 |     hash::Hash,
[INFO] [stderr]   |     ^^^^^^^^^^
[INFO] [stderr] 7 |     mem::replace,
[INFO] [stderr] 8 |     rc::Rc,
[INFO] [stderr]   |     ^^^^^^
[INFO] [stderr] 9 |     sync::Arc,
[INFO] [stderr]   |     ^^^^^^^^^
[INFO] [stderr] 
[INFO] [stderr] warning: unused import: `Captures`
[INFO] [stderr]   --> src/schema.rs:12:13
[INFO] [stderr]    |
[INFO] [stderr] 12 | use regex::{Captures, Regex};
[INFO] [stderr]    |             ^^^^^^^^
[INFO] [stderr] 
[INFO] [stderr] warning: unused import: `indexer::Indexer`
[INFO] [stderr]   --> src/main.rs:16:5
[INFO] [stderr]    |
[INFO] [stderr] 16 | use indexer::Indexer;
[INFO] [stderr]    |     ^^^^^^^^^^^^^^^^
[INFO] [stderr] 
[INFO] [stderr] warning: unused import: `nom::Err`
[INFO] [stderr]  --> src/error.rs:2:5
[INFO] [stderr]   |
[INFO] [stderr] 2 | use nom::Err;
[INFO] [stderr]   |     ^^^^^^^^
[INFO] [stderr] 
[INFO] [stderr] warning: unused imports: `Display` and `collections::HashMap`
[INFO] [stderr]   --> src/mover.rs:17:5
[INFO] [stderr]    |
[INFO] [stderr] 17 |     collections::HashMap,
[INFO] [stderr]    |     ^^^^^^^^^^^^^^^^^^^^
[INFO] [stderr] 18 |     fmt::{Debug, Display, Formatter},
[INFO] [stderr]    |                  ^^^^^^^
[INFO] [stderr] 
[INFO] [stderr] warning: unused import: `self`
[INFO] [stderr]   --> src/mover.rs:29:14
[INFO] [stderr]    |
[INFO] [stderr] 29 |     schema::{self, Schema, SchemaList},
[INFO] [stderr]    |              ^^^^
[INFO] [stderr] 
[INFO] [stderr] warning: unused variable: `search`
[INFO] [stderr]   --> src/main.rs:53:30
[INFO] [stderr]    |
[INFO] [stderr] 53 |         Subcommand::Search { search } => {
[INFO] [stderr]    |                              ^^^^^^ help: try ignoring the field: `search: _`
[INFO] [stderr]    |
[INFO] [stderr]    = note: `#[warn(unused_variables)]` on by default
[INFO] [stderr] 
[INFO] [stderr] warning: variable does not need to be mutable
[INFO] [stderr]    --> src/config_reader.rs:402:9
[INFO] [stderr]     |
[INFO] [stderr] 402 |     let mut config1: Config = serde_yaml::from_str(
[INFO] [stderr]     |         ----^^^^^^^
[INFO] [stderr]     |         |
[INFO] [stderr]     |         help: remove this `mut`
[INFO] [stderr]     |
[INFO] [stderr]     = note: `#[warn(unused_mut)]` on by default
[INFO] [stderr] 
[INFO] [stderr] warning: variable does not need to be mutable
[INFO] [stderr]    --> src/db.rs:281:9
[INFO] [stderr]     |
[INFO] [stderr] 281 |     let mut db = IndexDB::open("./testdir").await.unwrap();
[INFO] [stderr]     |         ----^^
[INFO] [stderr]     |         |
[INFO] [stderr]     |         help: remove this `mut`
[INFO] [stderr] 
[INFO] [stderr] warning: unused variable: `var`
[INFO] [stderr]   --> src/format.rs:52:38
[INFO] [stderr]    |
[INFO] [stderr] 52 |                 StringPart::Variable(var) => {
[INFO] [stderr]    |                                      ^^^ help: if this is intentional, prefix it with an underscore: `_var`
[INFO] [stderr] 
[INFO] [stderr] warning: variable does not need to be mutable
[INFO] [stderr]    --> src/helper.rs:312:9
[INFO] [stderr]     |
[INFO] [stderr] 312 |     let mut helper = FieldHashMapBuilder::new("abc").insert(&data);
[INFO] [stderr]     |         ----^^^^^^
[INFO] [stderr]     |         |
[INFO] [stderr]     |         help: remove this `mut`
[INFO] [stderr] 
[INFO] [stderr] warning: unreachable pattern
[INFO] [stderr]    --> src/schema.rs:106:13
[INFO] [stderr]     |
[INFO] [stderr] 106 |             _ => return false,
[INFO] [stderr]     |             ^ no value can reach this
[INFO] [stderr]     |
[INFO] [stderr] note: multiple earlier patterns match some of the same values
[INFO] [stderr]    --> src/schema.rs:106:13
[INFO] [stderr]     |
[INFO] [stderr] 89  |             (&ConfigDatatype::String(_), _) => (),
[INFO] [stderr]     |             ------------------------------- matches some of the same values
[INFO] [stderr] 90  |             (&ConfigDatatype::Integer(_), s) => {
[INFO] [stderr]     |             -------------------------------- matches some of the same values
[INFO] [stderr] ...
[INFO] [stderr] 95  |             (&ConfigDatatype::Float(_), s) => {
[INFO] [stderr]     |             ------------------------------ matches some of the same values
[INFO] [stderr] ...
[INFO] [stderr] 100 |             (&ConfigDatatype::Tags(_), s) => {
[INFO] [stderr]     |             ----------------------------- matches some of the same values
[INFO] [stderr] ...
[INFO] [stderr] 106 |             _ => return false,
[INFO] [stderr]     |             ^ collectively making this unreachable
[INFO] [stderr]     = note: `#[warn(unreachable_patterns)]` on by default
[INFO] [stderr] 
[INFO] [stderr] warning: unused variable: `re`
[INFO] [stderr]    --> src/schema.rs:221:13
[INFO] [stderr]     |
[INFO] [stderr] 221 |         let re = Regex::new(r"^(\w+)(?:\((\w+)\))?(!)?$").unwrap();
[INFO] [stderr]     |             ^^ help: if this is intentional, prefix it with an underscore: `_re`
[INFO] [stderr] 
[INFO] [stderr] warning: variable does not need to be mutable
[INFO] [stderr]    --> src/mover.rs:212:9
[INFO] [stderr]     |
[INFO] [stderr] 212 |     let mut data = data.clone();
[INFO] [stderr]     |         ----^^^^
[INFO] [stderr]     |         |
[INFO] [stderr]     |         help: remove this `mut`
[INFO] [stderr] 
[INFO] [stderr] warning: method `combine` is never used
[INFO] [stderr]    --> src/config_reader.rs:125:8
[INFO] [stderr]     |
[INFO] [stderr] 124 | impl SchemaConfigItem {
[INFO] [stderr]     | --------------------- method in this implementation
[INFO] [stderr] 125 |     fn combine(&self, other: &SchemaConfigItem) -> SchemaConfigItem {
[INFO] [stderr]     |        ^^^^^^^
[INFO] [stderr]     |
[INFO] [stderr]     = note: `#[warn(dead_code)]` on by default
[INFO] [stderr] 
[INFO] [stderr] warning: field `path` is never read
[INFO] [stderr]   --> src/db.rs:21:9
[INFO] [stderr]    |
[INFO] [stderr] 19 | pub struct ChildItem {
[INFO] [stderr]    |            --------- field in this struct
[INFO] [stderr] 20 |     pub id: i32,
[INFO] [stderr] 21 |     pub path: String,
[INFO] [stderr]    |         ^^^^
[INFO] [stderr]    |
[INFO] [stderr]    = note: `ChildItem` has a derived impl for the trait `Debug`, but this is intentionally ignored during dead code analysis
[INFO] [stderr] 
[INFO] [stderr] warning: associated items `new`, `exists`, and `save_schema` are never used
[INFO] [stderr]    --> src/db.rs:30:18
[INFO] [stderr]     |
[INFO] [stderr] 29  | impl IndexDB {
[INFO] [stderr]     | ------------ associated items in this implementation
[INFO] [stderr] 30  |     pub async fn new() -> Result<Self> {
[INFO] [stderr]     |                  ^^^
[INFO] [stderr] ...
[INFO] [stderr] 249 |     pub fn exists(&self) -> bool {
[INFO] [stderr]     |            ^^^^^^
[INFO] [stderr] ...
[INFO] [stderr] 258 |     pub async fn save_schema(&self, schema: &Schema) {
[INFO] [stderr]     |                  ^^^^^^^^^^^
[INFO] [stderr] 
[INFO] [stderr] warning: enum `ParseResult` is never used
[INFO] [stderr]   --> src/format.rs:63:6
[INFO] [stderr]    |
[INFO] [stderr] 63 | enum ParseResult {
[INFO] [stderr]    |      ^^^^^^^^^^^
[INFO] [stderr] 
[INFO] [stderr] warning: method `to_string` is never used
[INFO] [stderr]   --> src/helper.rs:35:8
[INFO] [stderr]    |
[INFO] [stderr] 34 | pub trait PathHelper {
[INFO] [stderr]    |           ---------- method in this trait
[INFO] [stderr] 35 |     fn to_string(&self) -> String;
[INFO] [stderr]    |        ^^^^^^^^^
[INFO] [stderr] 
[INFO] [stderr] warning: methods `to_path` and `to_string` are never used
[INFO] [stderr]   --> src/helper.rs:41:8
[INFO] [stderr]    |
[INFO] [stderr] 40 | pub trait StringHelper {
[INFO] [stderr]    |           ------------ methods in this trait
[INFO] [stderr] 41 |     fn to_path(&self) -> PathBuf;
[INFO] [stderr]    |        ^^^^^^^
[INFO] [stderr] 42 |     fn to_string(&self) -> String;
[INFO] [stderr]    |        ^^^^^^^^^
[INFO] [stderr] 
[INFO] [stderr] warning: method `to_format` is never used
[INFO] [stderr]   --> src/schema.rs:29:12
[INFO] [stderr]    |
[INFO] [stderr] 28 | impl Schema {
[INFO] [stderr]    | ----------- method in this implementation
[INFO] [stderr] 29 |     pub fn to_format(&self) -> String {
[INFO] [stderr]    |            ^^^^^^^^^
[INFO] [stderr] 
[INFO] [stderr] warning: method `to_format` is never used
[INFO] [stderr]   --> src/schema.rs:62:12
[INFO] [stderr]    |
[INFO] [stderr] 61 | impl Field {
[INFO] [stderr]    | ---------- method in this implementation
[INFO] [stderr] 62 |     pub fn to_format(&self) -> String {
[INFO] [stderr]    |            ^^^^^^^^^
[INFO] [stderr] 
[INFO] [stderr] warning: method `to_string` is never used
[INFO] [stderr]    --> src/schema.rs:191:12
[INFO] [stderr]     |
[INFO] [stderr] 180 | impl ConfigDatatype {
[INFO] [stderr]     | ------------------- method in this implementation
[INFO] [stderr] ...
[INFO] [stderr] 191 |     pub fn to_string(&self) -> String {
[INFO] [stderr]     |            ^^^^^^^^^
[INFO] [stderr] 
[INFO] [stderr] warning: method `insert` is never used
[INFO] [stderr]    --> src/schema.rs:334:8
[INFO] [stderr]     |
[INFO] [stderr] 207 | impl SchemaList {
[INFO] [stderr]     | --------------- method in this implementation
[INFO] [stderr] ...
[INFO] [stderr] 334 |     fn insert(&mut self, schema: Schema) {
[INFO] [stderr]     |        ^^^^^^
[INFO] [stderr] 
[INFO] [stderr] warning: enum `Operation` is never used
[INFO] [stderr]  --> src/search.rs:5:6
[INFO] [stderr]   |
[INFO] [stderr] 5 | enum Operation {
[INFO] [stderr]   |      ^^^^^^^^^
[INFO] [stderr] 
[INFO] [stderr] warning: variant `SchemaError` is never constructed
[INFO] [stderr]   --> src/error.rs:16:5
[INFO] [stderr]    |
[INFO] [stderr] 6  | pub enum FOError {
[INFO] [stderr]    |          ------- variant in this enum
[INFO] [stderr] ...
[INFO] [stderr] 16 |     SchemaError(String),
[INFO] [stderr]    |     ^^^^^^^^^^^
[INFO] [stderr]    |
[INFO] [stderr]    = note: `FOError` has a derived impl for the trait `Debug`, but this is intentionally ignored during dead code analysis
[INFO] [stderr] 
[INFO] [stderr] warning: unused `Result` that must be used
[INFO] [stderr]    --> src/parser/format.rs:122:5
[INFO] [stderr]     |
[INFO] [stderr] 122 |     dbg!(result);
[INFO] [stderr]     |     ^^^^^^^^^^^^
[INFO] [stderr]     |
[INFO] [stderr]     = note: this `Result` may be an `Err` variant, which should be handled
[INFO] [stderr]     = note: `#[warn(unused_must_use)]` on by default
[INFO] [stderr]     = note: this warning originates in the macro `dbg` (in Nightly builds, run with -Z macro-backtrace for more info)
[INFO] [stderr] 
[INFO] [stderr] warning: unused `Result` that must be used
[INFO] [stderr]    --> src/parser/format.rs:125:5
[INFO] [stderr]     |
[INFO] [stderr] 125 |     dbg!(result);
[INFO] [stderr]     |     ^^^^^^^^^^^^
[INFO] [stderr]     |
[INFO] [stderr]     = note: this `Result` may be an `Err` variant, which should be handled
[INFO] [stderr]     = note: this warning originates in the macro `dbg` (in Nightly builds, run with -Z macro-backtrace for more info)
[INFO] [stderr] 
[INFO] [stderr] warning: unused `Result` that must be used
[INFO] [stderr]    --> src/parser/format.rs:128:5
[INFO] [stderr]     |
[INFO] [stderr] 128 |     dbg!(result);
[INFO] [stderr]     |     ^^^^^^^^^^^^
[INFO] [stderr]     |
[INFO] [stderr]     = note: this `Result` may be an `Err` variant, which should be handled
[INFO] [stderr]     = note: this warning originates in the macro `dbg` (in Nightly builds, run with -Z macro-backtrace for more info)
[INFO] [stderr] 
[INFO] [stderr] warning: unused `Result` that must be used
[INFO] [stderr]    --> src/parser/format.rs:131:5
[INFO] [stderr]     |
[INFO] [stderr] 131 |     dbg!(result);
[INFO] [stderr]     |     ^^^^^^^^^^^^
[INFO] [stderr]     |
[INFO] [stderr]     = note: this `Result` may be an `Err` variant, which should be handled
[INFO] [stderr]     = note: this warning originates in the macro `dbg` (in Nightly builds, run with -Z macro-backtrace for more info)
[INFO] [stderr] 
[INFO] [stderr] warning: `picofo` (bin "picofo" test) generated 37 warnings (run `cargo fix --bin "picofo" --tests` to apply 17 suggestions)
[INFO] [stderr]     Finished `test` profile [unoptimized + debuginfo] target(s) in 0.30s
[INFO] [stderr]      Running unittests src/main.rs (/opt/rustwide/target/debug/deps/picofo-e48f6d14d6c30774)
[INFO] [stdout] 
[INFO] [stdout] running 19 tests
[INFO] [stdout] test format::test_formatstring ... ok
[INFO] [stdout] test format::test_parser ... ok
[INFO] [stdout] test config_reader::test_meta ... ok
[INFO] [stdout] test helper::test_field_dot_list ... ok
[INFO] [stdout] test helper::test_read_config ... ok
[INFO] [stdout] test mover::test_text_match ... ok
[INFO] [stdout] test parser::format::test_parser ... ok
[INFO] [stdout] test config_reader::test_combine ... ok
[INFO] [stdout] test mover::test_mover ... ok
[INFO] [stdout] test schema::generate_string_test ... ok
[INFO] [stdout] test config_reader::test_yaml ... ok
[INFO] [stdout] test helper::test_cutter ... FAILED
[INFO] [stdout] test schema::fit_test ... ok
[INFO] [stdout] test db::db_test ... FAILED
[INFO] [stdout] test indexer::test_struct ... FAILED
[INFO] [stdout] test mover::test_prune ... FAILED
[INFO] [stdout] test db::children_test ... FAILED
[INFO] [stdout] test schema::test_parse ... ok
[INFO] [stdout] test mover::finder_test ... ok
[INFO] [stdout] 
[INFO] [stdout] failures:
[INFO] [stdout] 
[INFO] [stdout] ---- helper::test_cutter stdout ----
[INFO] [stdout] thread 'helper::test_cutter' panicked at src/helper.rs:193:5:
[INFO] [stdout] assertion `left == right` failed
[INFO] [stdout]   left: "./"
[INFO] [stdout]  right: "./2/3/4"
[INFO] [stdout] stack backtrace:
[INFO] [stdout]    0:     0x627ad8c5456a - std::backtrace_rs::backtrace::libunwind::trace::h5a5b8284f2d0c266
[INFO] [stdout]                                at /rustc/90b35a6239c3d8bdabc530a6a0816f7ff89a0aaf/library/std/src/../../backtrace/src/backtrace/libunwind.rs:116:5
[INFO] [stdout]    1:     0x627ad8c5456a - std::backtrace_rs::backtrace::trace_unsynchronized::h76d4f1c9b0b875e3
[INFO] [stdout]                                at /rustc/90b35a6239c3d8bdabc530a6a0816f7ff89a0aaf/library/std/src/../../backtrace/src/backtrace/mod.rs:66:5
[INFO] [stdout]    2:     0x627ad8c5456a - std::sys::backtrace::_print_fmt::hc4546b8364a537c6
[INFO] [stdout]                                at /rustc/90b35a6239c3d8bdabc530a6a0816f7ff89a0aaf/library/std/src/sys/backtrace.rs:66:9
[INFO] [stdout]    3:     0x627ad8c5456a - <std::sys::backtrace::BacktraceLock::print::DisplayBacktrace as core::fmt::Display>::fmt::h5b6bd5631a6d1f6b
[INFO] [stdout]                                at /rustc/90b35a6239c3d8bdabc530a6a0816f7ff89a0aaf/library/std/src/sys/backtrace.rs:39:26
[INFO] [stdout]    4:     0x627ad8c7d783 - core::fmt::rt::Argument::fmt::h270f6602a2b96f62
[INFO] [stdout]                                at /rustc/90b35a6239c3d8bdabc530a6a0816f7ff89a0aaf/library/core/src/fmt/rt.rs:177:76
[INFO] [stdout]    5:     0x627ad8c7d783 - core::fmt::write::h7550c97b06c86515
[INFO] [stdout]                                at /rustc/90b35a6239c3d8bdabc530a6a0816f7ff89a0aaf/library/core/src/fmt/mod.rs:1186:21
[INFO] [stdout]    6:     0x627ad8c51253 - std::io::Write::write_fmt::h509ff860e5956e5e
[INFO] [stdout]                                at /rustc/90b35a6239c3d8bdabc530a6a0816f7ff89a0aaf/library/std/src/io/mod.rs:1839:15
[INFO] [stdout]    7:     0x627ad8c543b2 - std::sys::backtrace::BacktraceLock::print::h2395ccd2c84ba3aa
[INFO] [stdout]                                at /rustc/90b35a6239c3d8bdabc530a6a0816f7ff89a0aaf/library/std/src/sys/backtrace.rs:42:9
[INFO] [stdout]    8:     0x627ad8c559ca - std::panicking::default_hook::{{closure}}::he19d4c7230e07961
[INFO] [stdout]                                at /rustc/90b35a6239c3d8bdabc530a6a0816f7ff89a0aaf/library/std/src/panicking.rs:268:22
[INFO] [stdout]    9:     0x627ad8c557d4 - std::panicking::default_hook::hf614597d3c67bbdb
[INFO] [stdout]                                at /rustc/90b35a6239c3d8bdabc530a6a0816f7ff89a0aaf/library/std/src/panicking.rs:292:9
[INFO] [stdout]   10:     0x627ad871d819 - <alloc::boxed::Box<F,A> as core::ops::function::Fn<Args>>::call::h39b51ce4599c23d1
[INFO] [stdout]                                at /rustc/90b35a6239c3d8bdabc530a6a0816f7ff89a0aaf/library/alloc/src/boxed.rs:2468:9
[INFO] [stdout]   11:     0x627ad871d819 - test::test_main::{{closure}}::he977ae839a582784
[INFO] [stdout]                                at /rustc/90b35a6239c3d8bdabc530a6a0816f7ff89a0aaf/library/test/src/lib.rs:133:21
[INFO] [stdout]   12:     0x627ad8c56068 - <alloc::boxed::Box<F,A> as core::ops::function::Fn<Args>>::call::h9455091b6b06f9fb
[INFO] [stdout]                                at /rustc/90b35a6239c3d8bdabc530a6a0816f7ff89a0aaf/library/alloc/src/boxed.rs:2468:9
[INFO] [stdout]   13:     0x627ad8c56068 - std::panicking::rust_panic_with_hook::h8942133a8b252070
[INFO] [stdout]                                at /rustc/90b35a6239c3d8bdabc530a6a0816f7ff89a0aaf/library/std/src/panicking.rs:809:13
[INFO] [stdout]   14:     0x627ad8c55e2a - std::panicking::begin_panic_handler::{{closure}}::hb5f5963570096b29
[INFO] [stdout]                                at /rustc/90b35a6239c3d8bdabc530a6a0816f7ff89a0aaf/library/std/src/panicking.rs:674:13
[INFO] [stdout]   15:     0x627ad8c54a49 - std::sys::backtrace::__rust_end_short_backtrace::h6208cedc1922feda
[INFO] [stdout]                                at /rustc/90b35a6239c3d8bdabc530a6a0816f7ff89a0aaf/library/std/src/sys/backtrace.rs:170:18
[INFO] [stdout]   16:     0x627ad8c55abc - rust_begin_unwind
[INFO] [stdout]                                at /rustc/90b35a6239c3d8bdabc530a6a0816f7ff89a0aaf/library/std/src/panicking.rs:665:5
[INFO] [stdout]   17:     0x627ad85ff350 - core::panicking::panic_fmt::h0c3082644d1bf418
[INFO] [stdout]                                at /rustc/90b35a6239c3d8bdabc530a6a0816f7ff89a0aaf/library/core/src/panicking.rs:74:14
[INFO] [stdout]   18:     0x627ad85ff7b5 - core::panicking::assert_failed_inner::h2ddf1fcc067fa858
[INFO] [stdout]   19:     0x627ad866d558 - core::panicking::assert_failed::hbe5f9bc34fc1079d
[INFO] [stdout]                                at /rustc/90b35a6239c3d8bdabc530a6a0816f7ff89a0aaf/library/core/src/panicking.rs:367:5
[INFO] [stdout]   20:     0x627ad865cf13 - picofo::helper::test_cutter::hf13f76ed0bbb0a0c
[INFO] [stdout]                                at /opt/rustwide/workdir/src/helper.rs:193:5
[INFO] [stdout]   21:     0x627ad865ccd7 - picofo::helper::test_cutter::{{closure}}::h24a54c2feb19d7e8
[INFO] [stdout]                                at /opt/rustwide/workdir/src/helper.rs:185:17
[INFO] [stdout]   22:     0x627ad8622b66 - core::ops::function::FnOnce::call_once::ha4bde8bafa74810d
[INFO] [stdout]                                at /rustc/90b35a6239c3d8bdabc530a6a0816f7ff89a0aaf/library/core/src/ops/function.rs:250:5
[INFO] [stdout]   23:     0x627ad87221db - core::ops::function::FnOnce::call_once::h109cf8051a59b34e
[INFO] [stdout]                                at /rustc/90b35a6239c3d8bdabc530a6a0816f7ff89a0aaf/library/core/src/ops/function.rs:250:5
[INFO] [stdout]   24:     0x627ad87221db - test::__rust_begin_short_backtrace::hf4fff89d377446ba
[INFO] [stdout]                                at /rustc/90b35a6239c3d8bdabc530a6a0816f7ff89a0aaf/library/test/src/lib.rs:621:18
[INFO] [stdout]   25:     0x627ad8721a17 - test::run_test_in_process::{{closure}}::h0e39181dd7ee5a43
[INFO] [stdout]                                at /rustc/90b35a6239c3d8bdabc530a6a0816f7ff89a0aaf/library/test/src/lib.rs:644:60
[INFO] [stdout]   26:     0x627ad8721a17 - <core::panic::unwind_safe::AssertUnwindSafe<F> as core::ops::function::FnOnce<()>>::call_once::hc5a66a30f0bdfd1f
[INFO] [stdout]                                at /rustc/90b35a6239c3d8bdabc530a6a0816f7ff89a0aaf/library/core/src/panic/unwind_safe.rs:272:9
[INFO] [stdout]   27:     0x627ad8721a17 - std::panicking::try::do_call::h873b7cf639554a5e
[INFO] [stdout]                                at /rustc/90b35a6239c3d8bdabc530a6a0816f7ff89a0aaf/library/std/src/panicking.rs:557:40
[INFO] [stdout]   28:     0x627ad8721a17 - std::panicking::try::hdb19862fad9c8bd1
[INFO] [stdout]                                at /rustc/90b35a6239c3d8bdabc530a6a0816f7ff89a0aaf/library/std/src/panicking.rs:520:19
[INFO] [stdout]   29:     0x627ad8721a17 - std::panic::catch_unwind::h281fe732d236d260
[INFO] [stdout]                                at /rustc/90b35a6239c3d8bdabc530a6a0816f7ff89a0aaf/library/std/src/panic.rs:358:14
[INFO] [stdout]   30:     0x627ad8721a17 - test::run_test_in_process::h949b6df8457ed338
[INFO] [stdout]                                at /rustc/90b35a6239c3d8bdabc530a6a0816f7ff89a0aaf/library/test/src/lib.rs:644:27
[INFO] [stdout]   31:     0x627ad8721a17 - test::run_test::{{closure}}::h52c556a6d4740e10
[INFO] [stdout]                                at /rustc/90b35a6239c3d8bdabc530a6a0816f7ff89a0aaf/library/test/src/lib.rs:565:43
[INFO] [stdout]   32:     0x627ad86e6cf4 - test::run_test::{{closure}}::h4237f6381c45ccb9
[INFO] [stdout]                                at /rustc/90b35a6239c3d8bdabc530a6a0816f7ff89a0aaf/library/test/src/lib.rs:595:41
[INFO] [stdout]   33:     0x627ad86e6cf4 - std::sys::backtrace::__rust_begin_short_backtrace::h505c97a579eca628
[INFO] [stdout]                                at /rustc/90b35a6239c3d8bdabc530a6a0816f7ff89a0aaf/library/std/src/sys/backtrace.rs:154:18
[INFO] [stdout]   34:     0x627ad86ea3be - std::thread::Builder::spawn_unchecked_::{{closure}}::{{closure}}::h9e86b2e2bc107ea3
[INFO] [stdout]                                at /rustc/90b35a6239c3d8bdabc530a6a0816f7ff89a0aaf/library/std/src/thread/mod.rs:538:17
[INFO] [stdout]   35:     0x627ad86ea3be - <core::panic::unwind_safe::AssertUnwindSafe<F> as core::ops::function::FnOnce<()>>::call_once::h8b06ddb275ff4a25
[INFO] [stdout]                                at /rustc/90b35a6239c3d8bdabc530a6a0816f7ff89a0aaf/library/core/src/panic/unwind_safe.rs:272:9
[INFO] [stdout]   36:     0x627ad86ea3be - std::panicking::try::do_call::hb26ecd7cd9a9355d
[INFO] [stdout]                                at /rustc/90b35a6239c3d8bdabc530a6a0816f7ff89a0aaf/library/std/src/panicking.rs:557:40
[INFO] [stdout]   37:     0x627ad86ea3be - std::panicking::try::h8ddeca9d705f9069
[INFO] [stdout]                                at /rustc/90b35a6239c3d8bdabc530a6a0816f7ff89a0aaf/library/std/src/panicking.rs:520:19
[INFO] [stdout]   38:     0x627ad86ea3be - std::panic::catch_unwind::h49e1c33078844c46
[INFO] [stdout]                                at /rustc/90b35a6239c3d8bdabc530a6a0816f7ff89a0aaf/library/std/src/panic.rs:358:14
[INFO] [stdout]   39:     0x627ad86ea3be - std::thread::Builder::spawn_unchecked_::{{closure}}::h6073db6ff56ad35d
[INFO] [stdout]                                at /rustc/90b35a6239c3d8bdabc530a6a0816f7ff89a0aaf/library/std/src/thread/mod.rs:537:30
[INFO] [stdout]   40:     0x627ad86ea3be - core::ops::function::FnOnce::call_once{{vtable.shim}}::h2c5a5f3779c774f1
[INFO] [stdout]                                at /rustc/90b35a6239c3d8bdabc530a6a0816f7ff89a0aaf/library/core/src/ops/function.rs:250:5
[INFO] [stdout]   41:     0x627ad8c5a28b - <alloc::boxed::Box<F,A> as core::ops::function::FnOnce<Args>>::call_once::hf75717d9f28faebf
[INFO] [stdout]                                at /rustc/90b35a6239c3d8bdabc530a6a0816f7ff89a0aaf/library/alloc/src/boxed.rs:2454:9
[INFO] [stdout]   42:     0x627ad8c5a28b - <alloc::boxed::Box<F,A> as core::ops::function::FnOnce<Args>>::call_once::h7bd883a5f3c5f3c1
[INFO] [stdout]                                at /rustc/90b35a6239c3d8bdabc530a6a0816f7ff89a0aaf/library/alloc/src/boxed.rs:2454:9
[INFO] [stdout]   43:     0x627ad8c5a28b - std::sys::pal::unix::thread::Thread::new::thread_start::hcc78f3943333fa94
[INFO] [stdout]                                at /rustc/90b35a6239c3d8bdabc530a6a0816f7ff89a0aaf/library/std/src/sys/pal/unix/thread.rs:105:17
[INFO] [stdout]   44:     0x74cf2acecac3 - <unknown>
[INFO] [stdout]   45:     0x74cf2ad7da04 - clone
[INFO] [stdout]   46:                0x0 - <unknown>
[INFO] [stdout] 
[INFO] [stdout] ---- db::db_test stdout ----
[INFO] [stdout] [src/db.rs:45:9] &path.as_ref() = "./testdir"
[INFO] [stdout] connecting to sqlite://./testdir/fo.db
[INFO] [stdout] thread 'db::db_test' panicked at src/db.rs:281:51:
[INFO] [stdout] called `Result::unwrap()` on an `Err` value: Database(SqliteError { code: 14, message: "unable to open database file" })
[INFO] [stdout] stack backtrace:
[INFO] [stdout]    0:     0x627ad8c5456a - std::backtrace_rs::backtrace::libunwind::trace::h5a5b8284f2d0c266
[INFO] [stdout]                                at /rustc/90b35a6239c3d8bdabc530a6a0816f7ff89a0aaf/library/std/src/../../backtrace/src/backtrace/libunwind.rs:116:5
[INFO] [stdout]    1:     0x627ad8c5456a - std::backtrace_rs::backtrace::trace_unsynchronized::h76d4f1c9b0b875e3
[INFO] [stdout]                                at /rustc/90b35a6239c3d8bdabc530a6a0816f7ff89a0aaf/library/std/src/../../backtrace/src/backtrace/mod.rs:66:5
[INFO] [stdout]    2:     0x627ad8c5456a - std::sys::backtrace::_print_fmt::hc4546b8364a537c6
[INFO] [stdout]                                at /rustc/90b35a6239c3d8bdabc530a6a0816f7ff89a0aaf/library/std/src/sys/backtrace.rs:66:9
[INFO] [stdout]    3:     0x627ad8c5456a - <std::sys::backtrace::BacktraceLock::print::DisplayBacktrace as core::fmt::Display>::fmt::h5b6bd5631a6d1f6b
[INFO] [stdout]                                at /rustc/90b35a6239c3d8bdabc530a6a0816f7ff89a0aaf/library/std/src/sys/backtrace.rs:39:26
[INFO] [stdout]    4:     0x627ad8c7d783 - core::fmt::rt::Argument::fmt::h270f6602a2b96f62
[INFO] [stdout]                                at /rustc/90b35a6239c3d8bdabc530a6a0816f7ff89a0aaf/library/core/src/fmt/rt.rs:177:76
[INFO] [stdout]    5:     0x627ad8c7d783 - core::fmt::write::h7550c97b06c86515
[INFO] [stdout]                                at /rustc/90b35a6239c3d8bdabc530a6a0816f7ff89a0aaf/library/core/src/fmt/mod.rs:1186:21
[INFO] [stdout]    6:     0x627ad8c51253 - std::io::Write::write_fmt::h509ff860e5956e5e
[INFO] [stdout]                                at /rustc/90b35a6239c3d8bdabc530a6a0816f7ff89a0aaf/library/std/src/io/mod.rs:1839:15
[INFO] [stdout]    7:     0x627ad8c543b2 - std::sys::backtrace::BacktraceLock::print::h2395ccd2c84ba3aa
[INFO] [stdout]                                at /rustc/90b35a6239c3d8bdabc530a6a0816f7ff89a0aaf/library/std/src/sys/backtrace.rs:42:9
[INFO] [stdout]    8:     0x627ad8c559ca - std::panicking::default_hook::{{closure}}::he19d4c7230e07961
[INFO] [stdout]                                at /rustc/90b35a6239c3d8bdabc530a6a0816f7ff89a0aaf/library/std/src/panicking.rs:268:22
[INFO] [stdout]    9:     0x627ad8c557d4 - std::panicking::default_hook::hf614597d3c67bbdb
[INFO] [stdout]                                at /rustc/90b35a6239c3d8bdabc530a6a0816f7ff89a0aaf/library/std/src/panicking.rs:292:9
[INFO] [stdout]   10:     0x627ad871d819 - <alloc::boxed::Box<F,A> as core::ops::function::Fn<Args>>::call::h39b51ce4599c23d1
[INFO] [stdout]                                at /rustc/90b35a6239c3d8bdabc530a6a0816f7ff89a0aaf/library/alloc/src/boxed.rs:2468:9
[INFO] [stdout]   11:     0x627ad871d819 - test::test_main::{{closure}}::he977ae839a582784
[INFO] [stdout]                                at /rustc/90b35a6239c3d8bdabc530a6a0816f7ff89a0aaf/library/test/src/lib.rs:133:21
[INFO] [stdout]   12:     0x627ad8c56068 - <alloc::boxed::Box<F,A> as core::ops::function::Fn<Args>>::call::h9455091b6b06f9fb
[INFO] [stdout]                                at /rustc/90b35a6239c3d8bdabc530a6a0816f7ff89a0aaf/library/alloc/src/boxed.rs:2468:9
[INFO] [stdout]   13:     0x627ad8c56068 - std::panicking::rust_panic_with_hook::h8942133a8b252070
[INFO] [stdout]                                at /rustc/90b35a6239c3d8bdabc530a6a0816f7ff89a0aaf/library/std/src/panicking.rs:809:13
[INFO] [stdout]   14:     0x627ad8c55e2a - std::panicking::begin_panic_handler::{{closure}}::hb5f5963570096b29
[INFO] [stdout]                                at /rustc/90b35a6239c3d8bdabc530a6a0816f7ff89a0aaf/library/std/src/panicking.rs:674:13
[INFO] [stdout]   15:     0x627ad8c54a49 - std::sys::backtrace::__rust_end_short_backtrace::h6208cedc1922feda
[INFO] [stdout]                                at /rustc/90b35a6239c3d8bdabc530a6a0816f7ff89a0aaf/library/std/src/sys/backtrace.rs:170:18
[INFO] [stdout]   16:     0x627ad8c55abc - rust_begin_unwind
[INFO] [stdout]                                at /rustc/90b35a6239c3d8bdabc530a6a0816f7ff89a0aaf/library/std/src/panicking.rs:665:5
[INFO] [stdout]   17:     0x627ad85ff350 - core::panicking::panic_fmt::h0c3082644d1bf418
[INFO] [stdout]                                at /rustc/90b35a6239c3d8bdabc530a6a0816f7ff89a0aaf/library/core/src/panicking.rs:74:14
[INFO] [stdout]   18:     0x627ad85ff836 - core::result::unwrap_failed::hd20b4aa073bda1e2
[INFO] [stdout]                                at /rustc/90b35a6239c3d8bdabc530a6a0816f7ff89a0aaf/library/core/src/result.rs:1700:5
[INFO] [stdout]   19:     0x627ad86d6809 - core::result::Result<T,E>::unwrap::hfe68b97b04562551
[INFO] [stdout]                                at /rustc/90b35a6239c3d8bdabc530a6a0816f7ff89a0aaf/library/core/src/result.rs:1104:23
[INFO] [stdout]   20:     0x627ad86d6809 - picofo::db::db_test::{{closure}}::ha1d312ffb84e46b8
[INFO] [stdout]                                at /opt/rustwide/workdir/src/db.rs:281:18
[INFO] [stdout]   21:     0x627ad86666d2 - <async_std::task::builder::SupportTaskLocals<F> as core::future::future::Future>::poll::{{closure}}::h2ac85c64e7ebbf5a
[INFO] [stdout]                                at /opt/rustwide/cargo-home/registry/src/index.crates.io-6f17d22bba15001f/async-std-1.12.0/src/task/builder.rs:199:17
[INFO] [stdout]   22:     0x627ad86a5f7c - async_std::task::task_locals_wrapper::TaskLocalsWrapper::set_current::{{closure}}::ha5b76ec1eb69488a
[INFO] [stdout]                                at /opt/rustwide/cargo-home/registry/src/index.crates.io-6f17d22bba15001f/async-std-1.12.0/src/task/task_locals_wrapper.rs:60:13
[INFO] [stdout]   23:     0x627ad8688eaa - std::thread::local::LocalKey<T>::try_with::hba4d149e58ac533f
[INFO] [stdout]                                at /rustc/90b35a6239c3d8bdabc530a6a0816f7ff89a0aaf/library/std/src/thread/local.rs:283:12
[INFO] [stdout]   24:     0x627ad868742a - std::thread::local::LocalKey<T>::with::hb25ab9eeef2bd564
[INFO] [stdout]                                at /rustc/90b35a6239c3d8bdabc530a6a0816f7ff89a0aaf/library/std/src/thread/local.rs:260:9
[INFO] [stdout]   25:     0x627ad86a5a98 - async_std::task::task_locals_wrapper::TaskLocalsWrapper::set_current::he255d56b7fdf6121
[INFO] [stdout]                                at /opt/rustwide/cargo-home/registry/src/index.crates.io-6f17d22bba15001f/async-std-1.12.0/src/task/task_locals_wrapper.rs:55:9
[INFO] [stdout]   26:     0x627ad866660a - <async_std::task::builder::SupportTaskLocals<F> as core::future::future::Future>::poll::hc99a50ebc04af21b
[INFO] [stdout]                                at /opt/rustwide/cargo-home/registry/src/index.crates.io-6f17d22bba15001f/async-std-1.12.0/src/task/builder.rs:197:13
[INFO] [stdout]   27:     0x627ad86a4864 - <futures_lite::future::Or<F1,F2> as core::future::future::Future>::poll::h5d1499f378fcde1c
[INFO] [stdout]                                at /opt/rustwide/cargo-home/registry/src/index.crates.io-6f17d22bba15001f/futures-lite-1.12.0/src/future.rs:526:33
[INFO] [stdout]   28:     0x627ad862ec46 - async_executor::Executor::run::{{closure}}::h643dbe7ee3d3315a
[INFO] [stdout]                                at /opt/rustwide/cargo-home/registry/src/index.crates.io-6f17d22bba15001f/async-executor-1.5.0/src/lib.rs:237:32
[INFO] [stdout]   29:     0x627ad862e473 - async_executor::LocalExecutor::run::{{closure}}::he30741dcb29b01ed
[INFO] [stdout]                                at /opt/rustwide/cargo-home/registry/src/index.crates.io-6f17d22bba15001f/async-executor-1.5.0/src/lib.rs:436:34
[INFO] [stdout]   30:     0x627ad8694409 - async_io::driver::block_on::h047d8d97811f891d
[INFO] [stdout]                                at /opt/rustwide/cargo-home/registry/src/index.crates.io-6f17d22bba15001f/async-io-1.12.0/src/driver.rs:146:33
[INFO] [stdout]   31:     0x627ad86dc9d2 - async_global_executor::reactor::block_on::{{closure}}::hf7ced69521c84445
[INFO] [stdout]                                at /opt/rustwide/cargo-home/registry/src/index.crates.io-6f17d22bba15001f/async-global-executor-2.3.1/src/reactor.rs:3:18
[INFO] [stdout]   32:     0x627ad86dc912 - async_global_executor::reactor::block_on::h6c63b6a909175836
[INFO] [stdout]                                at /opt/rustwide/cargo-home/registry/src/index.crates.io-6f17d22bba15001f/async-global-executor-2.3.1/src/reactor.rs:12:5
[INFO] [stdout]   33:     0x627ad86aa11b - async_global_executor::executor::block_on::{{closure}}::hee2cddd5ce91fc5a
[INFO] [stdout]                                at /opt/rustwide/cargo-home/registry/src/index.crates.io-6f17d22bba15001f/async-global-executor-2.3.1/src/executor.rs:26:36
[INFO] [stdout]   34:     0x627ad86886e7 - std::thread::local::LocalKey<T>::try_with::h8308c3f2d7574fdc
[INFO] [stdout]                                at /rustc/90b35a6239c3d8bdabc530a6a0816f7ff89a0aaf/library/std/src/thread/local.rs:283:12
[INFO] [stdout]   35:     0x627ad868734a - std::thread::local::LocalKey<T>::with::ha38789be3fd06d56
[INFO] [stdout]                                at /rustc/90b35a6239c3d8bdabc530a6a0816f7ff89a0aaf/library/std/src/thread/local.rs:260:9
[INFO] [stdout]   36:     0x627ad86a9f9a - async_global_executor::executor::block_on::hc3b7f17cd2e727cc
[INFO] [stdout]                                at /opt/rustwide/cargo-home/registry/src/index.crates.io-6f17d22bba15001f/async-global-executor-2.3.1/src/executor.rs:26:5
[INFO] [stdout]   37:     0x627ad8675a7f - async_std::task::builder::Builder::blocking::{{closure}}::{{closure}}::h151aa6431d031849
[INFO] [stdout]                                at /opt/rustwide/cargo-home/registry/src/index.crates.io-6f17d22bba15001f/async-std-1.12.0/src/task/builder.rs:171:25
[INFO] [stdout]   38:     0x627ad86a5c9a - async_std::task::task_locals_wrapper::TaskLocalsWrapper::set_current::{{closure}}::h33a48ffc834a2dd1
[INFO] [stdout]                                at /opt/rustwide/cargo-home/registry/src/index.crates.io-6f17d22bba15001f/async-std-1.12.0/src/task/task_locals_wrapper.rs:60:13
[INFO] [stdout]   39:     0x627ad8687e75 - std::thread::local::LocalKey<T>::try_with::h3a60cb884d9fb0ae
[INFO] [stdout]                                at /rustc/90b35a6239c3d8bdabc530a6a0816f7ff89a0aaf/library/std/src/thread/local.rs:283:12
[INFO] [stdout]   40:     0x627ad86873fa - std::thread::local::LocalKey<T>::with::hb0fc82ed6a94e2ab
[INFO] [stdout]                                at /rustc/90b35a6239c3d8bdabc530a6a0816f7ff89a0aaf/library/std/src/thread/local.rs:260:9
[INFO] [stdout]   41:     0x627ad86a5a0a - async_std::task::task_locals_wrapper::TaskLocalsWrapper::set_current::hc65a82ab6958d6f1
[INFO] [stdout]                                at /opt/rustwide/cargo-home/registry/src/index.crates.io-6f17d22bba15001f/async-std-1.12.0/src/task/task_locals_wrapper.rs:55:9
[INFO] [stdout]   42:     0x627ad86759be - async_std::task::builder::Builder::blocking::{{closure}}::hdad6327d785a7b26
[INFO] [stdout]                                at /opt/rustwide/cargo-home/registry/src/index.crates.io-6f17d22bba15001f/async-std-1.12.0/src/task/builder.rs:168:17
[INFO] [stdout]   43:     0x627ad8687b97 - std::thread::local::LocalKey<T>::try_with::h15f1c967c5fee703
[INFO] [stdout]                                at /rustc/90b35a6239c3d8bdabc530a6a0816f7ff89a0aaf/library/std/src/thread/local.rs:283:12
[INFO] [stdout]   44:     0x627ad86875fa - std::thread::local::LocalKey<T>::with::hf410c1226352016e
[INFO] [stdout]                                at /rustc/90b35a6239c3d8bdabc530a6a0816f7ff89a0aaf/library/std/src/thread/local.rs:260:9
[INFO] [stdout]   45:     0x627ad8675457 - async_std::task::builder::Builder::blocking::hf295d21127e6037b
[INFO] [stdout]                                at /opt/rustwide/cargo-home/registry/src/index.crates.io-6f17d22bba15001f/async-std-1.12.0/src/task/builder.rs:161:9
[INFO] [stdout]   46:     0x627ad862af7c - async_std::task::block_on::block_on::h1b8e05aaefcf6483
[INFO] [stdout]                                at /opt/rustwide/cargo-home/registry/src/index.crates.io-6f17d22bba15001f/async-std-1.12.0/src/task/block_on.rs:33:5
[INFO] [stdout]   47:     0x627ad86d6563 - picofo::db::db_test::h4ada5432b5a22160
[INFO] [stdout]                                at /opt/rustwide/workdir/src/db.rs:278:1
[INFO] [stdout]   48:     0x627ad86d6537 - picofo::db::db_test::{{closure}}::hdc6775272d3010f9
[INFO] [stdout]                                at /opt/rustwide/workdir/src/db.rs:278:19
[INFO] [stdout]   49:     0x627ad8621bf6 - core::ops::function::FnOnce::call_once::h0853d156fcfec15e
[INFO] [stdout]                                at /rustc/90b35a6239c3d8bdabc530a6a0816f7ff89a0aaf/library/core/src/ops/function.rs:250:5
[INFO] [stdout]   50:     0x627ad87221db - core::ops::function::FnOnce::call_once::h109cf8051a59b34e
[INFO] [stdout]                                at /rustc/90b35a6239c3d8bdabc530a6a0816f7ff89a0aaf/library/core/src/ops/function.rs:250:5
[INFO] [stdout]   51:     0x627ad87221db - test::__rust_begin_short_backtrace::hf4fff89d377446ba
[INFO] [stdout]                                at /rustc/90b35a6239c3d8bdabc530a6a0816f7ff89a0aaf/library/test/src/lib.rs:621:18
[INFO] [stdout]   52:     0x627ad8721a17 - test::run_test_in_process::{{closure}}::h0e39181dd7ee5a43
[INFO] [stdout]                                at /rustc/90b35a6239c3d8bdabc530a6a0816f7ff89a0aaf/library/test/src/lib.rs:644:60
[INFO] [stdout]   53:     0x627ad8721a17 - <core::panic::unwind_safe::AssertUnwindSafe<F> as core::ops::function::FnOnce<()>>::call_once::hc5a66a30f0bdfd1f
[INFO] [stdout]                                at /rustc/90b35a6239c3d8bdabc530a6a0816f7ff89a0aaf/library/core/src/panic/unwind_safe.rs:272:9
[INFO] [stdout]   54:     0x627ad8721a17 - std::panicking::try::do_call::h873b7cf639554a5e
[INFO] [stdout]                                at /rustc/90b35a6239c3d8bdabc530a6a0816f7ff89a0aaf/library/std/src/panicking.rs:557:40
[INFO] [stdout]   55:     0x627ad8721a17 - std::panicking::try::hdb19862fad9c8bd1
[INFO] [stdout]                                at /rustc/90b35a6239c3d8bdabc530a6a0816f7ff89a0aaf/library/std/src/panicking.rs:520:19
[INFO] [stdout]   56:     0x627ad8721a17 - std::panic::catch_unwind::h281fe732d236d260
[INFO] [stdout]                                at /rustc/90b35a6239c3d8bdabc530a6a0816f7ff89a0aaf/library/std/src/panic.rs:358:14
[INFO] [stdout]   57:     0x627ad8721a17 - test::run_test_in_process::h949b6df8457ed338
[INFO] [stdout]                                at /rustc/90b35a6239c3d8bdabc530a6a0816f7ff89a0aaf/library/test/src/lib.rs:644:27
[INFO] [stdout]   58:     0x627ad8721a17 - test::run_test::{{closure}}::h52c556a6d4740e10
[INFO] [stdout]                                at /rustc/90b35a6239c3d8bdabc530a6a0816f7ff89a0aaf/library/test/src/lib.rs:565:43
[INFO] [stdout]   59:     0x627ad86e6cf4 - test::run_test::{{closure}}::h4237f6381c45ccb9
[INFO] [stdout]                                at /rustc/90b35a6239c3d8bdabc530a6a0816f7ff89a0aaf/library/test/src/lib.rs:595:41
[INFO] [stdout]   60:     0x627ad86e6cf4 - std::sys::backtrace::__rust_begin_short_backtrace::h505c97a579eca628
[INFO] [stdout]                                at /rustc/90b35a6239c3d8bdabc530a6a0816f7ff89a0aaf/library/std/src/sys/backtrace.rs:154:18
[INFO] [stdout]   61:     0x627ad86ea3be - std::thread::Builder::spawn_unchecked_::{{closure}}::{{closure}}::h9e86b2e2bc107ea3
[INFO] [stdout]                                at /rustc/90b35a6239c3d8bdabc530a6a0816f7ff89a0aaf/library/std/src/thread/mod.rs:538:17
[INFO] [stdout]   62:     0x627ad86ea3be - <core::panic::unwind_safe::AssertUnwindSafe<F> as core::ops::function::FnOnce<()>>::call_once::h8b06ddb275ff4a25
[INFO] [stdout]                                at /rustc/90b35a6239c3d8bdabc530a6a0816f7ff89a0aaf/library/core/src/panic/unwind_safe.rs:272:9
[INFO] [stdout]   63:     0x627ad86ea3be - std::panicking::try::do_call::hb26ecd7cd9a9355d
[INFO] [stdout]                                at /rustc/90b35a6239c3d8bdabc530a6a0816f7ff89a0aaf/library/std/src/panicking.rs:557:40
[INFO] [stdout]   64:     0x627ad86ea3be - std::panicking::try::h8ddeca9d705f9069
[INFO] [stdout]                                at /rustc/90b35a6239c3d8bdabc530a6a0816f7ff89a0aaf/library/std/src/panicking.rs:520:19
[INFO] [stdout]   65:     0x627ad86ea3be - std::panic::catch_unwind::h49e1c33078844c46
[INFO] [stdout]                                at /rustc/90b35a6239c3d8bdabc530a6a0816f7ff89a0aaf/library/std/src/panic.rs:358:14
[INFO] [stdout]   66:     0x627ad86ea3be - std::thread::Builder::spawn_unchecked_::{{closure}}::h6073db6ff56ad35d
[INFO] [stdout]                                at /rustc/90b35a6239c3d8bdabc530a6a0816f7ff89a0aaf/library/std/src/thread/mod.rs:537:30
[INFO] [stdout]   67:     0x627ad86ea3be - core::ops::function::FnOnce::call_once{{vtable.shim}}::h2c5a5f3779c774f1
[INFO] [stdout]                                at /rustc/90b35a6239c3d8bdabc530a6a0816f7ff89a0aaf/library/core/src/ops/function.rs:250:5
[INFO] [stdout]   68:     0x627ad8c5a28b - <alloc::boxed::Box<F,A> as core::ops::function::FnOnce<Args>>::call_once::hf75717d9f28faebf
[INFO] [stdout]                                at /rustc/90b35a6239c3d8bdabc530a6a0816f7ff89a0aaf/library/alloc/src/boxed.rs:2454:9
[INFO] [stdout]   69:     0x627ad8c5a28b - <alloc::boxed::Box<F,A> as core::ops::function::FnOnce<Args>>::call_once::h7bd883a5f3c5f3c1
[INFO] [stdout]                                at /rustc/90b35a6239c3d8bdabc530a6a0816f7ff89a0aaf/library/alloc/src/boxed.rs:2454:9
[INFO] [stdout]   70:     0x627ad8c5a28b - std::sys::pal::unix::thread::Thread::new::thread_start::hcc78f3943333fa94
[INFO] [stdout]                                at /rustc/90b35a6239c3d8bdabc530a6a0816f7ff89a0aaf/library/std/src/sys/pal/unix/thread.rs:105:17
[INFO] [stdout]   71:     0x74cf2acecac3 - <unknown>
[INFO] [stdout]   72:     0x74cf2ad7da04 - clone
[INFO] [stdout]   73:                0x0 - <unknown>
[INFO] [stdout] 
[INFO] [stdout] ---- indexer::test_struct stdout ----
[INFO] [stdout] [src/db.rs:45:9] &path.as_ref() = "./testdir"
[INFO] [stdout] connecting to sqlite://./testdir/fo.db
[INFO] [stdout] thread 'indexer::test_struct' panicked at src/indexer.rs:119:51:
[INFO] [stdout] called `Result::unwrap()` on an `Err` value: Database(SqliteError { code: 14, message: "unable to open database file" })
[INFO] [stdout] stack backtrace:
[INFO] [stdout]    0:     0x627ad8c5456a - std::backtrace_rs::backtrace::libunwind::trace::h5a5b8284f2d0c266
[INFO] [stdout]                                at /rustc/90b35a6239c3d8bdabc530a6a0816f7ff89a0aaf/library/std/src/../../backtrace/src/backtrace/libunwind.rs:116:5
[INFO] [stdout]    1:     0x627ad8c5456a - std::backtrace_rs::backtrace::trace_unsynchronized::h76d4f1c9b0b875e3
[INFO] [stdout]                                at /rustc/90b35a6239c3d8bdabc530a6a0816f7ff89a0aaf/library/std/src/../../backtrace/src/backtrace/mod.rs:66:5
[INFO] [stdout]    2:     0x627ad8c5456a - std::sys::backtrace::_print_fmt::hc4546b8364a537c6
[INFO] [stdout]                                at /rustc/90b35a6239c3d8bdabc530a6a0816f7ff89a0aaf/library/std/src/sys/backtrace.rs:66:9
[INFO] [stdout]    3:     0x627ad8c5456a - <std::sys::backtrace::BacktraceLock::print::DisplayBacktrace as core::fmt::Display>::fmt::h5b6bd5631a6d1f6b
[INFO] [stdout]                                at /rustc/90b35a6239c3d8bdabc530a6a0816f7ff89a0aaf/library/std/src/sys/backtrace.rs:39:26
[INFO] [stdout]    4:     0x627ad8c7d783 - core::fmt::rt::Argument::fmt::h270f6602a2b96f62
[INFO] [stdout]                                at /rustc/90b35a6239c3d8bdabc530a6a0816f7ff89a0aaf/library/core/src/fmt/rt.rs:177:76
[INFO] [stdout]    5:     0x627ad8c7d783 - core::fmt::write::h7550c97b06c86515
[INFO] [stdout]                                at /rustc/90b35a6239c3d8bdabc530a6a0816f7ff89a0aaf/library/core/src/fmt/mod.rs:1186:21
[INFO] [stdout]    6:     0x627ad8c51253 - std::io::Write::write_fmt::h509ff860e5956e5e
[INFO] [stdout]                                at /rustc/90b35a6239c3d8bdabc530a6a0816f7ff89a0aaf/library/std/src/io/mod.rs:1839:15
[INFO] [stdout]    7:     0x627ad8c543b2 - std::sys::backtrace::BacktraceLock::print::h2395ccd2c84ba3aa
[INFO] [stdout]                                at /rustc/90b35a6239c3d8bdabc530a6a0816f7ff89a0aaf/library/std/src/sys/backtrace.rs:42:9
[INFO] [stdout]    8:     0x627ad8c559ca - std::panicking::default_hook::{{closure}}::he19d4c7230e07961
[INFO] [stdout]                                at /rustc/90b35a6239c3d8bdabc530a6a0816f7ff89a0aaf/library/std/src/panicking.rs:268:22
[INFO] [stdout]    9:     0x627ad8c557d4 - std::panicking::default_hook::hf614597d3c67bbdb
[INFO] [stdout]                                at /rustc/90b35a6239c3d8bdabc530a6a0816f7ff89a0aaf/library/std/src/panicking.rs:292:9
[INFO] [stdout]   10:     0x627ad871d819 - <alloc::boxed::Box<F,A> as core::ops::function::Fn<Args>>::call::h39b51ce4599c23d1
[INFO] [stdout]                                at /rustc/90b35a6239c3d8bdabc530a6a0816f7ff89a0aaf/library/alloc/src/boxed.rs:2468:9
[INFO] [stdout]   11:     0x627ad871d819 - test::test_main::{{closure}}::he977ae839a582784
[INFO] [stdout]                                at /rustc/90b35a6239c3d8bdabc530a6a0816f7ff89a0aaf/library/test/src/lib.rs:133:21
[INFO] [stdout]   12:     0x627ad8c56068 - <alloc::boxed::Box<F,A> as core::ops::function::Fn<Args>>::call::h9455091b6b06f9fb
[INFO] [stdout]                                at /rustc/90b35a6239c3d8bdabc530a6a0816f7ff89a0aaf/library/alloc/src/boxed.rs:2468:9
[INFO] [stdout]   13:     0x627ad8c56068 - std::panicking::rust_panic_with_hook::h8942133a8b252070
[INFO] [stdout]                                at /rustc/90b35a6239c3d8bdabc530a6a0816f7ff89a0aaf/library/std/src/panicking.rs:809:13
[INFO] [stdout]   14:     0x627ad8c55e2a - std::panicking::begin_panic_handler::{{closure}}::hb5f5963570096b29
[INFO] [stdout]                                at /rustc/90b35a6239c3d8bdabc530a6a0816f7ff89a0aaf/library/std/src/panicking.rs:674:13
[INFO] [stdout]   15:     0x627ad8c54a49 - std::sys::backtrace::__rust_end_short_backtrace::h6208cedc1922feda
[INFO] [stdout]                                at /rustc/90b35a6239c3d8bdabc530a6a0816f7ff89a0aaf/library/std/src/sys/backtrace.rs:170:18
[INFO] [stdout]   16:     0x627ad8c55abc - rust_begin_unwind
[INFO] [stdout]                                at /rustc/90b35a6239c3d8bdabc530a6a0816f7ff89a0aaf/library/std/src/panicking.rs:665:5
[INFO] [stdout]   17:     0x627ad85ff350 - core::panicking::panic_fmt::h0c3082644d1bf418
[INFO] [stdout]                                at /rustc/90b35a6239c3d8bdabc530a6a0816f7ff89a0aaf/library/core/src/panicking.rs:74:14
[INFO] [stdout]   18:     0x627ad85ff836 - core::result::unwrap_failed::hd20b4aa073bda1e2
[INFO] [stdout]                                at /rustc/90b35a6239c3d8bdabc530a6a0816f7ff89a0aaf/library/core/src/result.rs:1700:5
[INFO] [stdout]   19:     0x627ad8665853 - core::result::Result<T,E>::unwrap::hfe68b97b04562551
[INFO] [stdout]                                at /rustc/90b35a6239c3d8bdabc530a6a0816f7ff89a0aaf/library/core/src/result.rs:1104:23
[INFO] [stdout]   20:     0x627ad8665853 - picofo::indexer::test_struct::{{closure}}::he36b7d7340f39839
[INFO] [stdout]                                at /opt/rustwide/workdir/src/indexer.rs:119:18
[INFO] [stdout]   21:     0x627ad8666752 - <async_std::task::builder::SupportTaskLocals<F> as core::future::future::Future>::poll::{{closure}}::h4bb802cf744183aa
[INFO] [stdout]                                at /opt/rustwide/cargo-home/registry/src/index.crates.io-6f17d22bba15001f/async-std-1.12.0/src/task/builder.rs:199:17
[INFO] [stdout]   22:     0x627ad86a5e8c - async_std::task::task_locals_wrapper::TaskLocalsWrapper::set_current::{{closure}}::h765e1fc4e38c54a7
[INFO] [stdout]                                at /opt/rustwide/cargo-home/registry/src/index.crates.io-6f17d22bba15001f/async-std-1.12.0/src/task/task_locals_wrapper.rs:60:13
[INFO] [stdout]   23:     0x627ad8688c5a - std::thread::local::LocalKey<T>::try_with::haae6b43fa0df32c2
[INFO] [stdout]                                at /rustc/90b35a6239c3d8bdabc530a6a0816f7ff89a0aaf/library/std/src/thread/local.rs:283:12
[INFO] [stdout]   24:     0x627ad868712a - std::thread::local::LocalKey<T>::with::h4c92b0aae441cd31
[INFO] [stdout]                                at /rustc/90b35a6239c3d8bdabc530a6a0816f7ff89a0aaf/library/std/src/thread/local.rs:260:9
[INFO] [stdout]   25:     0x627ad86a5978 - async_std::task::task_locals_wrapper::TaskLocalsWrapper::set_current::h85af8cf00e3bd7e5
[INFO] [stdout]                                at /opt/rustwide/cargo-home/registry/src/index.crates.io-6f17d22bba15001f/async-std-1.12.0/src/task/task_locals_wrapper.rs:55:9
[INFO] [stdout]   26:     0x627ad866658a - <async_std::task::builder::SupportTaskLocals<F> as core::future::future::Future>::poll::h148b806141d2636a
[INFO] [stdout]                                at /opt/rustwide/cargo-home/registry/src/index.crates.io-6f17d22bba15001f/async-std-1.12.0/src/task/builder.rs:197:13
[INFO] [stdout]   27:     0x627ad86a47d4 - <futures_lite::future::Or<F1,F2> as core::future::future::Future>::poll::h2b84fa70ab5a93fe
[INFO] [stdout]                                at /opt/rustwide/cargo-home/registry/src/index.crates.io-6f17d22bba15001f/futures-lite-1.12.0/src/future.rs:526:33
[INFO] [stdout]   28:     0x627ad862e8b6 - async_executor::Executor::run::{{closure}}::h53b4dde604034e18
[INFO] [stdout]                                at /opt/rustwide/cargo-home/registry/src/index.crates.io-6f17d22bba15001f/async-executor-1.5.0/src/lib.rs:237:32
[INFO] [stdout]   29:     0x627ad862e1a3 - async_executor::LocalExecutor::run::{{closure}}::hdec3c929ea8dcc4f
[INFO] [stdout]                                at /opt/rustwide/cargo-home/registry/src/index.crates.io-6f17d22bba15001f/async-executor-1.5.0/src/lib.rs:436:34
[INFO] [stdout]   30:     0x627ad86968a9 - async_io::driver::block_on::hd7d81e805282bc13
[INFO] [stdout]                                at /opt/rustwide/cargo-home/registry/src/index.crates.io-6f17d22bba15001f/async-io-1.12.0/src/driver.rs:146:33
[INFO] [stdout]   31:     0x627ad86dc992 - async_global_executor::reactor::block_on::{{closure}}::he324d9cd4899aaf6
[INFO] [stdout]                                at /opt/rustwide/cargo-home/registry/src/index.crates.io-6f17d22bba15001f/async-global-executor-2.3.1/src/reactor.rs:3:18
[INFO] [stdout]   32:     0x627ad86dc8d2 - async_global_executor::reactor::block_on::h37628d4929c48c65
[INFO] [stdout]                                at /opt/rustwide/cargo-home/registry/src/index.crates.io-6f17d22bba15001f/async-global-executor-2.3.1/src/reactor.rs:12:5
[INFO] [stdout]   33:     0x627ad86aa01b - async_global_executor::executor::block_on::{{closure}}::h3a12938492a112ff
[INFO] [stdout]                                at /opt/rustwide/cargo-home/registry/src/index.crates.io-6f17d22bba15001f/async-global-executor-2.3.1/src/executor.rs:26:36
[INFO] [stdout]   34:     0x627ad8688d97 - std::thread::local::LocalKey<T>::try_with::hb820c067b2b0066e
[INFO] [stdout]                                at /rustc/90b35a6239c3d8bdabc530a6a0816f7ff89a0aaf/library/std/src/thread/local.rs:283:12
[INFO] [stdout]   35:     0x627ad868758a - std::thread::local::LocalKey<T>::with::hec4108c01ea46800
[INFO] [stdout]                                at /rustc/90b35a6239c3d8bdabc530a6a0816f7ff89a0aaf/library/std/src/thread/local.rs:260:9
[INFO] [stdout]   36:     0x627ad86a9f1a - async_global_executor::executor::block_on::h144b983bd6e1b18d
[INFO] [stdout]                                at /opt/rustwide/cargo-home/registry/src/index.crates.io-6f17d22bba15001f/async-global-executor-2.3.1/src/executor.rs:26:5
[INFO] [stdout]   37:     0x627ad8675c7f - async_std::task::builder::Builder::blocking::{{closure}}::{{closure}}::hdef6eaf066eaac5b
[INFO] [stdout]                                at /opt/rustwide/cargo-home/registry/src/index.crates.io-6f17d22bba15001f/async-std-1.12.0/src/task/builder.rs:171:25
[INFO] [stdout]   38:     0x627ad86a618a - async_std::task::task_locals_wrapper::TaskLocalsWrapper::set_current::{{closure}}::hee117e6f3ea6c92b
[INFO] [stdout]                                at /opt/rustwide/cargo-home/registry/src/index.crates.io-6f17d22bba15001f/async-std-1.12.0/src/task/task_locals_wrapper.rs:60:13
[INFO] [stdout]   39:     0x627ad8688fe5 - std::thread::local::LocalKey<T>::try_with::hc040c3ffe9d21a7c
[INFO] [stdout]                                at /rustc/90b35a6239c3d8bdabc530a6a0816f7ff89a0aaf/library/std/src/thread/local.rs:283:12
[INFO] [stdout]   40:     0x627ad868726a - std::thread::local::LocalKey<T>::with::h807083d80e0c67a5
[INFO] [stdout]                                at /rustc/90b35a6239c3d8bdabc530a6a0816f7ff89a0aaf/library/std/src/thread/local.rs:260:9
[INFO] [stdout]   41:     0x627ad86a59ba - async_std::task::task_locals_wrapper::TaskLocalsWrapper::set_current::ha5ab10fb21eef4c1
[INFO] [stdout]                                at /opt/rustwide/cargo-home/registry/src/index.crates.io-6f17d22bba15001f/async-std-1.12.0/src/task/task_locals_wrapper.rs:55:9
[INFO] [stdout]   42:     0x627ad867589e - async_std::task::builder::Builder::blocking::{{closure}}::hd8e1efa2fa29f4d9
[INFO] [stdout]                                at /opt/rustwide/cargo-home/registry/src/index.crates.io-6f17d22bba15001f/async-std-1.12.0/src/task/builder.rs:168:17
[INFO] [stdout]   43:     0x627ad8689807 - std::thread::local::LocalKey<T>::try_with::hfe8993503cb623cf
[INFO] [stdout]                                at /rustc/90b35a6239c3d8bdabc530a6a0816f7ff89a0aaf/library/std/src/thread/local.rs:283:12
[INFO] [stdout]   44:     0x627ad868707a - std::thread::local::LocalKey<T>::with::h27efc9645550fd04
[INFO] [stdout]                                at /rustc/90b35a6239c3d8bdabc530a6a0816f7ff89a0aaf/library/std/src/thread/local.rs:260:9
[INFO] [stdout]   45:     0x627ad86751a7 - async_std::task::builder::Builder::blocking::h6f0ea675d62987cc
[INFO] [stdout]                                at /opt/rustwide/cargo-home/registry/src/index.crates.io-6f17d22bba15001f/async-std-1.12.0/src/task/builder.rs:161:9
[INFO] [stdout]   46:     0x627ad862b02c - async_std::task::block_on::block_on::h453d3168b4b2e184
[INFO] [stdout]                                at /opt/rustwide/cargo-home/registry/src/index.crates.io-6f17d22bba15001f/async-std-1.12.0/src/task/block_on.rs:33:5
[INFO] [stdout]   47:     0x627ad8665573 - picofo::indexer::test_struct::h1b1101d4e6d2b9c4
[INFO] [stdout]                                at /opt/rustwide/workdir/src/indexer.rs:117:1
[INFO] [stdout]   48:     0x627ad8665547 - picofo::indexer::test_struct::{{closure}}::ha6952bc12e0bb3b2
[INFO] [stdout]                                at /opt/rustwide/workdir/src/indexer.rs:117:19
[INFO] [stdout]   49:     0x627ad8622fe6 - core::ops::function::FnOnce::call_once::hd6e19e62f18eb90b
[INFO] [stdout]                                at /rustc/90b35a6239c3d8bdabc530a6a0816f7ff89a0aaf/library/core/src/ops/function.rs:250:5
[INFO] [stdout]   50:     0x627ad87221db - core::ops::function::FnOnce::call_once::h109cf8051a59b34e
[INFO] [stdout]                                at /rustc/90b35a6239c3d8bdabc530a6a0816f7ff89a0aaf/library/core/src/ops/function.rs:250:5
[INFO] [stdout]   51:     0x627ad87221db - test::__rust_begin_short_backtrace::hf4fff89d377446ba
[INFO] [stdout]                                at /rustc/90b35a6239c3d8bdabc530a6a0816f7ff89a0aaf/library/test/src/lib.rs:621:18
[INFO] [stdout]   52:     0x627ad8721a17 - test::run_test_in_process::{{closure}}::h0e39181dd7ee5a43
[INFO] [stdout]                                at /rustc/90b35a6239c3d8bdabc530a6a0816f7ff89a0aaf/library/test/src/lib.rs:644:60
[INFO] [stdout]   53:     0x627ad8721a17 - <core::panic::unwind_safe::AssertUnwindSafe<F> as core::ops::function::FnOnce<()>>::call_once::hc5a66a30f0bdfd1f
[INFO] [stdout]                                at /rustc/90b35a6239c3d8bdabc530a6a0816f7ff89a0aaf/library/core/src/panic/unwind_safe.rs:272:9
[INFO] [stdout]   54:     0x627ad8721a17 - std::panicking::try::do_call::h873b7cf639554a5e
[INFO] [stdout]                                at /rustc/90b35a6239c3d8bdabc530a6a0816f7ff89a0aaf/library/std/src/panicking.rs:557:40
[INFO] [stdout]   55:     0x627ad8721a17 - std::panicking::try::hdb19862fad9c8bd1
[INFO] [stdout]                                at /rustc/90b35a6239c3d8bdabc530a6a0816f7ff89a0aaf/library/std/src/panicking.rs:520:19
[INFO] [stdout]   56:     0x627ad8721a17 - std::panic::catch_unwind::h281fe732d236d260
[INFO] [stdout]                                at /rustc/90b35a6239c3d8bdabc530a6a0816f7ff89a0aaf/library/std/src/panic.rs:358:14
[INFO] [stdout]   57:     0x627ad8721a17 - test::run_test_in_process::h949b6df8457ed338
[INFO] [stdout]                                at /rustc/90b35a6239c3d8bdabc530a6a0816f7ff89a0aaf/library/test/src/lib.rs:644:27
[INFO] [stdout]   58:     0x627ad8721a17 - test::run_test::{{closure}}::h52c556a6d4740e10
[INFO] [stdout]                                at /rustc/90b35a6239c3d8bdabc530a6a0816f7ff89a0aaf/library/test/src/lib.rs:565:43
[INFO] [stdout]   59:     0x627ad86e6cf4 - test::run_test::{{closure}}::h4237f6381c45ccb9
[INFO] [stdout]                                at /rustc/90b35a6239c3d8bdabc530a6a0816f7ff89a0aaf/library/test/src/lib.rs:595:41
[INFO] [stdout]   60:     0x627ad86e6cf4 - std::sys::backtrace::__rust_begin_short_backtrace::h505c97a579eca628
[INFO] [stdout]                                at /rustc/90b35a6239c3d8bdabc530a6a0816f7ff89a0aaf/library/std/src/sys/backtrace.rs:154:18
[INFO] [stdout]   61:     0x627ad86ea3be - std::thread::Builder::spawn_unchecked_::{{closure}}::{{closure}}::h9e86b2e2bc107ea3
[INFO] [stdout]                                at /rustc/90b35a6239c3d8bdabc530a6a0816f7ff89a0aaf/library/std/src/thread/mod.rs:538:17
[INFO] [stdout]   62:     0x627ad86ea3be - <core::panic::unwind_safe::AssertUnwindSafe<F> as core::ops::function::FnOnce<()>>::call_once::h8b06ddb275ff4a25
[INFO] [stdout]                                at /rustc/90b35a6239c3d8bdabc530a6a0816f7ff89a0aaf/library/core/src/panic/unwind_safe.rs:272:9
[INFO] [stdout]   63:     0x627ad86ea3be - std::panicking::try::do_call::hb26ecd7cd9a9355d
[INFO] [stdout]                                at /rustc/90b35a6239c3d8bdabc530a6a0816f7ff89a0aaf/library/std/src/panicking.rs:557:40
[INFO] [stdout]   64:     0x627ad86ea3be - std::panicking::try::h8ddeca9d705f9069
[INFO] [stdout]                                at /rustc/90b35a6239c3d8bdabc530a6a0816f7ff89a0aaf/library/std/src/panicking.rs:520:19
[INFO] [stdout]   65:     0x627ad86ea3be - std::panic::catch_unwind::h49e1c33078844c46
[INFO] [stdout]                                at /rustc/90b35a6239c3d8bdabc530a6a0816f7ff89a0aaf/library/std/src/panic.rs:358:14
[INFO] [stdout]   66:     0x627ad86ea3be - std::thread::Builder::spawn_unchecked_::{{closure}}::h6073db6ff56ad35d
[INFO] [stdout]                                at /rustc/90b35a6239c3d8bdabc530a6a0816f7ff89a0aaf/library/std/src/thread/mod.rs:537:30
[INFO] [stdout]   67:     0x627ad86ea3be - core::ops::function::FnOnce::call_once{{vtable.shim}}::h2c5a5f3779c774f1
[INFO] [stdout]                                at /rustc/90b35a6239c3d8bdabc530a6a0816f7ff89a0aaf/library/core/src/ops/function.rs:250:5
[INFO] [stdout]   68:     0x627ad8c5a28b - <alloc::boxed::Box<F,A> as core::ops::function::FnOnce<Args>>::call_once::hf75717d9f28faebf
[INFO] [stdout]                                at /rustc/90b35a6239c3d8bdabc530a6a0816f7ff89a0aaf/library/alloc/src/boxed.rs:2454:9
[INFO] [stdout]   69:     0x627ad8c5a28b - <alloc::boxed::Box<F,A> as core::ops::function::FnOnce<Args>>::call_once::h7bd883a5f3c5f3c1
[INFO] [stdout]                                at /rustc/90b35a6239c3d8bdabc530a6a0816f7ff89a0aaf/library/alloc/src/boxed.rs:2454:9
[INFO] [stdout]   70:     0x627ad8c5a28b - std::sys::pal::unix::thread::Thread::new::thread_start::hcc78f3943333fa94
[INFO] [stdout]                                at /rustc/90b35a6239c3d8bdabc530a6a0816f7ff89a0aaf/library/std/src/sys/pal/unix/thread.rs:105:17
[INFO] [stdout]   71:     0x74cf2acecac3 - <unknown>
[INFO] [stdout]   72:     0x74cf2ad7da04 - clone
[INFO] [stdout]   73:                0x0 - <unknown>
[INFO] [stdout] 
[INFO] [stdout] ---- mover::test_prune stdout ----
[INFO] [stdout] [src/mover.rs:241:5] prune_unrelated_data(&data, "anime") = [
[INFO] [stdout]     (
[INFO] [stdout]         "name",
[INFO] [stdout]         "Naruto",
[INFO] [stdout]     ),
[INFO] [stdout]     (
[INFO] [stdout]         "epinum",
[INFO] [stdout]         "1",
[INFO] [stdout]     ),
[INFO] [stdout] ]
[INFO] [stdout] thread 'mover::test_prune' panicked at src/mover.rs:245:49:
[INFO] [stdout] called `Option::unwrap()` on a `None` value
[INFO] [stdout] stack backtrace:
[INFO] [stdout]    0:     0x627ad8c5456a - std::backtrace_rs::backtrace::libunwind::trace::h5a5b8284f2d0c266
[INFO] [stdout]                                at /rustc/90b35a6239c3d8bdabc530a6a0816f7ff89a0aaf/library/std/src/../../backtrace/src/backtrace/libunwind.rs:116:5
[INFO] [stdout]    1:     0x627ad8c5456a - std::backtrace_rs::backtrace::trace_unsynchronized::h76d4f1c9b0b875e3
[INFO] [stdout]                                at /rustc/90b35a6239c3d8bdabc530a6a0816f7ff89a0aaf/library/std/src/../../backtrace/src/backtrace/mod.rs:66:5
[INFO] [stdout]    2:     0x627ad8c5456a - std::sys::backtrace::_print_fmt::hc4546b8364a537c6
[INFO] [stdout]                                at /rustc/90b35a6239c3d8bdabc530a6a0816f7ff89a0aaf/library/std/src/sys/backtrace.rs:66:9
[INFO] [stdout]    3:     0x627ad8c5456a - <std::sys::backtrace::BacktraceLock::print::DisplayBacktrace as core::fmt::Display>::fmt::h5b6bd5631a6d1f6b
[INFO] [stdout]                                at /rustc/90b35a6239c3d8bdabc530a6a0816f7ff89a0aaf/library/std/src/sys/backtrace.rs:39:26
[INFO] [stdout]    4:     0x627ad8c7d783 - core::fmt::rt::Argument::fmt::h270f6602a2b96f62
[INFO] [stdout]                                at /rustc/90b35a6239c3d8bdabc530a6a0816f7ff89a0aaf/library/core/src/fmt/rt.rs:177:76
[INFO] [stdout]    5:     0x627ad8c7d783 - core::fmt::write::h7550c97b06c86515
[INFO] [stdout]                                at /rustc/90b35a6239c3d8bdabc530a6a0816f7ff89a0aaf/library/core/src/fmt/mod.rs:1186:21
[INFO] [stdout]    6:     0x627ad8c51253 - std::io::Write::write_fmt::h509ff860e5956e5e
[INFO] [stdout]                                at /rustc/90b35a6239c3d8bdabc530a6a0816f7ff89a0aaf/library/std/src/io/mod.rs:1839:15
[INFO] [stdout]    7:     0x627ad8c543b2 - std::sys::backtrace::BacktraceLock::print::h2395ccd2c84ba3aa
[INFO] [stdout]                                at /rustc/90b35a6239c3d8bdabc530a6a0816f7ff89a0aaf/library/std/src/sys/backtrace.rs:42:9
[INFO] [stdout]    8:     0x627ad8c559ca - std::panicking::default_hook::{{closure}}::he19d4c7230e07961
[INFO] [stdout]                                at /rustc/90b35a6239c3d8bdabc530a6a0816f7ff89a0aaf/library/std/src/panicking.rs:268:22
[INFO] [stdout]    9:     0x627ad8c557d4 - std::panicking::default_hook::hf614597d3c67bbdb
[INFO] [stdout]                                at /rustc/90b35a6239c3d8bdabc530a6a0816f7ff89a0aaf/library/std/src/panicking.rs:292:9
[INFO] [stdout]   10:     0x627ad871d819 - <alloc::boxed::Box<F,A> as core::ops::function::Fn<Args>>::call::h39b51ce4599c23d1
[INFO] [stdout]                                at /rustc/90b35a6239c3d8bdabc530a6a0816f7ff89a0aaf/library/alloc/src/boxed.rs:2468:9
[INFO] [stdout]   11:     0x627ad871d819 - test::test_main::{{closure}}::he977ae839a582784
[INFO] [stdout]                                at /rustc/90b35a6239c3d8bdabc530a6a0816f7ff89a0aaf/library/test/src/lib.rs:133:21
[INFO] [stdout]   12:     0x627ad8c56068 - <alloc::boxed::Box<F,A> as core::ops::function::Fn<Args>>::call::h9455091b6b06f9fb
[INFO] [stdout]                                at /rustc/90b35a6239c3d8bdabc530a6a0816f7ff89a0aaf/library/alloc/src/boxed.rs:2468:9
[INFO] [stdout]   13:     0x627ad8c56068 - std::panicking::rust_panic_with_hook::h8942133a8b252070
[INFO] [stdout]                                at /rustc/90b35a6239c3d8bdabc530a6a0816f7ff89a0aaf/library/std/src/panicking.rs:809:13
[INFO] [stdout]   14:     0x627ad8c55df6 - std::panicking::begin_panic_handler::{{closure}}::hb5f5963570096b29
[INFO] [stdout]                                at /rustc/90b35a6239c3d8bdabc530a6a0816f7ff89a0aaf/library/std/src/panicking.rs:667:13
[INFO] [stdout]   15:     0x627ad8c54a49 - std::sys::backtrace::__rust_end_short_backtrace::h6208cedc1922feda
[INFO] [stdout]                                at /rustc/90b35a6239c3d8bdabc530a6a0816f7ff89a0aaf/library/std/src/sys/backtrace.rs:170:18
[INFO] [stdout]   16:     0x627ad8c55abc - rust_begin_unwind
[INFO] [stdout]                                at /rustc/90b35a6239c3d8bdabc530a6a0816f7ff89a0aaf/library/std/src/panicking.rs:665:5
[INFO] [stdout]   17:     0x627ad85ff350 - core::panicking::panic_fmt::h0c3082644d1bf418
[INFO] [stdout]                                at /rustc/90b35a6239c3d8bdabc530a6a0816f7ff89a0aaf/library/core/src/panicking.rs:74:14
[INFO] [stdout]   18:     0x627ad85ff3dc - core::panicking::panic::h957f98c65a3b3074
[INFO] [stdout]                                at /rustc/90b35a6239c3d8bdabc530a6a0816f7ff89a0aaf/library/core/src/panicking.rs:148:5
[INFO] [stdout]   19:     0x627ad85ff2c9 - core::option::unwrap_failed::h098b0d47c83374d6
[INFO] [stdout]                                at /rustc/90b35a6239c3d8bdabc530a6a0816f7ff89a0aaf/library/core/src/option.rs:2012:5
[INFO] [stdout]   20:     0x627ad86d91ca - core::option::Option<T>::unwrap::h8baa6a985a2d1c07
[INFO] [stdout]                                at /rustc/90b35a6239c3d8bdabc530a6a0816f7ff89a0aaf/library/core/src/option.rs:972:21
[INFO] [stdout]   21:     0x627ad86d91ca - picofo::mover::test_prune::h68a3b27bb97d0eb4
[INFO] [stdout]                                at /opt/rustwide/workdir/src/mover.rs:245:28
[INFO] [stdout]   22:     0x627ad86d8b07 - picofo::mover::test_prune::{{closure}}::hcf8e6fcbd2b7ba63
[INFO] [stdout]                                at /opt/rustwide/workdir/src/mover.rs:235:16
[INFO] [stdout]   23:     0x627ad8622336 - core::ops::function::FnOnce::call_once::h555996d137baad37
[INFO] [stdout]                                at /rustc/90b35a6239c3d8bdabc530a6a0816f7ff89a0aaf/library/core/src/ops/function.rs:250:5
[INFO] [stdout]   24:     0x627ad87221db - core::ops::function::FnOnce::call_once::h109cf8051a59b34e
[INFO] [stdout]                                at /rustc/90b35a6239c3d8bdabc530a6a0816f7ff89a0aaf/library/core/src/ops/function.rs:250:5
[INFO] [stdout]   25:     0x627ad87221db - test::__rust_begin_short_backtrace::hf4fff89d377446ba
[INFO] [stdout]                                at /rustc/90b35a6239c3d8bdabc530a6a0816f7ff89a0aaf/library/test/src/lib.rs:621:18
[INFO] [stdout]   26:     0x627ad8721a17 - test::run_test_in_process::{{closure}}::h0e39181dd7ee5a43
[INFO] [stdout]                                at /rustc/90b35a6239c3d8bdabc530a6a0816f7ff89a0aaf/library/test/src/lib.rs:644:60
[INFO] [stdout]   27:     0x627ad8721a17 - <core::panic::unwind_safe::AssertUnwindSafe<F> as core::ops::function::FnOnce<()>>::call_once::hc5a66a30f0bdfd1f
[INFO] [stdout]                                at /rustc/90b35a6239c3d8bdabc530a6a0816f7ff89a0aaf/library/core/src/panic/unwind_safe.rs:272:9
[INFO] [stdout]   28:     0x627ad8721a17 - std::panicking::try::do_call::h873b7cf639554a5e
[INFO] [stdout]                                at /rustc/90b35a6239c3d8bdabc530a6a0816f7ff89a0aaf/library/std/src/panicking.rs:557:40
[INFO] [stdout]   29:     0x627ad8721a17 - std::panicking::try::hdb19862fad9c8bd1
[INFO] [stdout]                                at /rustc/90b35a6239c3d8bdabc530a6a0816f7ff89a0aaf/library/std/src/panicking.rs:520:19
[INFO] [stdout]   30:     0x627ad8721a17 - std::panic::catch_unwind::h281fe732d236d260
[INFO] [stdout]                                at /rustc/90b35a6239c3d8bdabc530a6a0816f7ff89a0aaf/library/std/src/panic.rs:358:14
[INFO] [stdout]   31:     0x627ad8721a17 - test::run_test_in_process::h949b6df8457ed338
[INFO] [stdout]                                at /rustc/90b35a6239c3d8bdabc530a6a0816f7ff89a0aaf/library/test/src/lib.rs:644:27
[INFO] [stdout]   32:     0x627ad8721a17 - test::run_test::{{closure}}::h52c556a6d4740e10
[INFO] [stdout]                                at /rustc/90b35a6239c3d8bdabc530a6a0816f7ff89a0aaf/library/test/src/lib.rs:565:43
[INFO] [stdout]   33:     0x627ad86e6cf4 - test::run_test::{{closure}}::h4237f6381c45ccb9
[INFO] [stdout]                                at /rustc/90b35a6239c3d8bdabc530a6a0816f7ff89a0aaf/library/test/src/lib.rs:595:41
[INFO] [stdout]   34:     0x627ad86e6cf4 - std::sys::backtrace::__rust_begin_short_backtrace::h505c97a579eca628
[INFO] [stdout]                                at /rustc/90b35a6239c3d8bdabc530a6a0816f7ff89a0aaf/library/std/src/sys/backtrace.rs:154:18
[INFO] [stdout]   35:     0x627ad86ea3be - std::thread::Builder::spawn_unchecked_::{{closure}}::{{closure}}::h9e86b2e2bc107ea3
[INFO] [stdout]                                at /rustc/90b35a6239c3d8bdabc530a6a0816f7ff89a0aaf/library/std/src/thread/mod.rs:538:17
[INFO] [stdout]   36:     0x627ad86ea3be - <core::panic::unwind_safe::AssertUnwindSafe<F> as core::ops::function::FnOnce<()>>::call_once::h8b06ddb275ff4a25
[INFO] [stdout]                                at /rustc/90b35a6239c3d8bdabc530a6a0816f7ff89a0aaf/library/core/src/panic/unwind_safe.rs:272:9
[INFO] [stdout]   37:     0x627ad86ea3be - std::panicking::try::do_call::hb26ecd7cd9a9355d
[INFO] [stdout]                                at /rustc/90b35a6239c3d8bdabc530a6a0816f7ff89a0aaf/library/std/src/panicking.rs:557:40
[INFO] [stdout]   38:     0x627ad86ea3be - std::panicking::try::h8ddeca9d705f9069
[INFO] [stdout]                                at /rustc/90b35a6239c3d8bdabc530a6a0816f7ff89a0aaf/library/std/src/panicking.rs:520:19
[INFO] [stdout]   39:     0x627ad86ea3be - std::panic::catch_unwind::h49e1c33078844c46
[INFO] [stdout]                                at /rustc/90b35a6239c3d8bdabc530a6a0816f7ff89a0aaf/library/std/src/panic.rs:358:14
[INFO] [stdout]   40:     0x627ad86ea3be - std::thread::Builder::spawn_unchecked_::{{closure}}::h6073db6ff56ad35d
[INFO] [stdout]                                at /rustc/90b35a6239c3d8bdabc530a6a0816f7ff89a0aaf/library/std/src/thread/mod.rs:537:30
[INFO] [stdout]   41:     0x627ad86ea3be - core::ops::function::FnOnce::call_once{{vtable.shim}}::h2c5a5f3779c774f1
[INFO] [stdout]                                at /rustc/90b35a6239c3d8bdabc530a6a0816f7ff89a0aaf/library/core/src/ops/function.rs:250:5
[INFO] [stdout]   42:     0x627ad8c5a28b - <alloc::boxed::Box<F,A> as core::ops::function::FnOnce<Args>>::call_once::hf75717d9f28faebf
[INFO] [stdout]                                at /rustc/90b35a6239c3d8bdabc530a6a0816f7ff89a0aaf/library/alloc/src/boxed.rs:2454:9
[INFO] [stdout]   43:     0x627ad8c5a28b - <alloc::boxed::Box<F,A> as core::ops::function::FnOnce<Args>>::call_once::h7bd883a5f3c5f3c1
[INFO] [stdout]                                at /rustc/90b35a6239c3d8bdabc530a6a0816f7ff89a0aaf/library/alloc/src/boxed.rs:2454:9
[INFO] [stdout]   44:     0x627ad8c5a28b - std::sys::pal::unix::thread::Thread::new::thread_start::hcc78f3943333fa94
[INFO] [stdout]                                at /rustc/90b35a6239c3d8bdabc530a6a0816f7ff89a0aaf/library/std/src/sys/pal/unix/thread.rs:105:17
[INFO] [stdout]   45:     0x74cf2acecac3 - <unknown>
[INFO] [stdout]   46:     0x74cf2ad7da04 - clone
[INFO] [stdout]   47:                0x0 - <unknown>
[INFO] [stdout] 
[INFO] [stdout] ---- db::children_test stdout ----
[INFO] [stdout] [src/db.rs:45:9] &path.as_ref() = "./testdir"
[INFO] [stdout] connecting to sqlite://./testdir/fo.db
[INFO] [stdout] thread 'db::children_test' panicked at src/db.rs:291:47:
[INFO] [stdout] called `Result::unwrap()` on an `Err` value: Database(SqliteError { code: 14, message: "unable to open database file" })
[INFO] [stdout] stack backtrace:
[INFO] [stdout]    0:     0x627ad8c5456a - std::backtrace_rs::backtrace::libunwind::trace::h5a5b8284f2d0c266
[INFO] [stdout]                                at /rustc/90b35a6239c3d8bdabc530a6a0816f7ff89a0aaf/library/std/src/../../backtrace/src/backtrace/libunwind.rs:116:5
[INFO] [stdout]    1:     0x627ad8c5456a - std::backtrace_rs::backtrace::trace_unsynchronized::h76d4f1c9b0b875e3
[INFO] [stdout]                                at /rustc/90b35a6239c3d8bdabc530a6a0816f7ff89a0aaf/library/std/src/../../backtrace/src/backtrace/mod.rs:66:5
[INFO] [stdout]    2:     0x627ad8c5456a - std::sys::backtrace::_print_fmt::hc4546b8364a537c6
[INFO] [stdout]                                at /rustc/90b35a6239c3d8bdabc530a6a0816f7ff89a0aaf/library/std/src/sys/backtrace.rs:66:9
[INFO] [stdout]    3:     0x627ad8c5456a - <std::sys::backtrace::BacktraceLock::print::DisplayBacktrace as core::fmt::Display>::fmt::h5b6bd5631a6d1f6b
[INFO] [stdout]                                at /rustc/90b35a6239c3d8bdabc530a6a0816f7ff89a0aaf/library/std/src/sys/backtrace.rs:39:26
[INFO] [stdout]    4:     0x627ad8c7d783 - core::fmt::rt::Argument::fmt::h270f6602a2b96f62
[INFO] [stdout]                                at /rustc/90b35a6239c3d8bdabc530a6a0816f7ff89a0aaf/library/core/src/fmt/rt.rs:177:76
[INFO] [stdout]    5:     0x627ad8c7d783 - core::fmt::write::h7550c97b06c86515
[INFO] [stdout]                                at /rustc/90b35a6239c3d8bdabc530a6a0816f7ff89a0aaf/library/core/src/fmt/mod.rs:1186:21
[INFO] [stdout]    6:     0x627ad8c51253 - std::io::Write::write_fmt::h509ff860e5956e5e
[INFO] [stdout]                                at /rustc/90b35a6239c3d8bdabc530a6a0816f7ff89a0aaf/library/std/src/io/mod.rs:1839:15
[INFO] [stdout]    7:     0x627ad8c543b2 - std::sys::backtrace::BacktraceLock::print::h2395ccd2c84ba3aa
[INFO] [stdout]                                at /rustc/90b35a6239c3d8bdabc530a6a0816f7ff89a0aaf/library/std/src/sys/backtrace.rs:42:9
[INFO] [stdout]    8:     0x627ad8c559ca - std::panicking::default_hook::{{closure}}::he19d4c7230e07961
[INFO] [stdout]                                at /rustc/90b35a6239c3d8bdabc530a6a0816f7ff89a0aaf/library/std/src/panicking.rs:268:22
[INFO] [stdout]    9:     0x627ad8c557d4 - std::panicking::default_hook::hf614597d3c67bbdb
[INFO] [stdout]                                at /rustc/90b35a6239c3d8bdabc530a6a0816f7ff89a0aaf/library/std/src/panicking.rs:292:9
[INFO] [stdout]   10:     0x627ad871d819 - <alloc::boxed::Box<F,A> as core::ops::function::Fn<Args>>::call::h39b51ce4599c23d1
[INFO] [stdout]                                at /rustc/90b35a6239c3d8bdabc530a6a0816f7ff89a0aaf/library/alloc/src/boxed.rs:2468:9
[INFO] [stdout]   11:     0x627ad871d819 - test::test_main::{{closure}}::he977ae839a582784
[INFO] [stdout]                                at /rustc/90b35a6239c3d8bdabc530a6a0816f7ff89a0aaf/library/test/src/lib.rs:133:21
[INFO] [stdout]   12:     0x627ad8c56068 - <alloc::boxed::Box<F,A> as core::ops::function::Fn<Args>>::call::h9455091b6b06f9fb
[INFO] [stdout]                                at /rustc/90b35a6239c3d8bdabc530a6a0816f7ff89a0aaf/library/alloc/src/boxed.rs:2468:9
[INFO] [stdout]   13:     0x627ad8c56068 - std::panicking::rust_panic_with_hook::h8942133a8b252070
[INFO] [stdout]                                at /rustc/90b35a6239c3d8bdabc530a6a0816f7ff89a0aaf/library/std/src/panicking.rs:809:13
[INFO] [stdout]   14:     0x627ad8c55e2a - std::panicking::begin_panic_handler::{{closure}}::hb5f5963570096b29
[INFO] [stdout]                                at /rustc/90b35a6239c3d8bdabc530a6a0816f7ff89a0aaf/library/std/src/panicking.rs:674:13
[INFO] [stdout]   15:     0x627ad8c54a49 - std::sys::backtrace::__rust_end_short_backtrace::h6208cedc1922feda
[INFO] [stdout]                                at /rustc/90b35a6239c3d8bdabc530a6a0816f7ff89a0aaf/library/std/src/sys/backtrace.rs:170:18
[INFO] [stdout]   16:     0x627ad8c55abc - rust_begin_unwind
[INFO] [stdout]                                at /rustc/90b35a6239c3d8bdabc530a6a0816f7ff89a0aaf/library/std/src/panicking.rs:665:5
[INFO] [stdout]   17:     0x627ad85ff350 - core::panicking::panic_fmt::h0c3082644d1bf418
[INFO] [stdout]                                at /rustc/90b35a6239c3d8bdabc530a6a0816f7ff89a0aaf/library/core/src/panicking.rs:74:14
[INFO] [stdout]   18:     0x627ad85ff836 - core::result::unwrap_failed::hd20b4aa073bda1e2
[INFO] [stdout]                                at /rustc/90b35a6239c3d8bdabc530a6a0816f7ff89a0aaf/library/core/src/result.rs:1700:5
[INFO] [stdout]   19:     0x627ad86d6df7 - core::result::Result<T,E>::unwrap::hfe68b97b04562551
[INFO] [stdout]                                at /rustc/90b35a6239c3d8bdabc530a6a0816f7ff89a0aaf/library/core/src/result.rs:1104:23
[INFO] [stdout]   20:     0x627ad86d6df7 - picofo::db::children_test::{{closure}}::h6979b99c741e99f3
[INFO] [stdout]                                at /opt/rustwide/workdir/src/db.rs:291:14
[INFO] [stdout]   21:     0x627ad86667d2 - <async_std::task::builder::SupportTaskLocals<F> as core::future::future::Future>::poll::{{closure}}::ha704c42a9a2ba27a
[INFO] [stdout]                                at /opt/rustwide/cargo-home/registry/src/index.crates.io-6f17d22bba15001f/async-std-1.12.0/src/task/builder.rs:199:17
[INFO] [stdout]   22:     0x627ad86a628c - async_std::task::task_locals_wrapper::TaskLocalsWrapper::set_current::{{closure}}::hf8b8689e4944394f
[INFO] [stdout]                                at /opt/rustwide/cargo-home/registry/src/index.crates.io-6f17d22bba15001f/async-std-1.12.0/src/task/task_locals_wrapper.rs:60:13
[INFO] [stdout]   23:     0x627ad86891fa - std::thread::local::LocalKey<T>::try_with::hc8a2dbe2b56c2424
[INFO] [stdout]                                at /rustc/90b35a6239c3d8bdabc530a6a0816f7ff89a0aaf/library/std/src/thread/local.rs:283:12
[INFO] [stdout]   24:     0x627ad868762a - std::thread::local::LocalKey<T>::with::hfc930abc742eb058
[INFO] [stdout]                                at /rustc/90b35a6239c3d8bdabc530a6a0816f7ff89a0aaf/library/std/src/thread/local.rs:260:9
[INFO] [stdout]   25:     0x627ad86a58a8 - async_std::task::task_locals_wrapper::TaskLocalsWrapper::set_current::h110da6efa75027fa
[INFO] [stdout]                                at /opt/rustwide/cargo-home/registry/src/index.crates.io-6f17d22bba15001f/async-std-1.12.0/src/task/task_locals_wrapper.rs:55:9
[INFO] [stdout]   26:     0x627ad866664a - <async_std::task::builder::SupportTaskLocals<F> as core::future::future::Future>::poll::hdc37fbdac4b8b167
[INFO] [stdout]                                at /opt/rustwide/cargo-home/registry/src/index.crates.io-6f17d22bba15001f/async-std-1.12.0/src/task/builder.rs:197:13
[INFO] [stdout]   27:     0x627ad86a48f4 - <futures_lite::future::Or<F1,F2> as core::future::future::Future>::poll::h9f88f910bd2386ca
[INFO] [stdout]                                at /opt/rustwide/cargo-home/registry/src/index.crates.io-6f17d22bba15001f/futures-lite-1.12.0/src/future.rs:526:33
[INFO] [stdout]   28:     0x627ad862efd6 - async_executor::Executor::run::{{closure}}::ha401678e5bbf8a87
[INFO] [stdout]                                at /opt/rustwide/cargo-home/registry/src/index.crates.io-6f17d22bba15001f/async-executor-1.5.0/src/lib.rs:237:32
[INFO] [stdout]   29:     0x627ad862ded3 - async_executor::LocalExecutor::run::{{closure}}::h3926659ae210614b
[INFO] [stdout]                                at /opt/rustwide/cargo-home/registry/src/index.crates.io-6f17d22bba15001f/async-executor-1.5.0/src/lib.rs:436:34
[INFO] [stdout]   30:     0x627ad8695659 - async_io::driver::block_on::h74af88b11df95ede
[INFO] [stdout]                                at /opt/rustwide/cargo-home/registry/src/index.crates.io-6f17d22bba15001f/async-io-1.12.0/src/driver.rs:146:33
[INFO] [stdout]   31:     0x627ad86dc952 - async_global_executor::reactor::block_on::{{closure}}::h9a0def09b3a16a6c
[INFO] [stdout]                                at /opt/rustwide/cargo-home/registry/src/index.crates.io-6f17d22bba15001f/async-global-executor-2.3.1/src/reactor.rs:3:18
[INFO] [stdout]   32:     0x627ad86dc892 - async_global_executor::reactor::block_on::h1b32564c4e9045d0
[INFO] [stdout]                                at /opt/rustwide/cargo-home/registry/src/index.crates.io-6f17d22bba15001f/async-global-executor-2.3.1/src/reactor.rs:12:5
[INFO] [stdout]   33:     0x627ad86aa09b - async_global_executor::executor::block_on::{{closure}}::ha76b52f2fc85fc74
[INFO] [stdout]                                at /opt/rustwide/cargo-home/registry/src/index.crates.io-6f17d22bba15001f/async-global-executor-2.3.1/src/executor.rs:26:36
[INFO] [stdout]   34:     0x627ad8688267 - std::thread::local::LocalKey<T>::try_with::h57506c12bfcef5e8
[INFO] [stdout]                                at /rustc/90b35a6239c3d8bdabc530a6a0816f7ff89a0aaf/library/std/src/thread/local.rs:283:12
[INFO] [stdout]   35:     0x627ad868719a - std::thread::local::LocalKey<T>::with::h60cba8d15eb5ec81
[INFO] [stdout]                                at /rustc/90b35a6239c3d8bdabc530a6a0816f7ff89a0aaf/library/std/src/thread/local.rs:260:9
[INFO] [stdout]   36:     0x627ad86a9f5a - async_global_executor::executor::block_on::h48cbba427fb932c5
[INFO] [stdout]                                at /opt/rustwide/cargo-home/registry/src/index.crates.io-6f17d22bba15001f/async-global-executor-2.3.1/src/executor.rs:26:5
[INFO] [stdout]   37:     0x627ad8675b7f - async_std::task::builder::Builder::blocking::{{closure}}::{{closure}}::h4d3fbe9bdc9af3b2
[INFO] [stdout]                                at /opt/rustwide/cargo-home/registry/src/index.crates.io-6f17d22bba15001f/async-std-1.12.0/src/task/builder.rs:171:25
[INFO] [stdout]   38:     0x627ad86a5b6a - async_std::task::task_locals_wrapper::TaskLocalsWrapper::set_current::{{closure}}::h089377e956512318
[INFO] [stdout]                                at /opt/rustwide/cargo-home/registry/src/index.crates.io-6f17d22bba15001f/async-std-1.12.0/src/task/task_locals_wrapper.rs:60:13
[INFO] [stdout]   39:     0x627ad8687955 - std::thread::local::LocalKey<T>::try_with::h07f077c753d5b2d9
[INFO] [stdout]                                at /rustc/90b35a6239c3d8bdabc530a6a0816f7ff89a0aaf/library/std/src/thread/local.rs:283:12
[INFO] [stdout]   40:     0x627ad86871ca - std::thread::local::LocalKey<T>::with::h64eca7528af98c67
[INFO] [stdout]                                at /rustc/90b35a6239c3d8bdabc530a6a0816f7ff89a0aaf/library/std/src/thread/local.rs:260:9
[INFO] [stdout]   41:     0x627ad86a592a - async_std::task::task_locals_wrapper::TaskLocalsWrapper::set_current::h85ad1cdcaaabc955
[INFO] [stdout]                                at /opt/rustwide/cargo-home/registry/src/index.crates.io-6f17d22bba15001f/async-std-1.12.0/src/task/task_locals_wrapper.rs:55:9
[INFO] [stdout]   42:     0x627ad867575e - async_std::task::builder::Builder::blocking::{{closure}}::h61b83360e191e593
[INFO] [stdout]                                at /opt/rustwide/cargo-home/registry/src/index.crates.io-6f17d22bba15001f/async-std-1.12.0/src/task/builder.rs:168:17
[INFO] [stdout]   43:     0x627ad8689417 - std::thread::local::LocalKey<T>::try_with::heb440031f1efe99e
[INFO] [stdout]                                at /rustc/90b35a6239c3d8bdabc530a6a0816f7ff89a0aaf/library/std/src/thread/local.rs:283:12
[INFO] [stdout]   44:     0x627ad868731a - std::thread::local::LocalKey<T>::with::h95c77a1b88111111
[INFO] [stdout]                                at /rustc/90b35a6239c3d8bdabc530a6a0816f7ff89a0aaf/library/std/src/thread/local.rs:260:9
[INFO] [stdout]   45:     0x627ad8674ef7 - async_std::task::builder::Builder::blocking::h0cd55301f6e1811d
[INFO] [stdout]                                at /opt/rustwide/cargo-home/registry/src/index.crates.io-6f17d22bba15001f/async-std-1.12.0/src/task/builder.rs:161:9
[INFO] [stdout]   46:     0x627ad862b0dc - async_std::task::block_on::block_on::hf692e44d44980260
[INFO] [stdout]                                at /opt/rustwide/cargo-home/registry/src/index.crates.io-6f17d22bba15001f/async-std-1.12.0/src/task/block_on.rs:33:5
[INFO] [stdout]   47:     0x627ad86d6b53 - picofo::db::children_test::ha9a9f8222c42b0f4
[INFO] [stdout]                                at /opt/rustwide/workdir/src/db.rs:288:1
[INFO] [stdout]   48:     0x627ad86d6b27 - picofo::db::children_test::{{closure}}::hf6a399a0b7aa19bc
[INFO] [stdout]                                at /opt/rustwide/workdir/src/db.rs:288:19
[INFO] [stdout]   49:     0x627ad8622cc6 - core::ops::function::FnOnce::call_once::hb172232c89eb905e
[INFO] [stdout]                                at /rustc/90b35a6239c3d8bdabc530a6a0816f7ff89a0aaf/library/core/src/ops/function.rs:250:5
[INFO] [stdout]   50:     0x627ad87221db - core::ops::function::FnOnce::call_once::h109cf8051a59b34e
[INFO] [stdout]                                at /rustc/90b35a6239c3d8bdabc530a6a0816f7ff89a0aaf/library/core/src/ops/function.rs:250:5
[INFO] [stdout]   51:     0x627ad87221db - test::__rust_begin_short_backtrace::hf4fff89d377446ba
[INFO] [stdout]                                at /rustc/90b35a6239c3d8bdabc530a6a0816f7ff89a0aaf/library/test/src/lib.rs:621:18
[INFO] [stdout]   52:     0x627ad8721a17 - test::run_test_in_process::{{closure}}::h0e39181dd7ee5a43
[INFO] [stdout]                                at /rustc/90b35a6239c3d8bdabc530a6a0816f7ff89a0aaf/library/test/src/lib.rs:644:60
[INFO] [stdout]   53:     0x627ad8721a17 - <core::panic::unwind_safe::AssertUnwindSafe<F> as core::ops::function::FnOnce<()>>::call_once::hc5a66a30f0bdfd1f
[INFO] [stdout]                                at /rustc/90b35a6239c3d8bdabc530a6a0816f7ff89a0aaf/library/core/src/panic/unwind_safe.rs:272:9
[INFO] [stdout]   54:     0x627ad8721a17 - std::panicking::try::do_call::h873b7cf639554a5e
[INFO] [stdout]                                at /rustc/90b35a6239c3d8bdabc530a6a0816f7ff89a0aaf/library/std/src/panicking.rs:557:40
[INFO] [stdout]   55:     0x627ad8721a17 - std::panicking::try::hdb19862fad9c8bd1
[INFO] [stdout]                                at /rustc/90b35a6239c3d8bdabc530a6a0816f7ff89a0aaf/library/std/src/panicking.rs:520:19
[INFO] [stdout]   56:     0x627ad8721a17 - std::panic::catch_unwind::h281fe732d236d260
[INFO] [stdout]                                at /rustc/90b35a6239c3d8bdabc530a6a0816f7ff89a0aaf/library/std/src/panic.rs:358:14
[INFO] [stdout]   57:     0x627ad8721a17 - test::run_test_in_process::h949b6df8457ed338
[INFO] [stdout]                                at /rustc/90b35a6239c3d8bdabc530a6a0816f7ff89a0aaf/library/test/src/lib.rs:644:27
[INFO] [stdout]   58:     0x627ad8721a17 - test::run_test::{{closure}}::h52c556a6d4740e10
[INFO] [stdout]                                at /rustc/90b35a6239c3d8bdabc530a6a0816f7ff89a0aaf/library/test/src/lib.rs:565:43
[INFO] [stdout]   59:     0x627ad86e6cf4 - test::run_test::{{closure}}::h4237f6381c45ccb9
[INFO] [stdout]                                at /rustc/90b35a6239c3d8bdabc530a6a0816f7ff89a0aaf/library/test/src/lib.rs:595:41
[INFO] [stdout]   60:     0x627ad86e6cf4 - std::sys::backtrace::__rust_begin_short_backtrace::h505c97a579eca628
[INFO] [stdout]                                at /rustc/90b35a6239c3d8bdabc530a6a0816f7ff89a0aaf/library/std/src/sys/backtrace.rs:154:18
[INFO] [stdout]   61:     0x627ad86ea3be - std::thread::Builder::spawn_unchecked_::{{closure}}::{{closure}}::h9e86b2e2bc107ea3
[INFO] [stdout]                                at /rustc/90b35a6239c3d8bdabc530a6a0816f7ff89a0aaf/library/std/src/thread/mod.rs:538:17
[INFO] [stdout]   62:     0x627ad86ea3be - <core::panic::unwind_safe::AssertUnwindSafe<F> as core::ops::function::FnOnce<()>>::call_once::h8b06ddb275ff4a25
[INFO] [stdout]                                at /rustc/90b35a6239c3d8bdabc530a6a0816f7ff89a0aaf/library/core/src/panic/unwind_safe.rs:272:9
[INFO] [stdout]   63:     0x627ad86ea3be - std::panicking::try::do_call::hb26ecd7cd9a9355d
[INFO] [stdout]                                at /rustc/90b35a6239c3d8bdabc530a6a0816f7ff89a0aaf/library/std/src/panicking.rs:557:40
[INFO] [stdout]   64:     0x627ad86ea3be - std::panicking::try::h8ddeca9d705f9069
[INFO] [stdout]                                at /rustc/90b35a6239c3d8bdabc530a6a0816f7ff89a0aaf/library/std/src/panicking.rs:520:19
[INFO] [stdout]   65:     0x627ad86ea3be - std::panic::catch_unwind::h49e1c33078844c46
[INFO] [stdout]                                at /rustc/90b35a6239c3d8bdabc530a6a0816f7ff89a0aaf/library/std/src/panic.rs:358:14
[INFO] [stdout]   66:     0x627ad86ea3be - std::thread::Builder::spawn_unchecked_::{{closure}}::h6073db6ff56ad35d
[INFO] [stdout]                                at /rustc/90b35a6239c3d8bdabc530a6a0816f7ff89a0aaf/library/std/src/thread/mod.rs:537:30
[INFO] [stdout]   67:     0x627ad86ea3be - core::ops::function::FnOnce::call_once{{vtable.shim}}::h2c5a5f3779c774f1
[INFO] [stdout]                                at /rustc/90b35a6239c3d8bdabc530a6a0816f7ff89a0aaf/library/core/src/ops/function.rs:250:5
[INFO] [stdout]   68:     0x627ad8c5a28b - <alloc::boxed::Box<F,A> as core::ops::function::FnOnce<Args>>::call_once::hf75717d9f28faebf
[INFO] [stdout]                                at /rustc/90b35a6239c3d8bdabc530a6a0816f7ff89a0aaf/library/alloc/src/boxed.rs:2454:9
[INFO] [stdout]   69:     0x627ad8c5a28b - <alloc::boxed::Box<F,A> as core::ops::function::FnOnce<Args>>::call_once::h7bd883a5f3c5f3c1
[INFO] [stdout]                                at /rustc/90b35a6239c3d8bdabc530a6a0816f7ff89a0aaf/library/alloc/src/boxed.rs:2454:9
[INFO] [stdout]   70:     0x627ad8c5a28b - std::sys::pal::unix::thread::Thread::new::thread_start::hcc78f3943333fa94
[INFO] [stdout]                                at /rustc/90b35a6239c3d8bdabc530a6a0816f7ff89a0aaf/library/std/src/sys/pal/unix/thread.rs:105:17
[INFO] [stdout]   71:     0x74cf2acecac3 - <unknown>
[INFO] [stdout]   72:     0x74cf2ad7da04 - clone
[INFO] [stdout]   73:                0x0 - <unknown>
[INFO] [stdout] 
[INFO] [stdout] 
[INFO] [stdout] failures:
[INFO] [stdout]     db::children_test
[INFO] [stdout]     db::db_test
[INFO] [stdout]     helper::test_cutter
[INFO] [stdout]     indexer::test_struct
[INFO] [stdout]     mover::test_prune
[INFO] [stdout] 
[INFO] [stdout] test result: FAILED. 14 passed; 5 failed; 0 ignored; 0 measured; 0 filtered out; finished in 0.39s
[INFO] [stdout] 
[INFO] [stderr] error: test failed, to rerun pass `--bin picofo`
[INFO] running `Command { std: "docker" "inspect" "87d35ddf7a04f48b909d1143fc84872bc8479f0b0614a64110e0aa1558a9ca46", kill_on_drop: false }`
[INFO] running `Command { std: "docker" "rm" "-f" "87d35ddf7a04f48b909d1143fc84872bc8479f0b0614a64110e0aa1558a9ca46", kill_on_drop: false }`
[INFO] [stdout] 87d35ddf7a04f48b909d1143fc84872bc8479f0b0614a64110e0aa1558a9ca46
