[INFO] cloning repository https://github.com/pastchick3/agile-C
[INFO] running `Command { std: "git" "-c" "credential.helper=" "-c" "credential.helper=/workspace/cargo-home/bin/git-credential-null" "clone" "--bare" "https://github.com/pastchick3/agile-C" "/workspace/cache/git-repos/https%3A%2F%2Fgithub.com%2Fpastchick3%2Fagile-C", kill_on_drop: false }`
[INFO] [stderr] Cloning into bare repository '/workspace/cache/git-repos/https%3A%2F%2Fgithub.com%2Fpastchick3%2Fagile-C'...
[INFO] running `Command { std: "git" "rev-parse" "HEAD", kill_on_drop: false }`
[INFO] [stdout] 662477f3b43589d38d2ae9dba538f0fb7423e995
[INFO] testing pastchick3/agile-C against beta-2024-12-08 for beta-1.84.0-4-retry
[INFO] running `Command { std: "git" "clone" "/workspace/cache/git-repos/https%3A%2F%2Fgithub.com%2Fpastchick3%2Fagile-C" "/workspace/builds/worker-3-tc2/source", kill_on_drop: false }`
[INFO] [stderr] Cloning into '/workspace/builds/worker-3-tc2/source'...
[INFO] [stderr] done.
[INFO] validating manifest of git repo https://github.com/pastchick3/agile-C on toolchain beta-2024-12-08
[INFO] running `Command { std: CARGO_HOME="/workspace/cargo-home" RUSTUP_HOME="/workspace/rustup-home" "/workspace/cargo-home/bin/cargo" "+beta-2024-12-08" "metadata" "--manifest-path" "Cargo.toml" "--no-deps", kill_on_drop: false }`
[INFO] started tweaking git repo https://github.com/pastchick3/agile-C
[INFO] finished tweaking git repo https://github.com/pastchick3/agile-C
[INFO] tweaked toml for git repo https://github.com/pastchick3/agile-C written to /workspace/builds/worker-3-tc2/source/Cargo.toml
[INFO] crate git repo https://github.com/pastchick3/agile-C already has a lockfile, it will not be regenerated
[INFO] running `Command { std: CARGO_HOME="/workspace/cargo-home" RUSTUP_HOME="/workspace/rustup-home" "/workspace/cargo-home/bin/cargo" "+beta-2024-12-08" "fetch" "--manifest-path" "Cargo.toml", kill_on_drop: false }`
[INFO] running `Command { std: "docker" "create" "-v" "/var/lib/crater-agent-workspace/builds/worker-3-tc2/target:/opt/rustwide/target:rw,Z" "-v" "/var/lib/crater-agent-workspace/builds/worker-3-tc2/source:/opt/rustwide/workdir:ro,Z" "-v" "/var/lib/crater-agent-workspace/cargo-home:/opt/rustwide/cargo-home:ro,Z" "-v" "/var/lib/crater-agent-workspace/rustup-home:/opt/rustwide/rustup-home:ro,Z" "-e" "SOURCE_DIR=/opt/rustwide/workdir" "-e" "CARGO_TARGET_DIR=/opt/rustwide/target" "-e" "CARGO_HOME=/opt/rustwide/cargo-home" "-e" "RUSTUP_HOME=/opt/rustwide/rustup-home" "-w" "/opt/rustwide/workdir" "-m" "1610612736" "--user" "0:0" "--network" "none" "ghcr.io/rust-lang/crates-build-env/linux@sha256:f3a9d4ad9d972b27faf3965f35b62e55ba32bbce8f20bc8fe909558a86702fde" "/opt/rustwide/cargo-home/bin/cargo" "+beta-2024-12-08" "metadata" "--no-deps" "--format-version=1", kill_on_drop: false }`
[INFO] [stdout] 90f2667890446c0f2737c09f33ba0d7137da385b06ac6b70b61848512b73c619
[INFO] running `Command { std: "docker" "start" "-a" "90f2667890446c0f2737c09f33ba0d7137da385b06ac6b70b61848512b73c619", kill_on_drop: false }`
[INFO] running `Command { std: "docker" "inspect" "90f2667890446c0f2737c09f33ba0d7137da385b06ac6b70b61848512b73c619", kill_on_drop: false }`
[INFO] running `Command { std: "docker" "rm" "-f" "90f2667890446c0f2737c09f33ba0d7137da385b06ac6b70b61848512b73c619", kill_on_drop: false }`
[INFO] [stdout] 90f2667890446c0f2737c09f33ba0d7137da385b06ac6b70b61848512b73c619
[INFO] running `Command { std: "docker" "create" "-v" "/var/lib/crater-agent-workspace/builds/worker-3-tc2/target:/opt/rustwide/target:rw,Z" "-v" "/var/lib/crater-agent-workspace/builds/worker-3-tc2/source:/opt/rustwide/workdir:ro,Z" "-v" "/var/lib/crater-agent-workspace/cargo-home:/opt/rustwide/cargo-home:ro,Z" "-v" "/var/lib/crater-agent-workspace/rustup-home:/opt/rustwide/rustup-home:ro,Z" "-e" "SOURCE_DIR=/opt/rustwide/workdir" "-e" "CARGO_TARGET_DIR=/opt/rustwide/target" "-e" "CARGO_INCREMENTAL=0" "-e" "RUST_BACKTRACE=full" "-e" "RUSTFLAGS=--cap-lints=warn" "-e" "RUSTDOCFLAGS=--cap-lints=warn" "-e" "CARGO_HOME=/opt/rustwide/cargo-home" "-e" "RUSTUP_HOME=/opt/rustwide/rustup-home" "-w" "/opt/rustwide/workdir" "-m" "1610612736" "--user" "0:0" "--network" "none" "ghcr.io/rust-lang/crates-build-env/linux@sha256:f3a9d4ad9d972b27faf3965f35b62e55ba32bbce8f20bc8fe909558a86702fde" "/opt/rustwide/cargo-home/bin/cargo" "+beta-2024-12-08" "build" "--frozen" "--message-format=json", kill_on_drop: false }`
[INFO] [stdout] e8b7759ae91f1a049de3c922a5c2c2024b8c956850e7a565965bd27834aa5751
[INFO] running `Command { std: "docker" "start" "-a" "e8b7759ae91f1a049de3c922a5c2c2024b8c956850e7a565965bd27834aa5751", kill_on_drop: false }`
[INFO] [stderr]    Compiling proc-macro2 v1.0.8
[INFO] [stderr]    Compiling syn v1.0.14
[INFO] [stderr]    Compiling rustversion v1.0.2
[INFO] [stderr]    Compiling libc v0.2.66
[INFO] [stderr]    Compiling memchr v2.3.2
[INFO] [stderr]    Compiling unicode-width v0.1.7
[INFO] [stderr]    Compiling unicode-segmentation v1.6.0
[INFO] [stderr]    Compiling strsim v0.8.0
[INFO] [stderr]    Compiling vec_map v0.8.1
[INFO] [stderr]    Compiling ansi_term v0.11.0
[INFO] [stderr]    Compiling regex-syntax v0.6.14
[INFO] [stderr]    Compiling indexmap v1.3.2
[INFO] [stderr]    Compiling textwrap v0.11.0
[INFO] [stderr]    Compiling heck v0.3.1
[INFO] [stderr]    Compiling aho-corasick v0.7.8
[INFO] [stderr]    Compiling quote v1.0.2
[INFO] [stderr]    Compiling atty v0.2.14
[INFO] [stderr]    Compiling clap v2.33.0
[INFO] [stderr]    Compiling colored v1.9.2
[INFO] [stderr]    Compiling regex v1.3.4
[INFO] [stderr]    Compiling syn-mid v0.5.0
[INFO] [stderr]    Compiling proc-macro-error v0.4.9
[INFO] [stderr]    Compiling proc-macro-error-attr v0.4.9
[INFO] [stderr]    Compiling structopt-derive v0.4.2
[INFO] [stderr]    Compiling structopt v0.3.9
[INFO] [stderr]    Compiling agile_c v0.1.0 (/opt/rustwide/workdir)
[INFO] [stdout] warning: field `index` is never read
[INFO] [stdout]    --> src/resolver.rs:182:5
[INFO] [stdout]     |
[INFO] [stdout] 181 | struct Scope {
[INFO] [stdout]     |        ----- field in this struct
[INFO] [stdout] 182 |     index: usize,         // the id of a scope
[INFO] [stdout]     |     ^^^^^
[INFO] [stdout]     |
[INFO] [stdout]     = note: `Scope` has a derived impl for the trait `Debug`, but this is intentionally ignored during dead code analysis
[INFO] [stdout]     = note: `#[warn(dead_code)]` on by default
[INFO] [stdout] 
[INFO] [stdout] 
[INFO] [stderr]     Finished `dev` profile [unoptimized + debuginfo] target(s) in 13.07s
[INFO] running `Command { std: "docker" "inspect" "e8b7759ae91f1a049de3c922a5c2c2024b8c956850e7a565965bd27834aa5751", kill_on_drop: false }`
[INFO] running `Command { std: "docker" "rm" "-f" "e8b7759ae91f1a049de3c922a5c2c2024b8c956850e7a565965bd27834aa5751", kill_on_drop: false }`
[INFO] [stdout] e8b7759ae91f1a049de3c922a5c2c2024b8c956850e7a565965bd27834aa5751
[INFO] running `Command { std: "docker" "create" "-v" "/var/lib/crater-agent-workspace/builds/worker-3-tc2/target:/opt/rustwide/target:rw,Z" "-v" "/var/lib/crater-agent-workspace/builds/worker-3-tc2/source:/opt/rustwide/workdir:ro,Z" "-v" "/var/lib/crater-agent-workspace/cargo-home:/opt/rustwide/cargo-home:ro,Z" "-v" "/var/lib/crater-agent-workspace/rustup-home:/opt/rustwide/rustup-home:ro,Z" "-e" "SOURCE_DIR=/opt/rustwide/workdir" "-e" "CARGO_TARGET_DIR=/opt/rustwide/target" "-e" "CARGO_INCREMENTAL=0" "-e" "RUST_BACKTRACE=full" "-e" "RUSTFLAGS=--cap-lints=warn" "-e" "RUSTDOCFLAGS=--cap-lints=warn" "-e" "CARGO_HOME=/opt/rustwide/cargo-home" "-e" "RUSTUP_HOME=/opt/rustwide/rustup-home" "-w" "/opt/rustwide/workdir" "-m" "1610612736" "--user" "0:0" "--network" "none" "ghcr.io/rust-lang/crates-build-env/linux@sha256:f3a9d4ad9d972b27faf3965f35b62e55ba32bbce8f20bc8fe909558a86702fde" "/opt/rustwide/cargo-home/bin/cargo" "+beta-2024-12-08" "test" "--frozen" "--no-run" "--message-format=json", kill_on_drop: false }`
[INFO] [stdout] afe97030ea5321a7830b93df368bcad5a972015c537a977a184dcb0b33b8d958
[INFO] running `Command { std: "docker" "start" "-a" "afe97030ea5321a7830b93df368bcad5a972015c537a977a184dcb0b33b8d958", kill_on_drop: false }`
[INFO] [stderr]    Compiling serde v1.0.104
[INFO] [stderr]    Compiling ryu v1.0.2
[INFO] [stderr]    Compiling log v0.4.8
[INFO] [stderr]    Compiling ppv-lite86 v0.2.6
[INFO] [stderr]    Compiling escargot v0.5.0
[INFO] [stderr]    Compiling itoa v0.4.5
[INFO] [stderr]    Compiling predicates-core v1.0.0
[INFO] [stderr]    Compiling doc-comment v0.3.1
[INFO] [stderr]    Compiling getrandom v0.1.14
[INFO] [stderr]    Compiling num-traits v0.2.11
[INFO] [stderr]    Compiling difference v2.0.0
[INFO] [stderr]    Compiling normalize-line-endings v0.2.2
[INFO] [stderr]    Compiling serde_derive v1.0.104
[INFO] [stderr]    Compiling treeline v0.1.0
[INFO] [stderr]    Compiling remove_dir_all v0.5.2
[INFO] [stdout] warning: field `index` is never read
[INFO] [stdout]    --> src/resolver.rs:182:5
[INFO] [stdout]     |
[INFO] [stdout] 181 | struct Scope {
[INFO] [stdout]     |        ----- field in this struct
[INFO] [stdout] 182 |     index: usize,         // the id of a scope
[INFO] [stdout]     |     ^^^^^
[INFO] [stdout]     |
[INFO] [stdout]     = note: `Scope` has a derived impl for the trait `Debug`, but this is intentionally ignored during dead code analysis
[INFO] [stdout]     = note: `#[warn(dead_code)]` on by default
[INFO] [stdout] 
[INFO] [stdout] 
[INFO] [stderr]    Compiling rand_core v0.5.1
[INFO] [stderr]    Compiling predicates-tree v1.0.0
[INFO] [stderr]    Compiling c2-chacha v0.2.3
[INFO] [stderr]    Compiling float-cmp v0.5.3
[INFO] [stderr]    Compiling rand_chacha v0.2.1
[INFO] [stderr]    Compiling predicates v1.0.2
[INFO] [stderr]    Compiling rand v0.7.3
[INFO] [stderr]    Compiling tempfile v3.1.0
[INFO] [stderr]    Compiling serde_json v1.0.48
[INFO] [stderr]    Compiling assert_cmd v0.12.0
[INFO] [stderr]    Compiling agile_c v0.1.0 (/opt/rustwide/workdir)
[INFO] [stdout] warning: field `index` is never read
[INFO] [stdout]    --> src/resolver.rs:182:5
[INFO] [stdout]     |
[INFO] [stdout] 181 | struct Scope {
[INFO] [stdout]     |        ----- field in this struct
[INFO] [stdout] 182 |     index: usize,         // the id of a scope
[INFO] [stdout]     |     ^^^^^
[INFO] [stdout]     |
[INFO] [stdout]     = note: `Scope` has a derived impl for the trait `Debug`, but this is intentionally ignored during dead code analysis
[INFO] [stdout]     = note: `#[warn(dead_code)]` on by default
[INFO] [stdout] 
[INFO] [stdout] 
[INFO] [stdout] warning: panic message is not a string literal
[INFO] [stdout]    --> src/lexer.rs:584:25
[INFO] [stdout]     |
[INFO] [stdout] 584 |             _ => panic!(format!("Unexpected token[0]: {:#?}", tokens[0])),
[INFO] [stdout]     |                         ^^^^^^^^^^^^^^^^^^^^^^^^^^^^^^^^^^^^^^^^^^^^^^^^
[INFO] [stdout]     |
[INFO] [stdout]     = note: this usage of `panic!()` is deprecated; it will be a hard error in Rust 2021
[INFO] [stdout]     = note: for more information, see <https://doc.rust-lang.org/nightly/edition-guide/rust-2021/panic-macro-consistency.html>
[INFO] [stdout]     = note: the `panic!()` macro supports formatting, so there's no need for the `format!()` macro here
[INFO] [stdout]     = note: `#[warn(non_fmt_panics)]` on by default
[INFO] [stdout] help: remove the `format!(..)` macro call
[INFO] [stdout]     |
[INFO] [stdout] 584 -             _ => panic!(format!("Unexpected token[0]: {:#?}", tokens[0])),
[INFO] [stdout] 584 +             _ => panic!("Unexpected token[0]: {:#?}", tokens[0]),
[INFO] [stdout]     |
[INFO] [stdout] 
[INFO] [stdout] 
[INFO] [stdout] warning: panic message is not a string literal
[INFO] [stdout]    --> src/lexer.rs:593:25
[INFO] [stdout]     |
[INFO] [stdout] 593 |             _ => panic!(format!("Unexpected token[1]: {:#?}", tokens[1])),
[INFO] [stdout]     |                         ^^^^^^^^^^^^^^^^^^^^^^^^^^^^^^^^^^^^^^^^^^^^^^^^
[INFO] [stdout]     |
[INFO] [stdout]     = note: this usage of `panic!()` is deprecated; it will be a hard error in Rust 2021
[INFO] [stdout]     = note: for more information, see <https://doc.rust-lang.org/nightly/edition-guide/rust-2021/panic-macro-consistency.html>
[INFO] [stdout]     = note: the `panic!()` macro supports formatting, so there's no need for the `format!()` macro here
[INFO] [stdout] help: remove the `format!(..)` macro call
[INFO] [stdout]     |
[INFO] [stdout] 593 -             _ => panic!(format!("Unexpected token[1]: {:#?}", tokens[1])),
[INFO] [stdout] 593 +             _ => panic!("Unexpected token[1]: {:#?}", tokens[1]),
[INFO] [stdout]     |
[INFO] [stdout] 
[INFO] [stdout] 
[INFO] [stdout] warning: panic message is not a string literal
[INFO] [stdout]    --> src/lexer.rs:602:25
[INFO] [stdout]     |
[INFO] [stdout] 602 |             _ => panic!(format!("Unexpected token[2]: {:#?}", tokens[2])),
[INFO] [stdout]     |                         ^^^^^^^^^^^^^^^^^^^^^^^^^^^^^^^^^^^^^^^^^^^^^^^^
[INFO] [stdout]     |
[INFO] [stdout]     = note: this usage of `panic!()` is deprecated; it will be a hard error in Rust 2021
[INFO] [stdout]     = note: for more information, see <https://doc.rust-lang.org/nightly/edition-guide/rust-2021/panic-macro-consistency.html>
[INFO] [stdout]     = note: the `panic!()` macro supports formatting, so there's no need for the `format!()` macro here
[INFO] [stdout] help: remove the `format!(..)` macro call
[INFO] [stdout]     |
[INFO] [stdout] 602 -             _ => panic!(format!("Unexpected token[2]: {:#?}", tokens[2])),
[INFO] [stdout] 602 +             _ => panic!("Unexpected token[2]: {:#?}", tokens[2]),
[INFO] [stdout]     |
[INFO] [stdout] 
[INFO] [stdout] 
[INFO] [stderr]     Finished `test` profile [unoptimized + debuginfo] target(s) in 14.11s
[INFO] running `Command { std: "docker" "inspect" "afe97030ea5321a7830b93df368bcad5a972015c537a977a184dcb0b33b8d958", kill_on_drop: false }`
[INFO] running `Command { std: "docker" "rm" "-f" "afe97030ea5321a7830b93df368bcad5a972015c537a977a184dcb0b33b8d958", kill_on_drop: false }`
[INFO] [stdout] afe97030ea5321a7830b93df368bcad5a972015c537a977a184dcb0b33b8d958
[INFO] running `Command { std: "docker" "create" "-v" "/var/lib/crater-agent-workspace/builds/worker-3-tc2/target:/opt/rustwide/target:rw,Z" "-v" "/var/lib/crater-agent-workspace/builds/worker-3-tc2/source:/opt/rustwide/workdir:ro,Z" "-v" "/var/lib/crater-agent-workspace/cargo-home:/opt/rustwide/cargo-home:ro,Z" "-v" "/var/lib/crater-agent-workspace/rustup-home:/opt/rustwide/rustup-home:ro,Z" "-e" "SOURCE_DIR=/opt/rustwide/workdir" "-e" "CARGO_TARGET_DIR=/opt/rustwide/target" "-e" "CARGO_INCREMENTAL=0" "-e" "RUST_BACKTRACE=full" "-e" "RUSTFLAGS=--cap-lints=warn" "-e" "RUSTDOCFLAGS=--cap-lints=warn" "-e" "CARGO_HOME=/opt/rustwide/cargo-home" "-e" "RUSTUP_HOME=/opt/rustwide/rustup-home" "-w" "/opt/rustwide/workdir" "-m" "1610612736" "--user" "0:0" "--network" "none" "ghcr.io/rust-lang/crates-build-env/linux@sha256:f3a9d4ad9d972b27faf3965f35b62e55ba32bbce8f20bc8fe909558a86702fde" "/opt/rustwide/cargo-home/bin/cargo" "+beta-2024-12-08" "test" "--frozen", kill_on_drop: false }`
[INFO] [stdout] fe3867bdfed9aa73ee8d3c02dc5c51971e209d2a0357630670499e9188513da4
[INFO] running `Command { std: "docker" "start" "-a" "fe3867bdfed9aa73ee8d3c02dc5c51971e209d2a0357630670499e9188513da4", kill_on_drop: false }`
[INFO] [stderr] warning: field `index` is never read
[INFO] [stderr]    --> src/resolver.rs:182:5
[INFO] [stderr]     |
[INFO] [stderr] 181 | struct Scope {
[INFO] [stderr]     |        ----- field in this struct
[INFO] [stderr] 182 |     index: usize,         // the id of a scope
[INFO] [stderr]     |     ^^^^^
[INFO] [stderr]     |
[INFO] [stderr]     = note: `Scope` has a derived impl for the trait `Debug`, but this is intentionally ignored during dead code analysis
[INFO] [stderr]     = note: `#[warn(dead_code)]` on by default
[INFO] [stderr] 
[INFO] [stderr] warning: panic message is not a string literal
[INFO] [stderr]    --> src/lexer.rs:584:25
[INFO] [stderr]     |
[INFO] [stderr] 584 |             _ => panic!(format!("Unexpected token[0]: {:#?}", tokens[0])),
[INFO] [stderr]     |                         ^^^^^^^^^^^^^^^^^^^^^^^^^^^^^^^^^^^^^^^^^^^^^^^^
[INFO] [stderr]     |
[INFO] [stderr]     = note: this usage of `panic!()` is deprecated; it will be a hard error in Rust 2021
[INFO] [stderr]     = note: for more information, see <https://doc.rust-lang.org/nightly/edition-guide/rust-2021/panic-macro-consistency.html>
[INFO] [stderr]     = note: the `panic!()` macro supports formatting, so there's no need for the `format!()` macro here
[INFO] [stderr]     = note: `#[warn(non_fmt_panics)]` on by default
[INFO] [stderr] help: remove the `format!(..)` macro call
[INFO] [stderr]     |
[INFO] [stderr] 584 -             _ => panic!(format!("Unexpected token[0]: {:#?}", tokens[0])),
[INFO] [stderr] 584 +             _ => panic!("Unexpected token[0]: {:#?}", tokens[0]),
[INFO] [stderr]     |
[INFO] [stderr] 
[INFO] [stderr] warning: panic message is not a string literal
[INFO] [stderr]    --> src/lexer.rs:593:25
[INFO] [stderr]     |
[INFO] [stderr] 593 |             _ => panic!(format!("Unexpected token[1]: {:#?}", tokens[1])),
[INFO] [stderr]     |                         ^^^^^^^^^^^^^^^^^^^^^^^^^^^^^^^^^^^^^^^^^^^^^^^^
[INFO] [stderr]     |
[INFO] [stderr]     = note: this usage of `panic!()` is deprecated; it will be a hard error in Rust 2021
[INFO] [stderr]     = note: for more information, see <https://doc.rust-lang.org/nightly/edition-guide/rust-2021/panic-macro-consistency.html>
[INFO] [stderr]     = note: the `panic!()` macro supports formatting, so there's no need for the `format!()` macro here
[INFO] [stderr] help: remove the `format!(..)` macro call
[INFO] [stderr]     |
[INFO] [stderr] 593 -             _ => panic!(format!("Unexpected token[1]: {:#?}", tokens[1])),
[INFO] [stderr] 593 +             _ => panic!("Unexpected token[1]: {:#?}", tokens[1]),
[INFO] [stderr]     |
[INFO] [stderr] 
[INFO] [stderr] warning: panic message is not a string literal
[INFO] [stderr]    --> src/lexer.rs:602:25
[INFO] [stderr]     |
[INFO] [stderr] 602 |             _ => panic!(format!("Unexpected token[2]: {:#?}", tokens[2])),
[INFO] [stderr]     |                         ^^^^^^^^^^^^^^^^^^^^^^^^^^^^^^^^^^^^^^^^^^^^^^^^
[INFO] [stderr]     |
[INFO] [stderr]     = note: this usage of `panic!()` is deprecated; it will be a hard error in Rust 2021
[INFO] [stderr]     = note: for more information, see <https://doc.rust-lang.org/nightly/edition-guide/rust-2021/panic-macro-consistency.html>
[INFO] [stderr]     = note: the `panic!()` macro supports formatting, so there's no need for the `format!()` macro here
[INFO] [stderr] help: remove the `format!(..)` macro call
[INFO] [stderr]     |
[INFO] [stderr] 602 -             _ => panic!(format!("Unexpected token[2]: {:#?}", tokens[2])),
[INFO] [stderr] 602 +             _ => panic!("Unexpected token[2]: {:#?}", tokens[2]),
[INFO] [stderr]     |
[INFO] [stderr] 
[INFO] [stderr] warning: `agile_c` (lib) generated 1 warning
[INFO] [stderr] warning: `agile_c` (lib test) generated 4 warnings (1 duplicate) (run `cargo fix --lib -p agile_c --tests` to apply 3 suggestions)
[INFO] [stderr]     Finished `test` profile [unoptimized + debuginfo] target(s) in 0.04s
[INFO] [stderr]      Running unittests src/lib.rs (/opt/rustwide/target/debug/deps/agile_c-e2a3d0c32a64643a)
[INFO] [stdout] 
[INFO] [stdout] running 59 tests
[INFO] [stdout] test lexer::tests::arithmetic ... ok
[INFO] [stdout] test lexer::tests::error_str_eof ... ok
[INFO] [stdout] test lexer::tests::compound_assignment ... ok
[INFO] [stdout] test lexer::tests::error ... ok
[INFO] [stdout] test lexer::tests::ident_const ... ok
[INFO] [stdout] test lexer::tests::comment ... ok
[INFO] [stdout] test lexer::tests::keyword ... ok
[INFO] [stdout] test lexer::tests::include ... ok
[INFO] [stdout] test lexer::tests::punctuation ... ok
[INFO] [stdout] test lexer::tests::location ... ok
[INFO] [stdout] test lexer::tests::parenthesis ... ok
[INFO] [stdout] test lexer::tests::relationship ... ok
[INFO] [stdout] test lexer::tests::type_ ... ok
[INFO] [stdout] test parser::tests::dummy_type ... ok
[INFO] [stdout] test parser::tests::comment ... ok
[INFO] [stdout] test parser::tests::duplicate_parameters ... ok
[INFO] [stdout] test parser::tests::error_recovery ... ok
[INFO] [stdout] test parser::tests::expression_relational ... ok
[INFO] [stdout] test parser::tests::function_single ... ok
[INFO] [stdout] test parser::tests::expression_ident_const ... ok
[INFO] [stdout] test parser::tests::expression_arithmetic ... ok
[INFO] [stdout] test parser::tests::statement_break ... ok
[INFO] [stdout] test parser::tests::function_ellipsis ... ok
[INFO] [stdout] test parser::tests::statement_continue ... ok
[INFO] [stdout] test parser::tests::function_unchecked ... ok
[INFO] [stdout] test parser::tests::include ... ok
[INFO] [stdout] test parser::tests::expression_compound_assignment ... ok
[INFO] [stdout] test parser::tests::function_void ... ok
[INFO] [stdout] test parser::tests::index_call_pointer_struct ... ok
[INFO] [stdout] test parser::tests::return_pointer ... ok
[INFO] [stdout] test parser::tests::statement_def_var ... ok
[INFO] [stdout] test parser::tests::statement_def_nested ... ok
[INFO] [stdout] test parser::tests::statement_def_struct ... ok
[INFO] [stdout] test parser::tests::statement_do ... ok
[INFO] [stdout] test parser::tests::statement_for ... ok
[INFO] [stdout] test parser::tests::function_multiple ... ok
[INFO] [stdout] test parser::tests::statement_if ... ok
[INFO] [stdout] test parser::tests::statement_null ... ok
[INFO] [stdout] test parser::tests::statement_return ... ok
[INFO] [stdout] test parser::tests::statement_while ... ok
[INFO] [stdout] test parser::tests::statement_switch ... ok
[INFO] [stdout] test preprocessor::tests::include_cstdlib ... ok
[INFO] [stdout] test preprocessor::tests::unbalanced_include ... ok
[INFO] [stdout] test resolver::tests::ellipsis ... ok
[INFO] [stdout] test resolver::tests::expression_const ... ok
[INFO] [stdout] test resolver::tests::function ... ok
[INFO] [stdout] test preprocessor::tests::include_userlib ... ok
[INFO] [stdout] test resolver::tests::expression_infix_postfix ... ok
[INFO] [stdout] test resolver::tests::array ... ok
[INFO] [stdout] test resolver::tests::function_reverse ... ok
[INFO] [stdout] test resolver::tests::implicit_return ... ok
[INFO] [stdout] test parser::tests::structure ... ok
[INFO] [stdout] test serializer::tests::include ... ok
[INFO] [stdout] test serializer::tests::struct_ ... ok
[INFO] [stdout] test serializer::tests::function ... ok
[INFO] [stdout] test resolver::tests::structure ... ok
[INFO] [stdout] test resolver::tests::expression_prefix ... ok
[INFO] [stdout] test serializer::tests::expression ... ok
[INFO] [stdout] test serializer::tests::statement ... ok
[INFO] [stdout] 
[INFO] [stdout] test result: ok. 59 passed; 0 failed; 0 ignored; 0 measured; 0 filtered out; finished in 0.01s
[INFO] [stdout] 
[INFO] [stderr]      Running unittests src/main.rs (/opt/rustwide/target/debug/deps/agile_c-732a8b1ead998e6f)
[INFO] [stdout] 
[INFO] [stdout] running 0 tests
[INFO] [stdout] 
[INFO] [stdout] test result: ok. 0 passed; 0 failed; 0 ignored; 0 measured; 0 filtered out; finished in 0.00s
[INFO] [stdout] 
[INFO] [stderr]      Running tests/integration_test.rs (/opt/rustwide/target/debug/deps/integration_test-35d5955817c8341c)
[INFO] [stdout] 
[INFO] [stdout] running 3 tests
[INFO] [stdout] test hello_world_agile_c ... ok
[INFO] [stdout] test hello_world_gcc_args ... ok
[INFO] [stdout] test hello_world_gcc ... FAILED
[INFO] [stdout] 
[INFO] [stdout] failures:
[INFO] [stdout] 
[INFO] [stdout] ---- hello_world_gcc stdout ----
[INFO] [stdout] thread 'hello_world_gcc' panicked at /opt/rustwide/cargo-home/registry/src/index.crates.io-6f17d22bba15001f/assert_cmd-0.12.0/src/assert.rs:154:13:
[INFO] [stdout] Unexpected failure.
[INFO] [stdout] code-1
[INFO] [stdout] stderr=```cc1: fatal error: /tmp/_agile_c_temp_1734206369167.c: No such file or directory
[INFO] [stdout] compilation terminated.
[INFO] [stdout] Temp File Error: No such file or directory (os error 2)
[INFO] [stdout] ```
[INFO] [stdout] command=`"/opt/rustwide/target/debug/agile_c" "--input" "/tmp/_hello_world_gcc_input_temp.c" "--output" "/tmp/_hello_world_gcc_output_temp.exe" "--gcc"`
[INFO] [stdout] code=1
[INFO] [stdout] stdout=``````
[INFO] [stdout] stderr=```cc1: fatal error: /tmp/_agile_c_temp_1734206369167.c: No such file or directory
[INFO] [stdout] compilation terminated.
[INFO] [stdout] Temp File Error: No such file or directory (os error 2)
[INFO] [stdout] ```
[INFO] [stdout] 
[INFO] [stdout] stack backtrace:
[INFO] [stdout]    0:     0x58d95cd9185a - std::backtrace_rs::backtrace::libunwind::trace::h8810477743020387
[INFO] [stdout]                                at /rustc/202008a1b8de96d2e5b6bc02d379db03a877d34d/library/std/src/../../backtrace/src/backtrace/libunwind.rs:116:5
[INFO] [stdout]    1:     0x58d95cd9185a - std::backtrace_rs::backtrace::trace_unsynchronized::h3aa55355dd6c54a6
[INFO] [stdout]                                at /rustc/202008a1b8de96d2e5b6bc02d379db03a877d34d/library/std/src/../../backtrace/src/backtrace/mod.rs:66:5
[INFO] [stdout]    2:     0x58d95cd9185a - std::sys::backtrace::_print_fmt::h8588b0f62410823f
[INFO] [stdout]                                at /rustc/202008a1b8de96d2e5b6bc02d379db03a877d34d/library/std/src/sys/backtrace.rs:66:9
[INFO] [stdout]    3:     0x58d95cd9185a - <std::sys::backtrace::BacktraceLock::print::DisplayBacktrace as core::fmt::Display>::fmt::h98c26ac25ffe89bb
[INFO] [stdout]                                at /rustc/202008a1b8de96d2e5b6bc02d379db03a877d34d/library/std/src/sys/backtrace.rs:39:26
[INFO] [stdout]    4:     0x58d95cdb8263 - core::fmt::rt::Argument::fmt::hf95377f4aebd453b
[INFO] [stdout]                                at /rustc/202008a1b8de96d2e5b6bc02d379db03a877d34d/library/core/src/fmt/rt.rs:177:76
[INFO] [stdout]    5:     0x58d95cdb8263 - core::fmt::write::h0dd5f6e2238c7982
[INFO] [stdout]                                at /rustc/202008a1b8de96d2e5b6bc02d379db03a877d34d/library/core/src/fmt/mod.rs:1189:21
[INFO] [stdout]    6:     0x58d95cd8e2f3 - std::io::Write::write_fmt::h03bb0ca26e6faf8c
[INFO] [stdout]                                at /rustc/202008a1b8de96d2e5b6bc02d379db03a877d34d/library/std/src/io/mod.rs:1884:15
[INFO] [stdout]    7:     0x58d95cd916a2 - std::sys::backtrace::BacktraceLock::print::h5c19c1c038ee186d
[INFO] [stdout]                                at /rustc/202008a1b8de96d2e5b6bc02d379db03a877d34d/library/std/src/sys/backtrace.rs:42:9
[INFO] [stdout]    8:     0x58d95cd92d5d - std::panicking::default_hook::{{closure}}::h77172f079a1fcb13
[INFO] [stdout]                                at /rustc/202008a1b8de96d2e5b6bc02d379db03a877d34d/library/std/src/panicking.rs:268:22
[INFO] [stdout]    9:     0x58d95cd92b67 - std::panicking::default_hook::he5f8e3b203ccddba
[INFO] [stdout]                                at /rustc/202008a1b8de96d2e5b6bc02d379db03a877d34d/library/std/src/panicking.rs:292:9
[INFO] [stdout]   10:     0x58d95cd418f7 - <alloc::boxed::Box<F,A> as core::ops::function::Fn<Args>>::call::h7a3c7b4a1ae77f2f
[INFO] [stdout]                                at /rustc/202008a1b8de96d2e5b6bc02d379db03a877d34d/library/alloc/src/boxed.rs:1986:9
[INFO] [stdout]   11:     0x58d95cd418f7 - test::test_main::{{closure}}::hf0d3b69ae9b353d1
[INFO] [stdout]                                at /rustc/202008a1b8de96d2e5b6bc02d379db03a877d34d/library/test/src/lib.rs:134:21
[INFO] [stdout]   12:     0x58d95cd93408 - <alloc::boxed::Box<F,A> as core::ops::function::Fn<Args>>::call::h6332e82e7b189abd
[INFO] [stdout]                                at /rustc/202008a1b8de96d2e5b6bc02d379db03a877d34d/library/alloc/src/boxed.rs:1986:9
[INFO] [stdout]   13:     0x58d95cd93408 - std::panicking::rust_panic_with_hook::h53863d4e9018df39
[INFO] [stdout]                                at /rustc/202008a1b8de96d2e5b6bc02d379db03a877d34d/library/std/src/panicking.rs:809:13
[INFO] [stdout]   14:     0x58d95cd931ca - std::panicking::begin_panic_handler::{{closure}}::h67280e6fa0757873
[INFO] [stdout]                                at /rustc/202008a1b8de96d2e5b6bc02d379db03a877d34d/library/std/src/panicking.rs:674:13
[INFO] [stdout]   15:     0x58d95cd91d39 - std::sys::backtrace::__rust_end_short_backtrace::h1dac3f54d6fbbeb2
[INFO] [stdout]                                at /rustc/202008a1b8de96d2e5b6bc02d379db03a877d34d/library/std/src/sys/backtrace.rs:170:18
[INFO] [stdout]   16:     0x58d95cd92e5c - rust_begin_unwind
[INFO] [stdout]                                at /rustc/202008a1b8de96d2e5b6bc02d379db03a877d34d/library/std/src/panicking.rs:665:5
[INFO] [stdout]   17:     0x58d95cd03b50 - core::panicking::panic_fmt::h6792bd1b2bf01041
[INFO] [stdout]                                at /rustc/202008a1b8de96d2e5b6bc02d379db03a877d34d/library/core/src/panicking.rs:76:14
[INFO] [stdout]   18:     0x58d95cd4da77 - assert_cmd::assert::Assert::success::haf05bf79c50786cd
[INFO] [stdout]                                at /opt/rustwide/cargo-home/registry/src/index.crates.io-6f17d22bba15001f/assert_cmd-0.12.0/src/assert.rs:154:13
[INFO] [stdout]   19:     0x58d95cd0787d - integration_test::hello_world_gcc::hd70af08c57d96e6c
[INFO] [stdout]                                at /opt/rustwide/workdir/tests/integration_test.rs:50:5
[INFO] [stdout]   20:     0x58d95cd072f7 - integration_test::hello_world_gcc::{{closure}}::h3a3169c632e1d2c5
[INFO] [stdout]                                at /opt/rustwide/workdir/tests/integration_test.rs:36:21
[INFO] [stdout]   21:     0x58d95cd05a26 - core::ops::function::FnOnce::call_once::h48b27743d2120c37
[INFO] [stdout]                                at /rustc/202008a1b8de96d2e5b6bc02d379db03a877d34d/library/core/src/ops/function.rs:250:5
[INFO] [stdout]   22:     0x58d95cd4641b - core::ops::function::FnOnce::call_once::h871bf86719ec9aa4
[INFO] [stdout]                                at /rustc/202008a1b8de96d2e5b6bc02d379db03a877d34d/library/core/src/ops/function.rs:250:5
[INFO] [stdout]   23:     0x58d95cd4641b - test::__rust_begin_short_backtrace::h2167df1e2b7d76fd
[INFO] [stdout]                                at /rustc/202008a1b8de96d2e5b6bc02d379db03a877d34d/library/test/src/lib.rs:632:18
[INFO] [stdout]   24:     0x58d95cd45e08 - test::run_test_in_process::{{closure}}::h15d92f75a3adfb79
[INFO] [stdout]                                at /rustc/202008a1b8de96d2e5b6bc02d379db03a877d34d/library/test/src/lib.rs:655:60
[INFO] [stdout]   25:     0x58d95cd45e08 - <core::panic::unwind_safe::AssertUnwindSafe<F> as core::ops::function::FnOnce<()>>::call_once::hb6c8955835a8dbbb
[INFO] [stdout]                                at /rustc/202008a1b8de96d2e5b6bc02d379db03a877d34d/library/core/src/panic/unwind_safe.rs:272:9
[INFO] [stdout]   26:     0x58d95cd45e08 - std::panicking::try::do_call::hc79d0fc888a0bd30
[INFO] [stdout]                                at /rustc/202008a1b8de96d2e5b6bc02d379db03a877d34d/library/std/src/panicking.rs:557:40
[INFO] [stdout]   27:     0x58d95cd45e08 - std::panicking::try::hb8a7878e3a8589d6
[INFO] [stdout]                                at /rustc/202008a1b8de96d2e5b6bc02d379db03a877d34d/library/std/src/panicking.rs:520:19
[INFO] [stdout]   28:     0x58d95cd45e08 - std::panic::catch_unwind::hb8e4600ff0ff5cfa
[INFO] [stdout]                                at /rustc/202008a1b8de96d2e5b6bc02d379db03a877d34d/library/std/src/panic.rs:358:14
[INFO] [stdout]   29:     0x58d95cd45e08 - test::run_test_in_process::hc2900b0b18688dd6
[INFO] [stdout]                                at /rustc/202008a1b8de96d2e5b6bc02d379db03a877d34d/library/test/src/lib.rs:655:27
[INFO] [stdout]   30:     0x58d95cd45e08 - test::run_test::{{closure}}::hac2a9cb07be3d48d
[INFO] [stdout]                                at /rustc/202008a1b8de96d2e5b6bc02d379db03a877d34d/library/test/src/lib.rs:576:43
[INFO] [stdout]   31:     0x58d95cd098aa - test::run_test::{{closure}}::h4a5b729e66a38cd8
[INFO] [stdout]                                at /rustc/202008a1b8de96d2e5b6bc02d379db03a877d34d/library/test/src/lib.rs:606:41
[INFO] [stdout]   32:     0x58d95cd098aa - std::sys::backtrace::__rust_begin_short_backtrace::h0496fb742492f573
[INFO] [stdout]                                at /rustc/202008a1b8de96d2e5b6bc02d379db03a877d34d/library/std/src/sys/backtrace.rs:154:18
[INFO] [stdout]   33:     0x58d95cd0d224 - std::thread::Builder::spawn_unchecked_::{{closure}}::{{closure}}::hbb6d257c550a54bd
[INFO] [stdout]                                at /rustc/202008a1b8de96d2e5b6bc02d379db03a877d34d/library/std/src/thread/mod.rs:561:17
[INFO] [stdout]   34:     0x58d95cd0d224 - <core::panic::unwind_safe::AssertUnwindSafe<F> as core::ops::function::FnOnce<()>>::call_once::h46696fe4a6832328
[INFO] [stdout]                                at /rustc/202008a1b8de96d2e5b6bc02d379db03a877d34d/library/core/src/panic/unwind_safe.rs:272:9
[INFO] [stdout]   35:     0x58d95cd0d224 - std::panicking::try::do_call::h2625a51b667bfb64
[INFO] [stdout]                                at /rustc/202008a1b8de96d2e5b6bc02d379db03a877d34d/library/std/src/panicking.rs:557:40
[INFO] [stdout]   36:     0x58d95cd0d224 - std::panicking::try::hb956a59a1973aa4c
[INFO] [stdout]                                at /rustc/202008a1b8de96d2e5b6bc02d379db03a877d34d/library/std/src/panicking.rs:520:19
[INFO] [stdout]   37:     0x58d95cd0d224 - std::panic::catch_unwind::h64f3b9d1067ef6a0
[INFO] [stdout]                                at /rustc/202008a1b8de96d2e5b6bc02d379db03a877d34d/library/std/src/panic.rs:358:14
[INFO] [stdout]   38:     0x58d95cd0d224 - std::thread::Builder::spawn_unchecked_::{{closure}}::h42b2841295b6c0b2
[INFO] [stdout]                                at /rustc/202008a1b8de96d2e5b6bc02d379db03a877d34d/library/std/src/thread/mod.rs:559:30
[INFO] [stdout]   39:     0x58d95cd0d224 - core::ops::function::FnOnce::call_once{{vtable.shim}}::h6127de71b8124639
[INFO] [stdout]                                at /rustc/202008a1b8de96d2e5b6bc02d379db03a877d34d/library/core/src/ops/function.rs:250:5
[INFO] [stdout]   40:     0x58d95cd97e5b - <alloc::boxed::Box<F,A> as core::ops::function::FnOnce<Args>>::call_once::h42f0ba71002a1b2c
[INFO] [stdout]                                at /rustc/202008a1b8de96d2e5b6bc02d379db03a877d34d/library/alloc/src/boxed.rs:1972:9
[INFO] [stdout]   41:     0x58d95cd97e5b - <alloc::boxed::Box<F,A> as core::ops::function::FnOnce<Args>>::call_once::had9e47d7a3dcecb8
[INFO] [stdout]                                at /rustc/202008a1b8de96d2e5b6bc02d379db03a877d34d/library/alloc/src/boxed.rs:1972:9
[INFO] [stdout]   42:     0x58d95cd97e5b - std::sys::pal::unix::thread::Thread::new::thread_start::h48cf765408f6f5f2
[INFO] [stdout]                                at /rustc/202008a1b8de96d2e5b6bc02d379db03a877d34d/library/std/src/sys/pal/unix/thread.rs:105:17
[INFO] [stdout]   43:     0x71963f09aac3 - <unknown>
[INFO] [stdout]   44:     0x71963f12ba04 - clone
[INFO] [stdout]   45:                0x0 - <unknown>
[INFO] [stdout] 
[INFO] [stdout] 
[INFO] [stdout] failures:
[INFO] [stdout]     hello_world_gcc
[INFO] [stdout] 
[INFO] [stdout] test result: FAILED. 2 passed; 1 failed; 0 ignored; 0 measured; 0 filtered out; finished in 0.03s
[INFO] [stdout] 
[INFO] [stderr] error: test failed, to rerun pass `--test integration_test`
[INFO] running `Command { std: "docker" "inspect" "fe3867bdfed9aa73ee8d3c02dc5c51971e209d2a0357630670499e9188513da4", kill_on_drop: false }`
[INFO] running `Command { std: "docker" "rm" "-f" "fe3867bdfed9aa73ee8d3c02dc5c51971e209d2a0357630670499e9188513da4", kill_on_drop: false }`
[INFO] [stdout] fe3867bdfed9aa73ee8d3c02dc5c51971e209d2a0357630670499e9188513da4
