[INFO] cloning repository https://github.com/pamburus/hl
[INFO] running `Command { std: "git" "-c" "credential.helper=" "-c" "credential.helper=/workspace/cargo-home/bin/git-credential-null" "clone" "--bare" "https://github.com/pamburus/hl" "/workspace/cache/git-repos/https%3A%2F%2Fgithub.com%2Fpamburus%2Fhl", kill_on_drop: false }`
[INFO] [stderr] Cloning into bare repository '/workspace/cache/git-repos/https%3A%2F%2Fgithub.com%2Fpamburus%2Fhl'...
[INFO] running `Command { std: "git" "rev-parse" "HEAD", kill_on_drop: false }`
[INFO] [stdout] 0198f9c1286832f561ac4f4304c55fe0ab026cee
[INFO] testing pamburus/hl against 1.83.0 for beta-1.84.0-4-retry
[INFO] running `Command { std: "git" "clone" "/workspace/cache/git-repos/https%3A%2F%2Fgithub.com%2Fpamburus%2Fhl" "/workspace/builds/worker-6-tc1/source", kill_on_drop: false }`
[INFO] [stderr] Cloning into '/workspace/builds/worker-6-tc1/source'...
[INFO] [stderr] done.
[INFO] validating manifest of git repo https://github.com/pamburus/hl on toolchain 1.83.0
[INFO] running `Command { std: CARGO_HOME="/workspace/cargo-home" RUSTUP_HOME="/workspace/rustup-home" "/workspace/cargo-home/bin/cargo" "+1.83.0" "metadata" "--manifest-path" "Cargo.toml" "--no-deps", kill_on_drop: false }`
[INFO] removed /workspace/builds/worker-6-tc1/source/.cargo/config.toml
[INFO] started tweaking git repo https://github.com/pamburus/hl
[INFO] finished tweaking git repo https://github.com/pamburus/hl
[INFO] tweaked toml for git repo https://github.com/pamburus/hl written to /workspace/builds/worker-6-tc1/source/Cargo.toml
[INFO] crate git repo https://github.com/pamburus/hl already has a lockfile, it will not be regenerated
[INFO] running `Command { std: CARGO_HOME="/workspace/cargo-home" RUSTUP_HOME="/workspace/rustup-home" "/workspace/cargo-home/bin/cargo" "+1.83.0" "fetch" "--manifest-path" "Cargo.toml", kill_on_drop: false }`
[INFO] [stderr]     Blocking waiting for file lock on package cache
[INFO] [stderr]     Updating crates.io index
[INFO] [stderr]     Updating git repository `https://github.com/pamburus/htp.git`
[INFO] [stderr]     Updating git repository `https://github.com/cassaundra/wildflower.git`
[INFO] [stderr]     Blocking waiting for file lock on package cache
[INFO] [stderr]  Downloading crates ...
[INFO] [stderr]   Downloaded shellwords v1.1.0
[INFO] [stderr]   Downloaded stats_alloc v0.1.10
[INFO] [stderr]   Downloaded titlecase v3.3.0
[INFO] [stderr]   Downloaded closure v0.3.0
[INFO] [stderr]   Downloaded notify v7.0.0
[INFO] [stderr]   Downloaded byte-strings-proc_macros v0.3.1
[INFO] [stderr]   Downloaded terminal_size v0.4.1
[INFO] [stderr]   Downloaded byte-strings v0.3.1
[INFO] [stderr]   Downloaded clap_mangen v0.2.24
[INFO] [stderr]   Downloaded capnpc v0.20.1
[INFO] [stderr]   Downloaded clap_complete v4.5.38
[INFO] [stderr]   Downloaded roff v0.2.2
[INFO] [stderr]   Downloaded libyml v0.0.5
[INFO] [stderr]   Downloaded capnp v0.20.3
[INFO] [stderr]   Downloaded yaml-rust2 v0.8.1
[INFO] [stderr]   Downloaded serde_yml v0.0.12
[INFO] [stderr]   Downloaded config v0.14.1
[INFO] [stderr]   Downloaded chrono-tz v0.10.0
[INFO] [stderr]   Downloaded enum-map-derive v0.17.0
[INFO] [stderr]   Downloaded enum-map v2.7.3
[INFO] [stderr]   Downloaded nu-ansi-term v0.50.1
[INFO] [stderr]   Downloaded chrono-tz-build v0.4.0
[INFO] [stderr]   Downloaded ordered-multimap v0.7.3
[INFO] [stderr]   Downloaded rust-ini v0.20.0
[INFO] [stderr]   Downloaded notify-types v1.0.0
[INFO] [stderr]   Downloaded arraydeque v0.5.1
[INFO] [stderr]   Downloaded deko v0.1.0
[INFO] [stderr]   Downloaded wildmatch v2.4.0
[INFO] [stderr]   Downloaded derive_deref v1.1.1
[INFO] [stderr]   Downloaded collection_macros v0.2.0
[INFO] [stderr]   Downloaded bytefmt v0.1.7
[INFO] running `Command { std: "docker" "create" "-v" "/var/lib/crater-agent-workspace/builds/worker-6-tc1/target:/opt/rustwide/target:rw,Z" "-v" "/var/lib/crater-agent-workspace/builds/worker-6-tc1/source:/opt/rustwide/workdir:ro,Z" "-v" "/var/lib/crater-agent-workspace/cargo-home:/opt/rustwide/cargo-home:ro,Z" "-v" "/var/lib/crater-agent-workspace/rustup-home:/opt/rustwide/rustup-home:ro,Z" "-e" "SOURCE_DIR=/opt/rustwide/workdir" "-e" "CARGO_TARGET_DIR=/opt/rustwide/target" "-e" "CARGO_HOME=/opt/rustwide/cargo-home" "-e" "RUSTUP_HOME=/opt/rustwide/rustup-home" "-w" "/opt/rustwide/workdir" "-m" "1610612736" "--user" "0:0" "--network" "none" "ghcr.io/rust-lang/crates-build-env/linux@sha256:f3a9d4ad9d972b27faf3965f35b62e55ba32bbce8f20bc8fe909558a86702fde" "/opt/rustwide/cargo-home/bin/cargo" "+1.83.0" "metadata" "--no-deps" "--format-version=1", kill_on_drop: false }`
[INFO] [stdout] 2bf80beb0f9356783aca629ac818284428ad80cb6f5053790151447dee39f452
[INFO] running `Command { std: "docker" "start" "-a" "2bf80beb0f9356783aca629ac818284428ad80cb6f5053790151447dee39f452", kill_on_drop: false }`
[INFO] running `Command { std: "docker" "inspect" "2bf80beb0f9356783aca629ac818284428ad80cb6f5053790151447dee39f452", kill_on_drop: false }`
[INFO] running `Command { std: "docker" "rm" "-f" "2bf80beb0f9356783aca629ac818284428ad80cb6f5053790151447dee39f452", kill_on_drop: false }`
[INFO] [stdout] 2bf80beb0f9356783aca629ac818284428ad80cb6f5053790151447dee39f452
[INFO] running `Command { std: "docker" "create" "-v" "/var/lib/crater-agent-workspace/builds/worker-6-tc1/target:/opt/rustwide/target:rw,Z" "-v" "/var/lib/crater-agent-workspace/builds/worker-6-tc1/source:/opt/rustwide/workdir:ro,Z" "-v" "/var/lib/crater-agent-workspace/cargo-home:/opt/rustwide/cargo-home:ro,Z" "-v" "/var/lib/crater-agent-workspace/rustup-home:/opt/rustwide/rustup-home:ro,Z" "-e" "SOURCE_DIR=/opt/rustwide/workdir" "-e" "CARGO_TARGET_DIR=/opt/rustwide/target" "-e" "CARGO_INCREMENTAL=0" "-e" "RUST_BACKTRACE=full" "-e" "RUSTFLAGS=--cap-lints=warn" "-e" "RUSTDOCFLAGS=--cap-lints=warn" "-e" "CARGO_HOME=/opt/rustwide/cargo-home" "-e" "RUSTUP_HOME=/opt/rustwide/rustup-home" "-w" "/opt/rustwide/workdir" "-m" "1610612736" "--user" "0:0" "--network" "none" "ghcr.io/rust-lang/crates-build-env/linux@sha256:f3a9d4ad9d972b27faf3965f35b62e55ba32bbce8f20bc8fe909558a86702fde" "/opt/rustwide/cargo-home/bin/cargo" "+1.83.0" "build" "--frozen" "--message-format=json", kill_on_drop: false }`
[INFO] [stdout] 43fe169c493f60ebdf11398922730b44ba1dd1d194e3e89594a09610b01e8f34
[INFO] running `Command { std: "docker" "start" "-a" "43fe169c493f60ebdf11398922730b44ba1dd1d194e3e89594a09610b01e8f34", kill_on_drop: false }`
[INFO] [stderr]    Compiling proc-macro2 v1.0.92
[INFO] [stderr]    Compiling unicode-ident v1.0.14
[INFO] [stderr]    Compiling libc v0.2.168
[INFO] [stderr]    Compiling serde v1.0.216
[INFO] [stderr]    Compiling version_check v0.9.5
[INFO] [stderr]    Compiling memchr v2.7.4
[INFO] [stderr]    Compiling shlex v1.3.0
[INFO] [stderr]    Compiling pkg-config v0.3.31
[INFO] [stderr]    Compiling once_cell v1.20.2
[INFO] [stderr]    Compiling rand_core v0.6.4
[INFO] [stderr]    Compiling siphasher v0.3.11
[INFO] [stderr]    Compiling thiserror v2.0.6
[INFO] [stderr]    Compiling crunchy v0.2.2
[INFO] [stderr]    Compiling tiny-keccak v2.0.2
[INFO] [stderr]    Compiling ucd-trie v0.1.7
[INFO] [stderr]    Compiling zerocopy v0.7.35
[INFO] [stderr]    Compiling regex-syntax v0.8.5
[INFO] [stderr]    Compiling rustix v0.38.42
[INFO] [stderr]    Compiling phf_shared v0.11.2
[INFO] [stderr]    Compiling rand v0.8.5
[INFO] [stderr]    Compiling fnv v1.0.7
[INFO] [stderr]    Compiling heck v0.5.0
[INFO] [stderr]    Compiling ident_case v1.0.1
[INFO] [stderr]    Compiling autocfg v1.4.0
[INFO] [stderr]    Compiling utf8parse v0.2.2
[INFO] [stderr]    Compiling linux-raw-sys v0.4.14
[INFO] [stderr]    Compiling cpufeatures v0.2.16
[INFO] [stderr]    Compiling allocator-api2 v0.2.21
[INFO] [stderr]    Compiling generic-array v0.14.7
[INFO] [stderr]    Compiling ahash v0.8.11
[INFO] [stderr]    Compiling anstyle-parse v0.2.6
[INFO] [stderr]    Compiling serde_json v1.0.133
[INFO] [stderr]    Compiling phf_generator v0.11.2
[INFO] [stderr]    Compiling colorchoice v1.0.3
[INFO] [stderr]    Compiling anstyle-query v1.1.2
[INFO] [stderr]    Compiling hashbrown v0.15.2
[INFO] [stderr]    Compiling itoa v1.0.14
[INFO] [stderr]    Compiling anstyle v1.0.10
[INFO] [stderr]    Compiling is_terminal_polyfill v1.70.1
[INFO] [stderr]    Compiling phf_codegen v0.11.2
[INFO] [stderr]    Compiling walkdir v2.5.0
[INFO] [stderr]    Compiling num-traits v0.2.19
[INFO] [stderr]    Compiling strsim v0.11.1
[INFO] [stderr]    Compiling anyhow v1.0.94
[INFO] [stderr]    Compiling clap_lex v0.7.4
[INFO] [stderr]    Compiling zstd-safe v7.2.1
[INFO] [stderr]    Compiling quote v1.0.37
[INFO] [stderr]    Compiling jobserver v0.1.32
[INFO] [stderr]    Compiling getrandom v0.2.15
[INFO] [stderr]    Compiling aho-corasick v1.1.3
[INFO] [stderr]    Compiling hashbrown v0.14.5
[INFO] [stderr]    Compiling const-random-macro v0.1.16
[INFO] [stderr]    Compiling anstream v0.6.18
[INFO] [stderr]    Compiling syn v2.0.90
[INFO] [stderr]    Compiling rustversion v1.0.18
[INFO] [stderr]    Compiling cc v1.2.3
[INFO] [stderr]    Compiling crossbeam-utils v0.8.20
[INFO] [stderr]    Compiling adler2 v2.0.0
[INFO] [stderr]    Compiling stable_deref_trait v1.2.0
[INFO] [stderr]    Compiling iana-time-zone v0.1.61
[INFO] [stderr]    Compiling thiserror v1.0.69
[INFO] [stderr]    Compiling indexmap v2.7.0
[INFO] [stderr]    Compiling winnow v0.6.20
[INFO] [stderr]    Compiling syn v1.0.109
[INFO] [stderr]    Compiling capnp v0.20.3
[INFO] [stderr]    Compiling const-random v0.1.18
[INFO] [stderr]    Compiling dlv-list v0.5.2
[INFO] [stderr]    Compiling crypto-common v0.1.6
[INFO] [stderr]    Compiling block-buffer v0.10.4
[INFO] [stderr]    Compiling miniz_oxide v0.8.0
[INFO] [stderr]    Compiling hashlink v0.8.4
[INFO] [stderr]    Compiling digest v0.10.7
[INFO] [stderr]    Compiling ordered-multimap v0.7.3
[INFO] [stderr]    Compiling regex-automata v0.4.9
[INFO] [stderr]    Compiling sha2 v0.10.8
[INFO] [stderr]    Compiling inotify-sys v0.1.5
[INFO] [stderr]    Compiling serde_yml v0.0.12
[INFO] [stderr]    Compiling instant v0.1.13
[INFO] [stderr]    Compiling encoding_rs v0.8.35
[INFO] [stderr]    Compiling crc32fast v1.4.2
[INFO] [stderr]    Compiling base64 v0.21.7
[INFO] [stderr]    Compiling log v0.4.22
[INFO] [stderr]    Compiling rust-embed-utils v8.5.0
[INFO] [stderr]    Compiling unicode-segmentation v1.12.0
[INFO] [stderr]    Compiling heapless v0.8.0
[INFO] [stderr]    Compiling snap v1.1.1
[INFO] [stderr]    Compiling arraydeque v0.5.1
[INFO] [stderr]    Compiling byteorder v1.5.0
[INFO] [stderr]    Compiling minimal-lexical v0.2.1
[INFO] [stderr]    Compiling hash32 v0.3.1
[INFO] [stderr]    Compiling convert_case v0.6.0
[INFO] [stderr]    Compiling inotify v0.10.2
[INFO] [stderr]    Compiling mio v1.0.3
[INFO] [stderr]    Compiling flate2 v1.0.35
[INFO] [stderr]    Compiling dirs-sys v0.4.1
[INFO] [stderr]    Compiling zstd-sys v2.0.13+zstd.1.5.6
[INFO] [stderr]    Compiling lzma-sys v0.1.20
[INFO] [stderr]    Compiling bzip2-sys v0.1.11+1.0.8
[INFO] [stderr]    Compiling nom v7.1.3
[INFO] [stderr]    Compiling notify-types v1.0.0
[INFO] [stderr]    Compiling yaml-rust2 v0.8.1
[INFO] [stderr]    Compiling rust-ini v0.20.0
[INFO] [stderr]    Compiling libyml v0.0.5
[INFO] [stderr]    Compiling xz2 v0.1.7
[INFO] [stderr]    Compiling capnpc v0.20.1
[INFO] [stderr]    Compiling xz v0.1.0
[INFO] [stderr]    Compiling regex v1.11.1
[INFO] [stderr]    Compiling signal-hook-registry v1.4.2
[INFO] [stderr]    Compiling parse-zoneinfo v0.3.1
[INFO] [stderr]    Compiling bzip2 v0.4.4
[INFO] [stderr]    Compiling filetime v0.2.25
[INFO] [stderr]    Compiling roff v0.2.2
[INFO] [stderr]    Compiling either v1.13.0
[INFO] [stderr]    Compiling pathdiff v0.2.3
[INFO] [stderr]    Compiling lazy_static v1.5.0
[INFO] [stderr]    Compiling notify v7.0.0
[INFO] [stderr]    Compiling signal-hook v0.3.17
[INFO] [stderr]    Compiling itertools v0.13.0
[INFO] [stderr]    Compiling dirs v5.0.1
[INFO] [stderr]    Compiling chrono-tz-build v0.4.0
[INFO] [stderr]    Compiling crossbeam-channel v0.5.13
[INFO] [stderr]    Compiling crossbeam-queue v0.3.11
[INFO] [stderr]    Compiling num_cpus v1.16.0
[INFO] [stderr]    Compiling wyhash v0.5.0
[INFO] [stderr]    Compiling collection_macros v0.2.0
[INFO] [stderr]    Compiling winapi-util v0.1.9
[INFO] [stderr]    Compiling encstr v0.1.0 (/opt/rustwide/workdir/crate/encstr)
[INFO] [stderr]    Compiling nu-ansi-term v0.50.1
[INFO] [stderr]    Compiling closure v0.3.0
[INFO] [stderr]    Compiling chrono-tz v0.10.0
[INFO] [stderr]    Compiling synstructure v0.13.1
[INFO] [stderr]    Compiling darling_core v0.20.10
[INFO] [stderr]    Compiling derive_deref v1.1.1
[INFO] [stderr]    Compiling shellwords v1.1.0
[INFO] [stderr]    Compiling bytefmt v0.1.7
[INFO] [stderr]    Compiling titlecase v3.3.0
[INFO] [stderr]    Compiling serde_derive v1.0.216
[INFO] [stderr]    Compiling thiserror-impl v2.0.6
[INFO] [stderr]    Compiling clap_derive v4.5.18
[INFO] [stderr]    Compiling zerofrom-derive v0.1.5
[INFO] [stderr]    Compiling thiserror-impl v1.0.69
[INFO] [stderr]    Compiling phf_macros v0.11.2
[INFO] [stderr]    Compiling yoke-derive v0.7.5
[INFO] [stderr]    Compiling rust-embed-impl v8.5.0
[INFO] [stderr]    Compiling enum-map-derive v0.17.0
[INFO] [stderr]    Compiling async-trait v0.1.83
[INFO] [stderr]    Compiling strum_macros v0.26.4
[INFO] [stderr]    Compiling darling_macro v0.20.10
[INFO] [stderr]    Compiling enum-map v2.7.3
[INFO] [stderr]    Compiling darling v0.20.10
[INFO] [stderr]    Compiling enumset_derive v0.10.0
[INFO] [stderr]    Compiling zerofrom v0.1.5
[INFO] [stderr]    Compiling rust-embed v8.5.0
[INFO] [stderr]    Compiling phf v0.11.2
[INFO] [stderr]    Compiling pest v2.7.15
[INFO] [stderr]    Compiling yoke v0.7.5
[INFO] [stderr]    Compiling strum v0.26.3
[INFO] [stderr]    Compiling wildflower v0.3.0 (https://github.com/cassaundra/wildflower.git#f7428c1b)
[INFO] [stderr]    Compiling enumset v1.1.5
[INFO] [stderr]    Compiling enumset-ext v0.1.0 (/opt/rustwide/workdir/crate/enumset-ext)
[INFO] [stderr]    Compiling pest_meta v2.7.15
[INFO] [stderr]    Compiling zstd v0.13.2
[INFO] [stderr]    Compiling deko v0.1.0
[INFO] [stderr]    Compiling pest_generator v2.7.15
[INFO] [stderr]    Compiling pest_derive v2.7.15
[INFO] [stderr]    Compiling bitflags v2.6.0
[INFO] [stderr]    Compiling serde_spanned v0.6.8
[INFO] [stderr]    Compiling toml_datetime v0.6.8
[INFO] [stderr]    Compiling chrono v0.4.39
[INFO] [stderr]    Compiling json5 v0.4.1
[INFO] [stderr]    Compiling bincode v1.3.3
[INFO] [stderr]    Compiling serde-logfmt v0.1.0 (/opt/rustwide/workdir/crate/serde-logfmt)
[INFO] [stderr]    Compiling ron v0.8.1
[INFO] [stderr]    Compiling toml_edit v0.22.22
[INFO] [stderr]    Compiling terminal_size v0.4.1
[INFO] [stderr]    Compiling clap_builder v4.5.23
[INFO] [stderr]    Compiling htp v0.4.2 (https://github.com/pamburus/htp.git#3fd9234b)
[INFO] [stderr]    Compiling hl v0.30.0-alpha.2 (/opt/rustwide/workdir)
[INFO] [stderr]    Compiling toml v0.8.19
[INFO] [stderr]    Compiling config v0.14.1
[INFO] [stderr]    Compiling clap v4.5.23
[INFO] [stderr]    Compiling clap_mangen v0.2.24
[INFO] [stderr]    Compiling clap_complete v4.5.38
[INFO] [stdout] warning: unused import: `time::Duration`
[INFO] [stdout]  --> src/fsmon.rs:2:26
[INFO] [stdout]   |
[INFO] [stdout] 2 | use std::{path::PathBuf, time::Duration};
[INFO] [stdout]   |                          ^^^^^^^^^^^^^^
[INFO] [stdout]   |
[INFO] [stdout]   = note: `#[warn(unused_imports)]` on by default
[INFO] [stdout] 
[INFO] [stdout] 
[INFO] [stderr]     Finished `dev` profile [unoptimized + debuginfo] target(s) in 1m 27s
[INFO] running `Command { std: "docker" "inspect" "43fe169c493f60ebdf11398922730b44ba1dd1d194e3e89594a09610b01e8f34", kill_on_drop: false }`
[INFO] running `Command { std: "docker" "rm" "-f" "43fe169c493f60ebdf11398922730b44ba1dd1d194e3e89594a09610b01e8f34", kill_on_drop: false }`
[INFO] [stdout] 43fe169c493f60ebdf11398922730b44ba1dd1d194e3e89594a09610b01e8f34
[INFO] running `Command { std: "docker" "create" "-v" "/var/lib/crater-agent-workspace/builds/worker-6-tc1/target:/opt/rustwide/target:rw,Z" "-v" "/var/lib/crater-agent-workspace/builds/worker-6-tc1/source:/opt/rustwide/workdir:ro,Z" "-v" "/var/lib/crater-agent-workspace/cargo-home:/opt/rustwide/cargo-home:ro,Z" "-v" "/var/lib/crater-agent-workspace/rustup-home:/opt/rustwide/rustup-home:ro,Z" "-e" "SOURCE_DIR=/opt/rustwide/workdir" "-e" "CARGO_TARGET_DIR=/opt/rustwide/target" "-e" "CARGO_INCREMENTAL=0" "-e" "RUST_BACKTRACE=full" "-e" "RUSTFLAGS=--cap-lints=warn" "-e" "RUSTDOCFLAGS=--cap-lints=warn" "-e" "CARGO_HOME=/opt/rustwide/cargo-home" "-e" "RUSTUP_HOME=/opt/rustwide/rustup-home" "-w" "/opt/rustwide/workdir" "-m" "1610612736" "--user" "0:0" "--network" "none" "ghcr.io/rust-lang/crates-build-env/linux@sha256:f3a9d4ad9d972b27faf3965f35b62e55ba32bbce8f20bc8fe909558a86702fde" "/opt/rustwide/cargo-home/bin/cargo" "+1.83.0" "test" "--frozen" "--no-run" "--message-format=json", kill_on_drop: false }`
[INFO] [stdout] a377e2428c17ddffdf3755fec8e86ec59c2b79e4b0ddd939cdc4db045ddda823
[INFO] running `Command { std: "docker" "start" "-a" "a377e2428c17ddffdf3755fec8e86ec59c2b79e4b0ddd939cdc4db045ddda823", kill_on_drop: false }`
[INFO] [stderr]    Compiling serde v1.0.216
[INFO] [stderr]    Compiling num-traits v0.2.19
[INFO] [stderr]    Compiling crossbeam-epoch v0.9.18
[INFO] [stderr]    Compiling rayon-core v1.12.1
[INFO] [stderr]    Compiling half v2.4.1
[INFO] [stderr]    Compiling ciborium-io v0.2.2
[INFO] [stderr]    Compiling plotters-backend v0.3.7
[INFO] [stderr]    Compiling itertools v0.10.5
[INFO] [stderr]    Compiling cast v0.3.0
[INFO] [stderr]    Compiling is-terminal v0.4.13
[INFO] [stderr]    Compiling byte-strings-proc_macros v0.3.1
[INFO] [stderr]    Compiling oorandom v11.1.4
[INFO] [stderr]    Compiling anes v0.1.6
[INFO] [stderr]    Compiling maplit v1.0.2
[INFO] [stderr]    Compiling wildmatch v2.4.0
[INFO] [stderr]    Compiling stats_alloc v0.1.10
[INFO] [stderr]    Compiling plotters-svg v0.3.7
[INFO] [stderr]    Compiling ciborium-ll v0.2.2
[INFO] [stderr]    Compiling crossbeam-deque v0.8.5
[INFO] [stderr]    Compiling byte-strings v0.3.1
[INFO] [stderr]    Compiling rayon v1.10.0
[INFO] [stderr]    Compiling plotters v0.3.7
[INFO] [stderr]    Compiling criterion-plot v0.5.0
[INFO] [stderr]    Compiling serde_json v1.0.133
[INFO] [stderr]    Compiling bitflags v2.6.0
[INFO] [stderr]    Compiling serde_spanned v0.6.8
[INFO] [stderr]    Compiling toml_datetime v0.6.8
[INFO] [stderr]    Compiling chrono v0.4.39
[INFO] [stderr]    Compiling json5 v0.4.1
[INFO] [stderr]    Compiling bincode v1.3.3
[INFO] [stderr]    Compiling ciborium v0.2.2
[INFO] [stderr]    Compiling serde-logfmt v0.1.0 (/opt/rustwide/workdir/crate/serde-logfmt)
[INFO] [stderr]    Compiling serde_yml v0.0.12
[INFO] [stderr]    Compiling toml_edit v0.22.22
[INFO] [stderr]    Compiling rustix v0.38.42
[INFO] [stderr]    Compiling ron v0.8.1
[INFO] [stderr]    Compiling hl v0.30.0-alpha.2 (/opt/rustwide/workdir)
[INFO] [stderr]    Compiling terminal_size v0.4.1
[INFO] [stderr]    Compiling clap_builder v4.5.23
[INFO] [stderr]    Compiling tinytemplate v1.2.1
[INFO] [stderr]    Compiling htp v0.4.2 (https://github.com/pamburus/htp.git#3fd9234b)
[INFO] [stderr]    Compiling chrono-tz v0.10.0
[INFO] [stderr]    Compiling toml v0.8.19
[INFO] [stderr]    Compiling config v0.14.1
[INFO] [stderr]    Compiling clap v4.5.23
[INFO] [stderr]    Compiling clap_complete v4.5.38
[INFO] [stderr]    Compiling clap_mangen v0.2.24
[INFO] [stderr]    Compiling criterion v0.5.1
[INFO] [stdout] warning: unused import: `time::Duration`
[INFO] [stdout]  --> src/fsmon.rs:2:26
[INFO] [stdout]   |
[INFO] [stdout] 2 | use std::{path::PathBuf, time::Duration};
[INFO] [stdout]   |                          ^^^^^^^^^^^^^^
[INFO] [stdout]   |
[INFO] [stdout]   = note: `#[warn(unused_imports)]` on by default
[INFO] [stdout] 
[INFO] [stdout] 
[INFO] [stdout] warning: unused import: `time::Duration`
[INFO] [stdout]  --> src/fsmon.rs:2:26
[INFO] [stdout]   |
[INFO] [stdout] 2 | use std::{path::PathBuf, time::Duration};
[INFO] [stdout]   |                          ^^^^^^^^^^^^^^
[INFO] [stdout]   |
[INFO] [stdout]   = note: `#[warn(unused_imports)]` on by default
[INFO] [stdout] 
[INFO] [stdout] 
[INFO] [stderr]     Finished `test` profile [unoptimized + debuginfo] target(s) in 40.71s
[INFO] running `Command { std: "docker" "inspect" "a377e2428c17ddffdf3755fec8e86ec59c2b79e4b0ddd939cdc4db045ddda823", kill_on_drop: false }`
[INFO] running `Command { std: "docker" "rm" "-f" "a377e2428c17ddffdf3755fec8e86ec59c2b79e4b0ddd939cdc4db045ddda823", kill_on_drop: false }`
[INFO] [stdout] a377e2428c17ddffdf3755fec8e86ec59c2b79e4b0ddd939cdc4db045ddda823
[INFO] running `Command { std: "docker" "create" "-v" "/var/lib/crater-agent-workspace/builds/worker-6-tc1/target:/opt/rustwide/target:rw,Z" "-v" "/var/lib/crater-agent-workspace/builds/worker-6-tc1/source:/opt/rustwide/workdir:ro,Z" "-v" "/var/lib/crater-agent-workspace/cargo-home:/opt/rustwide/cargo-home:ro,Z" "-v" "/var/lib/crater-agent-workspace/rustup-home:/opt/rustwide/rustup-home:ro,Z" "-e" "SOURCE_DIR=/opt/rustwide/workdir" "-e" "CARGO_TARGET_DIR=/opt/rustwide/target" "-e" "CARGO_INCREMENTAL=0" "-e" "RUST_BACKTRACE=full" "-e" "RUSTFLAGS=--cap-lints=warn" "-e" "RUSTDOCFLAGS=--cap-lints=warn" "-e" "CARGO_HOME=/opt/rustwide/cargo-home" "-e" "RUSTUP_HOME=/opt/rustwide/rustup-home" "-w" "/opt/rustwide/workdir" "-m" "1610612736" "--user" "0:0" "--network" "none" "ghcr.io/rust-lang/crates-build-env/linux@sha256:f3a9d4ad9d972b27faf3965f35b62e55ba32bbce8f20bc8fe909558a86702fde" "/opt/rustwide/cargo-home/bin/cargo" "+1.83.0" "test" "--frozen", kill_on_drop: false }`
[INFO] [stdout] e0263a44bee926e4db3e6dc6055427492055f56d1d6cad543a4ced916747e029
[INFO] running `Command { std: "docker" "start" "-a" "e0263a44bee926e4db3e6dc6055427492055f56d1d6cad543a4ced916747e029", kill_on_drop: false }`
[INFO] [stderr] warning: unused import: `time::Duration`
[INFO] [stderr]  --> src/fsmon.rs:2:26
[INFO] [stderr]   |
[INFO] [stderr] 2 | use std::{path::PathBuf, time::Duration};
[INFO] [stderr]   |                          ^^^^^^^^^^^^^^
[INFO] [stderr]   |
[INFO] [stderr]   = note: `#[warn(unused_imports)]` on by default
[INFO] [stderr] 
[INFO] [stderr] warning: `hl` (lib) generated 1 warning (run `cargo fix --lib -p hl` to apply 1 suggestion)
[INFO] [stderr] warning: `hl` (lib test) generated 1 warning (1 duplicate)
[INFO] [stderr]     Finished `test` profile [unoptimized + debuginfo] target(s) in 0.34s
[INFO] [stderr]      Running unittests src/lib.rs (/opt/rustwide/target/debug/deps/hl-98b2037c7746fbd6)
[INFO] [stdout] 
[INFO] [stdout] running 154 tests
[INFO] [stdout] test app::tests::test_common_prefix_len ... ok
[INFO] [stdout] test app::tests::test_cat_field_exclude ... ok
[INFO] [stdout] test app::tests::test_hide_by_prefix_and_reveal_child ... ok
[INFO] [stdout] test app::tests::test_cat_one_line ... ok
[INFO] [stdout] test app::tests::test_cat_msg_array ... ok
[INFO] [stdout] test app::tests::test_cat_raw_fields ... ok
[INFO] [stdout] test app::tests::test_hide_by_prefix ... ok
[INFO] [stdout] test app::tests::test_cat_raw_multiple_inputs ... ok
[INFO] [stdout] test app::tests::test_cat_empty ... ok
[INFO] [stdout] test app::tests::test_cat_with_theme ... ok
[INFO] [stdout] test app::tests::test_smart_delim_combo ... ok
[INFO] [stdout] test datefmt::tests::test_compile_offset ... ok
[INFO] [stdout] test datefmt::tests::test_linux_date_format ... ok
[INFO] [stdout] test app::tests::test_issue_288_t1 ... ok
[INFO] [stdout] test config::tests::test_default ... ok
[INFO] [stdout] test config::tests::test_load_empty_filename ... ok
[INFO] [stdout] test app::tests::test_filter_with_blank_lines ... ok
[INFO] [stdout] test app::tests::test_incomplete_segment ... ok
[INFO] [stdout] test app::tests::test_cat_no_msg ... ok
[INFO] [stdout] test config::tests::test_issue_288 ... ok
[INFO] [stdout] test fmtx::tests::test_optimized_buf_extend ... ok
[INFO] [stdout] test error::tests::test_log ... ok
[INFO] [stdout] test filtering::tests::test_filter ... ok
[INFO] [stdout] test fmtx::tests::test_optimized_buf_truncate ... ok
[INFO] [stdout] test fmtx::tests::test_optimized_buf_push ... ok
[INFO] [stdout] test config::tests::test_load_k8s ... ok
[INFO] [stdout] test config::tests::test_load_auto ... ok
[INFO] [stdout] test formatting::tests::test_message_double_quoted ... ok
[INFO] [stdout] test formatting::tests::test_nested_hidden_fields_flatten ... ok
[INFO] [stdout] test formatting::tests::test_message_control_chars ... ok
[INFO] [stdout] test formatting::tests::test_nested_hidden_fields_no_flatten ... ok
[INFO] [stdout] test formatting::tests::test_message_single_and_double_quoted ... ok
[INFO] [stdout] test formatting::tests::test_message_spaces_only ... ok
[INFO] [stdout] test formatting::tests::test_message_single_quoted ... ok
[INFO] [stdout] test formatting::tests::test_message_empty ... ok
[INFO] [stdout] test formatting::tests::test_level_none_always_show ... ok
[INFO] [stdout] test formatting::tests::test_string_value_json_backslash ... ok
[INFO] [stdout] test formatting::tests::test_string_value_json_control_chars_and_quotes ... ok
[INFO] [stdout] test formatting::tests::test_string_value_json_extended_space ... ok
[INFO] [stdout] test formatting::tests::test_string_value_json_control_chars ... ok
[INFO] [stdout] test formatting::tests::test_string_value_json_hyphen ... ok
[INFO] [stdout] test formatting::tests::test_nested_objects ... ok
[INFO] [stdout] test formatting::tests::test_string_value_json_space ... ok
[INFO] [stdout] test formatting::tests::test_string_value_json_space_and_backticks ... ok
[INFO] [stdout] test formatting::tests::test_string_value_json_space_and_double_and_single_quotes_and_backticks ... ok
[INFO] [stdout] test formatting::tests::test_string_value_json_space_and_double_and_single_quotes ... ok
[INFO] [stdout] test formatting::tests::test_level_none ... ok
[INFO] [stdout] test formatting::tests::test_string_value_json_simple ... ok
[INFO] [stdout] test formatting::tests::test_string_value_raw ... ok
[INFO] [stdout] test formatting::tests::test_string_value_json_version ... ok
[INFO] [stdout] test formatting::tests::test_string_value_json_space_and_single_quotes ... ok
[INFO] [stdout] test formatting::tests::test_string_value_json_space_and_double_quotes ... ok
[INFO] [stdout] test formatting::tests::test_string_value_raw_backslash ... ok
[INFO] [stdout] test formatting::tests::test_string_value_raw_control_chars_and_quotes ... ok
[INFO] [stdout] test formatting::tests::test_string_value_raw_extended_space ... ok
[INFO] [stdout] test formatting::tests::test_string_value_raw_control_chars ... ok
[INFO] [stdout] test formatting::tests::test_string_value_raw_space_and_double_and_single_quotes ... ok
[INFO] [stdout] test formatting::tests::test_string_value_raw_space_and_backticks ... ok
[INFO] [stdout] test formatting::tests::test_string_value_raw_space ... ok
[INFO] [stdout] test formatting::tests::test_string_value_raw_hyphen ... ok
[INFO] [stdout] test formatting::tests::test_string_value_json_ambiguous ... ok
[INFO] [stdout] test formatting::tests::test_string_value_raw_ambiguous ... ok
[INFO] [stdout] test input::tests::test_input_gzip ... ok
[INFO] [stdout] test input::tests::test_input_hold_error_is_dir ... ok
[INFO] [stdout] test input::tests::test_input_hold_error_not_found ... ok
[INFO] [stdout] test formatting::tests::test_string_value_raw_space_and_double_and_single_quotes_and_backticks ... ok
[INFO] [stdout] test input::tests::test_input_read_error ... ok
[INFO] [stdout] test formatting::tests::test_string_value_raw_space_and_single_quotes ... ok
[INFO] [stdout] test formatting::tests::test_string_value_raw_space_and_double_quotes ... ok
[INFO] [stdout] test formatting::tests::test_timestamp_none_always_show ... ok
[INFO] [stdout] test model::tests::test_field_filter_json_int_escaped ... ok
[INFO] [stdout] test model::tests::test_field_filter_json_int ... ok
[INFO] [stdout] test model::tests::test_field_filter_json_str_empty ... ok
[INFO] [stdout] test formatting::tests::test_timestamp_none ... ok
[INFO] [stdout] test formatting::tests::test_string_value_json_number ... ok
[INFO] [stdout] test formatting::tests::test_string_value_raw_version ... ok
[INFO] [stdout] test index::tests::test_process_file_error ... ok
[INFO] [stdout] test model::tests::test_field_filter_json_str_escaped ... ok
[INFO] [stdout] test index::tests::test_process_file_success ... ok
[INFO] [stdout] test model::tests::test_field_filter_logfmt_int_escaped ... ok
[INFO] [stdout] test model::tests::test_field_filter_json_str_simple ... ok
[INFO] [stdout] test model::tests::test_field_filter_json_str_quoted ... ok
[INFO] [stdout] test model::tests::test_parse_single_word ... ok
[INFO] [stdout] test model::tests::test_field_filter_logfmt_str_quoted ... ok
[INFO] [stdout] test formatting::tests::test_string_value_trailing_space ... ok
[INFO] [stdout] test model::tests::test_field_filter_logfmt_str_simple ... ok
[INFO] [stdout] test model::tests::test_raw_record_parser_empty_line ... ok
[INFO] [stdout] test model::tests::test_raw_value_array ... ok
[INFO] [stdout] test model::tests::test_raw_value_object ... ok
[INFO] [stdout] test model::tests::test_field_filter_logfmt_int ... ok
[INFO] [stdout] test model::tests::test_raw_value_auto ... ok
[INFO] [stdout] test model::tests::test_raw_record_parser_empty_object ... ok
[INFO] [stdout] test model::tests::test_field_filter_logfmt_str_escaped ... ok
[INFO] [stdout] test model::tests::test_field_filter_logfmt_str_empty ... ok
[INFO] [stdout] test formatting::tests::test_string_value_raw_number ... ok
[INFO] [stdout] test query::tests::test_or_3 ... ok
[INFO] [stdout] test query::tests::test_or_and ... ok
[INFO] [stdout] test model::tests::test_raw_value_is_empty ... ok
[INFO] [stdout] test query::tests::test_and_or ... ok
[INFO] [stdout] test model::tests::test_raw_value_parse ... ok
[INFO] [stdout] test query::tests::query_in_set_file_invalid ... ok
[INFO] [stdout] test model::tests::test_raw_value_raw_str ... ok
[INFO] [stdout] test query::tests::test_and_3 ... ok
[INFO] [stdout] test query::tests::test_query_json_int_escaped ... ok
[INFO] [stdout] test query::tests::test_query_json_str_quoted ... ok
[INFO] [stdout] test replay::tests::test_rewinding_reader_default ... ok
[INFO] [stdout] test replay::tests::test_rewinding_reader_lru ... ok
[INFO] [stdout] test query::tests::query_in_set_file_not_found ... ok
[INFO] [stdout] test query::tests::query_in_set_file_valid ... ok
[INFO] [stdout] test query::tests::test_query_json_float ... ok
[INFO] [stdout] test scanning::tests::test_empty ... ok
[INFO] [stdout] test query::tests::test_query_json_str_simple ... ok
[INFO] [stdout] test scanning::tests::test_empty_token_and_small_token ... ok
[INFO] [stdout] test query::tests::test_query_json_in_int ... ok
[INFO] [stdout] test query::tests::test_query_json_str_empty ... ok
[INFO] [stdout] test scanning::tests::test_delim_combo_auto ... ok
[INFO] [stdout] test scanning::tests::test_buf_factory_recycle ... ok
[INFO] [stdout] test scanning::tests::test_jumbo_0 ... ok
[INFO] [stdout] test query::tests::test_query_json_in_str ... ok
[INFO] [stdout] test scanning::tests::test_jumbo_1 ... ok
[INFO] [stdout] test scanning::tests::test_jumbo_2 ... ok
[INFO] [stdout] test scanning::tests::test_jumbo_smart_new_line_2 ... ok
[INFO] [stdout] test scanning::tests::test_no_delim ... ok
[INFO] [stdout] test scanning::tests::test_small_token ... ok
[INFO] [stdout] test scanning::tests::test_jumbo_smart_new_line ... ok
[INFO] [stdout] test scanning::tests::test_only_delim_auto ... ok
[INFO] [stdout] test scanning::tests::test_only_delim ... ok
[INFO] [stdout] test scanning::tests::test_split_iter ... ok
[INFO] [stdout] test scanning::tests::test_two_tokens_over_segment_size ... ok
[INFO] [stdout] test scanning::tests::test_two_small_tokens ... ok
[INFO] [stdout] test settings::tests::test_default_settings ... ok
[INFO] [stdout] test timeparse::tests::test_use_custom_format_dst_offset ... ok
[INFO] [stdout] test scanning::tests::test_small_token_and_empty_token ... ok
[INFO] [stdout] test themecfg::tests::test_rgb ... ok
[INFO] [stdout] test timeparse::tests::test_use_custom_format_dst_t ... ok
[INFO] [stdout] test timeparse::tests::test_use_custom_format_dst_zone ... ok
[INFO] [stdout] test timeparse::tests::test_rfc3339_weak ... ok
[INFO] [stdout] test theme::tests::test_theme ... ok
[INFO] [stdout] test themecfg::tests::test_style_pack ... ok
[INFO] [stdout] test timestamp::tests::test_split_rfc3339 ... ok
[INFO] [stdout] test themecfg::tests::test_embedded ... ok
[INFO] [stdout] test query::tests::test_query_json_int ... ok
[INFO] [stdout] test timeparse::tests::test_use_custom_format_unsupported ... ok
[INFO] [stdout] test settings::tests::test_load_settings_k8s ... ok
[INFO] [stdout] test timestamp::tests::test_parse ... ok
[INFO] [stdout] test timeparse::tests::test_use_custom_format_utc_t ... ok
[INFO] [stdout] test themecfg::tests::test_load ... ok
[INFO] [stdout] test timezone::tests::test_tz_offset ... ok
[INFO] [stdout] test timeparse::tests::test_use_custom_format_weekday ... ok
[INFO] [stdout] test themecfg::tests::test_load_from ... ok
[INFO] [stdout] test app::tests::test_incomplete_segment_sorted ... FAILED
[INFO] [stdout] test app::tests::test_sort_with_blank_lines ... FAILED
[INFO] [stdout] test app::tests::test_sort_with_clingy_and_invalid_lines ... FAILED
[INFO] [stdout] test app::tests::test_sort_with_clingy_lines ... FAILED
[INFO] [stdout] 
[INFO] [stdout] failures:
[INFO] [stdout] 
[INFO] [stdout] ---- app::tests::test_incomplete_segment_sorted stdout ----
[INFO] [stdout] thread 'app::tests::test_incomplete_segment_sorted' panicked at src/app.rs:1381:43:
[INFO] [stdout] called `Result::unwrap()` on an `Err` value: Io(Os { code: 30, kind: ReadOnlyFilesystem, message: "Read-only file system" })
[INFO] [stdout] stack backtrace:
[INFO] [stdout]    0:     0x654d3012f26a - std::backtrace_rs::backtrace::libunwind::trace::h5a5b8284f2d0c266
[INFO] [stdout]                                at /rustc/90b35a6239c3d8bdabc530a6a0816f7ff89a0aaf/library/std/src/../../backtrace/src/backtrace/libunwind.rs:116:5
[INFO] [stdout]    1:     0x654d3012f26a - std::backtrace_rs::backtrace::trace_unsynchronized::h76d4f1c9b0b875e3
[INFO] [stdout]                                at /rustc/90b35a6239c3d8bdabc530a6a0816f7ff89a0aaf/library/std/src/../../backtrace/src/backtrace/mod.rs:66:5
[INFO] [stdout]    2:     0x654d3012f26a - std::sys::backtrace::_print_fmt::hc4546b8364a537c6
[INFO] [stdout]                                at /rustc/90b35a6239c3d8bdabc530a6a0816f7ff89a0aaf/library/std/src/sys/backtrace.rs:66:9
[INFO] [stdout]    3:     0x654d3012f26a - <std::sys::backtrace::BacktraceLock::print::DisplayBacktrace as core::fmt::Display>::fmt::h5b6bd5631a6d1f6b
[INFO] [stdout]                                at /rustc/90b35a6239c3d8bdabc530a6a0816f7ff89a0aaf/library/std/src/sys/backtrace.rs:39:26
[INFO] [stdout]    4:     0x654d301583e3 - core::fmt::rt::Argument::fmt::h270f6602a2b96f62
[INFO] [stdout]                                at /rustc/90b35a6239c3d8bdabc530a6a0816f7ff89a0aaf/library/core/src/fmt/rt.rs:177:76
[INFO] [stdout]    5:     0x654d301583e3 - core::fmt::write::h7550c97b06c86515
[INFO] [stdout]                                at /rustc/90b35a6239c3d8bdabc530a6a0816f7ff89a0aaf/library/core/src/fmt/mod.rs:1186:21
[INFO] [stdout]    6:     0x654d3012bb33 - std::io::Write::write_fmt::h509ff860e5956e5e
[INFO] [stdout]                                at /rustc/90b35a6239c3d8bdabc530a6a0816f7ff89a0aaf/library/std/src/io/mod.rs:1839:15
[INFO] [stdout]    7:     0x654d3012f0b2 - std::sys::backtrace::BacktraceLock::print::h2395ccd2c84ba3aa
[INFO] [stdout]                                at /rustc/90b35a6239c3d8bdabc530a6a0816f7ff89a0aaf/library/std/src/sys/backtrace.rs:42:9
[INFO] [stdout]    8:     0x654d301306ca - std::panicking::default_hook::{{closure}}::he19d4c7230e07961
[INFO] [stdout]                                at /rustc/90b35a6239c3d8bdabc530a6a0816f7ff89a0aaf/library/std/src/panicking.rs:268:22
[INFO] [stdout]    9:     0x654d301304d4 - std::panicking::default_hook::hf614597d3c67bbdb
[INFO] [stdout]                                at /rustc/90b35a6239c3d8bdabc530a6a0816f7ff89a0aaf/library/std/src/panicking.rs:292:9
[INFO] [stdout]   10:     0x654d2f9f4569 - <alloc::boxed::Box<F,A> as core::ops::function::Fn<Args>>::call::h39b51ce4599c23d1
[INFO] [stdout]                                at /rustc/90b35a6239c3d8bdabc530a6a0816f7ff89a0aaf/library/alloc/src/boxed.rs:2468:9
[INFO] [stdout]   11:     0x654d2f9f4569 - test::test_main::{{closure}}::he977ae839a582784
[INFO] [stdout]                                at /rustc/90b35a6239c3d8bdabc530a6a0816f7ff89a0aaf/library/test/src/lib.rs:133:21
[INFO] [stdout]   12:     0x654d30130d68 - <alloc::boxed::Box<F,A> as core::ops::function::Fn<Args>>::call::h9455091b6b06f9fb
[INFO] [stdout]                                at /rustc/90b35a6239c3d8bdabc530a6a0816f7ff89a0aaf/library/alloc/src/boxed.rs:2468:9
[INFO] [stdout]   13:     0x654d30130d68 - std::panicking::rust_panic_with_hook::h8942133a8b252070
[INFO] [stdout]                                at /rustc/90b35a6239c3d8bdabc530a6a0816f7ff89a0aaf/library/std/src/panicking.rs:809:13
[INFO] [stdout]   14:     0x654d30130b2a - std::panicking::begin_panic_handler::{{closure}}::hb5f5963570096b29
[INFO] [stdout]                                at /rustc/90b35a6239c3d8bdabc530a6a0816f7ff89a0aaf/library/std/src/panicking.rs:674:13
[INFO] [stdout]   15:     0x654d3012f749 - std::sys::backtrace::__rust_end_short_backtrace::h6208cedc1922feda
[INFO] [stdout]                                at /rustc/90b35a6239c3d8bdabc530a6a0816f7ff89a0aaf/library/std/src/sys/backtrace.rs:170:18
[INFO] [stdout]   16:     0x654d301307bc - rust_begin_unwind
[INFO] [stdout]                                at /rustc/90b35a6239c3d8bdabc530a6a0816f7ff89a0aaf/library/std/src/panicking.rs:665:5
[INFO] [stdout]   17:     0x654d2f5e5470 - core::panicking::panic_fmt::h0c3082644d1bf418
[INFO] [stdout]                                at /rustc/90b35a6239c3d8bdabc530a6a0816f7ff89a0aaf/library/core/src/panicking.rs:74:14
[INFO] [stdout]   18:     0x654d2f5e5956 - core::result::unwrap_failed::hd20b4aa073bda1e2
[INFO] [stdout]                                at /rustc/90b35a6239c3d8bdabc530a6a0816f7ff89a0aaf/library/core/src/result.rs:1700:5
[INFO] [stdout]   19:     0x654d2f966e7f - core::result::Result<T,E>::unwrap::h440865cd7c6ca0d3
[INFO] [stdout]                                at /rustc/90b35a6239c3d8bdabc530a6a0816f7ff89a0aaf/library/core/src/result.rs:1104:23
[INFO] [stdout]   20:     0x654d2f966e7f - hl::app::tests::test_incomplete_segment_sorted::h88c33a2f3d55fb62
[INFO] [stdout]                                at /opt/rustwide/workdir/src/app.rs:1381:9
[INFO] [stdout]   21:     0x654d2f966927 - hl::app::tests::test_incomplete_segment_sorted::{{closure}}::hebdb035d62e2bfc3
[INFO] [stdout]                                at /opt/rustwide/workdir/src/app.rs:1367:40
[INFO] [stdout]   22:     0x654d2f65a296 - core::ops::function::FnOnce::call_once::h22e4a8c68f62c5f7
[INFO] [stdout]                                at /rustc/90b35a6239c3d8bdabc530a6a0816f7ff89a0aaf/library/core/src/ops/function.rs:250:5
[INFO] [stdout]   23:     0x654d2f9f8f2b - core::ops::function::FnOnce::call_once::h109cf8051a59b34e
[INFO] [stdout]                                at /rustc/90b35a6239c3d8bdabc530a6a0816f7ff89a0aaf/library/core/src/ops/function.rs:250:5
[INFO] [stdout]   24:     0x654d2f9f8f2b - test::__rust_begin_short_backtrace::hf4fff89d377446ba
[INFO] [stdout]                                at /rustc/90b35a6239c3d8bdabc530a6a0816f7ff89a0aaf/library/test/src/lib.rs:621:18
[INFO] [stdout]   25:     0x654d2f9f8767 - test::run_test_in_process::{{closure}}::h0e39181dd7ee5a43
[INFO] [stdout]                                at /rustc/90b35a6239c3d8bdabc530a6a0816f7ff89a0aaf/library/test/src/lib.rs:644:60
[INFO] [stdout]   26:     0x654d2f9f8767 - <core::panic::unwind_safe::AssertUnwindSafe<F> as core::ops::function::FnOnce<()>>::call_once::hc5a66a30f0bdfd1f
[INFO] [stdout]                                at /rustc/90b35a6239c3d8bdabc530a6a0816f7ff89a0aaf/library/core/src/panic/unwind_safe.rs:272:9
[INFO] [stdout]   27:     0x654d2f9f8767 - std::panicking::try::do_call::h873b7cf639554a5e
[INFO] [stdout]                                at /rustc/90b35a6239c3d8bdabc530a6a0816f7ff89a0aaf/library/std/src/panicking.rs:557:40
[INFO] [stdout]   28:     0x654d2f9f8767 - std::panicking::try::hdb19862fad9c8bd1
[INFO] [stdout]                                at /rustc/90b35a6239c3d8bdabc530a6a0816f7ff89a0aaf/library/std/src/panicking.rs:520:19
[INFO] [stdout]   29:     0x654d2f9f8767 - std::panic::catch_unwind::h281fe732d236d260
[INFO] [stdout]                                at /rustc/90b35a6239c3d8bdabc530a6a0816f7ff89a0aaf/library/std/src/panic.rs:358:14
[INFO] [stdout]   30:     0x654d2f9f8767 - test::run_test_in_process::h949b6df8457ed338
[INFO] [stdout]                                at /rustc/90b35a6239c3d8bdabc530a6a0816f7ff89a0aaf/library/test/src/lib.rs:644:27
[INFO] [stdout]   31:     0x654d2f9f8767 - test::run_test::{{closure}}::h52c556a6d4740e10
[INFO] [stdout]                                at /rustc/90b35a6239c3d8bdabc530a6a0816f7ff89a0aaf/library/test/src/lib.rs:565:43
[INFO] [stdout]   32:     0x654d2f9bda44 - test::run_test::{{closure}}::h4237f6381c45ccb9
[INFO] [stdout]                                at /rustc/90b35a6239c3d8bdabc530a6a0816f7ff89a0aaf/library/test/src/lib.rs:595:41
[INFO] [stdout]   33:     0x654d2f9bda44 - std::sys::backtrace::__rust_begin_short_backtrace::h505c97a579eca628
[INFO] [stdout]                                at /rustc/90b35a6239c3d8bdabc530a6a0816f7ff89a0aaf/library/std/src/sys/backtrace.rs:154:18
[INFO] [stdout]   34:     0x654d2f9c110e - std::thread::Builder::spawn_unchecked_::{{closure}}::{{closure}}::h9e86b2e2bc107ea3
[INFO] [stdout]                                at /rustc/90b35a6239c3d8bdabc530a6a0816f7ff89a0aaf/library/std/src/thread/mod.rs:538:17
[INFO] [stdout]   35:     0x654d2f9c110e - <core::panic::unwind_safe::AssertUnwindSafe<F> as core::ops::function::FnOnce<()>>::call_once::h8b06ddb275ff4a25
[INFO] [stdout]                                at /rustc/90b35a6239c3d8bdabc530a6a0816f7ff89a0aaf/library/core/src/panic/unwind_safe.rs:272:9
[INFO] [stdout]   36:     0x654d2f9c110e - std::panicking::try::do_call::hb26ecd7cd9a9355d
[INFO] [stdout]                                at /rustc/90b35a6239c3d8bdabc530a6a0816f7ff89a0aaf/library/std/src/panicking.rs:557:40
[INFO] [stdout]   37:     0x654d2f9c110e - std::panicking::try::h8ddeca9d705f9069
[INFO] [stdout]                                at /rustc/90b35a6239c3d8bdabc530a6a0816f7ff89a0aaf/library/std/src/panicking.rs:520:19
[INFO] [stdout]   38:     0x654d2f9c110e - std::panic::catch_unwind::h49e1c33078844c46
[INFO] [stdout]                                at /rustc/90b35a6239c3d8bdabc530a6a0816f7ff89a0aaf/library/std/src/panic.rs:358:14
[INFO] [stdout]   39:     0x654d2f9c110e - std::thread::Builder::spawn_unchecked_::{{closure}}::h6073db6ff56ad35d
[INFO] [stdout]                                at /rustc/90b35a6239c3d8bdabc530a6a0816f7ff89a0aaf/library/std/src/thread/mod.rs:537:30
[INFO] [stdout]   40:     0x654d2f9c110e - core::ops::function::FnOnce::call_once{{vtable.shim}}::h2c5a5f3779c774f1
[INFO] [stdout]                                at /rustc/90b35a6239c3d8bdabc530a6a0816f7ff89a0aaf/library/core/src/ops/function.rs:250:5
[INFO] [stdout]   41:     0x654d301354eb - <alloc::boxed::Box<F,A> as core::ops::function::FnOnce<Args>>::call_once::hf75717d9f28faebf
[INFO] [stdout]                                at /rustc/90b35a6239c3d8bdabc530a6a0816f7ff89a0aaf/library/alloc/src/boxed.rs:2454:9
[INFO] [stdout]   42:     0x654d301354eb - <alloc::boxed::Box<F,A> as core::ops::function::FnOnce<Args>>::call_once::h7bd883a5f3c5f3c1
[INFO] [stdout]                                at /rustc/90b35a6239c3d8bdabc530a6a0816f7ff89a0aaf/library/alloc/src/boxed.rs:2454:9
[INFO] [stdout]   43:     0x654d301354eb - std::sys::pal::unix::thread::Thread::new::thread_start::hcc78f3943333fa94
[INFO] [stdout]                                at /rustc/90b35a6239c3d8bdabc530a6a0816f7ff89a0aaf/library/std/src/sys/pal/unix/thread.rs:105:17
[INFO] [stdout]   44:     0x727bc6d00ac3 - <unknown>
[INFO] [stdout]   45:     0x727bc6d91a04 - clone
[INFO] [stdout]   46:                0x0 - <unknown>
[INFO] [stdout] 
[INFO] [stdout] ---- app::tests::test_sort_with_blank_lines stdout ----
[INFO] [stdout] thread 'app::tests::test_sort_with_blank_lines' panicked at src/app.rs:1229:43:
[INFO] [stdout] called `Result::unwrap()` on an `Err` value: Io(Os { code: 30, kind: ReadOnlyFilesystem, message: "Read-only file system" })
[INFO] [stdout] stack backtrace:
[INFO] [stdout]    0:     0x654d3012f26a - std::backtrace_rs::backtrace::libunwind::trace::h5a5b8284f2d0c266
[INFO] [stdout]                                at /rustc/90b35a6239c3d8bdabc530a6a0816f7ff89a0aaf/library/std/src/../../backtrace/src/backtrace/libunwind.rs:116:5
[INFO] [stdout]    1:     0x654d3012f26a - std::backtrace_rs::backtrace::trace_unsynchronized::h76d4f1c9b0b875e3
[INFO] [stdout]                                at /rustc/90b35a6239c3d8bdabc530a6a0816f7ff89a0aaf/library/std/src/../../backtrace/src/backtrace/mod.rs:66:5
[INFO] [stdout]    2:     0x654d3012f26a - std::sys::backtrace::_print_fmt::hc4546b8364a537c6
[INFO] [stdout]                                at /rustc/90b35a6239c3d8bdabc530a6a0816f7ff89a0aaf/library/std/src/sys/backtrace.rs:66:9
[INFO] [stdout]    3:     0x654d3012f26a - <std::sys::backtrace::BacktraceLock::print::DisplayBacktrace as core::fmt::Display>::fmt::h5b6bd5631a6d1f6b
[INFO] [stdout]                                at /rustc/90b35a6239c3d8bdabc530a6a0816f7ff89a0aaf/library/std/src/sys/backtrace.rs:39:26
[INFO] [stdout]    4:     0x654d301583e3 - core::fmt::rt::Argument::fmt::h270f6602a2b96f62
[INFO] [stdout]                                at /rustc/90b35a6239c3d8bdabc530a6a0816f7ff89a0aaf/library/core/src/fmt/rt.rs:177:76
[INFO] [stdout]    5:     0x654d301583e3 - core::fmt::write::h7550c97b06c86515
[INFO] [stdout]                                at /rustc/90b35a6239c3d8bdabc530a6a0816f7ff89a0aaf/library/core/src/fmt/mod.rs:1186:21
[INFO] [stdout]    6:     0x654d3012bb33 - std::io::Write::write_fmt::h509ff860e5956e5e
[INFO] [stdout]                                at /rustc/90b35a6239c3d8bdabc530a6a0816f7ff89a0aaf/library/std/src/io/mod.rs:1839:15
[INFO] [stdout]    7:     0x654d3012f0b2 - std::sys::backtrace::BacktraceLock::print::h2395ccd2c84ba3aa
[INFO] [stdout]                                at /rustc/90b35a6239c3d8bdabc530a6a0816f7ff89a0aaf/library/std/src/sys/backtrace.rs:42:9
[INFO] [stdout]    8:     0x654d301306ca - std::panicking::default_hook::{{closure}}::he19d4c7230e07961
[INFO] [stdout]                                at /rustc/90b35a6239c3d8bdabc530a6a0816f7ff89a0aaf/library/std/src/panicking.rs:268:22
[INFO] [stdout]    9:     0x654d301304d4 - std::panicking::default_hook::hf614597d3c67bbdb
[INFO] [stdout]                                at /rustc/90b35a6239c3d8bdabc530a6a0816f7ff89a0aaf/library/std/src/panicking.rs:292:9
[INFO] [stdout]   10:     0x654d2f9f4569 - <alloc::boxed::Box<F,A> as core::ops::function::Fn<Args>>::call::h39b51ce4599c23d1
[INFO] [stdout]                                at /rustc/90b35a6239c3d8bdabc530a6a0816f7ff89a0aaf/library/alloc/src/boxed.rs:2468:9
[INFO] [stdout]   11:     0x654d2f9f4569 - test::test_main::{{closure}}::he977ae839a582784
[INFO] [stdout]                                at /rustc/90b35a6239c3d8bdabc530a6a0816f7ff89a0aaf/library/test/src/lib.rs:133:21
[INFO] [stdout]   12:     0x654d30130d68 - <alloc::boxed::Box<F,A> as core::ops::function::Fn<Args>>::call::h9455091b6b06f9fb
[INFO] [stdout]                                at /rustc/90b35a6239c3d8bdabc530a6a0816f7ff89a0aaf/library/alloc/src/boxed.rs:2468:9
[INFO] [stdout]   13:     0x654d30130d68 - std::panicking::rust_panic_with_hook::h8942133a8b252070
[INFO] [stdout]                                at /rustc/90b35a6239c3d8bdabc530a6a0816f7ff89a0aaf/library/std/src/panicking.rs:809:13
[INFO] [stdout]   14:     0x654d30130b2a - std::panicking::begin_panic_handler::{{closure}}::hb5f5963570096b29
[INFO] [stdout]                                at /rustc/90b35a6239c3d8bdabc530a6a0816f7ff89a0aaf/library/std/src/panicking.rs:674:13
[INFO] [stdout]   15:     0x654d3012f749 - std::sys::backtrace::__rust_end_short_backtrace::h6208cedc1922feda
[INFO] [stdout]                                at /rustc/90b35a6239c3d8bdabc530a6a0816f7ff89a0aaf/library/std/src/sys/backtrace.rs:170:18
[INFO] [stdout]   16:     0x654d301307bc - rust_begin_unwind
[INFO] [stdout]                                at /rustc/90b35a6239c3d8bdabc530a6a0816f7ff89a0aaf/library/std/src/panicking.rs:665:5
[INFO] [stdout]   17:     0x654d2f5e5470 - core::panicking::panic_fmt::h0c3082644d1bf418
[INFO] [stdout]                                at /rustc/90b35a6239c3d8bdabc530a6a0816f7ff89a0aaf/library/core/src/panicking.rs:74:14
[INFO] [stdout]   18:     0x654d2f5e5956 - core::result::unwrap_failed::hd20b4aa073bda1e2
[INFO] [stdout]                                at /rustc/90b35a6239c3d8bdabc530a6a0816f7ff89a0aaf/library/core/src/result.rs:1700:5
[INFO] [stdout]   19:     0x654d2f96419b - core::result::Result<T,E>::unwrap::h440865cd7c6ca0d3
[INFO] [stdout]                                at /rustc/90b35a6239c3d8bdabc530a6a0816f7ff89a0aaf/library/core/src/result.rs:1104:23
[INFO] [stdout]   20:     0x654d2f96419b - hl::app::tests::test_sort_with_blank_lines::h9d5ac0af992893b4
[INFO] [stdout]                                at /opt/rustwide/workdir/src/app.rs:1229:9
[INFO] [stdout]   21:     0x654d2f963f37 - hl::app::tests::test_sort_with_blank_lines::{{closure}}::hb4db7e572c41d364
[INFO] [stdout]                                at /opt/rustwide/workdir/src/app.rs:1219:36
[INFO] [stdout]   22:     0x654d2f65c5c6 - core::ops::function::FnOnce::call_once::haae7295f0931b95f
[INFO] [stdout]                                at /rustc/90b35a6239c3d8bdabc530a6a0816f7ff89a0aaf/library/core/src/ops/function.rs:250:5
[INFO] [stdout]   23:     0x654d2f9f8f2b - core::ops::function::FnOnce::call_once::h109cf8051a59b34e
[INFO] [stdout]                                at /rustc/90b35a6239c3d8bdabc530a6a0816f7ff89a0aaf/library/core/src/ops/function.rs:250:5
[INFO] [stdout]   24:     0x654d2f9f8f2b - test::__rust_begin_short_backtrace::hf4fff89d377446ba
[INFO] [stdout]                                at /rustc/90b35a6239c3d8bdabc530a6a0816f7ff89a0aaf/library/test/src/lib.rs:621:18
[INFO] [stdout]   25:     0x654d2f9f8767 - test::run_test_in_process::{{closure}}::h0e39181dd7ee5a43
[INFO] [stdout]                                at /rustc/90b35a6239c3d8bdabc530a6a0816f7ff89a0aaf/library/test/src/lib.rs:644:60
[INFO] [stdout]   26:     0x654d2f9f8767 - <core::panic::unwind_safe::AssertUnwindSafe<F> as core::ops::function::FnOnce<()>>::call_once::hc5a66a30f0bdfd1f
[INFO] [stdout]                                at /rustc/90b35a6239c3d8bdabc530a6a0816f7ff89a0aaf/library/core/src/panic/unwind_safe.rs:272:9
[INFO] [stdout]   27:     0x654d2f9f8767 - std::panicking::try::do_call::h873b7cf639554a5e
[INFO] [stdout]                                at /rustc/90b35a6239c3d8bdabc530a6a0816f7ff89a0aaf/library/std/src/panicking.rs:557:40
[INFO] [stdout]   28:     0x654d2f9f8767 - std::panicking::try::hdb19862fad9c8bd1
[INFO] [stdout]                                at /rustc/90b35a6239c3d8bdabc530a6a0816f7ff89a0aaf/library/std/src/panicking.rs:520:19
[INFO] [stdout]   29:     0x654d2f9f8767 - std::panic::catch_unwind::h281fe732d236d260
[INFO] [stdout]                                at /rustc/90b35a6239c3d8bdabc530a6a0816f7ff89a0aaf/library/std/src/panic.rs:358:14
[INFO] [stdout]   30:     0x654d2f9f8767 - test::run_test_in_process::h949b6df8457ed338
[INFO] [stdout]                                at /rustc/90b35a6239c3d8bdabc530a6a0816f7ff89a0aaf/library/test/src/lib.rs:644:27
[INFO] [stdout]   31:     0x654d2f9f8767 - test::run_test::{{closure}}::h52c556a6d4740e10
[INFO] [stdout]                                at /rustc/90b35a6239c3d8bdabc530a6a0816f7ff89a0aaf/library/test/src/lib.rs:565:43
[INFO] [stdout]   32:     0x654d2f9bda44 - test::run_test::{{closure}}::h4237f6381c45ccb9
[INFO] [stdout]                                at /rustc/90b35a6239c3d8bdabc530a6a0816f7ff89a0aaf/library/test/src/lib.rs:595:41
[INFO] [stdout]   33:     0x654d2f9bda44 - std::sys::backtrace::__rust_begin_short_backtrace::h505c97a579eca628
[INFO] [stdout]                                at /rustc/90b35a6239c3d8bdabc530a6a0816f7ff89a0aaf/library/std/src/sys/backtrace.rs:154:18
[INFO] [stdout]   34:     0x654d2f9c110e - std::thread::Builder::spawn_unchecked_::{{closure}}::{{closure}}::h9e86b2e2bc107ea3
[INFO] [stdout]                                at /rustc/90b35a6239c3d8bdabc530a6a0816f7ff89a0aaf/library/std/src/thread/mod.rs:538:17
[INFO] [stdout]   35:     0x654d2f9c110e - <core::panic::unwind_safe::AssertUnwindSafe<F> as core::ops::function::FnOnce<()>>::call_once::h8b06ddb275ff4a25
[INFO] [stdout]                                at /rustc/90b35a6239c3d8bdabc530a6a0816f7ff89a0aaf/library/core/src/panic/unwind_safe.rs:272:9
[INFO] [stdout]   36:     0x654d2f9c110e - std::panicking::try::do_call::hb26ecd7cd9a9355d
[INFO] [stdout]                                at /rustc/90b35a6239c3d8bdabc530a6a0816f7ff89a0aaf/library/std/src/panicking.rs:557:40
[INFO] [stdout]   37:     0x654d2f9c110e - std::panicking::try::h8ddeca9d705f9069
[INFO] [stdout]                                at /rustc/90b35a6239c3d8bdabc530a6a0816f7ff89a0aaf/library/std/src/panicking.rs:520:19
[INFO] [stdout]   38:     0x654d2f9c110e - std::panic::catch_unwind::h49e1c33078844c46
[INFO] [stdout]                                at /rustc/90b35a6239c3d8bdabc530a6a0816f7ff89a0aaf/library/std/src/panic.rs:358:14
[INFO] [stdout]   39:     0x654d2f9c110e - std::thread::Builder::spawn_unchecked_::{{closure}}::h6073db6ff56ad35d
[INFO] [stdout]                                at /rustc/90b35a6239c3d8bdabc530a6a0816f7ff89a0aaf/library/std/src/thread/mod.rs:537:30
[INFO] [stdout]   40:     0x654d2f9c110e - core::ops::function::FnOnce::call_once{{vtable.shim}}::h2c5a5f3779c774f1
[INFO] [stdout]                                at /rustc/90b35a6239c3d8bdabc530a6a0816f7ff89a0aaf/library/core/src/ops/function.rs:250:5
[INFO] [stdout]   41:     0x654d301354eb - <alloc::boxed::Box<F,A> as core::ops::function::FnOnce<Args>>::call_once::hf75717d9f28faebf
[INFO] [stdout]                                at /rustc/90b35a6239c3d8bdabc530a6a0816f7ff89a0aaf/library/alloc/src/boxed.rs:2454:9
[INFO] [stdout]   42:     0x654d301354eb - <alloc::boxed::Box<F,A> as core::ops::function::FnOnce<Args>>::call_once::h7bd883a5f3c5f3c1
[INFO] [stdout]                                at /rustc/90b35a6239c3d8bdabc530a6a0816f7ff89a0aaf/library/alloc/src/boxed.rs:2454:9
[INFO] [stdout]   43:     0x654d301354eb - std::sys::pal::unix::thread::Thread::new::thread_start::hcc78f3943333fa94
[INFO] [stdout]                                at /rustc/90b35a6239c3d8bdabc530a6a0816f7ff89a0aaf/library/std/src/sys/pal/unix/thread.rs:105:17
[INFO] [stdout]   44:     0x727bc6d00ac3 - <unknown>
[INFO] [stdout]   45:     0x727bc6d91a04 - clone
[INFO] [stdout]   46:                0x0 - <unknown>
[INFO] [stdout] 
[INFO] [stdout] ---- app::tests::test_sort_with_clingy_and_invalid_lines stdout ----
[INFO] [stdout] thread 'app::tests::test_sort_with_clingy_and_invalid_lines' panicked at src/app.rs:1291:43:
[INFO] [stdout] called `Result::unwrap()` on an `Err` value: Io(Os { code: 30, kind: ReadOnlyFilesystem, message: "Read-only file system" })
[INFO] [stdout] stack backtrace:
[INFO] [stdout]    0:     0x654d3012f26a - std::backtrace_rs::backtrace::libunwind::trace::h5a5b8284f2d0c266
[INFO] [stdout]                                at /rustc/90b35a6239c3d8bdabc530a6a0816f7ff89a0aaf/library/std/src/../../backtrace/src/backtrace/libunwind.rs:116:5
[INFO] [stdout]    1:     0x654d3012f26a - std::backtrace_rs::backtrace::trace_unsynchronized::h76d4f1c9b0b875e3
[INFO] [stdout]                                at /rustc/90b35a6239c3d8bdabc530a6a0816f7ff89a0aaf/library/std/src/../../backtrace/src/backtrace/mod.rs:66:5
[INFO] [stdout]    2:     0x654d3012f26a - std::sys::backtrace::_print_fmt::hc4546b8364a537c6
[INFO] [stdout]                                at /rustc/90b35a6239c3d8bdabc530a6a0816f7ff89a0aaf/library/std/src/sys/backtrace.rs:66:9
[INFO] [stdout]    3:     0x654d3012f26a - <std::sys::backtrace::BacktraceLock::print::DisplayBacktrace as core::fmt::Display>::fmt::h5b6bd5631a6d1f6b
[INFO] [stdout]                                at /rustc/90b35a6239c3d8bdabc530a6a0816f7ff89a0aaf/library/std/src/sys/backtrace.rs:39:26
[INFO] [stdout]    4:     0x654d301583e3 - core::fmt::rt::Argument::fmt::h270f6602a2b96f62
[INFO] [stdout]                                at /rustc/90b35a6239c3d8bdabc530a6a0816f7ff89a0aaf/library/core/src/fmt/rt.rs:177:76
[INFO] [stdout]    5:     0x654d301583e3 - core::fmt::write::h7550c97b06c86515
[INFO] [stdout]                                at /rustc/90b35a6239c3d8bdabc530a6a0816f7ff89a0aaf/library/core/src/fmt/mod.rs:1186:21
[INFO] [stdout]    6:     0x654d3012bb33 - std::io::Write::write_fmt::h509ff860e5956e5e
[INFO] [stdout]                                at /rustc/90b35a6239c3d8bdabc530a6a0816f7ff89a0aaf/library/std/src/io/mod.rs:1839:15
[INFO] [stdout]    7:     0x654d3012f0b2 - std::sys::backtrace::BacktraceLock::print::h2395ccd2c84ba3aa
[INFO] [stdout]                                at /rustc/90b35a6239c3d8bdabc530a6a0816f7ff89a0aaf/library/std/src/sys/backtrace.rs:42:9
[INFO] [stdout]    8:     0x654d301306ca - std::panicking::default_hook::{{closure}}::he19d4c7230e07961
[INFO] [stdout]                                at /rustc/90b35a6239c3d8bdabc530a6a0816f7ff89a0aaf/library/std/src/panicking.rs:268:22
[INFO] [stdout]    9:     0x654d301304d4 - std::panicking::default_hook::hf614597d3c67bbdb
[INFO] [stdout]                                at /rustc/90b35a6239c3d8bdabc530a6a0816f7ff89a0aaf/library/std/src/panicking.rs:292:9
[INFO] [stdout]   10:     0x654d2f9f4569 - <alloc::boxed::Box<F,A> as core::ops::function::Fn<Args>>::call::h39b51ce4599c23d1
[INFO] [stdout]                                at /rustc/90b35a6239c3d8bdabc530a6a0816f7ff89a0aaf/library/alloc/src/boxed.rs:2468:9
[INFO] [stdout]   11:     0x654d2f9f4569 - test::test_main::{{closure}}::he977ae839a582784
[INFO] [stdout]                                at /rustc/90b35a6239c3d8bdabc530a6a0816f7ff89a0aaf/library/test/src/lib.rs:133:21
[INFO] [stdout]   12:     0x654d30130d68 - <alloc::boxed::Box<F,A> as core::ops::function::Fn<Args>>::call::h9455091b6b06f9fb
[INFO] [stdout]                                at /rustc/90b35a6239c3d8bdabc530a6a0816f7ff89a0aaf/library/alloc/src/boxed.rs:2468:9
[INFO] [stdout]   13:     0x654d30130d68 - std::panicking::rust_panic_with_hook::h8942133a8b252070
[INFO] [stdout]                                at /rustc/90b35a6239c3d8bdabc530a6a0816f7ff89a0aaf/library/std/src/panicking.rs:809:13
[INFO] [stdout]   14:     0x654d30130b2a - std::panicking::begin_panic_handler::{{closure}}::hb5f5963570096b29
[INFO] [stdout]                                at /rustc/90b35a6239c3d8bdabc530a6a0816f7ff89a0aaf/library/std/src/panicking.rs:674:13
[INFO] [stdout]   15:     0x654d3012f749 - std::sys::backtrace::__rust_end_short_backtrace::h6208cedc1922feda
[INFO] [stdout]                                at /rustc/90b35a6239c3d8bdabc530a6a0816f7ff89a0aaf/library/std/src/sys/backtrace.rs:170:18
[INFO] [stdout]   16:     0x654d301307bc - rust_begin_unwind
[INFO] [stdout]                                at /rustc/90b35a6239c3d8bdabc530a6a0816f7ff89a0aaf/library/std/src/panicking.rs:665:5
[INFO] [stdout]   17:     0x654d2f5e5470 - core::panicking::panic_fmt::h0c3082644d1bf418
[INFO] [stdout]                                at /rustc/90b35a6239c3d8bdabc530a6a0816f7ff89a0aaf/library/core/src/panicking.rs:74:14
[INFO] [stdout]   18:     0x654d2f5e5956 - core::result::unwrap_failed::hd20b4aa073bda1e2
[INFO] [stdout]                                at /rustc/90b35a6239c3d8bdabc530a6a0816f7ff89a0aaf/library/core/src/result.rs:1700:5
[INFO] [stdout]   19:     0x654d2f9651ab - core::result::Result<T,E>::unwrap::h440865cd7c6ca0d3
[INFO] [stdout]                                at /rustc/90b35a6239c3d8bdabc530a6a0816f7ff89a0aaf/library/core/src/result.rs:1104:23
[INFO] [stdout]   20:     0x654d2f9651ab - hl::app::tests::test_sort_with_clingy_and_invalid_lines::he3bf22da6a1d1bd1
[INFO] [stdout]                                at /opt/rustwide/workdir/src/app.rs:1291:9
[INFO] [stdout]   21:     0x654d2f964f47 - hl::app::tests::test_sort_with_clingy_and_invalid_lines::{{closure}}::h2fb5241c5ac45689
[INFO] [stdout]                                at /opt/rustwide/workdir/src/app.rs:1281:49
[INFO] [stdout]   22:     0x654d2f65dc66 - core::ops::function::FnOnce::call_once::hf949cd5001908d48
[INFO] [stdout]                                at /rustc/90b35a6239c3d8bdabc530a6a0816f7ff89a0aaf/library/core/src/ops/function.rs:250:5
[INFO] [stdout]   23:     0x654d2f9f8f2b - core::ops::function::FnOnce::call_once::h109cf8051a59b34e
[INFO] [stdout]                                at /rustc/90b35a6239c3d8bdabc530a6a0816f7ff89a0aaf/library/core/src/ops/function.rs:250:5
[INFO] [stdout]   24:     0x654d2f9f8f2b - test::__rust_begin_short_backtrace::hf4fff89d377446ba
[INFO] [stdout]                                at /rustc/90b35a6239c3d8bdabc530a6a0816f7ff89a0aaf/library/test/src/lib.rs:621:18
[INFO] [stdout]   25:     0x654d2f9f8767 - test::run_test_in_process::{{closure}}::h0e39181dd7ee5a43
[INFO] [stdout]                                at /rustc/90b35a6239c3d8bdabc530a6a0816f7ff89a0aaf/library/test/src/lib.rs:644:60
[INFO] [stdout]   26:     0x654d2f9f8767 - <core::panic::unwind_safe::AssertUnwindSafe<F> as core::ops::function::FnOnce<()>>::call_once::hc5a66a30f0bdfd1f
[INFO] [stdout]                                at /rustc/90b35a6239c3d8bdabc530a6a0816f7ff89a0aaf/library/core/src/panic/unwind_safe.rs:272:9
[INFO] [stdout]   27:     0x654d2f9f8767 - std::panicking::try::do_call::h873b7cf639554a5e
[INFO] [stdout]                                at /rustc/90b35a6239c3d8bdabc530a6a0816f7ff89a0aaf/library/std/src/panicking.rs:557:40
[INFO] [stdout]   28:     0x654d2f9f8767 - std::panicking::try::hdb19862fad9c8bd1
[INFO] [stdout]                                at /rustc/90b35a6239c3d8bdabc530a6a0816f7ff89a0aaf/library/std/src/panicking.rs:520:19
[INFO] [stdout]   29:     0x654d2f9f8767 - std::panic::catch_unwind::h281fe732d236d260
[INFO] [stdout]                                at /rustc/90b35a6239c3d8bdabc530a6a0816f7ff89a0aaf/library/std/src/panic.rs:358:14
[INFO] [stdout]   30:     0x654d2f9f8767 - test::run_test_in_process::h949b6df8457ed338
[INFO] [stdout]                                at /rustc/90b35a6239c3d8bdabc530a6a0816f7ff89a0aaf/library/test/src/lib.rs:644:27
[INFO] [stdout]   31:     0x654d2f9f8767 - test::run_test::{{closure}}::h52c556a6d4740e10
[INFO] [stdout]                                at /rustc/90b35a6239c3d8bdabc530a6a0816f7ff89a0aaf/library/test/src/lib.rs:565:43
[INFO] [stdout]   32:     0x654d2f9bda44 - test::run_test::{{closure}}::h4237f6381c45ccb9
[INFO] [stdout]                                at /rustc/90b35a6239c3d8bdabc530a6a0816f7ff89a0aaf/library/test/src/lib.rs:595:41
[INFO] [stdout]   33:     0x654d2f9bda44 - std::sys::backtrace::__rust_begin_short_backtrace::h505c97a579eca628
[INFO] [stdout]                                at /rustc/90b35a6239c3d8bdabc530a6a0816f7ff89a0aaf/library/std/src/sys/backtrace.rs:154:18
[INFO] [stdout]   34:     0x654d2f9c110e - std::thread::Builder::spawn_unchecked_::{{closure}}::{{closure}}::h9e86b2e2bc107ea3
[INFO] [stdout]                                at /rustc/90b35a6239c3d8bdabc530a6a0816f7ff89a0aaf/library/std/src/thread/mod.rs:538:17
[INFO] [stdout]   35:     0x654d2f9c110e - <core::panic::unwind_safe::AssertUnwindSafe<F> as core::ops::function::FnOnce<()>>::call_once::h8b06ddb275ff4a25
[INFO] [stdout]                                at /rustc/90b35a6239c3d8bdabc530a6a0816f7ff89a0aaf/library/core/src/panic/unwind_safe.rs:272:9
[INFO] [stdout]   36:     0x654d2f9c110e - std::panicking::try::do_call::hb26ecd7cd9a9355d
[INFO] [stdout]                                at /rustc/90b35a6239c3d8bdabc530a6a0816f7ff89a0aaf/library/std/src/panicking.rs:557:40
[INFO] [stdout]   37:     0x654d2f9c110e - std::panicking::try::h8ddeca9d705f9069
[INFO] [stdout]                                at /rustc/90b35a6239c3d8bdabc530a6a0816f7ff89a0aaf/library/std/src/panicking.rs:520:19
[INFO] [stdout]   38:     0x654d2f9c110e - std::panic::catch_unwind::h49e1c33078844c46
[INFO] [stdout]                                at /rustc/90b35a6239c3d8bdabc530a6a0816f7ff89a0aaf/library/std/src/panic.rs:358:14
[INFO] [stdout]   39:     0x654d2f9c110e - std::thread::Builder::spawn_unchecked_::{{closure}}::h6073db6ff56ad35d
[INFO] [stdout]                                at /rustc/90b35a6239c3d8bdabc530a6a0816f7ff89a0aaf/library/std/src/thread/mod.rs:537:30
[INFO] [stdout]   40:     0x654d2f9c110e - core::ops::function::FnOnce::call_once{{vtable.shim}}::h2c5a5f3779c774f1
[INFO] [stdout]                                at /rustc/90b35a6239c3d8bdabc530a6a0816f7ff89a0aaf/library/core/src/ops/function.rs:250:5
[INFO] [stdout]   41:     0x654d301354eb - <alloc::boxed::Box<F,A> as core::ops::function::FnOnce<Args>>::call_once::hf75717d9f28faebf
[INFO] [stdout]                                at /rustc/90b35a6239c3d8bdabc530a6a0816f7ff89a0aaf/library/alloc/src/boxed.rs:2454:9
[INFO] [stdout]   42:     0x654d301354eb - <alloc::boxed::Box<F,A> as core::ops::function::FnOnce<Args>>::call_once::h7bd883a5f3c5f3c1
[INFO] [stdout]                                at /rustc/90b35a6239c3d8bdabc530a6a0816f7ff89a0aaf/library/alloc/src/boxed.rs:2454:9
[INFO] [stdout]   43:     0x654d301354eb - std::sys::pal::unix::thread::Thread::new::thread_start::hcc78f3943333fa94
[INFO] [stdout]                                at /rustc/90b35a6239c3d8bdabc530a6a0816f7ff89a0aaf/library/std/src/sys/pal/unix/thread.rs:105:17
[INFO] [stdout]   44:     0x727bc6d00ac3 - <unknown>
[INFO] [stdout]   45:     0x727bc6d91a04 - clone
[INFO] [stdout]   46:                0x0 - <unknown>
[INFO] [stdout] 
[INFO] [stdout] ---- app::tests::test_sort_with_clingy_lines stdout ----
[INFO] [stdout] thread 'app::tests::test_sort_with_clingy_lines' panicked at src/app.rs:1270:43:
[INFO] [stdout] called `Result::unwrap()` on an `Err` value: Io(Os { code: 30, kind: ReadOnlyFilesystem, message: "Read-only file system" })
[INFO] [stdout] stack backtrace:
[INFO] [stdout]    0:     0x654d3012f26a - std::backtrace_rs::backtrace::libunwind::trace::h5a5b8284f2d0c266
[INFO] [stdout]                                at /rustc/90b35a6239c3d8bdabc530a6a0816f7ff89a0aaf/library/std/src/../../backtrace/src/backtrace/libunwind.rs:116:5
[INFO] [stdout]    1:     0x654d3012f26a - std::backtrace_rs::backtrace::trace_unsynchronized::h76d4f1c9b0b875e3
[INFO] [stdout]                                at /rustc/90b35a6239c3d8bdabc530a6a0816f7ff89a0aaf/library/std/src/../../backtrace/src/backtrace/mod.rs:66:5
[INFO] [stdout]    2:     0x654d3012f26a - std::sys::backtrace::_print_fmt::hc4546b8364a537c6
[INFO] [stdout]                                at /rustc/90b35a6239c3d8bdabc530a6a0816f7ff89a0aaf/library/std/src/sys/backtrace.rs:66:9
[INFO] [stdout]    3:     0x654d3012f26a - <std::sys::backtrace::BacktraceLock::print::DisplayBacktrace as core::fmt::Display>::fmt::h5b6bd5631a6d1f6b
[INFO] [stdout]                                at /rustc/90b35a6239c3d8bdabc530a6a0816f7ff89a0aaf/library/std/src/sys/backtrace.rs:39:26
[INFO] [stdout]    4:     0x654d301583e3 - core::fmt::rt::Argument::fmt::h270f6602a2b96f62
[INFO] [stdout]                                at /rustc/90b35a6239c3d8bdabc530a6a0816f7ff89a0aaf/library/core/src/fmt/rt.rs:177:76
[INFO] [stdout]    5:     0x654d301583e3 - core::fmt::write::h7550c97b06c86515
[INFO] [stdout]                                at /rustc/90b35a6239c3d8bdabc530a6a0816f7ff89a0aaf/library/core/src/fmt/mod.rs:1186:21
[INFO] [stdout]    6:     0x654d3012bb33 - std::io::Write::write_fmt::h509ff860e5956e5e
[INFO] [stdout]                                at /rustc/90b35a6239c3d8bdabc530a6a0816f7ff89a0aaf/library/std/src/io/mod.rs:1839:15
[INFO] [stdout]    7:     0x654d3012f0b2 - std::sys::backtrace::BacktraceLock::print::h2395ccd2c84ba3aa
[INFO] [stdout]                                at /rustc/90b35a6239c3d8bdabc530a6a0816f7ff89a0aaf/library/std/src/sys/backtrace.rs:42:9
[INFO] [stdout]    8:     0x654d301306ca - std::panicking::default_hook::{{closure}}::he19d4c7230e07961
[INFO] [stdout]                                at /rustc/90b35a6239c3d8bdabc530a6a0816f7ff89a0aaf/library/std/src/panicking.rs:268:22
[INFO] [stdout]    9:     0x654d301304d4 - std::panicking::default_hook::hf614597d3c67bbdb
[INFO] [stdout]                                at /rustc/90b35a6239c3d8bdabc530a6a0816f7ff89a0aaf/library/std/src/panicking.rs:292:9
[INFO] [stdout]   10:     0x654d2f9f4569 - <alloc::boxed::Box<F,A> as core::ops::function::Fn<Args>>::call::h39b51ce4599c23d1
[INFO] [stdout]                                at /rustc/90b35a6239c3d8bdabc530a6a0816f7ff89a0aaf/library/alloc/src/boxed.rs:2468:9
[INFO] [stdout]   11:     0x654d2f9f4569 - test::test_main::{{closure}}::he977ae839a582784
[INFO] [stdout]                                at /rustc/90b35a6239c3d8bdabc530a6a0816f7ff89a0aaf/library/test/src/lib.rs:133:21
[INFO] [stdout]   12:     0x654d30130d68 - <alloc::boxed::Box<F,A> as core::ops::function::Fn<Args>>::call::h9455091b6b06f9fb
[INFO] [stdout]                                at /rustc/90b35a6239c3d8bdabc530a6a0816f7ff89a0aaf/library/alloc/src/boxed.rs:2468:9
[INFO] [stdout]   13:     0x654d30130d68 - std::panicking::rust_panic_with_hook::h8942133a8b252070
[INFO] [stdout]                                at /rustc/90b35a6239c3d8bdabc530a6a0816f7ff89a0aaf/library/std/src/panicking.rs:809:13
[INFO] [stdout]   14:     0x654d30130b2a - std::panicking::begin_panic_handler::{{closure}}::hb5f5963570096b29
[INFO] [stdout]                                at /rustc/90b35a6239c3d8bdabc530a6a0816f7ff89a0aaf/library/std/src/panicking.rs:674:13
[INFO] [stdout]   15:     0x654d3012f749 - std::sys::backtrace::__rust_end_short_backtrace::h6208cedc1922feda
[INFO] [stdout]                                at /rustc/90b35a6239c3d8bdabc530a6a0816f7ff89a0aaf/library/std/src/sys/backtrace.rs:170:18
[INFO] [stdout]   16:     0x654d301307bc - rust_begin_unwind
[INFO] [stdout]                                at /rustc/90b35a6239c3d8bdabc530a6a0816f7ff89a0aaf/library/std/src/panicking.rs:665:5
[INFO] [stdout]   17:     0x654d2f5e5470 - core::panicking::panic_fmt::h0c3082644d1bf418
[INFO] [stdout]                                at /rustc/90b35a6239c3d8bdabc530a6a0816f7ff89a0aaf/library/core/src/panicking.rs:74:14
[INFO] [stdout]   18:     0x654d2f5e5956 - core::result::unwrap_failed::hd20b4aa073bda1e2
[INFO] [stdout]                                at /rustc/90b35a6239c3d8bdabc530a6a0816f7ff89a0aaf/library/core/src/result.rs:1700:5
[INFO] [stdout]   19:     0x654d2f964d0b - core::result::Result<T,E>::unwrap::h440865cd7c6ca0d3
[INFO] [stdout]                                at /rustc/90b35a6239c3d8bdabc530a6a0816f7ff89a0aaf/library/core/src/result.rs:1104:23
[INFO] [stdout]   20:     0x654d2f964d0b - hl::app::tests::test_sort_with_clingy_lines::h5dcf53eee0ea3705
[INFO] [stdout]                                at /opt/rustwide/workdir/src/app.rs:1270:9
[INFO] [stdout]   21:     0x654d2f964aa7 - hl::app::tests::test_sort_with_clingy_lines::{{closure}}::h3a7fde45eb29ffb6
[INFO] [stdout]                                at /opt/rustwide/workdir/src/app.rs:1261:37
[INFO] [stdout]   22:     0x654d2f65b0e6 - core::ops::function::FnOnce::call_once::h5b2a69415c82879d
[INFO] [stdout]                                at /rustc/90b35a6239c3d8bdabc530a6a0816f7ff89a0aaf/library/core/src/ops/function.rs:250:5
[INFO] [stdout]   23:     0x654d2f9f8f2b - core::ops::function::FnOnce::call_once::h109cf8051a59b34e
[INFO] [stdout]                                at /rustc/90b35a6239c3d8bdabc530a6a0816f7ff89a0aaf/library/core/src/ops/function.rs:250:5
[INFO] [stdout]   24:     0x654d2f9f8f2b - test::__rust_begin_short_backtrace::hf4fff89d377446ba
[INFO] [stdout]                                at /rustc/90b35a6239c3d8bdabc530a6a0816f7ff89a0aaf/library/test/src/lib.rs:621:18
[INFO] [stdout]   25:     0x654d2f9f8767 - test::run_test_in_process::{{closure}}::h0e39181dd7ee5a43
[INFO] [stdout]                                at /rustc/90b35a6239c3d8bdabc530a6a0816f7ff89a0aaf/library/test/src/lib.rs:644:60
[INFO] [stdout]   26:     0x654d2f9f8767 - <core::panic::unwind_safe::AssertUnwindSafe<F> as core::ops::function::FnOnce<()>>::call_once::hc5a66a30f0bdfd1f
[INFO] [stdout]                                at /rustc/90b35a6239c3d8bdabc530a6a0816f7ff89a0aaf/library/core/src/panic/unwind_safe.rs:272:9
[INFO] [stdout]   27:     0x654d2f9f8767 - std::panicking::try::do_call::h873b7cf639554a5e
[INFO] [stdout]                                at /rustc/90b35a6239c3d8bdabc530a6a0816f7ff89a0aaf/library/std/src/panicking.rs:557:40
[INFO] [stdout]   28:     0x654d2f9f8767 - std::panicking::try::hdb19862fad9c8bd1
[INFO] [stdout]                                at /rustc/90b35a6239c3d8bdabc530a6a0816f7ff89a0aaf/library/std/src/panicking.rs:520:19
[INFO] [stdout]   29:     0x654d2f9f8767 - std::panic::catch_unwind::h281fe732d236d260
[INFO] [stdout]                                at /rustc/90b35a6239c3d8bdabc530a6a0816f7ff89a0aaf/library/std/src/panic.rs:358:14
[INFO] [stdout]   30:     0x654d2f9f8767 - test::run_test_in_process::h949b6df8457ed338
[INFO] [stdout]                                at /rustc/90b35a6239c3d8bdabc530a6a0816f7ff89a0aaf/library/test/src/lib.rs:644:27
[INFO] [stdout]   31:     0x654d2f9f8767 - test::run_test::{{closure}}::h52c556a6d4740e10
[INFO] [stdout]                                at /rustc/90b35a6239c3d8bdabc530a6a0816f7ff89a0aaf/library/test/src/lib.rs:565:43
[INFO] [stdout]   32:     0x654d2f9bda44 - test::run_test::{{closure}}::h4237f6381c45ccb9
[INFO] [stdout]                                at /rustc/90b35a6239c3d8bdabc530a6a0816f7ff89a0aaf/library/test/src/lib.rs:595:41
[INFO] [stdout]   33:     0x654d2f9bda44 - std::sys::backtrace::__rust_begin_short_backtrace::h505c97a579eca628
[INFO] [stdout]                                at /rustc/90b35a6239c3d8bdabc530a6a0816f7ff89a0aaf/library/std/src/sys/backtrace.rs:154:18
[INFO] [stdout]   34:     0x654d2f9c110e - std::thread::Builder::spawn_unchecked_::{{closure}}::{{closure}}::h9e86b2e2bc107ea3
[INFO] [stdout]                                at /rustc/90b35a6239c3d8bdabc530a6a0816f7ff89a0aaf/library/std/src/thread/mod.rs:538:17
[INFO] [stdout]   35:     0x654d2f9c110e - <core::panic::unwind_safe::AssertUnwindSafe<F> as core::ops::function::FnOnce<()>>::call_once::h8b06ddb275ff4a25
[INFO] [stdout]                                at /rustc/90b35a6239c3d8bdabc530a6a0816f7ff89a0aaf/library/core/src/panic/unwind_safe.rs:272:9
[INFO] [stdout]   36:     0x654d2f9c110e - std::panicking::try::do_call::hb26ecd7cd9a9355d
[INFO] [stdout]                                at /rustc/90b35a6239c3d8bdabc530a6a0816f7ff89a0aaf/library/std/src/panicking.rs:557:40
[INFO] [stdout]   37:     0x654d2f9c110e - std::panicking::try::h8ddeca9d705f9069
[INFO] [stdout]                                at /rustc/90b35a6239c3d8bdabc530a6a0816f7ff89a0aaf/library/std/src/panicking.rs:520:19
[INFO] [stdout]   38:     0x654d2f9c110e - std::panic::catch_unwind::h49e1c33078844c46
[INFO] [stdout]                                at /rustc/90b35a6239c3d8bdabc530a6a0816f7ff89a0aaf/library/std/src/panic.rs:358:14
[INFO] [stdout]   39:     0x654d2f9c110e - std::thread::Builder::spawn_unchecked_::{{closure}}::h6073db6ff56ad35d
[INFO] [stdout]                                at /rustc/90b35a6239c3d8bdabc530a6a0816f7ff89a0aaf/library/std/src/thread/mod.rs:537:30
[INFO] [stdout]   40:     0x654d2f9c110e - core::ops::function::FnOnce::call_once{{vtable.shim}}::h2c5a5f3779c774f1
[INFO] [stdout]                                at /rustc/90b35a6239c3d8bdabc530a6a0816f7ff89a0aaf/library/core/src/ops/function.rs:250:5
[INFO] [stdout]   41:     0x654d301354eb - <alloc::boxed::Box<F,A> as core::ops::function::FnOnce<Args>>::call_once::hf75717d9f28faebf
[INFO] [stdout]                                at /rustc/90b35a6239c3d8bdabc530a6a0816f7ff89a0aaf/library/alloc/src/boxed.rs:2454:9
[INFO] [stdout]   42:     0x654d301354eb - <alloc::boxed::Box<F,A> as core::ops::function::FnOnce<Args>>::call_once::h7bd883a5f3c5f3c1
[INFO] [stdout]                                at /rustc/90b35a6239c3d8bdabc530a6a0816f7ff89a0aaf/library/alloc/src/boxed.rs:2454:9
[INFO] [stdout]   43:     0x654d301354eb - std::sys::pal::unix::thread::Thread::new::thread_start::hcc78f3943333fa94
[INFO] [stdout]                                at /rustc/90b35a6239c3d8bdabc530a6a0816f7ff89a0aaf/library/std/src/sys/pal/unix/thread.rs:105:17
[INFO] [stdout]   44:     0x727bc6d00ac3 - <unknown>
[INFO] [stdout]   45:     0x727bc6d91a04 - clone
[INFO] [stdout]   46:                0x0 - <unknown>
[INFO] [stdout] 
[INFO] [stdout] 
[INFO] [stdout] failures:
[INFO] [stdout]     app::tests::test_incomplete_segment_sorted
[INFO] [stdout]     app::tests::test_sort_with_blank_lines
[INFO] [stdout]     app::tests::test_sort_with_clingy_and_invalid_lines
[INFO] [stdout]     app::tests::test_sort_with_clingy_lines
[INFO] [stdout] 
[INFO] [stdout] test result: FAILED. 150 passed; 4 failed; 0 ignored; 0 measured; 0 filtered out; finished in 0.11s
[INFO] [stdout] 
[INFO] [stderr] error: test failed, to rerun pass `--lib`
[INFO] running `Command { std: "docker" "inspect" "e0263a44bee926e4db3e6dc6055427492055f56d1d6cad543a4ced916747e029", kill_on_drop: false }`
[INFO] running `Command { std: "docker" "rm" "-f" "e0263a44bee926e4db3e6dc6055427492055f56d1d6cad543a4ced916747e029", kill_on_drop: false }`
[INFO] [stdout] e0263a44bee926e4db3e6dc6055427492055f56d1d6cad543a4ced916747e029
