[INFO] cloning repository https://github.com/paddison/rust_rsa
[INFO] running `Command { std: "git" "-c" "credential.helper=" "-c" "credential.helper=/workspace/cargo-home/bin/git-credential-null" "clone" "--bare" "https://github.com/paddison/rust_rsa" "/workspace/cache/git-repos/https%3A%2F%2Fgithub.com%2Fpaddison%2Frust_rsa", kill_on_drop: false }`
[INFO] [stderr] Cloning into bare repository '/workspace/cache/git-repos/https%3A%2F%2Fgithub.com%2Fpaddison%2Frust_rsa'...
[INFO] running `Command { std: "git" "rev-parse" "HEAD", kill_on_drop: false }`
[INFO] [stdout] 05f131365c606a0bc152d0448622ad58294e8964
[INFO] testing paddison/rust_rsa against beta-2024-12-08 for beta-1.84.0-4-retry
[INFO] running `Command { std: "git" "clone" "/workspace/cache/git-repos/https%3A%2F%2Fgithub.com%2Fpaddison%2Frust_rsa" "/workspace/builds/worker-0-tc2/source", kill_on_drop: false }`
[INFO] [stderr] Cloning into '/workspace/builds/worker-0-tc2/source'...
[INFO] [stderr] done.
[INFO] validating manifest of git repo https://github.com/paddison/rust_rsa on toolchain beta-2024-12-08
[INFO] running `Command { std: CARGO_HOME="/workspace/cargo-home" RUSTUP_HOME="/workspace/rustup-home" "/workspace/cargo-home/bin/cargo" "+beta-2024-12-08" "metadata" "--manifest-path" "Cargo.toml" "--no-deps", kill_on_drop: false }`
[INFO] started tweaking git repo https://github.com/paddison/rust_rsa
[INFO] finished tweaking git repo https://github.com/paddison/rust_rsa
[INFO] tweaked toml for git repo https://github.com/paddison/rust_rsa written to /workspace/builds/worker-0-tc2/source/Cargo.toml
[INFO] crate git repo https://github.com/paddison/rust_rsa already has a lockfile, it will not be regenerated
[INFO] running `Command { std: CARGO_HOME="/workspace/cargo-home" RUSTUP_HOME="/workspace/rustup-home" "/workspace/cargo-home/bin/cargo" "+beta-2024-12-08" "fetch" "--manifest-path" "Cargo.toml", kill_on_drop: false }`
[INFO] running `Command { std: "docker" "create" "-v" "/var/lib/crater-agent-workspace/builds/worker-0-tc2/target:/opt/rustwide/target:rw,Z" "-v" "/var/lib/crater-agent-workspace/builds/worker-0-tc2/source:/opt/rustwide/workdir:ro,Z" "-v" "/var/lib/crater-agent-workspace/cargo-home:/opt/rustwide/cargo-home:ro,Z" "-v" "/var/lib/crater-agent-workspace/rustup-home:/opt/rustwide/rustup-home:ro,Z" "-e" "SOURCE_DIR=/opt/rustwide/workdir" "-e" "CARGO_TARGET_DIR=/opt/rustwide/target" "-e" "CARGO_HOME=/opt/rustwide/cargo-home" "-e" "RUSTUP_HOME=/opt/rustwide/rustup-home" "-w" "/opt/rustwide/workdir" "-m" "1610612736" "--user" "0:0" "--network" "none" "ghcr.io/rust-lang/crates-build-env/linux@sha256:f3a9d4ad9d972b27faf3965f35b62e55ba32bbce8f20bc8fe909558a86702fde" "/opt/rustwide/cargo-home/bin/cargo" "+beta-2024-12-08" "metadata" "--no-deps" "--format-version=1", kill_on_drop: false }`
[INFO] [stdout] 3f7a1bd619430a5ec02fb65dda4d259c8537c5eb618482ed3ac4e71baab419fe
[INFO] running `Command { std: "docker" "start" "-a" "3f7a1bd619430a5ec02fb65dda4d259c8537c5eb618482ed3ac4e71baab419fe", kill_on_drop: false }`
[INFO] running `Command { std: "docker" "inspect" "3f7a1bd619430a5ec02fb65dda4d259c8537c5eb618482ed3ac4e71baab419fe", kill_on_drop: false }`
[INFO] running `Command { std: "docker" "rm" "-f" "3f7a1bd619430a5ec02fb65dda4d259c8537c5eb618482ed3ac4e71baab419fe", kill_on_drop: false }`
[INFO] [stdout] 3f7a1bd619430a5ec02fb65dda4d259c8537c5eb618482ed3ac4e71baab419fe
[INFO] running `Command { std: "docker" "create" "-v" "/var/lib/crater-agent-workspace/builds/worker-0-tc2/target:/opt/rustwide/target:rw,Z" "-v" "/var/lib/crater-agent-workspace/builds/worker-0-tc2/source:/opt/rustwide/workdir:ro,Z" "-v" "/var/lib/crater-agent-workspace/cargo-home:/opt/rustwide/cargo-home:ro,Z" "-v" "/var/lib/crater-agent-workspace/rustup-home:/opt/rustwide/rustup-home:ro,Z" "-e" "SOURCE_DIR=/opt/rustwide/workdir" "-e" "CARGO_TARGET_DIR=/opt/rustwide/target" "-e" "CARGO_INCREMENTAL=0" "-e" "RUST_BACKTRACE=full" "-e" "RUSTFLAGS=--cap-lints=warn" "-e" "RUSTDOCFLAGS=--cap-lints=warn" "-e" "CARGO_HOME=/opt/rustwide/cargo-home" "-e" "RUSTUP_HOME=/opt/rustwide/rustup-home" "-w" "/opt/rustwide/workdir" "-m" "1610612736" "--user" "0:0" "--network" "none" "ghcr.io/rust-lang/crates-build-env/linux@sha256:f3a9d4ad9d972b27faf3965f35b62e55ba32bbce8f20bc8fe909558a86702fde" "/opt/rustwide/cargo-home/bin/cargo" "+beta-2024-12-08" "build" "--frozen" "--message-format=json", kill_on_drop: false }`
[INFO] [stdout] a2bc022d87b2f9d00a822227b322212c0c317d8ba77619dc32a7a032ac2de615
[INFO] running `Command { std: "docker" "start" "-a" "a2bc022d87b2f9d00a822227b322212c0c317d8ba77619dc32a7a032ac2de615", kill_on_drop: false }`
[INFO] [stderr]    Compiling libc v0.2.112
[INFO] [stderr]    Compiling autocfg v1.1.0
[INFO] [stderr]    Compiling gmp-mpfr-sys v1.4.7
[INFO] [stderr]    Compiling az v1.2.0
[INFO] [stderr]    Compiling rug v1.16.0
[INFO] [stderr]    Compiling ppv-lite86 v0.2.16
[INFO] [stderr]    Compiling num-traits v0.2.15
[INFO] [stderr]    Compiling num-integer v0.1.45
[INFO] [stderr]    Compiling getrandom v0.2.3
[INFO] [stderr]    Compiling time v0.1.44
[INFO] [stderr]    Compiling num_cpus v1.13.1
[INFO] [stderr]    Compiling rand_core v0.6.3
[INFO] [stderr]    Compiling rand_chacha v0.3.1
[INFO] [stderr]    Compiling rand v0.8.4
[INFO] [stderr]    Compiling chrono v0.4.19
[INFO] [stderr]    Compiling rsa_arbitray_precision v0.1.0 (/opt/rustwide/workdir)
[INFO] [stdout] warning: unused import: `Complete`
[INFO] [stdout]  --> src/input_module.rs:2:20
[INFO] [stdout]   |
[INFO] [stdout] 2 | use rug::{Integer, Complete};
[INFO] [stdout]   |                    ^^^^^^^^
[INFO] [stdout]   |
[INFO] [stdout]   = note: `#[warn(unused_imports)]` on by default
[INFO] [stdout] 
[INFO] [stdout] 
[INFO] [stdout] warning: elided lifetime has a name
[INFO] [stdout]   --> src/parser/parser.rs:23:71
[INFO] [stdout]    |
[INFO] [stdout] 22 | impl<'args> OptParser<'args> {
[INFO] [stdout]    |      ----- lifetime `'args` declared here
[INFO] [stdout] 23 |     pub fn new(args: &'args[String], expected: Vec<OptDescriptor>) -> OptParser {
[INFO] [stdout]    |                                                                       ^^^^^^^^^ this elided lifetime gets resolved as `'args`
[INFO] [stdout]    |
[INFO] [stdout]    = note: `#[warn(elided_named_lifetimes)]` on by default
[INFO] [stdout] 
[INFO] [stdout] 
[INFO] [stdout] warning: function `parse_file_name` is never used
[INFO] [stdout]   --> src/commands/util.rs:65:4
[INFO] [stdout]    |
[INFO] [stdout] 65 | fn parse_file_name(args: &[String]) -> String {
[INFO] [stdout]    |    ^^^^^^^^^^^^^^^
[INFO] [stdout]    |
[INFO] [stdout]    = note: `#[warn(dead_code)]` on by default
[INFO] [stdout] 
[INFO] [stdout] 
[INFO] [stdout] warning: field `f_type` is never read
[INFO] [stdout]  --> src/parser/opt.rs:4:5
[INFO] [stdout]   |
[INFO] [stdout] 2 | pub(crate) struct ParsedOpt {
[INFO] [stdout]   |                   --------- field in this struct
[INFO] [stdout] 3 |     name: String,
[INFO] [stdout] 4 |     f_type: FlagType,
[INFO] [stdout]   |     ^^^^^^
[INFO] [stdout]   |
[INFO] [stdout]   = note: `ParsedOpt` has a derived impl for the trait `Debug`, but this is intentionally ignored during dead code analysis
[INFO] [stdout] 
[INFO] [stdout] 
[INFO] [stdout] warning: associated items `is_flag` and `verify` are never used
[INFO] [stdout]   --> src/parser/opt.rs:14:12
[INFO] [stdout]    |
[INFO] [stdout] 8  | impl ParsedOpt {
[INFO] [stdout]    | -------------- associated items in this implementation
[INFO] [stdout] ...
[INFO] [stdout] 14 |     pub fn is_flag(flag: &str) -> bool {
[INFO] [stdout]    |            ^^^^^^^
[INFO] [stdout] ...
[INFO] [stdout] 21 |     pub(crate) fn verify(&self, name: &str, args: Option<Vec<String>>) -> bool {
[INFO] [stdout]    |                   ^^^^^^
[INFO] [stdout] 
[INFO] [stdout] 
[INFO] [stderr]     Finished `dev` profile [unoptimized + debuginfo] target(s) in 2m 12s
[INFO] running `Command { std: "docker" "inspect" "a2bc022d87b2f9d00a822227b322212c0c317d8ba77619dc32a7a032ac2de615", kill_on_drop: false }`
[INFO] running `Command { std: "docker" "rm" "-f" "a2bc022d87b2f9d00a822227b322212c0c317d8ba77619dc32a7a032ac2de615", kill_on_drop: false }`
[INFO] [stdout] a2bc022d87b2f9d00a822227b322212c0c317d8ba77619dc32a7a032ac2de615
[INFO] running `Command { std: "docker" "create" "-v" "/var/lib/crater-agent-workspace/builds/worker-0-tc2/target:/opt/rustwide/target:rw,Z" "-v" "/var/lib/crater-agent-workspace/builds/worker-0-tc2/source:/opt/rustwide/workdir:ro,Z" "-v" "/var/lib/crater-agent-workspace/cargo-home:/opt/rustwide/cargo-home:ro,Z" "-v" "/var/lib/crater-agent-workspace/rustup-home:/opt/rustwide/rustup-home:ro,Z" "-e" "SOURCE_DIR=/opt/rustwide/workdir" "-e" "CARGO_TARGET_DIR=/opt/rustwide/target" "-e" "CARGO_INCREMENTAL=0" "-e" "RUST_BACKTRACE=full" "-e" "RUSTFLAGS=--cap-lints=warn" "-e" "RUSTDOCFLAGS=--cap-lints=warn" "-e" "CARGO_HOME=/opt/rustwide/cargo-home" "-e" "RUSTUP_HOME=/opt/rustwide/rustup-home" "-w" "/opt/rustwide/workdir" "-m" "1610612736" "--user" "0:0" "--network" "none" "ghcr.io/rust-lang/crates-build-env/linux@sha256:f3a9d4ad9d972b27faf3965f35b62e55ba32bbce8f20bc8fe909558a86702fde" "/opt/rustwide/cargo-home/bin/cargo" "+beta-2024-12-08" "test" "--frozen" "--no-run" "--message-format=json", kill_on_drop: false }`
[INFO] [stdout] 61ddda7f3510b9b1f8c018fd7f887b6ee82eefb01eed1383c043ece53041eb8f
[INFO] running `Command { std: "docker" "start" "-a" "61ddda7f3510b9b1f8c018fd7f887b6ee82eefb01eed1383c043ece53041eb8f", kill_on_drop: false }`
[INFO] [stdout] warning: unused import: `Complete`
[INFO] [stdout]  --> src/input_module.rs:2:20
[INFO] [stdout]   |
[INFO] [stdout] 2 | use rug::{Integer, Complete};
[INFO] [stdout]   |                    ^^^^^^^^
[INFO] [stdout]   |
[INFO] [stdout]   = note: `#[warn(unused_imports)]` on by default
[INFO] [stdout] 
[INFO] [stdout] 
[INFO] [stdout] warning: elided lifetime has a name
[INFO] [stdout]   --> src/parser/parser.rs:23:71
[INFO] [stdout]    |
[INFO] [stdout] 22 | impl<'args> OptParser<'args> {
[INFO] [stdout]    |      ----- lifetime `'args` declared here
[INFO] [stdout] 23 |     pub fn new(args: &'args[String], expected: Vec<OptDescriptor>) -> OptParser {
[INFO] [stdout]    |                                                                       ^^^^^^^^^ this elided lifetime gets resolved as `'args`
[INFO] [stdout]    |
[INFO] [stdout]    = note: `#[warn(elided_named_lifetimes)]` on by default
[INFO] [stdout] 
[INFO] [stdout] 
[INFO] [stdout] warning: function `parse_file_name` is never used
[INFO] [stdout]   --> src/commands/util.rs:65:4
[INFO] [stdout]    |
[INFO] [stdout] 65 | fn parse_file_name(args: &[String]) -> String {
[INFO] [stdout]    |    ^^^^^^^^^^^^^^^
[INFO] [stdout]    |
[INFO] [stdout]    = note: `#[warn(dead_code)]` on by default
[INFO] [stdout] 
[INFO] [stdout] 
[INFO] [stdout] warning: field `f_type` is never read
[INFO] [stdout]  --> src/parser/opt.rs:4:5
[INFO] [stdout]   |
[INFO] [stdout] 2 | pub(crate) struct ParsedOpt {
[INFO] [stdout]   |                   --------- field in this struct
[INFO] [stdout] 3 |     name: String,
[INFO] [stdout] 4 |     f_type: FlagType,
[INFO] [stdout]   |     ^^^^^^
[INFO] [stdout]   |
[INFO] [stdout]   = note: `ParsedOpt` has a derived impl for the trait `Debug`, but this is intentionally ignored during dead code analysis
[INFO] [stdout] 
[INFO] [stdout] 
[INFO] [stdout] warning: associated items `is_flag` and `verify` are never used
[INFO] [stdout]   --> src/parser/opt.rs:14:12
[INFO] [stdout]    |
[INFO] [stdout] 8  | impl ParsedOpt {
[INFO] [stdout]    | -------------- associated items in this implementation
[INFO] [stdout] ...
[INFO] [stdout] 14 |     pub fn is_flag(flag: &str) -> bool {
[INFO] [stdout]    |            ^^^^^^^
[INFO] [stdout] ...
[INFO] [stdout] 21 |     pub(crate) fn verify(&self, name: &str, args: Option<Vec<String>>) -> bool {
[INFO] [stdout]    |                   ^^^^^^
[INFO] [stdout] 
[INFO] [stdout] 
[INFO] [stderr]    Compiling rsa_arbitray_precision v0.1.0 (/opt/rustwide/workdir)
[INFO] [stdout] warning: elided lifetime has a name
[INFO] [stdout]   --> src/parser/parser.rs:23:71
[INFO] [stdout]    |
[INFO] [stdout] 22 | impl<'args> OptParser<'args> {
[INFO] [stdout]    |      ----- lifetime `'args` declared here
[INFO] [stdout] 23 |     pub fn new(args: &'args[String], expected: Vec<OptDescriptor>) -> OptParser {
[INFO] [stdout]    |                                                                       ^^^^^^^^^ this elided lifetime gets resolved as `'args`
[INFO] [stdout]    |
[INFO] [stdout]    = note: `#[warn(elided_named_lifetimes)]` on by default
[INFO] [stdout] 
[INFO] [stdout] 
[INFO] [stdout] warning: unused variable: `s`
[INFO] [stdout]   --> src/input_module.rs:55:9
[INFO] [stdout]    |
[INFO] [stdout] 55 |     let s = number_to_string(n).unwrap();
[INFO] [stdout]    |         ^ help: if this is intentional, prefix it with an underscore: `_s`
[INFO] [stdout]    |
[INFO] [stdout]    = note: `#[warn(unused_variables)]` on by default
[INFO] [stdout] 
[INFO] [stdout] 
[INFO] [stdout] warning: function `parse_file_name` is never used
[INFO] [stdout]   --> src/commands/util.rs:65:4
[INFO] [stdout]    |
[INFO] [stdout] 65 | fn parse_file_name(args: &[String]) -> String {
[INFO] [stdout]    |    ^^^^^^^^^^^^^^^
[INFO] [stdout]    |
[INFO] [stdout]    = note: `#[warn(dead_code)]` on by default
[INFO] [stdout] 
[INFO] [stdout] 
[INFO] [stdout] warning: field `f_type` is never read
[INFO] [stdout]  --> src/parser/opt.rs:4:5
[INFO] [stdout]   |
[INFO] [stdout] 2 | pub(crate) struct ParsedOpt {
[INFO] [stdout]   |                   --------- field in this struct
[INFO] [stdout] 3 |     name: String,
[INFO] [stdout] 4 |     f_type: FlagType,
[INFO] [stdout]   |     ^^^^^^
[INFO] [stdout]   |
[INFO] [stdout]   = note: `ParsedOpt` has a derived impl for the trait `Debug`, but this is intentionally ignored during dead code analysis
[INFO] [stdout] 
[INFO] [stdout] 
[INFO] [stdout] warning: associated function `is_flag` is never used
[INFO] [stdout]   --> src/parser/opt.rs:14:12
[INFO] [stdout]    |
[INFO] [stdout] 8  | impl ParsedOpt {
[INFO] [stdout]    | -------------- associated function in this implementation
[INFO] [stdout] ...
[INFO] [stdout] 14 |     pub fn is_flag(flag: &str) -> bool {
[INFO] [stdout]    |            ^^^^^^^
[INFO] [stdout] 
[INFO] [stdout] 
[INFO] [stderr]     Finished `test` profile [unoptimized + debuginfo] target(s) in 2.63s
[INFO] running `Command { std: "docker" "inspect" "61ddda7f3510b9b1f8c018fd7f887b6ee82eefb01eed1383c043ece53041eb8f", kill_on_drop: false }`
[INFO] running `Command { std: "docker" "rm" "-f" "61ddda7f3510b9b1f8c018fd7f887b6ee82eefb01eed1383c043ece53041eb8f", kill_on_drop: false }`
[INFO] [stdout] 61ddda7f3510b9b1f8c018fd7f887b6ee82eefb01eed1383c043ece53041eb8f
[INFO] running `Command { std: "docker" "create" "-v" "/var/lib/crater-agent-workspace/builds/worker-0-tc2/target:/opt/rustwide/target:rw,Z" "-v" "/var/lib/crater-agent-workspace/builds/worker-0-tc2/source:/opt/rustwide/workdir:ro,Z" "-v" "/var/lib/crater-agent-workspace/cargo-home:/opt/rustwide/cargo-home:ro,Z" "-v" "/var/lib/crater-agent-workspace/rustup-home:/opt/rustwide/rustup-home:ro,Z" "-e" "SOURCE_DIR=/opt/rustwide/workdir" "-e" "CARGO_TARGET_DIR=/opt/rustwide/target" "-e" "CARGO_INCREMENTAL=0" "-e" "RUST_BACKTRACE=full" "-e" "RUSTFLAGS=--cap-lints=warn" "-e" "RUSTDOCFLAGS=--cap-lints=warn" "-e" "CARGO_HOME=/opt/rustwide/cargo-home" "-e" "RUSTUP_HOME=/opt/rustwide/rustup-home" "-w" "/opt/rustwide/workdir" "-m" "1610612736" "--user" "0:0" "--network" "none" "ghcr.io/rust-lang/crates-build-env/linux@sha256:f3a9d4ad9d972b27faf3965f35b62e55ba32bbce8f20bc8fe909558a86702fde" "/opt/rustwide/cargo-home/bin/cargo" "+beta-2024-12-08" "test" "--frozen", kill_on_drop: false }`
[INFO] [stdout] cf84973606a93cced608665c6efe7ec7d0beac20a3c44e5ecf28dc8a2c0b1f41
[INFO] running `Command { std: "docker" "start" "-a" "cf84973606a93cced608665c6efe7ec7d0beac20a3c44e5ecf28dc8a2c0b1f41", kill_on_drop: false }`
[INFO] [stderr] warning: unused import: `Complete`
[INFO] [stderr]  --> src/input_module.rs:2:20
[INFO] [stderr]   |
[INFO] [stderr] 2 | use rug::{Integer, Complete};
[INFO] [stderr]   |                    ^^^^^^^^
[INFO] [stderr]   |
[INFO] [stderr]   = note: `#[warn(unused_imports)]` on by default
[INFO] [stderr] 
[INFO] [stderr] warning: elided lifetime has a name
[INFO] [stderr]   --> src/parser/parser.rs:23:71
[INFO] [stderr]    |
[INFO] [stderr] 22 | impl<'args> OptParser<'args> {
[INFO] [stderr]    |      ----- lifetime `'args` declared here
[INFO] [stderr] 23 |     pub fn new(args: &'args[String], expected: Vec<OptDescriptor>) -> OptParser {
[INFO] [stderr]    |                                                                       ^^^^^^^^^ this elided lifetime gets resolved as `'args`
[INFO] [stderr]    |
[INFO] [stderr]    = note: `#[warn(elided_named_lifetimes)]` on by default
[INFO] [stderr] 
[INFO] [stderr] warning: function `parse_file_name` is never used
[INFO] [stderr]   --> src/commands/util.rs:65:4
[INFO] [stderr]    |
[INFO] [stderr] 65 | fn parse_file_name(args: &[String]) -> String {
[INFO] [stderr]    |    ^^^^^^^^^^^^^^^
[INFO] [stderr]    |
[INFO] [stderr]    = note: `#[warn(dead_code)]` on by default
[INFO] [stderr] 
[INFO] [stderr] warning: field `f_type` is never read
[INFO] [stderr]  --> src/parser/opt.rs:4:5
[INFO] [stderr]   |
[INFO] [stderr] 2 | pub(crate) struct ParsedOpt {
[INFO] [stderr]   |                   --------- field in this struct
[INFO] [stderr] 3 |     name: String,
[INFO] [stderr] 4 |     f_type: FlagType,
[INFO] [stderr]   |     ^^^^^^
[INFO] [stderr]   |
[INFO] [stderr]   = note: `ParsedOpt` has a derived impl for the trait `Debug`, but this is intentionally ignored during dead code analysis
[INFO] [stderr] 
[INFO] [stderr] warning: associated items `is_flag` and `verify` are never used
[INFO] [stderr]   --> src/parser/opt.rs:14:12
[INFO] [stderr]    |
[INFO] [stderr] 8  | impl ParsedOpt {
[INFO] [stderr]    | -------------- associated items in this implementation
[INFO] [stderr] ...
[INFO] [stderr] 14 |     pub fn is_flag(flag: &str) -> bool {
[INFO] [stderr]    |            ^^^^^^^
[INFO] [stderr] ...
[INFO] [stderr] 21 |     pub(crate) fn verify(&self, name: &str, args: Option<Vec<String>>) -> bool {
[INFO] [stderr]    |                   ^^^^^^
[INFO] [stderr] 
[INFO] [stderr] warning: `rsa_arbitray_precision` (lib) generated 5 warnings (run `cargo fix --lib -p rsa_arbitray_precision` to apply 1 suggestion)
[INFO] [stderr] warning: unused variable: `s`
[INFO] [stderr]   --> src/input_module.rs:55:9
[INFO] [stderr]    |
[INFO] [stderr] 55 |     let s = number_to_string(n).unwrap();
[INFO] [stderr]    |         ^ help: if this is intentional, prefix it with an underscore: `_s`
[INFO] [stderr]    |
[INFO] [stderr]    = note: `#[warn(unused_variables)]` on by default
[INFO] [stderr] 
[INFO] [stderr] warning: associated function `is_flag` is never used
[INFO] [stderr]   --> src/parser/opt.rs:14:12
[INFO] [stderr]    |
[INFO] [stderr] 8  | impl ParsedOpt {
[INFO] [stderr]    | -------------- associated function in this implementation
[INFO] [stderr] ...
[INFO] [stderr] 14 |     pub fn is_flag(flag: &str) -> bool {
[INFO] [stderr]    |            ^^^^^^^
[INFO] [stderr] 
[INFO] [stderr] warning: `rsa_arbitray_precision` (lib test) generated 5 warnings (3 duplicates)
[INFO] [stderr]     Finished `test` profile [unoptimized + debuginfo] target(s) in 0.08s
[INFO] [stderr]      Running unittests src/lib.rs (/opt/rustwide/target/debug/deps/rsa_arbitray_precision-96cc374e0824bd92)
[INFO] [stdout] 
[INFO] [stdout] running 26 tests
[INFO] [stdout] test commands::benchmark::tests::test_init_invalid_flag ... ok
[INFO] [stdout] test commands::benchmark::tests::test_init_invalid_bit_size ... ok
[INFO] [stdout] test commands::benchmark::tests::test_init_valid ... ok
[INFO] [stdout] test helpers::test::gcd_16_4 ... ok
[INFO] [stdout] test input_module::test_number_to_string ... ok
[INFO] [stdout] test commands::benchmark::tests::test_init_defaults ... ok
[INFO] [stdout] test commands::benchmark::tests::test_init_invalid_n_threads ... ok
[INFO] [stdout] test input_module::test_string_to_number_number_to_string ... ok
[INFO] [stdout] test parser::opt::test_verify_true ... ok
[INFO] [stdout] test parser::parser::tests::test_multi_arg_valid ... ok
[INFO] [stdout] test parser::parser::tests::test_no_args ... ok
[INFO] [stdout] test parser::opt::test_opt_macro ... ok
[INFO] [stdout] test key_gen::test_bit ... ok
[INFO] [stdout] test parser::opt::test_verify_false ... ok
[INFO] [stdout] test parser::parser::tests::test_multi_arg_invalid ... ok
[INFO] [stdout] test helpers::test::find_inverse_7_23400 ... ok
[INFO] [stdout] test prime_gen::sieve_of_eratosthenes::test_create_sieve_10 ... ok
[INFO] [stdout] test parser::parser::tests::test_one_arg_valid ... ok
[INFO] [stdout] test parser::parser::tests::test_reposition ... ok
[INFO] [stdout] test tests::rsa_module_tests::test_23400 ... ok
[INFO] [stdout] test tests::helpers_tests::test_4_13_497 ... ok
[INFO] [stdout] test parser::parser::tests::test_one_arg_invalid ... ok
[INFO] [stdout] test input_module::test_number_to_string_2 ... FAILED
[INFO] [stdout] test key_gen::generate_key_pair_and_serialize ... ok
[INFO] [stdout] test key_gen::test_serialize ... ok
[INFO] [stdout] test key_gen::test_generate_p_q_threads has been running for over 60 seconds
[INFO] [stdout] test key_gen::test_generate_p_q_threads ... ok
[INFO] [stdout] 
[INFO] [stdout] failures:
[INFO] [stdout] 
[INFO] [stdout] ---- input_module::test_number_to_string_2 stdout ----
[INFO] [stdout] thread 'input_module::test_number_to_string_2' panicked at src/input_module.rs:55:33:
[INFO] [stdout] called `Result::unwrap()` on an `Err` value: FromUtf8Error { bytes: [101, 115, 115, 101, 108, 116, 32, 229], error: Utf8Error { valid_up_to: 7, error_len: None } }
[INFO] [stdout] stack backtrace:
[INFO] [stdout]    0:     0x584fd21c116a - std::backtrace_rs::backtrace::libunwind::trace::h8810477743020387
[INFO] [stdout]                                at /rustc/202008a1b8de96d2e5b6bc02d379db03a877d34d/library/std/src/../../backtrace/src/backtrace/libunwind.rs:116:5
[INFO] [stdout]    1:     0x584fd21c116a - std::backtrace_rs::backtrace::trace_unsynchronized::h3aa55355dd6c54a6
[INFO] [stdout]                                at /rustc/202008a1b8de96d2e5b6bc02d379db03a877d34d/library/std/src/../../backtrace/src/backtrace/mod.rs:66:5
[INFO] [stdout]    2:     0x584fd21c116a - std::sys::backtrace::_print_fmt::h8588b0f62410823f
[INFO] [stdout]                                at /rustc/202008a1b8de96d2e5b6bc02d379db03a877d34d/library/std/src/sys/backtrace.rs:66:9
[INFO] [stdout]    3:     0x584fd21c116a - <std::sys::backtrace::BacktraceLock::print::DisplayBacktrace as core::fmt::Display>::fmt::h98c26ac25ffe89bb
[INFO] [stdout]                                at /rustc/202008a1b8de96d2e5b6bc02d379db03a877d34d/library/std/src/sys/backtrace.rs:39:26
[INFO] [stdout]    4:     0x584fd21e71a3 - core::fmt::rt::Argument::fmt::hf95377f4aebd453b
[INFO] [stdout]                                at /rustc/202008a1b8de96d2e5b6bc02d379db03a877d34d/library/core/src/fmt/rt.rs:177:76
[INFO] [stdout]    5:     0x584fd21e71a3 - core::fmt::write::h0dd5f6e2238c7982
[INFO] [stdout]                                at /rustc/202008a1b8de96d2e5b6bc02d379db03a877d34d/library/core/src/fmt/mod.rs:1189:21
[INFO] [stdout]    6:     0x584fd21be163 - std::io::Write::write_fmt::h03bb0ca26e6faf8c
[INFO] [stdout]                                at /rustc/202008a1b8de96d2e5b6bc02d379db03a877d34d/library/std/src/io/mod.rs:1884:15
[INFO] [stdout]    7:     0x584fd21c0fb2 - std::sys::backtrace::BacktraceLock::print::h5c19c1c038ee186d
[INFO] [stdout]                                at /rustc/202008a1b8de96d2e5b6bc02d379db03a877d34d/library/std/src/sys/backtrace.rs:42:9
[INFO] [stdout]    8:     0x584fd21c25ed - std::panicking::default_hook::{{closure}}::h77172f079a1fcb13
[INFO] [stdout]                                at /rustc/202008a1b8de96d2e5b6bc02d379db03a877d34d/library/std/src/panicking.rs:268:22
[INFO] [stdout]    9:     0x584fd21c23f7 - std::panicking::default_hook::he5f8e3b203ccddba
[INFO] [stdout]                                at /rustc/202008a1b8de96d2e5b6bc02d379db03a877d34d/library/std/src/panicking.rs:292:9
[INFO] [stdout]   10:     0x584fd210e007 - <alloc::boxed::Box<F,A> as core::ops::function::Fn<Args>>::call::h7a3c7b4a1ae77f2f
[INFO] [stdout]                                at /rustc/202008a1b8de96d2e5b6bc02d379db03a877d34d/library/alloc/src/boxed.rs:1986:9
[INFO] [stdout]   11:     0x584fd210e007 - test::test_main::{{closure}}::hf0d3b69ae9b353d1
[INFO] [stdout]                                at /rustc/202008a1b8de96d2e5b6bc02d379db03a877d34d/library/test/src/lib.rs:134:21
[INFO] [stdout]   12:     0x584fd21c2c98 - <alloc::boxed::Box<F,A> as core::ops::function::Fn<Args>>::call::h6332e82e7b189abd
[INFO] [stdout]                                at /rustc/202008a1b8de96d2e5b6bc02d379db03a877d34d/library/alloc/src/boxed.rs:1986:9
[INFO] [stdout]   13:     0x584fd21c2c98 - std::panicking::rust_panic_with_hook::h53863d4e9018df39
[INFO] [stdout]                                at /rustc/202008a1b8de96d2e5b6bc02d379db03a877d34d/library/std/src/panicking.rs:809:13
[INFO] [stdout]   14:     0x584fd21c2a5a - std::panicking::begin_panic_handler::{{closure}}::h67280e6fa0757873
[INFO] [stdout]                                at /rustc/202008a1b8de96d2e5b6bc02d379db03a877d34d/library/std/src/panicking.rs:674:13
[INFO] [stdout]   15:     0x584fd21c1649 - std::sys::backtrace::__rust_end_short_backtrace::h1dac3f54d6fbbeb2
[INFO] [stdout]                                at /rustc/202008a1b8de96d2e5b6bc02d379db03a877d34d/library/std/src/sys/backtrace.rs:170:18
[INFO] [stdout]   16:     0x584fd21c26ec - rust_begin_unwind
[INFO] [stdout]                                at /rustc/202008a1b8de96d2e5b6bc02d379db03a877d34d/library/std/src/panicking.rs:665:5
[INFO] [stdout]   17:     0x584fd20830c0 - core::panicking::panic_fmt::h6792bd1b2bf01041
[INFO] [stdout]                                at /rustc/202008a1b8de96d2e5b6bc02d379db03a877d34d/library/core/src/panicking.rs:76:14
[INFO] [stdout]   18:     0x584fd2083506 - core::result::unwrap_failed::h05e0602ed34287c5
[INFO] [stdout]                                at /rustc/202008a1b8de96d2e5b6bc02d379db03a877d34d/library/core/src/result.rs:1699:5
[INFO] [stdout]   19:     0x584fd20bb857 - core::result::Result<T,E>::unwrap::h560539c97f3cfba4
[INFO] [stdout]                                at /rustc/202008a1b8de96d2e5b6bc02d379db03a877d34d/library/core/src/result.rs:1104:23
[INFO] [stdout]   20:     0x584fd20bb857 - rsa_arbitray_precision::input_module::test_number_to_string_2::h6dc863a516b635e2
[INFO] [stdout]                                at /opt/rustwide/workdir/src/input_module.rs:55:13
[INFO] [stdout]   21:     0x584fd20bb6e7 - rsa_arbitray_precision::input_module::test_number_to_string_2::{{closure}}::hae49279bb6d498f9
[INFO] [stdout]                                at /opt/rustwide/workdir/src/input_module.rs:52:29
[INFO] [stdout]   22:     0x584fd20a8b96 - core::ops::function::FnOnce::call_once::h82ab5495353ea934
[INFO] [stdout]                                at /rustc/202008a1b8de96d2e5b6bc02d379db03a877d34d/library/core/src/ops/function.rs:250:5
[INFO] [stdout]   23:     0x584fd2112b2b - core::ops::function::FnOnce::call_once::h871bf86719ec9aa4
[INFO] [stdout]                                at /rustc/202008a1b8de96d2e5b6bc02d379db03a877d34d/library/core/src/ops/function.rs:250:5
[INFO] [stdout]   24:     0x584fd2112b2b - test::__rust_begin_short_backtrace::h2167df1e2b7d76fd
[INFO] [stdout]                                at /rustc/202008a1b8de96d2e5b6bc02d379db03a877d34d/library/test/src/lib.rs:632:18
[INFO] [stdout]   25:     0x584fd2112518 - test::run_test_in_process::{{closure}}::h15d92f75a3adfb79
[INFO] [stdout]                                at /rustc/202008a1b8de96d2e5b6bc02d379db03a877d34d/library/test/src/lib.rs:655:60
[INFO] [stdout]   26:     0x584fd2112518 - <core::panic::unwind_safe::AssertUnwindSafe<F> as core::ops::function::FnOnce<()>>::call_once::hb6c8955835a8dbbb
[INFO] [stdout]                                at /rustc/202008a1b8de96d2e5b6bc02d379db03a877d34d/library/core/src/panic/unwind_safe.rs:272:9
[INFO] [stdout]   27:     0x584fd2112518 - std::panicking::try::do_call::hc79d0fc888a0bd30
[INFO] [stdout]                                at /rustc/202008a1b8de96d2e5b6bc02d379db03a877d34d/library/std/src/panicking.rs:557:40
[INFO] [stdout]   28:     0x584fd2112518 - std::panicking::try::hb8a7878e3a8589d6
[INFO] [stdout]                                at /rustc/202008a1b8de96d2e5b6bc02d379db03a877d34d/library/std/src/panicking.rs:520:19
[INFO] [stdout]   29:     0x584fd2112518 - std::panic::catch_unwind::hb8e4600ff0ff5cfa
[INFO] [stdout]                                at /rustc/202008a1b8de96d2e5b6bc02d379db03a877d34d/library/std/src/panic.rs:358:14
[INFO] [stdout]   30:     0x584fd2112518 - test::run_test_in_process::hc2900b0b18688dd6
[INFO] [stdout]                                at /rustc/202008a1b8de96d2e5b6bc02d379db03a877d34d/library/test/src/lib.rs:655:27
[INFO] [stdout]   31:     0x584fd2112518 - test::run_test::{{closure}}::hac2a9cb07be3d48d
[INFO] [stdout]                                at /rustc/202008a1b8de96d2e5b6bc02d379db03a877d34d/library/test/src/lib.rs:576:43
[INFO] [stdout]   32:     0x584fd20d5fba - test::run_test::{{closure}}::h4a5b729e66a38cd8
[INFO] [stdout]                                at /rustc/202008a1b8de96d2e5b6bc02d379db03a877d34d/library/test/src/lib.rs:606:41
[INFO] [stdout]   33:     0x584fd20d5fba - std::sys::backtrace::__rust_begin_short_backtrace::h0496fb742492f573
[INFO] [stdout]                                at /rustc/202008a1b8de96d2e5b6bc02d379db03a877d34d/library/std/src/sys/backtrace.rs:154:18
[INFO] [stdout]   34:     0x584fd20d9934 - std::thread::Builder::spawn_unchecked_::{{closure}}::{{closure}}::hbb6d257c550a54bd
[INFO] [stdout]                                at /rustc/202008a1b8de96d2e5b6bc02d379db03a877d34d/library/std/src/thread/mod.rs:561:17
[INFO] [stdout]   35:     0x584fd20d9934 - <core::panic::unwind_safe::AssertUnwindSafe<F> as core::ops::function::FnOnce<()>>::call_once::h46696fe4a6832328
[INFO] [stdout]                                at /rustc/202008a1b8de96d2e5b6bc02d379db03a877d34d/library/core/src/panic/unwind_safe.rs:272:9
[INFO] [stdout]   36:     0x584fd20d9934 - std::panicking::try::do_call::h2625a51b667bfb64
[INFO] [stdout]                                at /rustc/202008a1b8de96d2e5b6bc02d379db03a877d34d/library/std/src/panicking.rs:557:40
[INFO] [stdout]   37:     0x584fd20d9934 - std::panicking::try::hb956a59a1973aa4c
[INFO] [stdout]                                at /rustc/202008a1b8de96d2e5b6bc02d379db03a877d34d/library/std/src/panicking.rs:520:19
[INFO] [stdout]   38:     0x584fd20d9934 - std::panic::catch_unwind::h64f3b9d1067ef6a0
[INFO] [stdout]                                at /rustc/202008a1b8de96d2e5b6bc02d379db03a877d34d/library/std/src/panic.rs:358:14
[INFO] [stdout]   39:     0x584fd20d9934 - std::thread::Builder::spawn_unchecked_::{{closure}}::h42b2841295b6c0b2
[INFO] [stdout]                                at /rustc/202008a1b8de96d2e5b6bc02d379db03a877d34d/library/std/src/thread/mod.rs:559:30
[INFO] [stdout]   40:     0x584fd20d9934 - core::ops::function::FnOnce::call_once{{vtable.shim}}::h6127de71b8124639
[INFO] [stdout]                                at /rustc/202008a1b8de96d2e5b6bc02d379db03a877d34d/library/core/src/ops/function.rs:250:5
[INFO] [stdout]   41:     0x584fd21c6beb - <alloc::boxed::Box<F,A> as core::ops::function::FnOnce<Args>>::call_once::h42f0ba71002a1b2c
[INFO] [stdout]                                at /rustc/202008a1b8de96d2e5b6bc02d379db03a877d34d/library/alloc/src/boxed.rs:1972:9
[INFO] [stdout]   42:     0x584fd21c6beb - <alloc::boxed::Box<F,A> as core::ops::function::FnOnce<Args>>::call_once::had9e47d7a3dcecb8
[INFO] [stdout]                                at /rustc/202008a1b8de96d2e5b6bc02d379db03a877d34d/library/alloc/src/boxed.rs:1972:9
[INFO] [stdout]   43:     0x584fd21c6beb - std::sys::pal::unix::thread::Thread::new::thread_start::h48cf765408f6f5f2
[INFO] [stdout]                                at /rustc/202008a1b8de96d2e5b6bc02d379db03a877d34d/library/std/src/sys/pal/unix/thread.rs:105:17
[INFO] [stdout]   44:     0x77da69e8bac3 - <unknown>
[INFO] [stdout]   45:     0x77da69f1ca04 - clone
[INFO] [stdout]   46:                0x0 - <unknown>
[INFO] [stdout] 
[INFO] [stdout] 
[INFO] [stdout] failures:
[INFO] [stdout]     input_module::test_number_to_string_2
[INFO] [stdout] 
[INFO] [stdout] test result: FAILED. 25 passed; 1 failed; 0 ignored; 0 measured; 0 filtered out; finished in 77.80s
[INFO] [stdout] 
[INFO] [stderr] error: test failed, to rerun pass `--lib`
[INFO] running `Command { std: "docker" "inspect" "cf84973606a93cced608665c6efe7ec7d0beac20a3c44e5ecf28dc8a2c0b1f41", kill_on_drop: false }`
[INFO] running `Command { std: "docker" "rm" "-f" "cf84973606a93cced608665c6efe7ec7d0beac20a3c44e5ecf28dc8a2c0b1f41", kill_on_drop: false }`
[INFO] [stdout] cf84973606a93cced608665c6efe7ec7d0beac20a3c44e5ecf28dc8a2c0b1f41
