[INFO] cloning repository https://github.com/pablogsal/rustracer
[INFO] running `Command { std: "git" "-c" "credential.helper=" "-c" "credential.helper=/workspace/cargo-home/bin/git-credential-null" "clone" "--bare" "https://github.com/pablogsal/rustracer" "/workspace/cache/git-repos/https%3A%2F%2Fgithub.com%2Fpablogsal%2Frustracer", kill_on_drop: false }`
[INFO] [stderr] Cloning into bare repository '/workspace/cache/git-repos/https%3A%2F%2Fgithub.com%2Fpablogsal%2Frustracer'...
[INFO] running `Command { std: "git" "rev-parse" "HEAD", kill_on_drop: false }`
[INFO] [stdout] c745ae88849879452d95633f44df8f1200e603ac
[INFO] testing pablogsal/rustracer against beta-2024-12-08 for beta-1.84.0-4-retry
[INFO] running `Command { std: "git" "clone" "/workspace/cache/git-repos/https%3A%2F%2Fgithub.com%2Fpablogsal%2Frustracer" "/workspace/builds/worker-5-tc2/source", kill_on_drop: false }`
[INFO] [stderr] Cloning into '/workspace/builds/worker-5-tc2/source'...
[INFO] [stderr] done.
[INFO] validating manifest of git repo https://github.com/pablogsal/rustracer on toolchain beta-2024-12-08
[INFO] running `Command { std: CARGO_HOME="/workspace/cargo-home" RUSTUP_HOME="/workspace/rustup-home" "/workspace/cargo-home/bin/cargo" "+beta-2024-12-08" "metadata" "--manifest-path" "Cargo.toml" "--no-deps", kill_on_drop: false }`
[INFO] started tweaking git repo https://github.com/pablogsal/rustracer
[INFO] finished tweaking git repo https://github.com/pablogsal/rustracer
[INFO] tweaked toml for git repo https://github.com/pablogsal/rustracer written to /workspace/builds/worker-5-tc2/source/Cargo.toml
[INFO] crate git repo https://github.com/pablogsal/rustracer already has a lockfile, it will not be regenerated
[INFO] running `Command { std: CARGO_HOME="/workspace/cargo-home" RUSTUP_HOME="/workspace/rustup-home" "/workspace/cargo-home/bin/cargo" "+beta-2024-12-08" "fetch" "--manifest-path" "Cargo.toml", kill_on_drop: false }`
[INFO] [stderr]     Blocking waiting for file lock on package cache
[INFO] [stderr]     Blocking waiting for file lock on package cache
[INFO] running `Command { std: "docker" "create" "-v" "/var/lib/crater-agent-workspace/builds/worker-5-tc2/target:/opt/rustwide/target:rw,Z" "-v" "/var/lib/crater-agent-workspace/builds/worker-5-tc2/source:/opt/rustwide/workdir:ro,Z" "-v" "/var/lib/crater-agent-workspace/cargo-home:/opt/rustwide/cargo-home:ro,Z" "-v" "/var/lib/crater-agent-workspace/rustup-home:/opt/rustwide/rustup-home:ro,Z" "-e" "SOURCE_DIR=/opt/rustwide/workdir" "-e" "CARGO_TARGET_DIR=/opt/rustwide/target" "-e" "CARGO_HOME=/opt/rustwide/cargo-home" "-e" "RUSTUP_HOME=/opt/rustwide/rustup-home" "-w" "/opt/rustwide/workdir" "-m" "1610612736" "--user" "0:0" "--network" "none" "ghcr.io/rust-lang/crates-build-env/linux@sha256:f3a9d4ad9d972b27faf3965f35b62e55ba32bbce8f20bc8fe909558a86702fde" "/opt/rustwide/cargo-home/bin/cargo" "+beta-2024-12-08" "metadata" "--no-deps" "--format-version=1", kill_on_drop: false }`
[INFO] [stdout] b396814b50eb622a7f67333728b4eac4deae2b73243715136bf038502cde9ce2
[INFO] running `Command { std: "docker" "start" "-a" "b396814b50eb622a7f67333728b4eac4deae2b73243715136bf038502cde9ce2", kill_on_drop: false }`
[INFO] running `Command { std: "docker" "inspect" "b396814b50eb622a7f67333728b4eac4deae2b73243715136bf038502cde9ce2", kill_on_drop: false }`
[INFO] running `Command { std: "docker" "rm" "-f" "b396814b50eb622a7f67333728b4eac4deae2b73243715136bf038502cde9ce2", kill_on_drop: false }`
[INFO] [stdout] b396814b50eb622a7f67333728b4eac4deae2b73243715136bf038502cde9ce2
[INFO] running `Command { std: "docker" "create" "-v" "/var/lib/crater-agent-workspace/builds/worker-5-tc2/target:/opt/rustwide/target:rw,Z" "-v" "/var/lib/crater-agent-workspace/builds/worker-5-tc2/source:/opt/rustwide/workdir:ro,Z" "-v" "/var/lib/crater-agent-workspace/cargo-home:/opt/rustwide/cargo-home:ro,Z" "-v" "/var/lib/crater-agent-workspace/rustup-home:/opt/rustwide/rustup-home:ro,Z" "-e" "SOURCE_DIR=/opt/rustwide/workdir" "-e" "CARGO_TARGET_DIR=/opt/rustwide/target" "-e" "CARGO_INCREMENTAL=0" "-e" "RUST_BACKTRACE=full" "-e" "RUSTFLAGS=--cap-lints=warn" "-e" "RUSTDOCFLAGS=--cap-lints=warn" "-e" "CARGO_HOME=/opt/rustwide/cargo-home" "-e" "RUSTUP_HOME=/opt/rustwide/rustup-home" "-w" "/opt/rustwide/workdir" "-m" "1610612736" "--user" "0:0" "--network" "none" "ghcr.io/rust-lang/crates-build-env/linux@sha256:f3a9d4ad9d972b27faf3965f35b62e55ba32bbce8f20bc8fe909558a86702fde" "/opt/rustwide/cargo-home/bin/cargo" "+beta-2024-12-08" "build" "--frozen" "--message-format=json", kill_on_drop: false }`
[INFO] [stdout] 88d9e8c9a8e1ef389093273555693cd90647c36887a3913669e58c65a449e897
[INFO] running `Command { std: "docker" "start" "-a" "88d9e8c9a8e1ef389093273555693cd90647c36887a3913669e58c65a449e897", kill_on_drop: false }`
[INFO] [stderr]    Compiling cfg-if v1.0.0
[INFO] [stderr]    Compiling libc v0.2.98
[INFO] [stderr]    Compiling autocfg v1.0.1
[INFO] [stderr]    Compiling crossbeam-utils v0.8.5
[INFO] [stderr]    Compiling lazy_static v1.4.0
[INFO] [stderr]    Compiling crossbeam-epoch v0.9.5
[INFO] [stderr]    Compiling rayon-core v1.9.1
[INFO] [stderr]    Compiling scopeguard v1.1.0
[INFO] [stderr]    Compiling ppv-lite86 v0.2.10
[INFO] [stderr]    Compiling either v1.6.1
[INFO] [stderr]    Compiling memoffset v0.6.4
[INFO] [stderr]    Compiling rayon v1.5.1
[INFO] [stderr]    Compiling crossbeam-channel v0.5.1
[INFO] [stderr]    Compiling crossbeam-deque v0.8.0
[INFO] [stderr]    Compiling getrandom v0.2.3
[INFO] [stderr]    Compiling num_cpus v1.13.0
[INFO] [stderr]    Compiling rand_core v0.6.3
[INFO] [stderr]    Compiling rand_chacha v0.3.1
[INFO] [stderr]    Compiling rand v0.8.4
[INFO] [stderr]    Compiling rustracer v0.1.0 (/opt/rustwide/workdir)
[INFO] [stderr]     Finished `dev` profile [unoptimized + debuginfo] target(s) in 7.56s
[INFO] running `Command { std: "docker" "inspect" "88d9e8c9a8e1ef389093273555693cd90647c36887a3913669e58c65a449e897", kill_on_drop: false }`
[INFO] running `Command { std: "docker" "rm" "-f" "88d9e8c9a8e1ef389093273555693cd90647c36887a3913669e58c65a449e897", kill_on_drop: false }`
[INFO] [stdout] 88d9e8c9a8e1ef389093273555693cd90647c36887a3913669e58c65a449e897
[INFO] running `Command { std: "docker" "create" "-v" "/var/lib/crater-agent-workspace/builds/worker-5-tc2/target:/opt/rustwide/target:rw,Z" "-v" "/var/lib/crater-agent-workspace/builds/worker-5-tc2/source:/opt/rustwide/workdir:ro,Z" "-v" "/var/lib/crater-agent-workspace/cargo-home:/opt/rustwide/cargo-home:ro,Z" "-v" "/var/lib/crater-agent-workspace/rustup-home:/opt/rustwide/rustup-home:ro,Z" "-e" "SOURCE_DIR=/opt/rustwide/workdir" "-e" "CARGO_TARGET_DIR=/opt/rustwide/target" "-e" "CARGO_INCREMENTAL=0" "-e" "RUST_BACKTRACE=full" "-e" "RUSTFLAGS=--cap-lints=warn" "-e" "RUSTDOCFLAGS=--cap-lints=warn" "-e" "CARGO_HOME=/opt/rustwide/cargo-home" "-e" "RUSTUP_HOME=/opt/rustwide/rustup-home" "-w" "/opt/rustwide/workdir" "-m" "1610612736" "--user" "0:0" "--network" "none" "ghcr.io/rust-lang/crates-build-env/linux@sha256:f3a9d4ad9d972b27faf3965f35b62e55ba32bbce8f20bc8fe909558a86702fde" "/opt/rustwide/cargo-home/bin/cargo" "+beta-2024-12-08" "test" "--frozen" "--no-run" "--message-format=json", kill_on_drop: false }`
[INFO] [stdout] 9d562f23a9c53da8198d3190ee3a7086874d51b176a694d0ede86a169bfb1cc6
[INFO] running `Command { std: "docker" "start" "-a" "9d562f23a9c53da8198d3190ee3a7086874d51b176a694d0ede86a169bfb1cc6", kill_on_drop: false }`
[INFO] [stderr]    Compiling rustracer v0.1.0 (/opt/rustwide/workdir)
[INFO] [stderr]     Finished `test` profile [unoptimized + debuginfo] target(s) in 0.65s
[INFO] running `Command { std: "docker" "inspect" "9d562f23a9c53da8198d3190ee3a7086874d51b176a694d0ede86a169bfb1cc6", kill_on_drop: false }`
[INFO] running `Command { std: "docker" "rm" "-f" "9d562f23a9c53da8198d3190ee3a7086874d51b176a694d0ede86a169bfb1cc6", kill_on_drop: false }`
[INFO] [stdout] 9d562f23a9c53da8198d3190ee3a7086874d51b176a694d0ede86a169bfb1cc6
[INFO] running `Command { std: "docker" "create" "-v" "/var/lib/crater-agent-workspace/builds/worker-5-tc2/target:/opt/rustwide/target:rw,Z" "-v" "/var/lib/crater-agent-workspace/builds/worker-5-tc2/source:/opt/rustwide/workdir:ro,Z" "-v" "/var/lib/crater-agent-workspace/cargo-home:/opt/rustwide/cargo-home:ro,Z" "-v" "/var/lib/crater-agent-workspace/rustup-home:/opt/rustwide/rustup-home:ro,Z" "-e" "SOURCE_DIR=/opt/rustwide/workdir" "-e" "CARGO_TARGET_DIR=/opt/rustwide/target" "-e" "CARGO_INCREMENTAL=0" "-e" "RUST_BACKTRACE=full" "-e" "RUSTFLAGS=--cap-lints=warn" "-e" "RUSTDOCFLAGS=--cap-lints=warn" "-e" "CARGO_HOME=/opt/rustwide/cargo-home" "-e" "RUSTUP_HOME=/opt/rustwide/rustup-home" "-w" "/opt/rustwide/workdir" "-m" "1610612736" "--user" "0:0" "--network" "none" "ghcr.io/rust-lang/crates-build-env/linux@sha256:f3a9d4ad9d972b27faf3965f35b62e55ba32bbce8f20bc8fe909558a86702fde" "/opt/rustwide/cargo-home/bin/cargo" "+beta-2024-12-08" "test" "--frozen", kill_on_drop: false }`
[INFO] [stdout] 2a227acb33381038dc83d8c3795bc6861b116792c575b2a22f8c904a7893640a
[INFO] running `Command { std: "docker" "start" "-a" "2a227acb33381038dc83d8c3795bc6861b116792c575b2a22f8c904a7893640a", kill_on_drop: false }`
[INFO] [stderr]     Finished `test` profile [unoptimized + debuginfo] target(s) in 0.03s
[INFO] [stderr]      Running unittests src/main.rs (/opt/rustwide/target/debug/deps/rustracer-296695ba194e81fa)
[INFO] [stdout] 
[INFO] [stdout] running 10 tests
[INFO] [stdout] test vec3::tests::dot_product ... ok
[INFO] [stdout] test vec3::tests::add_two_vectors ... ok
[INFO] [stdout] test vec3::tests::add_inplace ... ok
[INFO] [stdout] test vec3::tests::length ... ok
[INFO] [stdout] test vec3::tests::mul_inplace ... ok
[INFO] [stdout] test vec3::tests::mul_two_vectors ... ok
[INFO] [stdout] test vec3::tests::sub_inplace ... ok
[INFO] [stdout] test vec3::tests::normalize ... ok
[INFO] [stdout] test vec3::tests::sub_two_vectors ... ok
[INFO] [stderr] error: test failed, to rerun pass `--bin rustracer`
[INFO] [stdout] test vec3::tests::cross_product ... FAILED
[INFO] [stdout] 
[INFO] [stdout] failures:
[INFO] [stdout] 
[INFO] [stdout] ---- vec3::tests::cross_product stdout ----
[INFO] [stdout] thread 'vec3::tests::cross_product' panicked at src/vec3.rs:293:9:
[INFO] [stdout] assertion `left == right` failed
[INFO] [stdout]   left: Vec3 { e: [-8.0, -4.0, 12.0] }
[INFO] [stdout]  right: Vec3 { e: [-8.0, -4.0, 8.0] }
[INFO] [stdout] stack backtrace:
[INFO] [stdout]    0:     0x560343be66ca - std::backtrace_rs::backtrace::libunwind::trace::h8810477743020387
[INFO] [stdout]                                at /rustc/202008a1b8de96d2e5b6bc02d379db03a877d34d/library/std/src/../../backtrace/src/backtrace/libunwind.rs:116:5
[INFO] [stdout]    1:     0x560343be66ca - std::backtrace_rs::backtrace::trace_unsynchronized::h3aa55355dd6c54a6
[INFO] [stdout]                                at /rustc/202008a1b8de96d2e5b6bc02d379db03a877d34d/library/std/src/../../backtrace/src/backtrace/mod.rs:66:5
[INFO] [stdout]    2:     0x560343be66ca - std::sys::backtrace::_print_fmt::h8588b0f62410823f
[INFO] [stdout]                                at /rustc/202008a1b8de96d2e5b6bc02d379db03a877d34d/library/std/src/sys/backtrace.rs:66:9
[INFO] [stdout]    3:     0x560343be66ca - <std::sys::backtrace::BacktraceLock::print::DisplayBacktrace as core::fmt::Display>::fmt::h98c26ac25ffe89bb
[INFO] [stdout]                                at /rustc/202008a1b8de96d2e5b6bc02d379db03a877d34d/library/std/src/sys/backtrace.rs:39:26
[INFO] [stdout]    4:     0x560343c0c533 - core::fmt::rt::Argument::fmt::hf95377f4aebd453b
[INFO] [stdout]                                at /rustc/202008a1b8de96d2e5b6bc02d379db03a877d34d/library/core/src/fmt/rt.rs:177:76
[INFO] [stdout]    5:     0x560343c0c533 - core::fmt::write::h0dd5f6e2238c7982
[INFO] [stdout]                                at /rustc/202008a1b8de96d2e5b6bc02d379db03a877d34d/library/core/src/fmt/mod.rs:1189:21
[INFO] [stdout]    6:     0x560343be3863 - std::io::Write::write_fmt::h03bb0ca26e6faf8c
[INFO] [stdout]                                at /rustc/202008a1b8de96d2e5b6bc02d379db03a877d34d/library/std/src/io/mod.rs:1884:15
[INFO] [stdout]    7:     0x560343be6512 - std::sys::backtrace::BacktraceLock::print::h5c19c1c038ee186d
[INFO] [stdout]                                at /rustc/202008a1b8de96d2e5b6bc02d379db03a877d34d/library/std/src/sys/backtrace.rs:42:9
[INFO] [stdout]    8:     0x560343be7b4d - std::panicking::default_hook::{{closure}}::h77172f079a1fcb13
[INFO] [stdout]                                at /rustc/202008a1b8de96d2e5b6bc02d379db03a877d34d/library/std/src/panicking.rs:268:22
[INFO] [stdout]    9:     0x560343be7957 - std::panicking::default_hook::he5f8e3b203ccddba
[INFO] [stdout]                                at /rustc/202008a1b8de96d2e5b6bc02d379db03a877d34d/library/std/src/panicking.rs:292:9
[INFO] [stdout]   10:     0x560343bb0947 - <alloc::boxed::Box<F,A> as core::ops::function::Fn<Args>>::call::h7a3c7b4a1ae77f2f
[INFO] [stdout]                                at /rustc/202008a1b8de96d2e5b6bc02d379db03a877d34d/library/alloc/src/boxed.rs:1986:9
[INFO] [stdout]   11:     0x560343bb0947 - test::test_main::{{closure}}::hf0d3b69ae9b353d1
[INFO] [stdout]                                at /rustc/202008a1b8de96d2e5b6bc02d379db03a877d34d/library/test/src/lib.rs:134:21
[INFO] [stdout]   12:     0x560343be81f8 - <alloc::boxed::Box<F,A> as core::ops::function::Fn<Args>>::call::h6332e82e7b189abd
[INFO] [stdout]                                at /rustc/202008a1b8de96d2e5b6bc02d379db03a877d34d/library/alloc/src/boxed.rs:1986:9
[INFO] [stdout]   13:     0x560343be81f8 - std::panicking::rust_panic_with_hook::h53863d4e9018df39
[INFO] [stdout]                                at /rustc/202008a1b8de96d2e5b6bc02d379db03a877d34d/library/std/src/panicking.rs:809:13
[INFO] [stdout]   14:     0x560343be7fba - std::panicking::begin_panic_handler::{{closure}}::h67280e6fa0757873
[INFO] [stdout]                                at /rustc/202008a1b8de96d2e5b6bc02d379db03a877d34d/library/std/src/panicking.rs:674:13
[INFO] [stdout]   15:     0x560343be6ba9 - std::sys::backtrace::__rust_end_short_backtrace::h1dac3f54d6fbbeb2
[INFO] [stdout]                                at /rustc/202008a1b8de96d2e5b6bc02d379db03a877d34d/library/std/src/sys/backtrace.rs:170:18
[INFO] [stdout]   16:     0x560343be7c4c - rust_begin_unwind
[INFO] [stdout]                                at /rustc/202008a1b8de96d2e5b6bc02d379db03a877d34d/library/std/src/panicking.rs:665:5
[INFO] [stdout]   17:     0x560343b74a90 - core::panicking::panic_fmt::h6792bd1b2bf01041
[INFO] [stdout]                                at /rustc/202008a1b8de96d2e5b6bc02d379db03a877d34d/library/core/src/panicking.rs:76:14
[INFO] [stdout]   18:     0x560343b74dbb - core::panicking::assert_failed_inner::hf2c17e6d30928787
[INFO] [stdout]   19:     0x560343b758d6 - core::panicking::assert_failed::h3c6f73ce53c26e4d
[INFO] [stdout]                                at /rustc/202008a1b8de96d2e5b6bc02d379db03a877d34d/library/core/src/panicking.rs:373:5
[INFO] [stdout]   20:     0x560343b7708e - rustracer::vec3::tests::cross_product::hdfef8f00d1156bb9
[INFO] [stdout]                                at /opt/rustwide/workdir/src/vec3.rs:293:9
[INFO] [stdout]   21:     0x560343b76fa7 - rustracer::vec3::tests::cross_product::{{closure}}::hf4cd36e717af8ec4
[INFO] [stdout]                                at /opt/rustwide/workdir/src/vec3.rs:290:23
[INFO] [stdout]   22:     0x560343b75536 - core::ops::function::FnOnce::call_once::h091cc559a06a73bc
[INFO] [stdout]                                at /rustc/202008a1b8de96d2e5b6bc02d379db03a877d34d/library/core/src/ops/function.rs:250:5
[INFO] [stdout]   23:     0x560343bb546b - core::ops::function::FnOnce::call_once::h871bf86719ec9aa4
[INFO] [stdout]                                at /rustc/202008a1b8de96d2e5b6bc02d379db03a877d34d/library/core/src/ops/function.rs:250:5
[INFO] [stdout]   24:     0x560343bb546b - test::__rust_begin_short_backtrace::h2167df1e2b7d76fd
[INFO] [stdout]                                at /rustc/202008a1b8de96d2e5b6bc02d379db03a877d34d/library/test/src/lib.rs:632:18
[INFO] [stdout]   25:     0x560343bb4e58 - test::run_test_in_process::{{closure}}::h15d92f75a3adfb79
[INFO] [stdout]                                at /rustc/202008a1b8de96d2e5b6bc02d379db03a877d34d/library/test/src/lib.rs:655:60
[INFO] [stdout]   26:     0x560343bb4e58 - <core::panic::unwind_safe::AssertUnwindSafe<F> as core::ops::function::FnOnce<()>>::call_once::hb6c8955835a8dbbb
[INFO] [stdout]                                at /rustc/202008a1b8de96d2e5b6bc02d379db03a877d34d/library/core/src/panic/unwind_safe.rs:272:9
[INFO] [stdout]   27:     0x560343bb4e58 - std::panicking::try::do_call::hc79d0fc888a0bd30
[INFO] [stdout]                                at /rustc/202008a1b8de96d2e5b6bc02d379db03a877d34d/library/std/src/panicking.rs:557:40
[INFO] [stdout]   28:     0x560343bb4e58 - std::panicking::try::hb8a7878e3a8589d6
[INFO] [stdout]                                at /rustc/202008a1b8de96d2e5b6bc02d379db03a877d34d/library/std/src/panicking.rs:520:19
[INFO] [stdout]   29:     0x560343bb4e58 - std::panic::catch_unwind::hb8e4600ff0ff5cfa
[INFO] [stdout]                                at /rustc/202008a1b8de96d2e5b6bc02d379db03a877d34d/library/std/src/panic.rs:358:14
[INFO] [stdout]   30:     0x560343bb4e58 - test::run_test_in_process::hc2900b0b18688dd6
[INFO] [stdout]                                at /rustc/202008a1b8de96d2e5b6bc02d379db03a877d34d/library/test/src/lib.rs:655:27
[INFO] [stdout]   31:     0x560343bb4e58 - test::run_test::{{closure}}::hac2a9cb07be3d48d
[INFO] [stdout]                                at /rustc/202008a1b8de96d2e5b6bc02d379db03a877d34d/library/test/src/lib.rs:576:43
[INFO] [stdout]   32:     0x560343b788fa - test::run_test::{{closure}}::h4a5b729e66a38cd8
[INFO] [stdout]                                at /rustc/202008a1b8de96d2e5b6bc02d379db03a877d34d/library/test/src/lib.rs:606:41
[INFO] [stdout]   33:     0x560343b788fa - std::sys::backtrace::__rust_begin_short_backtrace::h0496fb742492f573
[INFO] [stdout]                                at /rustc/202008a1b8de96d2e5b6bc02d379db03a877d34d/library/std/src/sys/backtrace.rs:154:18
[INFO] [stdout]   34:     0x560343b7c274 - std::thread::Builder::spawn_unchecked_::{{closure}}::{{closure}}::hbb6d257c550a54bd
[INFO] [stdout]                                at /rustc/202008a1b8de96d2e5b6bc02d379db03a877d34d/library/std/src/thread/mod.rs:561:17
[INFO] [stdout]   35:     0x560343b7c274 - <core::panic::unwind_safe::AssertUnwindSafe<F> as core::ops::function::FnOnce<()>>::call_once::h46696fe4a6832328
[INFO] [stdout]                                at /rustc/202008a1b8de96d2e5b6bc02d379db03a877d34d/library/core/src/panic/unwind_safe.rs:272:9
[INFO] [stdout]   36:     0x560343b7c274 - std::panicking::try::do_call::h2625a51b667bfb64
[INFO] [stdout]                                at /rustc/202008a1b8de96d2e5b6bc02d379db03a877d34d/library/std/src/panicking.rs:557:40
[INFO] [stdout]   37:     0x560343b7c274 - std::panicking::try::hb956a59a1973aa4c
[INFO] [stdout]                                at /rustc/202008a1b8de96d2e5b6bc02d379db03a877d34d/library/std/src/panicking.rs:520:19
[INFO] [stdout]   38:     0x560343b7c274 - std::panic::catch_unwind::h64f3b9d1067ef6a0
[INFO] [stdout]                                at /rustc/202008a1b8de96d2e5b6bc02d379db03a877d34d/library/std/src/panic.rs:358:14
[INFO] [stdout]   39:     0x560343b7c274 - std::thread::Builder::spawn_unchecked_::{{closure}}::h42b2841295b6c0b2
[INFO] [stdout]                                at /rustc/202008a1b8de96d2e5b6bc02d379db03a877d34d/library/std/src/thread/mod.rs:559:30
[INFO] [stdout]   40:     0x560343b7c274 - core::ops::function::FnOnce::call_once{{vtable.shim}}::h6127de71b8124639
[INFO] [stdout]                                at /rustc/202008a1b8de96d2e5b6bc02d379db03a877d34d/library/core/src/ops/function.rs:250:5
[INFO] [stdout]   41:     0x560343bec13b - <alloc::boxed::Box<F,A> as core::ops::function::FnOnce<Args>>::call_once::h42f0ba71002a1b2c
[INFO] [stdout]                                at /rustc/202008a1b8de96d2e5b6bc02d379db03a877d34d/library/alloc/src/boxed.rs:1972:9
[INFO] [stdout]   42:     0x560343bec13b - <alloc::boxed::Box<F,A> as core::ops::function::FnOnce<Args>>::call_once::had9e47d7a3dcecb8
[INFO] [stdout]                                at /rustc/202008a1b8de96d2e5b6bc02d379db03a877d34d/library/alloc/src/boxed.rs:1972:9
[INFO] [stdout]   43:     0x560343bec13b - std::sys::pal::unix::thread::Thread::new::thread_start::h48cf765408f6f5f2
[INFO] [stdout]                                at /rustc/202008a1b8de96d2e5b6bc02d379db03a877d34d/library/std/src/sys/pal/unix/thread.rs:105:17
[INFO] [stdout]   44:     0x79df40e4fac3 - <unknown>
[INFO] [stdout]   45:     0x79df40ee0a04 - clone
[INFO] [stdout]   46:                0x0 - <unknown>
[INFO] [stdout] 
[INFO] [stdout] 
[INFO] [stdout] failures:
[INFO] [stdout]     vec3::tests::cross_product
[INFO] [stdout] 
[INFO] [stdout] test result: FAILED. 9 passed; 1 failed; 0 ignored; 0 measured; 0 filtered out; finished in 0.06s
[INFO] [stdout] 
[INFO] running `Command { std: "docker" "inspect" "2a227acb33381038dc83d8c3795bc6861b116792c575b2a22f8c904a7893640a", kill_on_drop: false }`
[INFO] running `Command { std: "docker" "rm" "-f" "2a227acb33381038dc83d8c3795bc6861b116792c575b2a22f8c904a7893640a", kill_on_drop: false }`
[INFO] [stdout] 2a227acb33381038dc83d8c3795bc6861b116792c575b2a22f8c904a7893640a
