[INFO] cloning repository https://github.com/oxide-byte/cargo-tree-mermaid
[INFO] running `Command { std: "git" "-c" "credential.helper=" "-c" "credential.helper=/workspace/cargo-home/bin/git-credential-null" "clone" "--bare" "https://github.com/oxide-byte/cargo-tree-mermaid" "/workspace/cache/git-repos/https%3A%2F%2Fgithub.com%2Foxide-byte%2Fcargo-tree-mermaid", kill_on_drop: false }`
[INFO] [stderr] Cloning into bare repository '/workspace/cache/git-repos/https%3A%2F%2Fgithub.com%2Foxide-byte%2Fcargo-tree-mermaid'...
[INFO] running `Command { std: "git" "rev-parse" "HEAD", kill_on_drop: false }`
[INFO] [stdout] e335606581df345026dcff3a40789ee72592baf8
[INFO] testing oxide-byte/cargo-tree-mermaid against 1.83.0 for beta-1.84.0-4-retry
[INFO] running `Command { std: "git" "clone" "/workspace/cache/git-repos/https%3A%2F%2Fgithub.com%2Foxide-byte%2Fcargo-tree-mermaid" "/workspace/builds/worker-6-tc1/source", kill_on_drop: false }`
[INFO] [stderr] Cloning into '/workspace/builds/worker-6-tc1/source'...
[INFO] [stderr] done.
[INFO] validating manifest of git repo https://github.com/oxide-byte/cargo-tree-mermaid on toolchain 1.83.0
[INFO] running `Command { std: CARGO_HOME="/workspace/cargo-home" RUSTUP_HOME="/workspace/rustup-home" "/workspace/cargo-home/bin/cargo" "+1.83.0" "metadata" "--manifest-path" "Cargo.toml" "--no-deps", kill_on_drop: false }`
[INFO] started tweaking git repo https://github.com/oxide-byte/cargo-tree-mermaid
[INFO] finished tweaking git repo https://github.com/oxide-byte/cargo-tree-mermaid
[INFO] tweaked toml for git repo https://github.com/oxide-byte/cargo-tree-mermaid written to /workspace/builds/worker-6-tc1/source/Cargo.toml
[INFO] crate git repo https://github.com/oxide-byte/cargo-tree-mermaid already has a lockfile, it will not be regenerated
[INFO] running `Command { std: CARGO_HOME="/workspace/cargo-home" RUSTUP_HOME="/workspace/rustup-home" "/workspace/cargo-home/bin/cargo" "+1.83.0" "fetch" "--manifest-path" "Cargo.toml", kill_on_drop: false }`
[INFO] [stderr]     Blocking waiting for file lock on package cache
[INFO] [stderr]     Blocking waiting for file lock on package cache
[INFO] running `Command { std: "docker" "create" "-v" "/var/lib/crater-agent-workspace/builds/worker-6-tc1/target:/opt/rustwide/target:rw,Z" "-v" "/var/lib/crater-agent-workspace/builds/worker-6-tc1/source:/opt/rustwide/workdir:ro,Z" "-v" "/var/lib/crater-agent-workspace/cargo-home:/opt/rustwide/cargo-home:ro,Z" "-v" "/var/lib/crater-agent-workspace/rustup-home:/opt/rustwide/rustup-home:ro,Z" "-e" "SOURCE_DIR=/opt/rustwide/workdir" "-e" "CARGO_TARGET_DIR=/opt/rustwide/target" "-e" "CARGO_HOME=/opt/rustwide/cargo-home" "-e" "RUSTUP_HOME=/opt/rustwide/rustup-home" "-w" "/opt/rustwide/workdir" "-m" "1610612736" "--user" "0:0" "--network" "none" "ghcr.io/rust-lang/crates-build-env/linux@sha256:f3a9d4ad9d972b27faf3965f35b62e55ba32bbce8f20bc8fe909558a86702fde" "/opt/rustwide/cargo-home/bin/cargo" "+1.83.0" "metadata" "--no-deps" "--format-version=1", kill_on_drop: false }`
[INFO] [stdout] b497380b995746180f6caf000c7b16637acc2836fe28b7ce429121dbbd4981cb
[INFO] running `Command { std: "docker" "start" "-a" "b497380b995746180f6caf000c7b16637acc2836fe28b7ce429121dbbd4981cb", kill_on_drop: false }`
[INFO] running `Command { std: "docker" "inspect" "b497380b995746180f6caf000c7b16637acc2836fe28b7ce429121dbbd4981cb", kill_on_drop: false }`
[INFO] running `Command { std: "docker" "rm" "-f" "b497380b995746180f6caf000c7b16637acc2836fe28b7ce429121dbbd4981cb", kill_on_drop: false }`
[INFO] [stdout] b497380b995746180f6caf000c7b16637acc2836fe28b7ce429121dbbd4981cb
[INFO] running `Command { std: "docker" "create" "-v" "/var/lib/crater-agent-workspace/builds/worker-6-tc1/target:/opt/rustwide/target:rw,Z" "-v" "/var/lib/crater-agent-workspace/builds/worker-6-tc1/source:/opt/rustwide/workdir:ro,Z" "-v" "/var/lib/crater-agent-workspace/cargo-home:/opt/rustwide/cargo-home:ro,Z" "-v" "/var/lib/crater-agent-workspace/rustup-home:/opt/rustwide/rustup-home:ro,Z" "-e" "SOURCE_DIR=/opt/rustwide/workdir" "-e" "CARGO_TARGET_DIR=/opt/rustwide/target" "-e" "CARGO_INCREMENTAL=0" "-e" "RUST_BACKTRACE=full" "-e" "RUSTFLAGS=--cap-lints=warn" "-e" "RUSTDOCFLAGS=--cap-lints=warn" "-e" "CARGO_HOME=/opt/rustwide/cargo-home" "-e" "RUSTUP_HOME=/opt/rustwide/rustup-home" "-w" "/opt/rustwide/workdir" "-m" "1610612736" "--user" "0:0" "--network" "none" "ghcr.io/rust-lang/crates-build-env/linux@sha256:f3a9d4ad9d972b27faf3965f35b62e55ba32bbce8f20bc8fe909558a86702fde" "/opt/rustwide/cargo-home/bin/cargo" "+1.83.0" "build" "--frozen" "--message-format=json", kill_on_drop: false }`
[INFO] [stdout] b6164e2ba254b1103783bcb949ade10a575edcf84203a72595c0fc6b86866d3b
[INFO] running `Command { std: "docker" "start" "-a" "b6164e2ba254b1103783bcb949ade10a575edcf84203a72595c0fc6b86866d3b", kill_on_drop: false }`
[INFO] [stderr]    Compiling proc-macro2 v1.0.86
[INFO] [stderr]    Compiling unicode-ident v1.0.13
[INFO] [stderr]    Compiling version_check v0.9.5
[INFO] [stderr]    Compiling serde v1.0.210
[INFO] [stderr]    Compiling libc v0.2.158
[INFO] [stderr]    Compiling syn v1.0.109
[INFO] [stderr]    Compiling unicode-width v0.1.13
[INFO] [stderr]    Compiling semver v1.0.23
[INFO] [stderr]    Compiling unicode-segmentation v1.12.0
[INFO] [stderr]    Compiling serde_json v1.0.128
[INFO] [stderr]    Compiling camino v1.1.9
[INFO] [stderr]    Compiling thiserror v1.0.63
[INFO] [stderr]    Compiling hashbrown v0.14.5
[INFO] [stderr]    Compiling memchr v2.7.4
[INFO] [stderr]    Compiling anyhow v1.0.89
[INFO] [stderr]    Compiling itoa v1.0.11
[INFO] [stderr]    Compiling ansi_term v0.12.1
[INFO] [stderr]    Compiling textwrap v0.11.0
[INFO] [stderr]    Compiling vec_map v0.8.2
[INFO] [stderr]    Compiling ryu v1.0.18
[INFO] [stderr]    Compiling strsim v0.8.0
[INFO] [stderr]    Compiling equivalent v1.0.1
[INFO] [stderr]    Compiling lazy_static v1.5.0
[INFO] [stderr]    Compiling fixedbitset v0.4.2
[INFO] [stderr]    Compiling proc-macro-error-attr v1.0.4
[INFO] [stderr]    Compiling proc-macro-error v1.0.4
[INFO] [stderr]    Compiling heck v0.3.3
[INFO] [stderr]    Compiling indexmap v2.5.0
[INFO] [stderr]    Compiling quote v1.0.37
[INFO] [stderr]    Compiling syn v2.0.77
[INFO] [stderr]    Compiling atty v0.2.14
[INFO] [stderr]    Compiling petgraph v0.6.5
[INFO] [stderr]    Compiling clap v2.34.0
[INFO] [stderr]    Compiling serde_derive v1.0.210
[INFO] [stderr]    Compiling thiserror-impl v1.0.63
[INFO] [stderr]    Compiling structopt-derive v0.4.18
[INFO] [stderr]    Compiling structopt v0.3.26
[INFO] [stderr]    Compiling cargo-platform v0.1.8
[INFO] [stderr]    Compiling cargo_metadata v0.18.1
[INFO] [stderr]    Compiling cargo-tree-mermaid v0.1.0 (/opt/rustwide/workdir)
[INFO] [stdout] warning: unused import: `std::str::FromStr`
[INFO] [stdout]  --> src/args.rs:2:5
[INFO] [stdout]   |
[INFO] [stdout] 2 | use std::str::FromStr;
[INFO] [stdout]   |     ^^^^^^^^^^^^^^^^^
[INFO] [stdout]   |
[INFO] [stdout]   = note: `#[warn(unused_imports)]` on by default
[INFO] [stdout] 
[INFO] [stdout] 
[INFO] [stdout] warning: unused doc comment
[INFO] [stdout]    --> src/mermaid_graph.rs:129:5
[INFO] [stdout]     |
[INFO] [stdout] 129 | /     /**
[INFO] [stdout] 130 | |     if let Some((last_continues, rest)) = levels_continue.split_last() {
[INFO] [stdout] 131 | |         for continues in rest {
[INFO] [stdout] 132 | |             let c = if *continues { symbols.down } else { " " };
[INFO] [stdout] ...   |
[INFO] [stdout] 142 | |     }
[INFO] [stdout] 143 | |     **/
[INFO] [stdout]     | |_______^
[INFO] [stdout] ...
[INFO] [stdout] 147 | /     if !new {
[INFO] [stdout] 148 | |         return;
[INFO] [stdout] 149 | |     }
[INFO] [stdout]     | |_____- rustdoc does not generate documentation for expressions
[INFO] [stdout]     |
[INFO] [stdout]     = help: use `/* */` for a plain comment
[INFO] [stdout]     = note: `#[warn(unused_doc_comments)]` on by default
[INFO] [stdout] 
[INFO] [stdout] 
[INFO] [stdout] warning: unused variable: `name`
[INFO] [stdout]    --> src/mermaid_graph.rs:193:9
[INFO] [stdout]     |
[INFO] [stdout] 193 |     let name = match kind {
[INFO] [stdout]     |         ^^^^ help: if this is intentional, prefix it with an underscore: `_name`
[INFO] [stdout]     |
[INFO] [stdout]     = note: `#[warn(unused_variables)]` on by default
[INFO] [stdout] 
[INFO] [stdout] 
[INFO] [stdout] warning: unused variable: `mermaid`
[INFO] [stdout]   --> src/main.rs:16:9
[INFO] [stdout]    |
[INFO] [stdout] 16 |     let mermaid = generate_mermaid_graph(&args, &graph)?;
[INFO] [stdout]    |         ^^^^^^^ help: if this is intentional, prefix it with an underscore: `_mermaid`
[INFO] [stdout] 
[INFO] [stdout] 
[INFO] [stdout] warning: field `format` is never read
[INFO] [stdout]   --> src/args.rs:54:9
[INFO] [stdout]    |
[INFO] [stdout] 20 | pub struct Args {
[INFO] [stdout]    |            ---- field in this struct
[INFO] [stdout] ...
[INFO] [stdout] 54 |     pub format: String,
[INFO] [stdout]    |         ^^^^^^
[INFO] [stdout]    |
[INFO] [stdout]    = note: `#[warn(dead_code)]` on by default
[INFO] [stdout] 
[INFO] [stdout] 
[INFO] [stderr]     Finished `dev` profile [unoptimized + debuginfo] target(s) in 23.09s
[INFO] running `Command { std: "docker" "inspect" "b6164e2ba254b1103783bcb949ade10a575edcf84203a72595c0fc6b86866d3b", kill_on_drop: false }`
[INFO] running `Command { std: "docker" "rm" "-f" "b6164e2ba254b1103783bcb949ade10a575edcf84203a72595c0fc6b86866d3b", kill_on_drop: false }`
[INFO] [stdout] b6164e2ba254b1103783bcb949ade10a575edcf84203a72595c0fc6b86866d3b
[INFO] running `Command { std: "docker" "create" "-v" "/var/lib/crater-agent-workspace/builds/worker-6-tc1/target:/opt/rustwide/target:rw,Z" "-v" "/var/lib/crater-agent-workspace/builds/worker-6-tc1/source:/opt/rustwide/workdir:ro,Z" "-v" "/var/lib/crater-agent-workspace/cargo-home:/opt/rustwide/cargo-home:ro,Z" "-v" "/var/lib/crater-agent-workspace/rustup-home:/opt/rustwide/rustup-home:ro,Z" "-e" "SOURCE_DIR=/opt/rustwide/workdir" "-e" "CARGO_TARGET_DIR=/opt/rustwide/target" "-e" "CARGO_INCREMENTAL=0" "-e" "RUST_BACKTRACE=full" "-e" "RUSTFLAGS=--cap-lints=warn" "-e" "RUSTDOCFLAGS=--cap-lints=warn" "-e" "CARGO_HOME=/opt/rustwide/cargo-home" "-e" "RUSTUP_HOME=/opt/rustwide/rustup-home" "-w" "/opt/rustwide/workdir" "-m" "1610612736" "--user" "0:0" "--network" "none" "ghcr.io/rust-lang/crates-build-env/linux@sha256:f3a9d4ad9d972b27faf3965f35b62e55ba32bbce8f20bc8fe909558a86702fde" "/opt/rustwide/cargo-home/bin/cargo" "+1.83.0" "test" "--frozen" "--no-run" "--message-format=json", kill_on_drop: false }`
[INFO] [stdout] 36650dcc365e87581935712e146b05e5ee58eb86ea87ae3759aa56946afb3f1c
[INFO] running `Command { std: "docker" "start" "-a" "36650dcc365e87581935712e146b05e5ee58eb86ea87ae3759aa56946afb3f1c", kill_on_drop: false }`
[INFO] [stderr]    Compiling libc v0.2.158
[INFO] [stderr]    Compiling autocfg v1.3.0
[INFO] [stderr]    Compiling regex-syntax v0.8.4
[INFO] [stderr]    Compiling predicates-core v1.0.8
[INFO] [stderr]    Compiling doc-comment v0.3.3
[INFO] [stderr]    Compiling aho-corasick v1.1.3
[INFO] [stderr]    Compiling termtree v0.4.1
[INFO] [stderr]    Compiling difflib v0.4.0
[INFO] [stderr]    Compiling assert_cmd v2.0.16
[INFO] [stderr]    Compiling anstyle v1.0.8
[INFO] [stderr]    Compiling predicates-tree v1.0.11
[INFO] [stderr]    Compiling num-traits v0.2.19
[INFO] [stderr]    Compiling atty v0.2.14
[INFO] [stderr]    Compiling wait-timeout v0.2.0
[INFO] [stderr]    Compiling clap v2.34.0
[INFO] [stderr]    Compiling float-cmp v0.9.0
[INFO] [stderr]    Compiling regex-automata v0.4.7
[INFO] [stderr]    Compiling structopt v0.3.26
[INFO] [stderr]    Compiling regex v1.10.6
[INFO] [stderr]    Compiling bstr v1.10.0
[INFO] [stderr]    Compiling predicates v3.1.2
[INFO] [stderr]    Compiling cargo-tree-mermaid v0.1.0 (/opt/rustwide/workdir)
[INFO] [stdout] warning: unused import: `std::str::FromStr`
[INFO] [stdout]  --> src/args.rs:2:5
[INFO] [stdout]   |
[INFO] [stdout] 2 | use std::str::FromStr;
[INFO] [stdout]   |     ^^^^^^^^^^^^^^^^^
[INFO] [stdout]   |
[INFO] [stdout]   = note: `#[warn(unused_imports)]` on by default
[INFO] [stdout] 
[INFO] [stdout] 
[INFO] [stdout] warning: unused doc comment
[INFO] [stdout]    --> src/mermaid_graph.rs:129:5
[INFO] [stdout]     |
[INFO] [stdout] 129 | /     /**
[INFO] [stdout] 130 | |     if let Some((last_continues, rest)) = levels_continue.split_last() {
[INFO] [stdout] 131 | |         for continues in rest {
[INFO] [stdout] 132 | |             let c = if *continues { symbols.down } else { " " };
[INFO] [stdout] ...   |
[INFO] [stdout] 142 | |     }
[INFO] [stdout] 143 | |     **/
[INFO] [stdout]     | |_______^
[INFO] [stdout] ...
[INFO] [stdout] 147 | /     if !new {
[INFO] [stdout] 148 | |         return;
[INFO] [stdout] 149 | |     }
[INFO] [stdout]     | |_____- rustdoc does not generate documentation for expressions
[INFO] [stdout]     |
[INFO] [stdout]     = help: use `/* */` for a plain comment
[INFO] [stdout]     = note: `#[warn(unused_doc_comments)]` on by default
[INFO] [stdout] 
[INFO] [stdout] 
[INFO] [stdout] warning: unused variable: `name`
[INFO] [stdout]    --> src/mermaid_graph.rs:193:9
[INFO] [stdout]     |
[INFO] [stdout] 193 |     let name = match kind {
[INFO] [stdout]     |         ^^^^ help: if this is intentional, prefix it with an underscore: `_name`
[INFO] [stdout]     |
[INFO] [stdout]     = note: `#[warn(unused_variables)]` on by default
[INFO] [stdout] 
[INFO] [stdout] 
[INFO] [stdout] warning: unused variable: `mermaid`
[INFO] [stdout]   --> src/main.rs:16:9
[INFO] [stdout]    |
[INFO] [stdout] 16 |     let mermaid = generate_mermaid_graph(&args, &graph)?;
[INFO] [stdout]    |         ^^^^^^^ help: if this is intentional, prefix it with an underscore: `_mermaid`
[INFO] [stdout] 
[INFO] [stdout] 
[INFO] [stdout] warning: field `format` is never read
[INFO] [stdout]   --> src/args.rs:54:9
[INFO] [stdout]    |
[INFO] [stdout] 20 | pub struct Args {
[INFO] [stdout]    |            ---- field in this struct
[INFO] [stdout] ...
[INFO] [stdout] 54 |     pub format: String,
[INFO] [stdout]    |         ^^^^^^
[INFO] [stdout]    |
[INFO] [stdout]    = note: `#[warn(dead_code)]` on by default
[INFO] [stdout] 
[INFO] [stdout] 
[INFO] [stderr]     Finished `test` profile [unoptimized + debuginfo] target(s) in 12.66s
[INFO] running `Command { std: "docker" "inspect" "36650dcc365e87581935712e146b05e5ee58eb86ea87ae3759aa56946afb3f1c", kill_on_drop: false }`
[INFO] running `Command { std: "docker" "rm" "-f" "36650dcc365e87581935712e146b05e5ee58eb86ea87ae3759aa56946afb3f1c", kill_on_drop: false }`
[INFO] [stdout] 36650dcc365e87581935712e146b05e5ee58eb86ea87ae3759aa56946afb3f1c
[INFO] running `Command { std: "docker" "create" "-v" "/var/lib/crater-agent-workspace/builds/worker-6-tc1/target:/opt/rustwide/target:rw,Z" "-v" "/var/lib/crater-agent-workspace/builds/worker-6-tc1/source:/opt/rustwide/workdir:ro,Z" "-v" "/var/lib/crater-agent-workspace/cargo-home:/opt/rustwide/cargo-home:ro,Z" "-v" "/var/lib/crater-agent-workspace/rustup-home:/opt/rustwide/rustup-home:ro,Z" "-e" "SOURCE_DIR=/opt/rustwide/workdir" "-e" "CARGO_TARGET_DIR=/opt/rustwide/target" "-e" "CARGO_INCREMENTAL=0" "-e" "RUST_BACKTRACE=full" "-e" "RUSTFLAGS=--cap-lints=warn" "-e" "RUSTDOCFLAGS=--cap-lints=warn" "-e" "CARGO_HOME=/opt/rustwide/cargo-home" "-e" "RUSTUP_HOME=/opt/rustwide/rustup-home" "-w" "/opt/rustwide/workdir" "-m" "1610612736" "--user" "0:0" "--network" "none" "ghcr.io/rust-lang/crates-build-env/linux@sha256:f3a9d4ad9d972b27faf3965f35b62e55ba32bbce8f20bc8fe909558a86702fde" "/opt/rustwide/cargo-home/bin/cargo" "+1.83.0" "test" "--frozen", kill_on_drop: false }`
[INFO] [stdout] 9b3d1471d6e85a7953e04403ae3e8afa77fcf7055c2f31caa8f915c7824a6741
[INFO] running `Command { std: "docker" "start" "-a" "9b3d1471d6e85a7953e04403ae3e8afa77fcf7055c2f31caa8f915c7824a6741", kill_on_drop: false }`
[INFO] [stderr] warning: unused import: `std::str::FromStr`
[INFO] [stderr]  --> src/args.rs:2:5
[INFO] [stderr]   |
[INFO] [stderr] 2 | use std::str::FromStr;
[INFO] [stderr]   |     ^^^^^^^^^^^^^^^^^
[INFO] [stderr]   |
[INFO] [stderr]   = note: `#[warn(unused_imports)]` on by default
[INFO] [stderr] 
[INFO] [stderr] warning: unused doc comment
[INFO] [stderr]    --> src/mermaid_graph.rs:129:5
[INFO] [stderr]     |
[INFO] [stderr] 129 | /     /**
[INFO] [stderr] 130 | |     if let Some((last_continues, rest)) = levels_continue.split_last() {
[INFO] [stderr] 131 | |         for continues in rest {
[INFO] [stderr] 132 | |             let c = if *continues { symbols.down } else { " " };
[INFO] [stderr] ...   |
[INFO] [stderr] 142 | |     }
[INFO] [stderr] 143 | |     **/
[INFO] [stderr]     | |_______^
[INFO] [stderr] ...
[INFO] [stderr] 147 | /     if !new {
[INFO] [stderr] 148 | |         return;
[INFO] [stderr] 149 | |     }
[INFO] [stderr]     | |_____- rustdoc does not generate documentation for expressions
[INFO] [stderr]     |
[INFO] [stderr]     = help: use `/* */` for a plain comment
[INFO] [stderr]     = note: `#[warn(unused_doc_comments)]` on by default
[INFO] [stderr] 
[INFO] [stderr] warning: unused variable: `name`
[INFO] [stderr]    --> src/mermaid_graph.rs:193:9
[INFO] [stderr]     |
[INFO] [stderr] 193 |     let name = match kind {
[INFO] [stderr]     |         ^^^^ help: if this is intentional, prefix it with an underscore: `_name`
[INFO] [stderr]     |
[INFO] [stderr]     = note: `#[warn(unused_variables)]` on by default
[INFO] [stderr] 
[INFO] [stderr] warning: unused variable: `mermaid`
[INFO] [stderr]   --> src/main.rs:16:9
[INFO] [stderr]    |
[INFO] [stderr] 16 |     let mermaid = generate_mermaid_graph(&args, &graph)?;
[INFO] [stderr]    |         ^^^^^^^ help: if this is intentional, prefix it with an underscore: `_mermaid`
[INFO] [stderr] 
[INFO] [stderr] warning: field `format` is never read
[INFO] [stderr]   --> src/args.rs:54:9
[INFO] [stderr]    |
[INFO] [stderr] 20 | pub struct Args {
[INFO] [stderr]    |            ---- field in this struct
[INFO] [stderr] ...
[INFO] [stderr] 54 |     pub format: String,
[INFO] [stderr]    |         ^^^^^^
[INFO] [stderr]    |
[INFO] [stderr]    = note: `#[warn(dead_code)]` on by default
[INFO] [stderr] 
[INFO] [stderr] warning: `cargo-tree-mermaid` (bin "cargo-tree-mermaid" test) generated 5 warnings (run `cargo fix --bin "cargo-tree-mermaid" --tests` to apply 1 suggestion)
[INFO] [stderr]     Finished `test` profile [unoptimized + debuginfo] target(s) in 0.09s
[INFO] [stderr]      Running unittests src/main.rs (/opt/rustwide/target/debug/deps/cargo_tree_mermaid-c01de106b8b40a59)
[INFO] [stdout] 
[INFO] [stdout] running 1 test
[INFO] [stdout] test tests::file_doesnt_exist ... FAILED
[INFO] [stdout] 
[INFO] [stdout] failures:
[INFO] [stdout] 
[INFO] [stdout] ---- tests::file_doesnt_exist stdout ----
[INFO] [stdout] thread 'tests::file_doesnt_exist' panicked at /rustc/90b35a6239c3d8bdabc530a6a0816f7ff89a0aaf/library/core/src/ops/function.rs:250:5:
[INFO] [stdout] Unexpected stdout, failed var.contains(--->)
[INFO] [stdout] ├── var: cargo-tree-mermaid 0.1.0
[INFO] [stdout] └── var as str: cargo-tree-mermaid 0.1.0
[INFO] [stdout] 
[INFO] [stdout] command=`"/opt/rustwide/target/debug/cargo-tree-mermaid" "--version"`
[INFO] [stdout] code=0
[INFO] [stdout] stdout="cargo-tree-mermaid 0.1.0\n"
[INFO] [stdout] stderr=""
[INFO] [stdout] 
[INFO] [stdout] stack backtrace:
[INFO] [stdout]    0:     0x59dd0125dd1a - std::backtrace_rs::backtrace::libunwind::trace::h5a5b8284f2d0c266
[INFO] [stdout]                                at /rustc/90b35a6239c3d8bdabc530a6a0816f7ff89a0aaf/library/std/src/../../backtrace/src/backtrace/libunwind.rs:116:5
[INFO] [stdout]    1:     0x59dd0125dd1a - std::backtrace_rs::backtrace::trace_unsynchronized::h76d4f1c9b0b875e3
[INFO] [stdout]                                at /rustc/90b35a6239c3d8bdabc530a6a0816f7ff89a0aaf/library/std/src/../../backtrace/src/backtrace/mod.rs:66:5
[INFO] [stdout]    2:     0x59dd0125dd1a - std::sys::backtrace::_print_fmt::hc4546b8364a537c6
[INFO] [stdout]                                at /rustc/90b35a6239c3d8bdabc530a6a0816f7ff89a0aaf/library/std/src/sys/backtrace.rs:66:9
[INFO] [stdout]    3:     0x59dd0125dd1a - <std::sys::backtrace::BacktraceLock::print::DisplayBacktrace as core::fmt::Display>::fmt::h5b6bd5631a6d1f6b
[INFO] [stdout]                                at /rustc/90b35a6239c3d8bdabc530a6a0816f7ff89a0aaf/library/std/src/sys/backtrace.rs:39:26
[INFO] [stdout]    4:     0x59dd01284863 - core::fmt::rt::Argument::fmt::h270f6602a2b96f62
[INFO] [stdout]                                at /rustc/90b35a6239c3d8bdabc530a6a0816f7ff89a0aaf/library/core/src/fmt/rt.rs:177:76
[INFO] [stdout]    5:     0x59dd01284863 - core::fmt::write::h7550c97b06c86515
[INFO] [stdout]                                at /rustc/90b35a6239c3d8bdabc530a6a0816f7ff89a0aaf/library/core/src/fmt/mod.rs:1186:21
[INFO] [stdout]    6:     0x59dd0125ab23 - std::io::Write::write_fmt::h509ff860e5956e5e
[INFO] [stdout]                                at /rustc/90b35a6239c3d8bdabc530a6a0816f7ff89a0aaf/library/std/src/io/mod.rs:1839:15
[INFO] [stdout]    7:     0x59dd0125db62 - std::sys::backtrace::BacktraceLock::print::h2395ccd2c84ba3aa
[INFO] [stdout]                                at /rustc/90b35a6239c3d8bdabc530a6a0816f7ff89a0aaf/library/std/src/sys/backtrace.rs:42:9
[INFO] [stdout]    8:     0x59dd0125f1fa - std::panicking::default_hook::{{closure}}::he19d4c7230e07961
[INFO] [stdout]                                at /rustc/90b35a6239c3d8bdabc530a6a0816f7ff89a0aaf/library/std/src/panicking.rs:268:22
[INFO] [stdout]    9:     0x59dd0125f004 - std::panicking::default_hook::hf614597d3c67bbdb
[INFO] [stdout]                                at /rustc/90b35a6239c3d8bdabc530a6a0816f7ff89a0aaf/library/std/src/panicking.rs:292:9
[INFO] [stdout]   10:     0x59dd011f6739 - <alloc::boxed::Box<F,A> as core::ops::function::Fn<Args>>::call::h39b51ce4599c23d1
[INFO] [stdout]                                at /rustc/90b35a6239c3d8bdabc530a6a0816f7ff89a0aaf/library/alloc/src/boxed.rs:2468:9
[INFO] [stdout]   11:     0x59dd011f6739 - test::test_main::{{closure}}::he977ae839a582784
[INFO] [stdout]                                at /rustc/90b35a6239c3d8bdabc530a6a0816f7ff89a0aaf/library/test/src/lib.rs:133:21
[INFO] [stdout]   12:     0x59dd0125f898 - <alloc::boxed::Box<F,A> as core::ops::function::Fn<Args>>::call::h9455091b6b06f9fb
[INFO] [stdout]                                at /rustc/90b35a6239c3d8bdabc530a6a0816f7ff89a0aaf/library/alloc/src/boxed.rs:2468:9
[INFO] [stdout]   13:     0x59dd0125f898 - std::panicking::rust_panic_with_hook::h8942133a8b252070
[INFO] [stdout]                                at /rustc/90b35a6239c3d8bdabc530a6a0816f7ff89a0aaf/library/std/src/panicking.rs:809:13
[INFO] [stdout]   14:     0x59dd0125f65a - std::panicking::begin_panic_handler::{{closure}}::hb5f5963570096b29
[INFO] [stdout]                                at /rustc/90b35a6239c3d8bdabc530a6a0816f7ff89a0aaf/library/std/src/panicking.rs:674:13
[INFO] [stdout]   15:     0x59dd0125e1f9 - std::sys::backtrace::__rust_end_short_backtrace::h6208cedc1922feda
[INFO] [stdout]                                at /rustc/90b35a6239c3d8bdabc530a6a0816f7ff89a0aaf/library/std/src/sys/backtrace.rs:170:18
[INFO] [stdout]   16:     0x59dd0125f2ec - rust_begin_unwind
[INFO] [stdout]                                at /rustc/90b35a6239c3d8bdabc530a6a0816f7ff89a0aaf/library/std/src/panicking.rs:665:5
[INFO] [stdout]   17:     0x59dd011bafd0 - core::panicking::panic_fmt::h0c3082644d1bf418
[INFO] [stdout]                                at /rustc/90b35a6239c3d8bdabc530a6a0816f7ff89a0aaf/library/core/src/panicking.rs:74:14
[INFO] [stdout]   18:     0x59dd01205f03 - core::panicking::panic_display::ha4f6276dd4bf03cd
[INFO] [stdout]                                at /rustc/90b35a6239c3d8bdabc530a6a0816f7ff89a0aaf/library/core/src/panicking.rs:264:5
[INFO] [stdout]   19:     0x59dd01208a3e - assert_cmd::assert::AssertError::panic::panic_cold_display::h0230be86a57d4c4a
[INFO] [stdout]                                at /rustc/90b35a6239c3d8bdabc530a6a0816f7ff89a0aaf/library/core/src/panic.rs:100:13
[INFO] [stdout]   20:     0x59dd01208337 - assert_cmd::assert::AssertError::panic::h0b1247115251d70e
[INFO] [stdout]                                at /opt/rustwide/cargo-home/registry/src/index.crates.io-6f17d22bba15001f/assert_cmd-2.0.16/src/assert.rs:1033:9
[INFO] [stdout]   21:     0x59dd01209147 - core::ops::function::FnOnce::call_once::hc1431646c12b3264
[INFO] [stdout]                                at /rustc/90b35a6239c3d8bdabc530a6a0816f7ff89a0aaf/library/core/src/ops/function.rs:250:5
[INFO] [stdout]   22:     0x59dd01205ca0 - core::result::Result<T,E>::unwrap_or_else::h0b730b19d54f3119
[INFO] [stdout]                                at /rustc/90b35a6239c3d8bdabc530a6a0816f7ff89a0aaf/library/core/src/result.rs:1458:23
[INFO] [stdout]   23:     0x59dd011bc225 - assert_cmd::assert::Assert::stdout::h5fdcdad2a9fc4a1e
[INFO] [stdout]                                at /opt/rustwide/cargo-home/registry/src/index.crates.io-6f17d22bba15001f/assert_cmd-2.0.16/src/assert.rs:364:9
[INFO] [stdout]   24:     0x59dd011be3ba - cargo_tree_mermaid::tests::file_doesnt_exist::h08cb1389c7484cd8
[INFO] [stdout]                                at /opt/rustwide/workdir/src/main.rs:33:9
[INFO] [stdout]   25:     0x59dd011be1c7 - cargo_tree_mermaid::tests::file_doesnt_exist::{{closure}}::h840fd1045bb4fbfa
[INFO] [stdout]                                at /opt/rustwide/workdir/src/main.rs:28:31
[INFO] [stdout]   26:     0x59dd011bcdf6 - core::ops::function::FnOnce::call_once::h6615a40fd0ef35c2
[INFO] [stdout]                                at /rustc/90b35a6239c3d8bdabc530a6a0816f7ff89a0aaf/library/core/src/ops/function.rs:250:5
[INFO] [stdout]   27:     0x59dd011fb0fb - core::ops::function::FnOnce::call_once::h109cf8051a59b34e
[INFO] [stdout]                                at /rustc/90b35a6239c3d8bdabc530a6a0816f7ff89a0aaf/library/core/src/ops/function.rs:250:5
[INFO] [stdout]   28:     0x59dd011fb0fb - test::__rust_begin_short_backtrace::hf4fff89d377446ba
[INFO] [stdout]                                at /rustc/90b35a6239c3d8bdabc530a6a0816f7ff89a0aaf/library/test/src/lib.rs:621:18
[INFO] [stdout]   29:     0x59dd011fa937 - test::run_test_in_process::{{closure}}::h0e39181dd7ee5a43
[INFO] [stdout]                                at /rustc/90b35a6239c3d8bdabc530a6a0816f7ff89a0aaf/library/test/src/lib.rs:644:60
[INFO] [stdout]   30:     0x59dd011fa937 - <core::panic::unwind_safe::AssertUnwindSafe<F> as core::ops::function::FnOnce<()>>::call_once::hc5a66a30f0bdfd1f
[INFO] [stdout]                                at /rustc/90b35a6239c3d8bdabc530a6a0816f7ff89a0aaf/library/core/src/panic/unwind_safe.rs:272:9
[INFO] [stdout]   31:     0x59dd011fa937 - std::panicking::try::do_call::h873b7cf639554a5e
[INFO] [stdout]                                at /rustc/90b35a6239c3d8bdabc530a6a0816f7ff89a0aaf/library/std/src/panicking.rs:557:40
[INFO] [stdout]   32:     0x59dd011fa937 - std::panicking::try::hdb19862fad9c8bd1
[INFO] [stdout]                                at /rustc/90b35a6239c3d8bdabc530a6a0816f7ff89a0aaf/library/std/src/panicking.rs:520:19
[INFO] [stdout]   33:     0x59dd011fa937 - std::panic::catch_unwind::h281fe732d236d260
[INFO] [stdout]                                at /rustc/90b35a6239c3d8bdabc530a6a0816f7ff89a0aaf/library/std/src/panic.rs:358:14
[INFO] [stdout]   34:     0x59dd011fa937 - test::run_test_in_process::h949b6df8457ed338
[INFO] [stdout]                                at /rustc/90b35a6239c3d8bdabc530a6a0816f7ff89a0aaf/library/test/src/lib.rs:644:27
[INFO] [stdout]   35:     0x59dd011fa937 - test::run_test::{{closure}}::h52c556a6d4740e10
[INFO] [stdout]                                at /rustc/90b35a6239c3d8bdabc530a6a0816f7ff89a0aaf/library/test/src/lib.rs:565:43
[INFO] [stdout]   36:     0x59dd011bfc14 - test::run_test::{{closure}}::h4237f6381c45ccb9
[INFO] [stdout]                                at /rustc/90b35a6239c3d8bdabc530a6a0816f7ff89a0aaf/library/test/src/lib.rs:595:41
[INFO] [stdout]   37:     0x59dd011bfc14 - std::sys::backtrace::__rust_begin_short_backtrace::h505c97a579eca628
[INFO] [stdout]                                at /rustc/90b35a6239c3d8bdabc530a6a0816f7ff89a0aaf/library/std/src/sys/backtrace.rs:154:18
[INFO] [stdout]   38:     0x59dd011c32de - std::thread::Builder::spawn_unchecked_::{{closure}}::{{closure}}::h9e86b2e2bc107ea3
[INFO] [stdout]                                at /rustc/90b35a6239c3d8bdabc530a6a0816f7ff89a0aaf/library/std/src/thread/mod.rs:538:17
[INFO] [stdout]   39:     0x59dd011c32de - <core::panic::unwind_safe::AssertUnwindSafe<F> as core::ops::function::FnOnce<()>>::call_once::h8b06ddb275ff4a25
[INFO] [stdout]                                at /rustc/90b35a6239c3d8bdabc530a6a0816f7ff89a0aaf/library/core/src/panic/unwind_safe.rs:272:9
[INFO] [stdout]   40:     0x59dd011c32de - std::panicking::try::do_call::hb26ecd7cd9a9355d
[INFO] [stdout]                                at /rustc/90b35a6239c3d8bdabc530a6a0816f7ff89a0aaf/library/std/src/panicking.rs:557:40
[INFO] [stdout]   41:     0x59dd011c32de - std::panicking::try::h8ddeca9d705f9069
[INFO] [stdout]                                at /rustc/90b35a6239c3d8bdabc530a6a0816f7ff89a0aaf/library/std/src/panicking.rs:520:19
[INFO] [stdout]   42:     0x59dd011c32de - std::panic::catch_unwind::h49e1c33078844c46
[INFO] [stdout]                                at /rustc/90b35a6239c3d8bdabc530a6a0816f7ff89a0aaf/library/std/src/panic.rs:358:14
[INFO] [stdout]   43:     0x59dd011c32de - std::thread::Builder::spawn_unchecked_::{{closure}}::h6073db6ff56ad35d
[INFO] [stdout]                                at /rustc/90b35a6239c3d8bdabc530a6a0816f7ff89a0aaf/library/std/src/thread/mod.rs:537:30
[INFO] [stdout]   44:     0x59dd011c32de - core::ops::function::FnOnce::call_once{{vtable.shim}}::h2c5a5f3779c774f1
[INFO] [stdout]                                at /rustc/90b35a6239c3d8bdabc530a6a0816f7ff89a0aaf/library/core/src/ops/function.rs:250:5
[INFO] [stdout]   45:     0x59dd01263fcb - <alloc::boxed::Box<F,A> as core::ops::function::FnOnce<Args>>::call_once::hf75717d9f28faebf
[INFO] [stdout]                                at /rustc/90b35a6239c3d8bdabc530a6a0816f7ff89a0aaf/library/alloc/src/boxed.rs:2454:9
[INFO] [stdout]   46:     0x59dd01263fcb - <alloc::boxed::Box<F,A> as core::ops::function::FnOnce<Args>>::call_once::h7bd883a5f3c5f3c1
[INFO] [stdout]                                at /rustc/90b35a6239c3d8bdabc530a6a0816f7ff89a0aaf/library/alloc/src/boxed.rs:2454:9
[INFO] [stdout]   47:     0x59dd01263fcb - std::sys::pal::unix::thread::Thread::new::thread_start::hcc78f3943333fa94
[INFO] [stdout]                                at /rustc/90b35a6239c3d8bdabc530a6a0816f7ff89a0aaf/library/std/src/sys/pal/unix/thread.rs:105:17
[INFO] [stdout]   48:     0x72f8b6a0eac3 - <unknown>
[INFO] [stdout]   49:     0x72f8b6a9fa04 - clone
[INFO] [stdout]   50:                0x0 - <unknown>
[INFO] [stdout] 
[INFO] [stdout] 
[INFO] [stdout] failures:
[INFO] [stdout]     tests::file_doesnt_exist
[INFO] [stdout] 
[INFO] [stdout] test result: FAILED. 0 passed; 1 failed; 0 ignored; 0 measured; 0 filtered out; finished in 0.09s
[INFO] [stdout] 
[INFO] [stderr] error: test failed, to rerun pass `--bin cargo-tree-mermaid`
[INFO] running `Command { std: "docker" "inspect" "9b3d1471d6e85a7953e04403ae3e8afa77fcf7055c2f31caa8f915c7824a6741", kill_on_drop: false }`
[INFO] running `Command { std: "docker" "rm" "-f" "9b3d1471d6e85a7953e04403ae3e8afa77fcf7055c2f31caa8f915c7824a6741", kill_on_drop: false }`
[INFO] [stdout] 9b3d1471d6e85a7953e04403ae3e8afa77fcf7055c2f31caa8f915c7824a6741
