[INFO] cloning repository https://github.com/orgTestCodacy11KRepos110MB/repo-7793-super
[INFO] running `Command { std: "git" "-c" "credential.helper=" "-c" "credential.helper=/workspace/cargo-home/bin/git-credential-null" "clone" "--bare" "https://github.com/orgTestCodacy11KRepos110MB/repo-7793-super" "/workspace/cache/git-repos/https%3A%2F%2Fgithub.com%2ForgTestCodacy11KRepos110MB%2Frepo-7793-super", kill_on_drop: false }`
[INFO] [stderr] Cloning into bare repository '/workspace/cache/git-repos/https%3A%2F%2Fgithub.com%2ForgTestCodacy11KRepos110MB%2Frepo-7793-super'...
[INFO] running `Command { std: "git" "rev-parse" "HEAD", kill_on_drop: false }`
[INFO] [stdout] c5ee666fc3bfea9a19a0c63756d52c9525395416
[INFO] testing orgTestCodacy11KRepos110MB/repo-7793-super against 1.83.0 for beta-1.84.0-4-retry
[INFO] running `Command { std: "git" "clone" "/workspace/cache/git-repos/https%3A%2F%2Fgithub.com%2ForgTestCodacy11KRepos110MB%2Frepo-7793-super" "/workspace/builds/worker-4-tc1/source", kill_on_drop: false }`
[INFO] [stderr] Cloning into '/workspace/builds/worker-4-tc1/source'...
[INFO] [stderr] done.
[INFO] validating manifest of git repo https://github.com/orgTestCodacy11KRepos110MB/repo-7793-super on toolchain 1.83.0
[INFO] running `Command { std: CARGO_HOME="/workspace/cargo-home" RUSTUP_HOME="/workspace/rustup-home" "/workspace/cargo-home/bin/cargo" "+1.83.0" "metadata" "--manifest-path" "Cargo.toml" "--no-deps", kill_on_drop: false }`
[INFO] removed /workspace/builds/worker-4-tc1/source/.cargo/config
[INFO] started tweaking git repo https://github.com/orgTestCodacy11KRepos110MB/repo-7793-super
[INFO] finished tweaking git repo https://github.com/orgTestCodacy11KRepos110MB/repo-7793-super
[INFO] tweaked toml for git repo https://github.com/orgTestCodacy11KRepos110MB/repo-7793-super written to /workspace/builds/worker-4-tc1/source/Cargo.toml
[INFO] crate git repo https://github.com/orgTestCodacy11KRepos110MB/repo-7793-super already has a lockfile, it will not be regenerated
[INFO] running `Command { std: CARGO_HOME="/workspace/cargo-home" RUSTUP_HOME="/workspace/rustup-home" "/workspace/cargo-home/bin/cargo" "+1.83.0" "fetch" "--manifest-path" "Cargo.toml", kill_on_drop: false }`
[INFO] [stderr]     Updating crates.io index
[INFO] [stderr]  Downloading crates ...
[INFO] [stderr]   Downloaded handlebars v3.4.0
[INFO] [stderr]   Downloaded open v1.4.0
[INFO] [stderr]   Downloaded ureq v1.4.0
[INFO] [stderr]   Downloaded quick-xml v0.18.1
[INFO] [stderr]   Downloaded abxml v0.8.2
[INFO] running `Command { std: "docker" "create" "-v" "/var/lib/crater-agent-workspace/builds/worker-4-tc1/target:/opt/rustwide/target:rw,Z" "-v" "/var/lib/crater-agent-workspace/builds/worker-4-tc1/source:/opt/rustwide/workdir:ro,Z" "-v" "/var/lib/crater-agent-workspace/cargo-home:/opt/rustwide/cargo-home:ro,Z" "-v" "/var/lib/crater-agent-workspace/rustup-home:/opt/rustwide/rustup-home:ro,Z" "-e" "SOURCE_DIR=/opt/rustwide/workdir" "-e" "CARGO_TARGET_DIR=/opt/rustwide/target" "-e" "CARGO_HOME=/opt/rustwide/cargo-home" "-e" "RUSTUP_HOME=/opt/rustwide/rustup-home" "-w" "/opt/rustwide/workdir" "-m" "1610612736" "--user" "0:0" "--network" "none" "ghcr.io/rust-lang/crates-build-env/linux@sha256:f3a9d4ad9d972b27faf3965f35b62e55ba32bbce8f20bc8fe909558a86702fde" "/opt/rustwide/cargo-home/bin/cargo" "+1.83.0" "metadata" "--no-deps" "--format-version=1", kill_on_drop: false }`
[INFO] [stdout] d2f3634bf40a946bae050cceef8faa53dd7ee823b2883fe80e031426450f6d9a
[INFO] running `Command { std: "docker" "start" "-a" "d2f3634bf40a946bae050cceef8faa53dd7ee823b2883fe80e031426450f6d9a", kill_on_drop: false }`
[INFO] running `Command { std: "docker" "inspect" "d2f3634bf40a946bae050cceef8faa53dd7ee823b2883fe80e031426450f6d9a", kill_on_drop: false }`
[INFO] running `Command { std: "docker" "rm" "-f" "d2f3634bf40a946bae050cceef8faa53dd7ee823b2883fe80e031426450f6d9a", kill_on_drop: false }`
[INFO] [stdout] d2f3634bf40a946bae050cceef8faa53dd7ee823b2883fe80e031426450f6d9a
[INFO] running `Command { std: "docker" "create" "-v" "/var/lib/crater-agent-workspace/builds/worker-4-tc1/target:/opt/rustwide/target:rw,Z" "-v" "/var/lib/crater-agent-workspace/builds/worker-4-tc1/source:/opt/rustwide/workdir:ro,Z" "-v" "/var/lib/crater-agent-workspace/cargo-home:/opt/rustwide/cargo-home:ro,Z" "-v" "/var/lib/crater-agent-workspace/rustup-home:/opt/rustwide/rustup-home:ro,Z" "-e" "SOURCE_DIR=/opt/rustwide/workdir" "-e" "CARGO_TARGET_DIR=/opt/rustwide/target" "-e" "CARGO_INCREMENTAL=0" "-e" "RUST_BACKTRACE=full" "-e" "RUSTFLAGS=--cap-lints=warn" "-e" "RUSTDOCFLAGS=--cap-lints=warn" "-e" "CARGO_HOME=/opt/rustwide/cargo-home" "-e" "RUSTUP_HOME=/opt/rustwide/rustup-home" "-w" "/opt/rustwide/workdir" "-m" "1610612736" "--user" "0:0" "--network" "none" "ghcr.io/rust-lang/crates-build-env/linux@sha256:f3a9d4ad9d972b27faf3965f35b62e55ba32bbce8f20bc8fe909558a86702fde" "/opt/rustwide/cargo-home/bin/cargo" "+1.83.0" "build" "--frozen" "--message-format=json", kill_on_drop: false }`
[INFO] [stdout] 6d6efc77eae8a56fcf0199fc5be1a2a439473644e32164ff3cf5700292ef91dd
[INFO] running `Command { std: "docker" "start" "-a" "6d6efc77eae8a56fcf0199fc5be1a2a439473644e32164ff3cf5700292ef91dd", kill_on_drop: false }`
[INFO] [stderr]    Compiling libc v0.2.76
[INFO] [stderr]    Compiling proc-macro2 v1.0.19
[INFO] [stderr]    Compiling unicode-xid v0.2.1
[INFO] [stderr]    Compiling syn v1.0.38
[INFO] [stderr]    Compiling cfg-if v0.1.10
[INFO] [stderr]    Compiling bitflags v1.2.1
[INFO] [stderr]    Compiling memchr v2.3.3
[INFO] [stderr]    Compiling encoding_index_tests v0.1.4
[INFO] [stderr]    Compiling autocfg v1.0.1
[INFO] [stderr]    Compiling serde_derive v1.0.115
[INFO] [stderr]    Compiling typenum v1.12.0
[INFO] [stderr]    Compiling adler v0.2.3
[INFO] [stderr]    Compiling version_check v0.9.2
[INFO] [stderr]    Compiling pkg-config v0.3.18
[INFO] [stderr]    Compiling serde v1.0.115
[INFO] [stderr]    Compiling cc v1.0.59
[INFO] [stderr]    Compiling miniz_oxide v0.4.0
[INFO] [stderr]    Compiling generic-array v0.14.4
[INFO] [stderr]    Compiling ucd-trie v0.1.3
[INFO] [stderr]    Compiling lazy_static v1.4.0
[INFO] [stderr]    Compiling log v0.4.11
[INFO] [stderr]    Compiling crc32fast v1.2.0
[INFO] [stderr]    Compiling quote v1.0.7
[INFO] [stderr]    Compiling pest v2.1.3
[INFO] [stderr]    Compiling atty v0.2.14
[INFO] [stderr]    Compiling num-traits v0.2.12
[INFO] [stderr]    Compiling bzip2-sys v0.1.9+1.0.8
[INFO] [stderr]    Compiling ryu v1.0.5
[INFO] [stderr]    Compiling unicode-width v0.1.8
[INFO] [stderr]    Compiling maplit v1.0.2
[INFO] [stderr]    Compiling gimli v0.22.0
[INFO] [stderr]    Compiling failure_derive v0.1.8
[INFO] [stderr]    Compiling pest_meta v2.1.3
[INFO] [stderr]    Compiling textwrap v0.11.0
[INFO] [stderr]    Compiling aho-corasick v0.7.13
[INFO] [stderr]    Compiling thread_local v1.0.1
[INFO] [stderr]    Compiling time v0.1.43
[INFO] [stderr]    Compiling num-integer v0.1.43
[INFO] [stderr]    Compiling rustc-demangle v0.1.16
[INFO] [stderr]    Compiling serde_json v1.0.57
[INFO] [stderr]    Compiling byteorder v1.3.4
[INFO] [stderr]    Compiling object v0.20.0
[INFO] [stderr]    Compiling ansi_term v0.11.0
[INFO] [stderr]    Compiling vec_map v0.8.2
[INFO] [stderr]    Compiling regex-syntax v0.6.18
[INFO] [stderr]    Compiling quick-error v1.2.3
[INFO] [stderr]    Compiling strsim v0.8.0
[INFO] [stderr]    Compiling clap v2.33.3
[INFO] [stderr]    Compiling humantime v1.3.0
[INFO] [stderr]    Compiling addr2line v0.13.0
[INFO] [stderr]    Compiling flate2 v1.0.17
[INFO] [stderr]    Compiling bzip2 v0.3.3
[INFO] [stderr]    Compiling synstructure v0.12.4
[INFO] [stderr]    Compiling backtrace v0.3.50
[INFO] [stderr]    Compiling pest_generator v2.1.3
[INFO] [stderr]    Compiling regex v1.3.9
[INFO] [stderr]    Compiling encoding-index-korean v1.20141219.5
[INFO] [stderr]    Compiling encoding-index-japanese v1.20141219.5
[INFO] [stderr]    Compiling encoding-index-singlebyte v1.20141219.5
[INFO] [stderr]    Compiling encoding-index-simpchinese v1.20141219.5
[INFO] [stderr]    Compiling encoding-index-tradchinese v1.20141219.5
[INFO] [stderr]    Compiling podio v0.1.7
[INFO] [stderr]    Compiling itoa v0.4.6
[INFO] [stderr]    Compiling termcolor v1.1.0
[INFO] [stderr]    Compiling anyhow v1.0.32
[INFO] [stderr]    Compiling super-analyzer v0.5.1 (/opt/rustwide/workdir)
[INFO] [stderr]    Compiling env_logger v0.7.1
[INFO] [stderr]    Compiling pest_derive v2.1.0
[INFO] [stderr]    Compiling failure v0.1.8
[INFO] [stderr]    Compiling zip v0.5.6
[INFO] [stderr]    Compiling encoding v0.2.33
[INFO] [stderr]    Compiling digest v0.9.0
[INFO] [stderr]    Compiling block-buffer v0.9.0
[INFO] [stderr]    Compiling opaque-debug v0.3.0
[INFO] [stderr]    Compiling semver-parser v0.7.0
[INFO] [stderr]    Compiling ansi_term v0.12.1
[INFO] [stderr]    Compiling quick-error v2.0.0
[INFO] [stderr]    Compiling xml-rs v0.8.3
[INFO] [stderr]    Compiling cpuid-bool v0.1.2
[INFO] [stderr]    Compiling sha2 v0.9.1
[INFO] [stderr]    Compiling abxml v0.8.2
[INFO] [stderr]    Compiling semver v0.10.0
[INFO] [stderr]    Compiling colored v2.0.0
[INFO] [stderr]    Compiling quick-xml v0.18.1
[INFO] [stderr]    Compiling num_cpus v1.13.0
[INFO] [stderr]    Compiling open v1.4.0
[INFO] [stderr]    Compiling sha1 v0.6.0
[INFO] [stderr]    Compiling once_cell v1.4.1
[INFO] [stderr]    Compiling md5 v0.7.0
[INFO] [stderr]    Compiling bytecount v0.6.0
[INFO] [stderr]    Compiling hex v0.4.2
[INFO] [stderr]    Compiling toml v0.5.6
[INFO] [stderr]    Compiling chrono v0.4.15
[INFO] [stderr]    Compiling handlebars v3.4.0
[INFO] [stdout] warning: unused imports: `html_escape` and `split_indent`
[INFO] [stdout]  --> src/results/mod.rs:8:23
[INFO] [stdout]   |
[INFO] [stdout] 8 | pub use self::utils::{html_escape, split_indent, Vulnerability};
[INFO] [stdout]   |                       ^^^^^^^^^^^  ^^^^^^^^^^^^
[INFO] [stdout]   |
[INFO] [stdout]   = note: `#[warn(unused_imports)]` on by default
[INFO] [stdout] 
[INFO] [stdout] 
[INFO] [stdout] warning: unexpected `cfg` condition name: `tests`
[INFO] [stdout]    --> src/static_analysis/code/rule.rs:295:7
[INFO] [stdout]     |
[INFO] [stdout] 295 | #[cfg(tests)]
[INFO] [stdout]     |       ^^^^^ help: there is a config with a similar name: `test`
[INFO] [stdout]     |
[INFO] [stdout]     = help: consider using a Cargo feature instead
[INFO] [stdout]     = help: or consider adding in `Cargo.toml` the `check-cfg` lint config for the lint:
[INFO] [stdout]              [lints.rust]
[INFO] [stdout]              unexpected_cfgs = { level = "warn", check-cfg = ['cfg(tests)'] }
[INFO] [stdout]     = help: or consider adding `println!("cargo::rustc-check-cfg=cfg(tests)");` to the top of the `build.rs`
[INFO] [stdout]     = note: see <https://doc.rust-lang.org/nightly/rustc/check-cfg/cargo-specifics.html> for more information about checking conditional configuration
[INFO] [stdout]     = note: `#[warn(unexpected_cfgs)]` on by default
[INFO] [stdout] 
[INFO] [stdout] 
[INFO] [stdout] warning: unnecessary qualification
[INFO] [stdout]    --> src/static_analysis/manifest/permission.rs:280:34
[INFO] [stdout]     |
[INFO] [stdout] 280 |         let result_str: String = serde::Deserialize::deserialize(de)?;
[INFO] [stdout]     |                                  ^^^^^^^^^^^^^^^^^^^^^^^^^^^^^^^
[INFO] [stdout]     |
[INFO] [stdout] note: the lint level is defined here
[INFO] [stdout]    --> src/lib.rs:14:5
[INFO] [stdout]     |
[INFO] [stdout] 14  |     unused_qualifications,
[INFO] [stdout]     |     ^^^^^^^^^^^^^^^^^^^^^
[INFO] [stdout] help: remove the unnecessary path segments
[INFO] [stdout]     |
[INFO] [stdout] 280 -         let result_str: String = serde::Deserialize::deserialize(de)?;
[INFO] [stdout] 280 +         let result_str: String = Deserialize::deserialize(de)?;
[INFO] [stdout]     |
[INFO] [stdout] 
[INFO] [stdout] 
[INFO] [stderr]     Finished `dev` profile [optimized + debuginfo] target(s) in 2m 47s
[INFO] [stderr] warning: the following packages contain code that will be rejected by a future version of Rust: quick-xml v0.18.1
[INFO] [stderr] note: to see what the problems were, use the option `--future-incompat-report`, or run `cargo report future-incompatibilities --id 1`
[INFO] running `Command { std: "docker" "inspect" "6d6efc77eae8a56fcf0199fc5be1a2a439473644e32164ff3cf5700292ef91dd", kill_on_drop: false }`
[INFO] running `Command { std: "docker" "rm" "-f" "6d6efc77eae8a56fcf0199fc5be1a2a439473644e32164ff3cf5700292ef91dd", kill_on_drop: false }`
[INFO] [stdout] 6d6efc77eae8a56fcf0199fc5be1a2a439473644e32164ff3cf5700292ef91dd
[INFO] running `Command { std: "docker" "create" "-v" "/var/lib/crater-agent-workspace/builds/worker-4-tc1/target:/opt/rustwide/target:rw,Z" "-v" "/var/lib/crater-agent-workspace/builds/worker-4-tc1/source:/opt/rustwide/workdir:ro,Z" "-v" "/var/lib/crater-agent-workspace/cargo-home:/opt/rustwide/cargo-home:ro,Z" "-v" "/var/lib/crater-agent-workspace/rustup-home:/opt/rustwide/rustup-home:ro,Z" "-e" "SOURCE_DIR=/opt/rustwide/workdir" "-e" "CARGO_TARGET_DIR=/opt/rustwide/target" "-e" "CARGO_INCREMENTAL=0" "-e" "RUST_BACKTRACE=full" "-e" "RUSTFLAGS=--cap-lints=warn" "-e" "RUSTDOCFLAGS=--cap-lints=warn" "-e" "CARGO_HOME=/opt/rustwide/cargo-home" "-e" "RUSTUP_HOME=/opt/rustwide/rustup-home" "-w" "/opt/rustwide/workdir" "-m" "1610612736" "--user" "0:0" "--network" "none" "ghcr.io/rust-lang/crates-build-env/linux@sha256:f3a9d4ad9d972b27faf3965f35b62e55ba32bbce8f20bc8fe909558a86702fde" "/opt/rustwide/cargo-home/bin/cargo" "+1.83.0" "test" "--frozen" "--no-run" "--message-format=json", kill_on_drop: false }`
[INFO] [stdout] 57a761e1940588890f06e3b840588def090c116450751983e6894cbfc7907ba0
[INFO] running `Command { std: "docker" "start" "-a" "57a761e1940588890f06e3b840588def090c116450751983e6894cbfc7907ba0", kill_on_drop: false }`
[INFO] [stderr]    Compiling standback v0.2.9
[INFO] [stderr]    Compiling ring v0.16.15
[INFO] [stderr]    Compiling spin v0.5.2
[INFO] [stderr]    Compiling untrusted v0.7.1
[INFO] [stderr]    Compiling proc-macro-hack v0.5.18
[INFO] [stderr]    Compiling time v0.2.16
[INFO] [stderr]    Compiling percent-encoding v2.1.0
[INFO] [stderr]    Compiling matches v0.1.8
[INFO] [stderr]    Compiling tinyvec v0.3.4
[INFO] [stderr]    Compiling unicode-bidi v0.3.4
[INFO] [stderr]    Compiling cookie v0.14.2
[INFO] [stderr]    Compiling unicode-normalization v0.1.13
[INFO] [stderr]    Compiling base64 v0.12.3
[INFO] [stderr]    Compiling qstring v0.7.2
[INFO] [stderr]    Compiling chunked_transfer v1.2.0
[INFO] [stdout] warning: unused imports: `html_escape` and `split_indent`
[INFO] [stdout]  --> src/results/mod.rs:8:23
[INFO] [stdout]   |
[INFO] [stdout] 8 | pub use self::utils::{html_escape, split_indent, Vulnerability};
[INFO] [stdout]   |                       ^^^^^^^^^^^  ^^^^^^^^^^^^
[INFO] [stdout]   |
[INFO] [stdout]   = note: `#[warn(unused_imports)]` on by default
[INFO] [stdout] 
[INFO] [stdout] 
[INFO] [stdout] warning: unexpected `cfg` condition name: `tests`
[INFO] [stdout]    --> src/static_analysis/code/rule.rs:295:7
[INFO] [stdout]     |
[INFO] [stdout] 295 | #[cfg(tests)]
[INFO] [stdout]     |       ^^^^^ help: there is a config with a similar name: `test`
[INFO] [stdout]     |
[INFO] [stdout]     = help: consider using a Cargo feature instead
[INFO] [stdout]     = help: or consider adding in `Cargo.toml` the `check-cfg` lint config for the lint:
[INFO] [stdout]              [lints.rust]
[INFO] [stdout]              unexpected_cfgs = { level = "warn", check-cfg = ['cfg(tests)'] }
[INFO] [stdout]     = help: or consider adding `println!("cargo::rustc-check-cfg=cfg(tests)");` to the top of the `build.rs`
[INFO] [stdout]     = note: see <https://doc.rust-lang.org/nightly/rustc/check-cfg/cargo-specifics.html> for more information about checking conditional configuration
[INFO] [stdout]     = note: `#[warn(unexpected_cfgs)]` on by default
[INFO] [stdout] 
[INFO] [stdout] 
[INFO] [stdout] warning: unnecessary qualification
[INFO] [stdout]    --> src/static_analysis/manifest/permission.rs:280:34
[INFO] [stdout]     |
[INFO] [stdout] 280 |         let result_str: String = serde::Deserialize::deserialize(de)?;
[INFO] [stdout]     |                                  ^^^^^^^^^^^^^^^^^^^^^^^^^^^^^^^
[INFO] [stdout]     |
[INFO] [stdout] note: the lint level is defined here
[INFO] [stdout]    --> src/lib.rs:14:5
[INFO] [stdout]     |
[INFO] [stdout] 14  |     unused_qualifications,
[INFO] [stdout]     |     ^^^^^^^^^^^^^^^^^^^^^
[INFO] [stdout] help: remove the unnecessary path segments
[INFO] [stdout]     |
[INFO] [stdout] 280 -         let result_str: String = serde::Deserialize::deserialize(de)?;
[INFO] [stdout] 280 +         let result_str: String = Deserialize::deserialize(de)?;
[INFO] [stdout]     |
[INFO] [stdout] 
[INFO] [stdout] 
[INFO] [stderr]    Compiling time-macros-impl v0.1.1
[INFO] [stderr]    Compiling idna v0.2.0
[INFO] [stderr]    Compiling url v2.1.1
[INFO] [stderr]    Compiling time-macros v0.1.0
[INFO] [stderr]    Compiling webpki v0.21.3
[INFO] [stderr]    Compiling sct v0.6.0
[INFO] [stderr]    Compiling rustls v0.18.1
[INFO] [stderr]    Compiling webpki-roots v0.20.0
[INFO] [stderr]    Compiling ureq v1.4.0
[INFO] [stderr]    Compiling super-analyzer v0.5.1 (/opt/rustwide/workdir)
[INFO] [stdout] warning: unused imports: `html_escape` and `split_indent`
[INFO] [stdout]  --> src/results/mod.rs:8:23
[INFO] [stdout]   |
[INFO] [stdout] 8 | pub use self::utils::{html_escape, split_indent, Vulnerability};
[INFO] [stdout]   |                       ^^^^^^^^^^^  ^^^^^^^^^^^^
[INFO] [stdout]   |
[INFO] [stdout]   = note: `#[warn(unused_imports)]` on by default
[INFO] [stdout] 
[INFO] [stdout] 
[INFO] [stdout] warning: unexpected `cfg` condition name: `tests`
[INFO] [stdout]    --> src/static_analysis/code/rule.rs:295:7
[INFO] [stdout]     |
[INFO] [stdout] 295 | #[cfg(tests)]
[INFO] [stdout]     |       ^^^^^ help: there is a config with a similar name: `test`
[INFO] [stdout]     |
[INFO] [stdout]     = help: consider using a Cargo feature instead
[INFO] [stdout]     = help: or consider adding in `Cargo.toml` the `check-cfg` lint config for the lint:
[INFO] [stdout]              [lints.rust]
[INFO] [stdout]              unexpected_cfgs = { level = "warn", check-cfg = ['cfg(tests)'] }
[INFO] [stdout]     = help: or consider adding `println!("cargo::rustc-check-cfg=cfg(tests)");` to the top of the `build.rs`
[INFO] [stdout]     = note: see <https://doc.rust-lang.org/nightly/rustc/check-cfg/cargo-specifics.html> for more information about checking conditional configuration
[INFO] [stdout]     = note: `#[warn(unexpected_cfgs)]` on by default
[INFO] [stdout] 
[INFO] [stdout] 
[INFO] [stdout] warning: unnecessary qualification
[INFO] [stdout]    --> src/static_analysis/manifest/permission.rs:280:34
[INFO] [stdout]     |
[INFO] [stdout] 280 |         let result_str: String = serde::Deserialize::deserialize(de)?;
[INFO] [stdout]     |                                  ^^^^^^^^^^^^^^^^^^^^^^^^^^^^^^^
[INFO] [stdout]     |
[INFO] [stdout] note: the lint level is defined here
[INFO] [stdout]    --> src/lib.rs:14:5
[INFO] [stdout]     |
[INFO] [stdout] 14  |     unused_qualifications,
[INFO] [stdout]     |     ^^^^^^^^^^^^^^^^^^^^^
[INFO] [stdout] help: remove the unnecessary path segments
[INFO] [stdout]     |
[INFO] [stdout] 280 -         let result_str: String = serde::Deserialize::deserialize(de)?;
[INFO] [stdout] 280 +         let result_str: String = Deserialize::deserialize(de)?;
[INFO] [stdout]     |
[INFO] [stdout] 
[INFO] [stdout] 
[INFO] [stderr]     Finished `test` profile [optimized + debuginfo] target(s) in 57.80s
[INFO] [stderr] warning: the following packages contain code that will be rejected by a future version of Rust: quick-xml v0.18.1
[INFO] [stderr] note: to see what the problems were, use the option `--future-incompat-report`, or run `cargo report future-incompatibilities --id 1`
[INFO] running `Command { std: "docker" "inspect" "57a761e1940588890f06e3b840588def090c116450751983e6894cbfc7907ba0", kill_on_drop: false }`
[INFO] running `Command { std: "docker" "rm" "-f" "57a761e1940588890f06e3b840588def090c116450751983e6894cbfc7907ba0", kill_on_drop: false }`
[INFO] [stdout] 57a761e1940588890f06e3b840588def090c116450751983e6894cbfc7907ba0
[INFO] running `Command { std: "docker" "create" "-v" "/var/lib/crater-agent-workspace/builds/worker-4-tc1/target:/opt/rustwide/target:rw,Z" "-v" "/var/lib/crater-agent-workspace/builds/worker-4-tc1/source:/opt/rustwide/workdir:ro,Z" "-v" "/var/lib/crater-agent-workspace/cargo-home:/opt/rustwide/cargo-home:ro,Z" "-v" "/var/lib/crater-agent-workspace/rustup-home:/opt/rustwide/rustup-home:ro,Z" "-e" "SOURCE_DIR=/opt/rustwide/workdir" "-e" "CARGO_TARGET_DIR=/opt/rustwide/target" "-e" "CARGO_INCREMENTAL=0" "-e" "RUST_BACKTRACE=full" "-e" "RUSTFLAGS=--cap-lints=warn" "-e" "RUSTDOCFLAGS=--cap-lints=warn" "-e" "CARGO_HOME=/opt/rustwide/cargo-home" "-e" "RUSTUP_HOME=/opt/rustwide/rustup-home" "-w" "/opt/rustwide/workdir" "-m" "1610612736" "--user" "0:0" "--network" "none" "ghcr.io/rust-lang/crates-build-env/linux@sha256:f3a9d4ad9d972b27faf3965f35b62e55ba32bbce8f20bc8fe909558a86702fde" "/opt/rustwide/cargo-home/bin/cargo" "+1.83.0" "test" "--frozen", kill_on_drop: false }`
[INFO] [stdout] 65e1817d88ed8e17e01b0c51f46ae91c144c6c22fbf51ae08f8dc4d6df8d6b3c
[INFO] running `Command { std: "docker" "start" "-a" "65e1817d88ed8e17e01b0c51f46ae91c144c6c22fbf51ae08f8dc4d6df8d6b3c", kill_on_drop: false }`
[INFO] [stderr] warning: unused imports: `html_escape` and `split_indent`
[INFO] [stderr]  --> src/results/mod.rs:8:23
[INFO] [stderr]   |
[INFO] [stderr] 8 | pub use self::utils::{html_escape, split_indent, Vulnerability};
[INFO] [stderr]   |                       ^^^^^^^^^^^  ^^^^^^^^^^^^
[INFO] [stderr]   |
[INFO] [stderr]   = note: `#[warn(unused_imports)]` on by default
[INFO] [stderr] 
[INFO] [stderr] warning: unexpected `cfg` condition name: `tests`
[INFO] [stderr]    --> src/static_analysis/code/rule.rs:295:7
[INFO] [stderr]     |
[INFO] [stderr] 295 | #[cfg(tests)]
[INFO] [stderr]     |       ^^^^^ help: there is a config with a similar name: `test`
[INFO] [stderr]     |
[INFO] [stderr]     = help: consider using a Cargo feature instead
[INFO] [stderr]     = help: or consider adding in `Cargo.toml` the `check-cfg` lint config for the lint:
[INFO] [stderr]              [lints.rust]
[INFO] [stderr]              unexpected_cfgs = { level = "warn", check-cfg = ['cfg(tests)'] }
[INFO] [stderr]     = help: or consider adding `println!("cargo::rustc-check-cfg=cfg(tests)");` to the top of the `build.rs`
[INFO] [stderr]     = note: see <https://doc.rust-lang.org/nightly/rustc/check-cfg/cargo-specifics.html> for more information about checking conditional configuration
[INFO] [stderr]     = note: `#[warn(unexpected_cfgs)]` on by default
[INFO] [stderr] 
[INFO] [stderr] warning: unnecessary qualification
[INFO] [stderr]    --> src/static_analysis/manifest/permission.rs:280:34
[INFO] [stderr]     |
[INFO] [stderr] 280 |         let result_str: String = serde::Deserialize::deserialize(de)?;
[INFO] [stderr]     |                                  ^^^^^^^^^^^^^^^^^^^^^^^^^^^^^^^
[INFO] [stderr]     |
[INFO] [stderr] note: the lint level is defined here
[INFO] [stderr]    --> src/lib.rs:14:5
[INFO] [stderr]     |
[INFO] [stderr] 14  |     unused_qualifications,
[INFO] [stderr]     |     ^^^^^^^^^^^^^^^^^^^^^
[INFO] [stderr] help: remove the unnecessary path segments
[INFO] [stderr]     |
[INFO] [stderr] 280 -         let result_str: String = serde::Deserialize::deserialize(de)?;
[INFO] [stderr] 280 +         let result_str: String = Deserialize::deserialize(de)?;
[INFO] [stderr]     |
[INFO] [stderr] 
[INFO] [stderr] warning: `super-analyzer` (lib) generated 3 warnings (run `cargo fix --lib -p super-analyzer` to apply 2 suggestions)
[INFO] [stderr] warning: `super-analyzer` (lib test) generated 3 warnings (3 duplicates)
[INFO] [stderr]     Finished `test` profile [optimized + debuginfo] target(s) in 0.13s
[INFO] [stderr] warning: the following packages contain code that will be rejected by a future version of Rust: quick-xml v0.18.1
[INFO] [stderr] note: to see what the problems were, use the option `--future-incompat-report`, or run `cargo report future-incompatibilities --id 1`
[INFO] [stderr]      Running unittests src/lib.rs (/opt/rustwide/target/debug/deps/super_analyzer_core-ca589cb6c763a00b)
[INFO] [stdout] 
[INFO] [stdout] running 55 tests
[INFO] [stdout] test results::report::handlebars::test::it_new_failure ... ok
[INFO] [stdout] test results::sdk_number::tests::it_from_u32 ... ok
[INFO] [stdout] test results::sdk_number::tests::it_get_number ... ok
[INFO] [stdout] test results::sdk_number::tests::it_get_name ... ok
[INFO] [stdout] test results::sdk_number::tests::it_get_version ... ok
[INFO] [stdout] test results::sdk_number::tests::it_prettify_android_version ... ok
[INFO] [stdout] test config::tests::it_generates_html_but_not_json_by_default ... ok
[INFO] [stdout] test config::tests::it_config_sample ... ok
[INFO] [stdout] test results::report::handlebars::test::it_load_templates ... ok
[INFO] [stdout] test results::report::handlebars::test::it_new ... ok
[INFO] [stdout] test static_analysis::code::tests::it_base64_encode ... ok
[INFO] [stdout] test static_analysis::code::tests::it_base_station_location ... ok
[INFO] [stdout] test static_analysis::code::tests::it_base64_decoding ... ok
[INFO] [stdout] test static_analysis::code::tests::it_command_exec ... ok
[INFO] [stdout] test static_analysis::code::tests::it_catch_exception ... ok
[INFO] [stdout] test static_analysis::code::tests::it_external_storage_write_read ... ok
[INFO] [stdout] test static_analysis::code::tests::it_email_disclosure ... ok
[INFO] [stdout] test static_analysis::code::tests::it_finally_with_return ... ok
[INFO] [stdout] test static_analysis::code::tests::it_get_sim_operator ... ok
[INFO] [stdout] test static_analysis::code::tests::it_get_device_id ... ok
[INFO] [stdout] test static_analysis::code::tests::it_hardcoded_certificate ... ok
[INFO] [stdout] test static_analysis::code::tests::it_file_separator ... ok
[INFO] [stdout] test static_analysis::code::tests::it_get_sim_operator_name ... ok
[INFO] [stdout] test static_analysis::code::tests::it_gps_location ... ok
[INFO] [stdout] test static_analysis::code::tests::it_hidden_fields ... ok
[INFO] [stdout] test static_analysis::code::tests::it_log ... ok
[INFO] [stdout] test static_analysis::code::tests::it_get_sim_serial ... ok
[INFO] [stdout] test static_analysis::code::tests::it_infinite_loop ... ok
[INFO] [stdout] test static_analysis::code::tests::it_math_random ... ok
[INFO] [stdout] test static_analysis::code::tests::it_ipv4_disclosure ... ok
[INFO] [stdout] test static_analysis::code::tests::it_sms_mms_sending ... ok
[INFO] [stdout] test static_analysis::code::tests::it_obfuscation ... ok
[INFO] [stdout] test static_analysis::code::tests::it_sleep_method ... ok
[INFO] [stdout] test static_analysis::code::tests::it_sleep_method_not_validated ... ok
[INFO] [stdout] test static_analysis::code::tests::it_sql_injection ... ok
[INFO] [stdout] test static_analysis::code::tests::it_ssl_accepting_all_certificates ... ok
[INFO] [stdout] test static_analysis::code::tests::it_ssl_get_insecure_method ... ok
[INFO] [stdout] test static_analysis::code::tests::it_superuser_device_detection ... ok
[INFO] [stdout] test static_analysis::code::tests::it_superuser_privileges ... ok
[INFO] [stdout] test static_analysis::code::tests::it_temp_file ... ok
[INFO] [stdout] test config::tests::it_config ... FAILED
[INFO] [stdout] test static_analysis::manifest::tests::it_get_line ... ok
[INFO] [stdout] test static_analysis::manifest::tests::it_install_loc_from_str ... ok
[INFO] [stdout] test static_analysis::code::tests::it_web_view_ssl_errors ... ok
[INFO] [stdout] test static_analysis::manifest::tests::it_permission_checklist ... ok
[INFO] [stdout] test tests::it_analyze_package ... ignored
[INFO] [stdout] test static_analysis::code::tests::it_weak_algorithms ... ok
[INFO] [stdout] test utils::test::it_get_code ... ok
[INFO] [stdout] test tests::it_criticality ... ok
[INFO] [stdout] test static_analysis::code::tests::it_url_regex ... ok
[INFO] [stdout] test static_analysis::manifest::tests::it_permission ... ok
[INFO] [stdout] test static_analysis::code::tests::it_throws_exception ... ok
[INFO] [stdout] test static_analysis::code::tests::it_web_view_xss ... ok
[INFO] [stdout] test static_analysis::code::tests::it_world_writable_permissions ... ok
[INFO] [stdout] test static_analysis::code::tests::it_world_readable_permissions ... ok
[INFO] [stdout] 
[INFO] [stdout] failures:
[INFO] [stdout] 
[INFO] [stdout] ---- config::tests::it_config stdout ----
[INFO] [stdout] thread 'config::tests::it_config' panicked at src/config.rs:673:50:
[INFO] [stdout] called `Result::unwrap()` on an `Err` value: Os { code: 30, kind: ReadOnlyFilesystem, message: "Read-only file system" }
[INFO] [stdout] stack backtrace:
[INFO] [stdout]    0:     0x59b5f83546da - std::backtrace_rs::backtrace::libunwind::trace::h5a5b8284f2d0c266
[INFO] [stdout]                                at /rustc/90b35a6239c3d8bdabc530a6a0816f7ff89a0aaf/library/std/src/../../backtrace/src/backtrace/libunwind.rs:116:5
[INFO] [stdout]    1:     0x59b5f83546da - std::backtrace_rs::backtrace::trace_unsynchronized::h76d4f1c9b0b875e3
[INFO] [stdout]                                at /rustc/90b35a6239c3d8bdabc530a6a0816f7ff89a0aaf/library/std/src/../../backtrace/src/backtrace/mod.rs:66:5
[INFO] [stdout]    2:     0x59b5f83546da - std::sys::backtrace::_print_fmt::hc4546b8364a537c6
[INFO] [stdout]                                at /rustc/90b35a6239c3d8bdabc530a6a0816f7ff89a0aaf/library/std/src/sys/backtrace.rs:66:9
[INFO] [stdout]    3:     0x59b5f83546da - <std::sys::backtrace::BacktraceLock::print::DisplayBacktrace as core::fmt::Display>::fmt::h5b6bd5631a6d1f6b
[INFO] [stdout]                                at /rustc/90b35a6239c3d8bdabc530a6a0816f7ff89a0aaf/library/std/src/sys/backtrace.rs:39:26
[INFO] [stdout]    4:     0x59b5f837fef3 - core::fmt::rt::Argument::fmt::h270f6602a2b96f62
[INFO] [stdout]                                at /rustc/90b35a6239c3d8bdabc530a6a0816f7ff89a0aaf/library/core/src/fmt/rt.rs:177:76
[INFO] [stdout]    5:     0x59b5f837fef3 - core::fmt::write::h7550c97b06c86515
[INFO] [stdout]                                at /rustc/90b35a6239c3d8bdabc530a6a0816f7ff89a0aaf/library/core/src/fmt/mod.rs:1186:21
[INFO] [stdout]    6:     0x59b5f83500e3 - std::io::Write::write_fmt::h509ff860e5956e5e
[INFO] [stdout]                                at /rustc/90b35a6239c3d8bdabc530a6a0816f7ff89a0aaf/library/std/src/io/mod.rs:1839:15
[INFO] [stdout]    7:     0x59b5f8354522 - std::sys::backtrace::BacktraceLock::print::h2395ccd2c84ba3aa
[INFO] [stdout]                                at /rustc/90b35a6239c3d8bdabc530a6a0816f7ff89a0aaf/library/std/src/sys/backtrace.rs:42:9
[INFO] [stdout]    8:     0x59b5f8355b3a - std::panicking::default_hook::{{closure}}::he19d4c7230e07961
[INFO] [stdout]                                at /rustc/90b35a6239c3d8bdabc530a6a0816f7ff89a0aaf/library/std/src/panicking.rs:268:22
[INFO] [stdout]    9:     0x59b5f8355944 - std::panicking::default_hook::hf614597d3c67bbdb
[INFO] [stdout]                                at /rustc/90b35a6239c3d8bdabc530a6a0816f7ff89a0aaf/library/std/src/panicking.rs:292:9
[INFO] [stdout]   10:     0x59b5f81a49c9 - <alloc::boxed::Box<F,A> as core::ops::function::Fn<Args>>::call::h39b51ce4599c23d1
[INFO] [stdout]                                at /rustc/90b35a6239c3d8bdabc530a6a0816f7ff89a0aaf/library/alloc/src/boxed.rs:2468:9
[INFO] [stdout]   11:     0x59b5f81a49c9 - test::test_main::{{closure}}::he977ae839a582784
[INFO] [stdout]                                at /rustc/90b35a6239c3d8bdabc530a6a0816f7ff89a0aaf/library/test/src/lib.rs:133:21
[INFO] [stdout]   12:     0x59b5f83561d8 - <alloc::boxed::Box<F,A> as core::ops::function::Fn<Args>>::call::h9455091b6b06f9fb
[INFO] [stdout]                                at /rustc/90b35a6239c3d8bdabc530a6a0816f7ff89a0aaf/library/alloc/src/boxed.rs:2468:9
[INFO] [stdout]   13:     0x59b5f83561d8 - std::panicking::rust_panic_with_hook::h8942133a8b252070
[INFO] [stdout]                                at /rustc/90b35a6239c3d8bdabc530a6a0816f7ff89a0aaf/library/std/src/panicking.rs:809:13
[INFO] [stdout]   14:     0x59b5f8355f9a - std::panicking::begin_panic_handler::{{closure}}::hb5f5963570096b29
[INFO] [stdout]                                at /rustc/90b35a6239c3d8bdabc530a6a0816f7ff89a0aaf/library/std/src/panicking.rs:674:13
[INFO] [stdout]   15:     0x59b5f8354bb9 - std::sys::backtrace::__rust_end_short_backtrace::h6208cedc1922feda
[INFO] [stdout]                                at /rustc/90b35a6239c3d8bdabc530a6a0816f7ff89a0aaf/library/std/src/sys/backtrace.rs:170:18
[INFO] [stdout]   16:     0x59b5f8355c2c - rust_begin_unwind
[INFO] [stdout]                                at /rustc/90b35a6239c3d8bdabc530a6a0816f7ff89a0aaf/library/std/src/panicking.rs:665:5
[INFO] [stdout]   17:     0x59b5f7ff4060 - core::panicking::panic_fmt::h0c3082644d1bf418
[INFO] [stdout]                                at /rustc/90b35a6239c3d8bdabc530a6a0816f7ff89a0aaf/library/core/src/panicking.rs:74:14
[INFO] [stdout]   18:     0x59b5f7ff44e6 - core::result::unwrap_failed::hd20b4aa073bda1e2
[INFO] [stdout]                                at /rustc/90b35a6239c3d8bdabc530a6a0816f7ff89a0aaf/library/core/src/result.rs:1700:5
[INFO] [stdout]   19:     0x59b5f8020527 - core::result::Result<T,E>::unwrap::h7482e20f0bd7b1b1
[INFO] [stdout]                                at /rustc/90b35a6239c3d8bdabc530a6a0816f7ff89a0aaf/library/core/src/result.rs:1104:23
[INFO] [stdout]   20:     0x59b5f8020527 - super_analyzer_core::config::tests::it_config::h953988d40e563220
[INFO] [stdout]                                at /opt/rustwide/workdir/src/config.rs:673:13
[INFO] [stdout]   21:     0x59b5f807f389 - super_analyzer_core::config::tests::it_config::{{closure}}::h3cb218f64b6d5277
[INFO] [stdout]                                at /opt/rustwide/workdir/src/config.rs:612:19
[INFO] [stdout]   22:     0x59b5f807f389 - core::ops::function::FnOnce::call_once::ha663c49a63c76100
[INFO] [stdout]                                at /rustc/90b35a6239c3d8bdabc530a6a0816f7ff89a0aaf/library/core/src/ops/function.rs:250:5
[INFO] [stdout]   23:     0x59b5f81a938b - core::ops::function::FnOnce::call_once::h109cf8051a59b34e
[INFO] [stdout]                                at /rustc/90b35a6239c3d8bdabc530a6a0816f7ff89a0aaf/library/core/src/ops/function.rs:250:5
[INFO] [stdout]   24:     0x59b5f81a938b - test::__rust_begin_short_backtrace::hf4fff89d377446ba
[INFO] [stdout]                                at /rustc/90b35a6239c3d8bdabc530a6a0816f7ff89a0aaf/library/test/src/lib.rs:621:18
[INFO] [stdout]   25:     0x59b5f81a8bc7 - test::run_test_in_process::{{closure}}::h0e39181dd7ee5a43
[INFO] [stdout]                                at /rustc/90b35a6239c3d8bdabc530a6a0816f7ff89a0aaf/library/test/src/lib.rs:644:60
[INFO] [stdout]   26:     0x59b5f81a8bc7 - <core::panic::unwind_safe::AssertUnwindSafe<F> as core::ops::function::FnOnce<()>>::call_once::hc5a66a30f0bdfd1f
[INFO] [stdout]                                at /rustc/90b35a6239c3d8bdabc530a6a0816f7ff89a0aaf/library/core/src/panic/unwind_safe.rs:272:9
[INFO] [stdout]   27:     0x59b5f81a8bc7 - std::panicking::try::do_call::h873b7cf639554a5e
[INFO] [stdout]                                at /rustc/90b35a6239c3d8bdabc530a6a0816f7ff89a0aaf/library/std/src/panicking.rs:557:40
[INFO] [stdout]   28:     0x59b5f81a8bc7 - std::panicking::try::hdb19862fad9c8bd1
[INFO] [stdout]                                at /rustc/90b35a6239c3d8bdabc530a6a0816f7ff89a0aaf/library/std/src/panicking.rs:520:19
[INFO] [stdout]   29:     0x59b5f81a8bc7 - std::panic::catch_unwind::h281fe732d236d260
[INFO] [stdout]                                at /rustc/90b35a6239c3d8bdabc530a6a0816f7ff89a0aaf/library/std/src/panic.rs:358:14
[INFO] [stdout]   30:     0x59b5f81a8bc7 - test::run_test_in_process::h949b6df8457ed338
[INFO] [stdout]                                at /rustc/90b35a6239c3d8bdabc530a6a0816f7ff89a0aaf/library/test/src/lib.rs:644:27
[INFO] [stdout]   31:     0x59b5f81a8bc7 - test::run_test::{{closure}}::h52c556a6d4740e10
[INFO] [stdout]                                at /rustc/90b35a6239c3d8bdabc530a6a0816f7ff89a0aaf/library/test/src/lib.rs:565:43
[INFO] [stdout]   32:     0x59b5f816dea4 - test::run_test::{{closure}}::h4237f6381c45ccb9
[INFO] [stdout]                                at /rustc/90b35a6239c3d8bdabc530a6a0816f7ff89a0aaf/library/test/src/lib.rs:595:41
[INFO] [stdout]   33:     0x59b5f816dea4 - std::sys::backtrace::__rust_begin_short_backtrace::h505c97a579eca628
[INFO] [stdout]                                at /rustc/90b35a6239c3d8bdabc530a6a0816f7ff89a0aaf/library/std/src/sys/backtrace.rs:154:18
[INFO] [stdout]   34:     0x59b5f817156e - std::thread::Builder::spawn_unchecked_::{{closure}}::{{closure}}::h9e86b2e2bc107ea3
[INFO] [stdout]                                at /rustc/90b35a6239c3d8bdabc530a6a0816f7ff89a0aaf/library/std/src/thread/mod.rs:538:17
[INFO] [stdout]   35:     0x59b5f817156e - <core::panic::unwind_safe::AssertUnwindSafe<F> as core::ops::function::FnOnce<()>>::call_once::h8b06ddb275ff4a25
[INFO] [stdout]                                at /rustc/90b35a6239c3d8bdabc530a6a0816f7ff89a0aaf/library/core/src/panic/unwind_safe.rs:272:9
[INFO] [stdout]   36:     0x59b5f817156e - std::panicking::try::do_call::hb26ecd7cd9a9355d
[INFO] [stdout]                                at /rustc/90b35a6239c3d8bdabc530a6a0816f7ff89a0aaf/library/std/src/panicking.rs:557:40
[INFO] [stdout]   37:     0x59b5f817156e - std::panicking::try::h8ddeca9d705f9069
[INFO] [stdout]                                at /rustc/90b35a6239c3d8bdabc530a6a0816f7ff89a0aaf/library/std/src/panicking.rs:520:19
[INFO] [stdout]   38:     0x59b5f817156e - std::panic::catch_unwind::h49e1c33078844c46
[INFO] [stdout]                                at /rustc/90b35a6239c3d8bdabc530a6a0816f7ff89a0aaf/library/std/src/panic.rs:358:14
[INFO] [stdout]   39:     0x59b5f817156e - std::thread::Builder::spawn_unchecked_::{{closure}}::h6073db6ff56ad35d
[INFO] [stdout]                                at /rustc/90b35a6239c3d8bdabc530a6a0816f7ff89a0aaf/library/std/src/thread/mod.rs:537:30
[INFO] [stdout]   40:     0x59b5f817156e - core::ops::function::FnOnce::call_once{{vtable.shim}}::h2c5a5f3779c774f1
[INFO] [stdout]                                at /rustc/90b35a6239c3d8bdabc530a6a0816f7ff89a0aaf/library/core/src/ops/function.rs:250:5
[INFO] [stdout]   41:     0x59b5f835b67b - <alloc::boxed::Box<F,A> as core::ops::function::FnOnce<Args>>::call_once::hf75717d9f28faebf
[INFO] [stdout]                                at /rustc/90b35a6239c3d8bdabc530a6a0816f7ff89a0aaf/library/alloc/src/boxed.rs:2454:9
[INFO] [stdout]   42:     0x59b5f835b67b - <alloc::boxed::Box<F,A> as core::ops::function::FnOnce<Args>>::call_once::h7bd883a5f3c5f3c1
[INFO] [stdout]                                at /rustc/90b35a6239c3d8bdabc530a6a0816f7ff89a0aaf/library/alloc/src/boxed.rs:2454:9
[INFO] [stdout]   43:     0x59b5f835b67b - std::sys::pal::unix::thread::Thread::new::thread_start::hcc78f3943333fa94
[INFO] [stdout]                                at /rustc/90b35a6239c3d8bdabc530a6a0816f7ff89a0aaf/library/std/src/sys/pal/unix/thread.rs:105:17
[INFO] [stdout]   44:     0x7b8d21adbac3 - <unknown>
[INFO] [stdout]   45:     0x7b8d21b6ca04 - clone
[INFO] [stdout]   46:                0x0 - <unknown>
[INFO] [stdout] 
[INFO] [stdout] 
[INFO] [stdout] failures:
[INFO] [stdout]     config::tests::it_config
[INFO] [stdout] 
[INFO] [stdout] test result: FAILED. 53 passed; 1 failed; 1 ignored; 0 measured; 0 filtered out; finished in 1.05s
[INFO] [stdout] 
[INFO] [stderr] error: test failed, to rerun pass `--lib`
[INFO] running `Command { std: "docker" "inspect" "65e1817d88ed8e17e01b0c51f46ae91c144c6c22fbf51ae08f8dc4d6df8d6b3c", kill_on_drop: false }`
[INFO] running `Command { std: "docker" "rm" "-f" "65e1817d88ed8e17e01b0c51f46ae91c144c6c22fbf51ae08f8dc4d6df8d6b3c", kill_on_drop: false }`
[INFO] [stdout] 65e1817d88ed8e17e01b0c51f46ae91c144c6c22fbf51ae08f8dc4d6df8d6b3c
