[INFO] cloning repository https://github.com/omkarium/clonehunter
[INFO] running `Command { std: "git" "-c" "credential.helper=" "-c" "credential.helper=/workspace/cargo-home/bin/git-credential-null" "clone" "--bare" "https://github.com/omkarium/clonehunter" "/workspace/cache/git-repos/https%3A%2F%2Fgithub.com%2Fomkarium%2Fclonehunter", kill_on_drop: false }`
[INFO] [stderr] Cloning into bare repository '/workspace/cache/git-repos/https%3A%2F%2Fgithub.com%2Fomkarium%2Fclonehunter'...
[INFO] running `Command { std: "git" "rev-parse" "HEAD", kill_on_drop: false }`
[INFO] [stdout] cebed002501a5039ce81be376b914fdb3b0dbe93
[INFO] testing omkarium/clonehunter against 1.83.0 for beta-1.84.0-4-retry
[INFO] running `Command { std: "git" "clone" "/workspace/cache/git-repos/https%3A%2F%2Fgithub.com%2Fomkarium%2Fclonehunter" "/workspace/builds/worker-0-tc1/source", kill_on_drop: false }`
[INFO] [stderr] Cloning into '/workspace/builds/worker-0-tc1/source'...
[INFO] [stderr] done.
[INFO] validating manifest of git repo https://github.com/omkarium/clonehunter on toolchain 1.83.0
[INFO] running `Command { std: CARGO_HOME="/workspace/cargo-home" RUSTUP_HOME="/workspace/rustup-home" "/workspace/cargo-home/bin/cargo" "+1.83.0" "metadata" "--manifest-path" "Cargo.toml" "--no-deps", kill_on_drop: false }`
[INFO] removed /workspace/builds/worker-0-tc1/source/.cargo/config.toml
[INFO] started tweaking git repo https://github.com/omkarium/clonehunter
[INFO] finished tweaking git repo https://github.com/omkarium/clonehunter
[INFO] tweaked toml for git repo https://github.com/omkarium/clonehunter written to /workspace/builds/worker-0-tc1/source/Cargo.toml
[INFO] crate git repo https://github.com/omkarium/clonehunter already has a lockfile, it will not be regenerated
[INFO] running `Command { std: CARGO_HOME="/workspace/cargo-home" RUSTUP_HOME="/workspace/rustup-home" "/workspace/cargo-home/bin/cargo" "+1.83.0" "fetch" "--manifest-path" "Cargo.toml", kill_on_drop: false }`
[INFO] [stderr] warning: unused manifest key: package.notices
[INFO] running `Command { std: "docker" "create" "-v" "/var/lib/crater-agent-workspace/builds/worker-0-tc1/target:/opt/rustwide/target:rw,Z" "-v" "/var/lib/crater-agent-workspace/builds/worker-0-tc1/source:/opt/rustwide/workdir:ro,Z" "-v" "/var/lib/crater-agent-workspace/cargo-home:/opt/rustwide/cargo-home:ro,Z" "-v" "/var/lib/crater-agent-workspace/rustup-home:/opt/rustwide/rustup-home:ro,Z" "-e" "SOURCE_DIR=/opt/rustwide/workdir" "-e" "CARGO_TARGET_DIR=/opt/rustwide/target" "-e" "CARGO_HOME=/opt/rustwide/cargo-home" "-e" "RUSTUP_HOME=/opt/rustwide/rustup-home" "-w" "/opt/rustwide/workdir" "-m" "1610612736" "--user" "0:0" "--network" "none" "ghcr.io/rust-lang/crates-build-env/linux@sha256:f3a9d4ad9d972b27faf3965f35b62e55ba32bbce8f20bc8fe909558a86702fde" "/opt/rustwide/cargo-home/bin/cargo" "+1.83.0" "metadata" "--no-deps" "--format-version=1", kill_on_drop: false }`
[INFO] [stdout] 237b29529c3c05f2212fa03e6e4ffbdbd9124aab809fd67711666150815d00fb
[INFO] running `Command { std: "docker" "start" "-a" "237b29529c3c05f2212fa03e6e4ffbdbd9124aab809fd67711666150815d00fb", kill_on_drop: false }`
[INFO] running `Command { std: "docker" "inspect" "237b29529c3c05f2212fa03e6e4ffbdbd9124aab809fd67711666150815d00fb", kill_on_drop: false }`
[INFO] running `Command { std: "docker" "rm" "-f" "237b29529c3c05f2212fa03e6e4ffbdbd9124aab809fd67711666150815d00fb", kill_on_drop: false }`
[INFO] [stdout] 237b29529c3c05f2212fa03e6e4ffbdbd9124aab809fd67711666150815d00fb
[INFO] running `Command { std: "docker" "create" "-v" "/var/lib/crater-agent-workspace/builds/worker-0-tc1/target:/opt/rustwide/target:rw,Z" "-v" "/var/lib/crater-agent-workspace/builds/worker-0-tc1/source:/opt/rustwide/workdir:ro,Z" "-v" "/var/lib/crater-agent-workspace/cargo-home:/opt/rustwide/cargo-home:ro,Z" "-v" "/var/lib/crater-agent-workspace/rustup-home:/opt/rustwide/rustup-home:ro,Z" "-e" "SOURCE_DIR=/opt/rustwide/workdir" "-e" "CARGO_TARGET_DIR=/opt/rustwide/target" "-e" "CARGO_INCREMENTAL=0" "-e" "RUST_BACKTRACE=full" "-e" "RUSTFLAGS=--cap-lints=warn" "-e" "RUSTDOCFLAGS=--cap-lints=warn" "-e" "CARGO_HOME=/opt/rustwide/cargo-home" "-e" "RUSTUP_HOME=/opt/rustwide/rustup-home" "-w" "/opt/rustwide/workdir" "-m" "1610612736" "--user" "0:0" "--network" "none" "ghcr.io/rust-lang/crates-build-env/linux@sha256:f3a9d4ad9d972b27faf3965f35b62e55ba32bbce8f20bc8fe909558a86702fde" "/opt/rustwide/cargo-home/bin/cargo" "+1.83.0" "build" "--frozen" "--message-format=json", kill_on_drop: false }`
[INFO] [stdout] 0877d45423d9f2fc7717425881d5f29b804940859512e09321cbbd7530b0f305
[INFO] running `Command { std: "docker" "start" "-a" "0877d45423d9f2fc7717425881d5f29b804940859512e09321cbbd7530b0f305", kill_on_drop: false }`
[INFO] [stderr] warning: unused manifest key: package.notices
[INFO] [stderr]    Compiling version_check v0.9.4
[INFO] [stderr]    Compiling proc-macro2 v1.0.85
[INFO] [stderr]    Compiling unicode-ident v1.0.12
[INFO] [stderr]    Compiling crossbeam-utils v0.8.20
[INFO] [stderr]    Compiling typenum v1.17.0
[INFO] [stderr]    Compiling autocfg v1.3.0
[INFO] [stderr]    Compiling cfg-if v1.0.0
[INFO] [stderr]    Compiling rayon-core v1.12.1
[INFO] [stderr]    Compiling libc v0.2.155
[INFO] [stderr]    Compiling utf8parse v0.2.1
[INFO] [stderr]    Compiling is_terminal_polyfill v1.70.0
[INFO] [stderr]    Compiling anstyle-query v1.1.0
[INFO] [stderr]    Compiling serde v1.0.203
[INFO] [stderr]    Compiling portable-atomic v1.6.0
[INFO] [stderr]    Compiling anstyle v1.0.7
[INFO] [stderr]    Compiling lazy_static v1.4.0
[INFO] [stderr]    Compiling colorchoice v1.0.1
[INFO] [stderr]    Compiling unicode-width v0.1.13
[INFO] [stderr]    Compiling anstyle-parse v0.2.4
[INFO] [stderr]    Compiling cpufeatures v0.2.12
[INFO] [stderr]    Compiling pin-project-lite v0.2.14
[INFO] [stderr]    Compiling bytes v1.6.0
[INFO] [stderr]    Compiling once_cell v1.19.0
[INFO] [stderr]    Compiling zerocopy v0.7.34
[INFO] [stderr]    Compiling heck v0.5.0
[INFO] [stderr]    Compiling strsim v0.11.1
[INFO] [stderr]    Compiling clap_lex v0.7.0
[INFO] [stderr]    Compiling anstream v0.6.14
[INFO] [stderr]    Compiling serde_json v1.0.117
[INFO] [stderr]    Compiling either v1.12.0
[INFO] [stderr]    Compiling generic-array v0.14.7
[INFO] [stderr]    Compiling ahash v0.8.11
[INFO] [stderr]    Compiling number_prefix v0.4.0
[INFO] [stderr]    Compiling byteorder v1.5.0
[INFO] [stderr]    Compiling num-traits v0.2.19
[INFO] [stderr]    Compiling itoa v1.0.11
[INFO] [stderr]    Compiling clap_builder v4.5.2
[INFO] [stderr]    Compiling tokio v1.38.0
[INFO] [stderr]    Compiling ryu v1.0.18
[INFO] [stderr]    Compiling iana-time-zone v0.1.60
[INFO] [stderr]    Compiling allocator-api2 v0.2.18
[INFO] [stderr]    Compiling hex v0.4.3
[INFO] [stderr]    Compiling fxhash v0.2.1
[INFO] [stderr]    Compiling colored v2.1.0
[INFO] [stderr]    Compiling human_bytes v0.4.3
[INFO] [stderr]    Compiling crossbeam-epoch v0.9.18
[INFO] [stderr]    Compiling crossbeam-channel v0.5.13
[INFO] [stderr]    Compiling crossbeam-queue v0.3.11
[INFO] [stderr]    Compiling md5 v0.7.0
[INFO] [stderr]    Compiling parse-size v1.0.0
[INFO] [stderr]    Compiling quote v1.0.36
[INFO] [stderr]    Compiling console v0.15.8
[INFO] [stderr]    Compiling hashbrown v0.14.5
[INFO] [stderr]    Compiling num-integer v0.1.46
[INFO] [stderr]    Compiling chrono v0.4.38
[INFO] [stderr]    Compiling syn v2.0.66
[INFO] [stderr]    Compiling crossbeam-deque v0.8.5
[INFO] [stderr]    Compiling crossbeam v0.8.4
[INFO] [stderr]    Compiling num-bigint v0.4.5
[INFO] [stderr]    Compiling indicatif v0.17.8
[INFO] [stderr]    Compiling block-buffer v0.10.4
[INFO] [stderr]    Compiling crypto-common v0.1.6
[INFO] [stderr]    Compiling digest v0.10.7
[INFO] [stderr]    Compiling rayon v1.10.0
[INFO] [stderr]    Compiling sha2 v0.10.8
[INFO] [stderr]    Compiling jwalk v0.8.1
[INFO] [stderr]    Compiling serde_derive v1.0.203
[INFO] [stderr]    Compiling clap_derive v4.5.4
[INFO] [stderr]    Compiling async-trait v0.1.80
[INFO] [stderr]    Compiling sha256 v1.5.0
[INFO] [stderr]    Compiling clap v4.5.4
[INFO] [stderr]    Compiling clonehunter v0.4.1 (/opt/rustwide/workdir)
[INFO] [stderr]     Finished `dev` profile [unoptimized + debuginfo] target(s) in 20.54s
[INFO] running `Command { std: "docker" "inspect" "0877d45423d9f2fc7717425881d5f29b804940859512e09321cbbd7530b0f305", kill_on_drop: false }`
[INFO] running `Command { std: "docker" "rm" "-f" "0877d45423d9f2fc7717425881d5f29b804940859512e09321cbbd7530b0f305", kill_on_drop: false }`
[INFO] [stdout] 0877d45423d9f2fc7717425881d5f29b804940859512e09321cbbd7530b0f305
[INFO] running `Command { std: "docker" "create" "-v" "/var/lib/crater-agent-workspace/builds/worker-0-tc1/target:/opt/rustwide/target:rw,Z" "-v" "/var/lib/crater-agent-workspace/builds/worker-0-tc1/source:/opt/rustwide/workdir:ro,Z" "-v" "/var/lib/crater-agent-workspace/cargo-home:/opt/rustwide/cargo-home:ro,Z" "-v" "/var/lib/crater-agent-workspace/rustup-home:/opt/rustwide/rustup-home:ro,Z" "-e" "SOURCE_DIR=/opt/rustwide/workdir" "-e" "CARGO_TARGET_DIR=/opt/rustwide/target" "-e" "CARGO_INCREMENTAL=0" "-e" "RUST_BACKTRACE=full" "-e" "RUSTFLAGS=--cap-lints=warn" "-e" "RUSTDOCFLAGS=--cap-lints=warn" "-e" "CARGO_HOME=/opt/rustwide/cargo-home" "-e" "RUSTUP_HOME=/opt/rustwide/rustup-home" "-w" "/opt/rustwide/workdir" "-m" "1610612736" "--user" "0:0" "--network" "none" "ghcr.io/rust-lang/crates-build-env/linux@sha256:f3a9d4ad9d972b27faf3965f35b62e55ba32bbce8f20bc8fe909558a86702fde" "/opt/rustwide/cargo-home/bin/cargo" "+1.83.0" "test" "--frozen" "--no-run" "--message-format=json", kill_on_drop: false }`
[INFO] [stdout] 154418e73367322d823a9d46ed76aa40061954af98e8a395cbcce5f074355c57
[INFO] running `Command { std: "docker" "start" "-a" "154418e73367322d823a9d46ed76aa40061954af98e8a395cbcce5f074355c57", kill_on_drop: false }`
[INFO] [stderr] warning: unused manifest key: package.notices
[INFO] [stderr]    Compiling clonehunter v0.4.1 (/opt/rustwide/workdir)
[INFO] [stderr]     Finished `test` profile [unoptimized + debuginfo] target(s) in 1.01s
[INFO] running `Command { std: "docker" "inspect" "154418e73367322d823a9d46ed76aa40061954af98e8a395cbcce5f074355c57", kill_on_drop: false }`
[INFO] running `Command { std: "docker" "rm" "-f" "154418e73367322d823a9d46ed76aa40061954af98e8a395cbcce5f074355c57", kill_on_drop: false }`
[INFO] [stdout] 154418e73367322d823a9d46ed76aa40061954af98e8a395cbcce5f074355c57
[INFO] running `Command { std: "docker" "create" "-v" "/var/lib/crater-agent-workspace/builds/worker-0-tc1/target:/opt/rustwide/target:rw,Z" "-v" "/var/lib/crater-agent-workspace/builds/worker-0-tc1/source:/opt/rustwide/workdir:ro,Z" "-v" "/var/lib/crater-agent-workspace/cargo-home:/opt/rustwide/cargo-home:ro,Z" "-v" "/var/lib/crater-agent-workspace/rustup-home:/opt/rustwide/rustup-home:ro,Z" "-e" "SOURCE_DIR=/opt/rustwide/workdir" "-e" "CARGO_TARGET_DIR=/opt/rustwide/target" "-e" "CARGO_INCREMENTAL=0" "-e" "RUST_BACKTRACE=full" "-e" "RUSTFLAGS=--cap-lints=warn" "-e" "RUSTDOCFLAGS=--cap-lints=warn" "-e" "CARGO_HOME=/opt/rustwide/cargo-home" "-e" "RUSTUP_HOME=/opt/rustwide/rustup-home" "-w" "/opt/rustwide/workdir" "-m" "1610612736" "--user" "0:0" "--network" "none" "ghcr.io/rust-lang/crates-build-env/linux@sha256:f3a9d4ad9d972b27faf3965f35b62e55ba32bbce8f20bc8fe909558a86702fde" "/opt/rustwide/cargo-home/bin/cargo" "+1.83.0" "test" "--frozen", kill_on_drop: false }`
[INFO] [stdout] 1364c1ba6be250959e91debe00c638208c6850ff1542623fa363963b4da2a10d
[INFO] running `Command { std: "docker" "start" "-a" "1364c1ba6be250959e91debe00c638208c6850ff1542623fa363963b4da2a10d", kill_on_drop: false }`
[INFO] [stderr] warning: unused manifest key: package.notices
[INFO] [stderr]     Finished `test` profile [unoptimized + debuginfo] target(s) in 0.12s
[INFO] [stderr]      Running unittests src/lib.rs (/opt/rustwide/target/debug/deps/clonehunter-98a1e2d2367ec3a2)
[INFO] [stdout] 
[INFO] [stdout] running 0 tests
[INFO] [stdout] 
[INFO] [stdout] test result: ok. 0 passed; 0 failed; 0 ignored; 0 measured; 0 filtered out; finished in 0.00s
[INFO] [stdout] 
[INFO] [stderr]      Running unittests src/main.rs (/opt/rustwide/target/debug/deps/clonehunter-7c41db6daa48c01c)
[INFO] [stdout] 
[INFO] [stdout] running 0 tests
[INFO] [stdout] 
[INFO] [stdout] test result: ok. 0 passed; 0 failed; 0 ignored; 0 measured; 0 filtered out; finished in 0.00s
[INFO] [stdout] 
[INFO] [stderr]    Doc-tests clonehunter
[INFO] [stdout] 
[INFO] [stdout] running 2 tests
[INFO] [stdout] test src/../README.md - (line 88) ... FAILED
[INFO] [stdout] test src/../README.md - (line 24) ... FAILED
[INFO] [stdout] 
[INFO] [stdout] failures:
[INFO] [stdout] 
[INFO] [stdout] ---- src/../README.md - (line 88) stdout ----
[INFO] [stdout] error: expected one of `!`, `.`, `::`, `;`, `?`, `{`, `}`, or an operator, found `delete`
[INFO] [stdout]  --> src/../README.md:90:13
[INFO] [stdout]   |
[INFO] [stdout] 5 | clonehunter delete -i ../some.json --dry-run
[INFO] [stdout]   |             ^^^^^^ expected one of 8 possible tokens
[INFO] [stdout] 
[INFO] [stdout] error: aborting due to 1 previous error
[INFO] [stdout] 
[INFO] [stdout] Couldn't compile the test.
[INFO] [stdout] ---- src/../README.md - (line 24) stdout ----
[INFO] [stdout] error: expected one of `!`, `.`, `::`, `;`, `?`, `{`, `}`, or an operator, found `hunt`
[INFO] [stdout]  --> src/../README.md:26:13
[INFO] [stdout]   |
[INFO] [stdout] 5 | clonehunter hunt your-folder-path -t 12 -c -v -m 50 -e pdf -s both -o asc -u json -f output-report.json --max "20 MiB"
[INFO] [stdout]   |             ^^^^ expected one of 8 possible tokens
[INFO] [stdout] 
[INFO] [stdout] error: aborting due to 1 previous error
[INFO] [stdout] 
[INFO] [stdout] Couldn't compile the test.
[INFO] [stdout] 
[INFO] [stdout] failures:
[INFO] [stdout]     src/../README.md - (line 24)
[INFO] [stdout]     src/../README.md - (line 88)
[INFO] [stdout] 
[INFO] [stdout] test result: FAILED. 0 passed; 2 failed; 0 ignored; 0 measured; 0 filtered out; finished in 0.10s
[INFO] [stdout] 
[INFO] [stderr] error: doctest failed, to rerun pass `--doc`
[INFO] running `Command { std: "docker" "inspect" "1364c1ba6be250959e91debe00c638208c6850ff1542623fa363963b4da2a10d", kill_on_drop: false }`
[INFO] running `Command { std: "docker" "rm" "-f" "1364c1ba6be250959e91debe00c638208c6850ff1542623fa363963b4da2a10d", kill_on_drop: false }`
[INFO] [stdout] 1364c1ba6be250959e91debe00c638208c6850ff1542623fa363963b4da2a10d
