[INFO] cloning repository https://github.com/omkar-mohanty/torrus
[INFO] running `Command { std: "git" "-c" "credential.helper=" "-c" "credential.helper=/workspace/cargo-home/bin/git-credential-null" "clone" "--bare" "https://github.com/omkar-mohanty/torrus" "/workspace/cache/git-repos/https%3A%2F%2Fgithub.com%2Fomkar-mohanty%2Ftorrus", kill_on_drop: false }`
[INFO] [stderr] Cloning into bare repository '/workspace/cache/git-repos/https%3A%2F%2Fgithub.com%2Fomkar-mohanty%2Ftorrus'...
[INFO] running `Command { std: "git" "rev-parse" "HEAD", kill_on_drop: false }`
[INFO] [stdout] d325a3fd011eb77ff04a74c6ad49cce63a3130df
[INFO] testing omkar-mohanty/torrus against 1.83.0 for beta-1.84.0-4-retry
[INFO] running `Command { std: "git" "clone" "/workspace/cache/git-repos/https%3A%2F%2Fgithub.com%2Fomkar-mohanty%2Ftorrus" "/workspace/builds/worker-0-tc1/source", kill_on_drop: false }`
[INFO] [stderr] Cloning into '/workspace/builds/worker-0-tc1/source'...
[INFO] [stderr] done.
[INFO] validating manifest of git repo https://github.com/omkar-mohanty/torrus on toolchain 1.83.0
[INFO] running `Command { std: CARGO_HOME="/workspace/cargo-home" RUSTUP_HOME="/workspace/rustup-home" "/workspace/cargo-home/bin/cargo" "+1.83.0" "metadata" "--manifest-path" "Cargo.toml" "--no-deps", kill_on_drop: false }`
[INFO] started tweaking git repo https://github.com/omkar-mohanty/torrus
[INFO] finished tweaking git repo https://github.com/omkar-mohanty/torrus
[INFO] tweaked toml for git repo https://github.com/omkar-mohanty/torrus written to /workspace/builds/worker-0-tc1/source/Cargo.toml
[INFO] crate git repo https://github.com/omkar-mohanty/torrus already has a lockfile, it will not be regenerated
[INFO] running `Command { std: CARGO_HOME="/workspace/cargo-home" RUSTUP_HOME="/workspace/rustup-home" "/workspace/cargo-home/bin/cargo" "+1.83.0" "fetch" "--manifest-path" "Cargo.toml", kill_on_drop: false }`
[INFO] [stderr]     Blocking waiting for file lock on package cache
[INFO] [stderr]     Blocking waiting for file lock on package cache
[INFO] [stderr]  Downloading crates ...
[INFO] [stderr]   Downloaded openssl-sys v0.9.98
[INFO] [stderr]   Downloaded openssl v0.10.62
[INFO] [stderr]   Downloaded reqwest v0.11.23
[INFO] running `Command { std: "docker" "create" "-v" "/var/lib/crater-agent-workspace/builds/worker-0-tc1/target:/opt/rustwide/target:rw,Z" "-v" "/var/lib/crater-agent-workspace/builds/worker-0-tc1/source:/opt/rustwide/workdir:ro,Z" "-v" "/var/lib/crater-agent-workspace/cargo-home:/opt/rustwide/cargo-home:ro,Z" "-v" "/var/lib/crater-agent-workspace/rustup-home:/opt/rustwide/rustup-home:ro,Z" "-e" "SOURCE_DIR=/opt/rustwide/workdir" "-e" "CARGO_TARGET_DIR=/opt/rustwide/target" "-e" "CARGO_HOME=/opt/rustwide/cargo-home" "-e" "RUSTUP_HOME=/opt/rustwide/rustup-home" "-w" "/opt/rustwide/workdir" "-m" "1610612736" "--user" "0:0" "--network" "none" "ghcr.io/rust-lang/crates-build-env/linux@sha256:f3a9d4ad9d972b27faf3965f35b62e55ba32bbce8f20bc8fe909558a86702fde" "/opt/rustwide/cargo-home/bin/cargo" "+1.83.0" "metadata" "--no-deps" "--format-version=1", kill_on_drop: false }`
[INFO] [stdout] b9c69afdff6747844dd154bb737a78b8403f01186ab11a1f842fcb89e39c10b7
[INFO] running `Command { std: "docker" "start" "-a" "b9c69afdff6747844dd154bb737a78b8403f01186ab11a1f842fcb89e39c10b7", kill_on_drop: false }`
[INFO] running `Command { std: "docker" "inspect" "b9c69afdff6747844dd154bb737a78b8403f01186ab11a1f842fcb89e39c10b7", kill_on_drop: false }`
[INFO] running `Command { std: "docker" "rm" "-f" "b9c69afdff6747844dd154bb737a78b8403f01186ab11a1f842fcb89e39c10b7", kill_on_drop: false }`
[INFO] [stdout] b9c69afdff6747844dd154bb737a78b8403f01186ab11a1f842fcb89e39c10b7
[INFO] running `Command { std: "docker" "create" "-v" "/var/lib/crater-agent-workspace/builds/worker-0-tc1/target:/opt/rustwide/target:rw,Z" "-v" "/var/lib/crater-agent-workspace/builds/worker-0-tc1/source:/opt/rustwide/workdir:ro,Z" "-v" "/var/lib/crater-agent-workspace/cargo-home:/opt/rustwide/cargo-home:ro,Z" "-v" "/var/lib/crater-agent-workspace/rustup-home:/opt/rustwide/rustup-home:ro,Z" "-e" "SOURCE_DIR=/opt/rustwide/workdir" "-e" "CARGO_TARGET_DIR=/opt/rustwide/target" "-e" "CARGO_INCREMENTAL=0" "-e" "RUST_BACKTRACE=full" "-e" "RUSTFLAGS=--cap-lints=warn" "-e" "RUSTDOCFLAGS=--cap-lints=warn" "-e" "CARGO_HOME=/opt/rustwide/cargo-home" "-e" "RUSTUP_HOME=/opt/rustwide/rustup-home" "-w" "/opt/rustwide/workdir" "-m" "1610612736" "--user" "0:0" "--network" "none" "ghcr.io/rust-lang/crates-build-env/linux@sha256:f3a9d4ad9d972b27faf3965f35b62e55ba32bbce8f20bc8fe909558a86702fde" "/opt/rustwide/cargo-home/bin/cargo" "+1.83.0" "build" "--frozen" "--message-format=json", kill_on_drop: false }`
[INFO] [stdout] 1ff4e6df54b446d02f38006bf490bc47330b0b86a771768caf22d0e76d299100
[INFO] running `Command { std: "docker" "start" "-a" "1ff4e6df54b446d02f38006bf490bc47330b0b86a771768caf22d0e76d299100", kill_on_drop: false }`
[INFO] [stderr]    Compiling proc-macro2 v1.0.76
[INFO] [stderr]    Compiling libc v0.2.151
[INFO] [stderr]    Compiling pkg-config v0.3.28
[INFO] [stderr]    Compiling serde v1.0.195
[INFO] [stderr]    Compiling bytes v1.5.0
[INFO] [stderr]    Compiling tracing-core v0.1.32
[INFO] [stderr]    Compiling openssl v0.10.62
[INFO] [stderr]    Compiling futures-task v0.3.30
[INFO] [stderr]    Compiling bitflags v2.4.1
[INFO] [stderr]    Compiling mio v0.8.10
[INFO] [stderr]    Compiling socket2 v0.5.5
[INFO] [stderr]    Compiling crypto-common v0.1.6
[INFO] [stderr]    Compiling indexmap v2.1.0
[INFO] [stderr]    Compiling block-buffer v0.10.4
[INFO] [stderr]    Compiling anyhow v1.0.79
[INFO] [stderr]    Compiling log v0.4.20
[INFO] [stderr]    Compiling futures-util v0.3.30
[INFO] [stderr]    Compiling digest v0.10.7
[INFO] [stderr]    Compiling unicode-normalization v0.1.22
[INFO] [stderr]    Compiling futures-channel v0.3.30
[INFO] [stderr]    Compiling cpufeatures v0.2.12
[INFO] [stderr]    Compiling unicode-bidi v0.3.14
[INFO] [stderr]    Compiling ryu v1.0.16
[INFO] [stderr]    Compiling http v0.2.11
[INFO] [stderr]    Compiling sha1 v0.10.6
[INFO] [stderr]    Compiling hex v0.4.3
[INFO] [stderr]    Compiling encoding_rs v0.8.33
[INFO] [stderr]    Compiling tokio v1.35.1
[INFO] [stderr]    Compiling base64 v0.21.5
[INFO] [stderr]    Compiling byteorder v1.5.0
[INFO] [stderr]    Compiling tracing v0.1.40
[INFO] [stderr]    Compiling idna v0.5.0
[INFO] [stderr]    Compiling cc v1.0.83
[INFO] [stderr]    Compiling quote v1.0.35
[INFO] [stderr]    Compiling http-body v0.4.6
[INFO] [stderr]    Compiling syn v2.0.48
[INFO] [stderr]    Compiling openssl-sys v0.9.98
[INFO] [stderr]    Compiling native-tls v0.2.11
[INFO] [stderr]    Compiling serde_derive v1.0.195
[INFO] [stderr]    Compiling openssl-macros v0.1.1
[INFO] [stderr]    Compiling tokio-util v0.7.10
[INFO] [stderr]    Compiling h2 v0.3.22
[INFO] [stderr]    Compiling hyper v0.14.28
[INFO] [stderr]    Compiling tokio-native-tls v0.3.1
[INFO] [stderr]    Compiling serde_bytes v0.11.14
[INFO] [stderr]    Compiling url v2.5.0
[INFO] [stderr]    Compiling serde_urlencoded v0.7.1
[INFO] [stderr]    Compiling hyper-tls v0.5.0
[INFO] [stderr]    Compiling serde_bencode v0.2.4
[INFO] [stderr]    Compiling torrus_core v0.1.0 (/opt/rustwide/workdir/torrus_core)
[INFO] [stdout] warning: unused import: `Sha1Hash`
[INFO] [stdout]  --> torrus_core/src/peer.rs:1:22
[INFO] [stdout]   |
[INFO] [stdout] 1 | use crate::prelude::{Sha1Hash, ID};
[INFO] [stdout]   |                      ^^^^^^^^
[INFO] [stdout]   |
[INFO] [stdout]   = note: `#[warn(unused_imports)]` on by default
[INFO] [stdout] 
[INFO] [stdout] 
[INFO] [stdout] warning: fields `0` and `1` are never read
[INFO] [stdout]   --> torrus_core/src/metainfo.rs:10:17
[INFO] [stdout]    |
[INFO] [stdout] 10 | pub struct Node(String, i64);
[INFO] [stdout]    |            ---- ^^^^^^  ^^^
[INFO] [stdout]    |            |
[INFO] [stdout]    |            fields in this struct
[INFO] [stdout]    |
[INFO] [stdout]    = help: consider removing these fields
[INFO] [stdout]    = note: `Node` has a derived impl for the trait `Debug`, but this is intentionally ignored during dead code analysis
[INFO] [stdout]    = note: `#[warn(dead_code)]` on by default
[INFO] [stdout] 
[INFO] [stdout] 
[INFO] [stderr]    Compiling torrus_storage v0.1.0 (/opt/rustwide/workdir/torrus_storage)
[INFO] [stderr]    Compiling reqwest v0.11.23
[INFO] [stderr]    Compiling torrus_tracker v0.1.0 (/opt/rustwide/workdir/torrus_tracker)
[INFO] [stdout] warning: field `url` is never read
[INFO] [stdout]  --> torrus_tracker/src/tracker/udp.rs:6:5
[INFO] [stdout]   |
[INFO] [stdout] 5 | pub struct UdpTracker {
[INFO] [stdout]   |            ---------- field in this struct
[INFO] [stdout] 6 |     url: Url,
[INFO] [stdout]   |     ^^^
[INFO] [stdout]   |
[INFO] [stdout]   = note: `#[warn(dead_code)]` on by default
[INFO] [stdout] 
[INFO] [stdout] 
[INFO] [stderr]    Compiling torrus_engine v0.1.0 (/opt/rustwide/workdir/torrus_engine)
[INFO] [stdout] warning: unused imports: `ChokeStatus` and `IntrestStatus`
[INFO] [stdout]  --> torrus_engine/src/peer.rs:1:28
[INFO] [stdout]   |
[INFO] [stdout] 1 | use torrus_core::prelude::{ChokeStatus, IntrestStatus, PeerInfo, PeerState, Sha1Hash, ID};
[INFO] [stdout]   |                            ^^^^^^^^^^^  ^^^^^^^^^^^^^
[INFO] [stdout]   |
[INFO] [stdout]   = note: `#[warn(unused_imports)]` on by default
[INFO] [stdout] 
[INFO] [stdout] 
[INFO] [stdout] warning: fields `commands`, `torrents`, and `engine_thread` are never read
[INFO] [stdout]   --> torrus_engine/src/engine.rs:14:5
[INFO] [stdout]    |
[INFO] [stdout] 13 | pub struct Engine {
[INFO] [stdout]    |            ------ fields in this struct
[INFO] [stdout] 14 |     commands: Vec<Box<dyn Command<(), (), Output = ()>>>,
[INFO] [stdout]    |     ^^^^^^^^
[INFO] [stdout] 15 |     torrents: HashSet<ID, TorrentEntry>,
[INFO] [stdout]    |     ^^^^^^^^
[INFO] [stdout] 16 |     engine_thread: Option<JoinHandle<()>>,
[INFO] [stdout]    |     ^^^^^^^^^^^^^
[INFO] [stdout]    |
[INFO] [stdout]    = note: `#[warn(dead_code)]` on by default
[INFO] [stdout] 
[INFO] [stdout] 
[INFO] [stderr]    Compiling torrus_app v0.1.0 (/opt/rustwide/workdir/torrus_app)
[INFO] [stdout] warning: fields `metainfo`, `info_hash`, `peers`, and `trackers` are never read
[INFO] [stdout]   --> torrus_engine/src/engine.rs:20:5
[INFO] [stdout]    |
[INFO] [stdout] 19 | pub struct TorrentEntry {
[INFO] [stdout]    |            ------------ fields in this struct
[INFO] [stdout] 20 |     metainfo: Metainfo,
[INFO] [stdout]    |     ^^^^^^^^
[INFO] [stdout] 21 |     info_hash: ID,
[INFO] [stdout]    |     ^^^^^^^^^
[INFO] [stdout] 22 |     peers: HashSet<ID, Peer>,
[INFO] [stdout]    |     ^^^^^
[INFO] [stdout] 23 |     trackers: Vec<Tracker>,
[INFO] [stdout]    |     ^^^^^^^^
[INFO] [stdout] 
[INFO] [stdout] 
[INFO] [stdout] warning: field `state` is never read
[INFO] [stdout]  --> torrus_engine/src/peer.rs:5:16
[INFO] [stdout]   |
[INFO] [stdout] 3 | pub struct Peer {
[INFO] [stdout]   |            ---- field in this struct
[INFO] [stdout] 4 |     pub(crate) peer_info: PeerInfo,
[INFO] [stdout] 5 |     pub(crate) state: PeerState,
[INFO] [stdout]   |                ^^^^^
[INFO] [stdout] 
[INFO] [stdout] 
[INFO] [stdout] warning: associated function `new` is never used
[INFO] [stdout]  --> torrus_engine/src/peer.rs:9:12
[INFO] [stdout]   |
[INFO] [stdout] 8 | impl Peer {
[INFO] [stdout]   | --------- associated function in this implementation
[INFO] [stdout] 9 |     pub fn new(peer_info: PeerInfo) -> Self {
[INFO] [stdout]   |            ^^^
[INFO] [stdout] 
[INFO] [stdout] 
[INFO] [stderr]     Finished `dev` profile [unoptimized + debuginfo] target(s) in 25.32s
[INFO] running `Command { std: "docker" "inspect" "1ff4e6df54b446d02f38006bf490bc47330b0b86a771768caf22d0e76d299100", kill_on_drop: false }`
[INFO] running `Command { std: "docker" "rm" "-f" "1ff4e6df54b446d02f38006bf490bc47330b0b86a771768caf22d0e76d299100", kill_on_drop: false }`
[INFO] [stdout] 1ff4e6df54b446d02f38006bf490bc47330b0b86a771768caf22d0e76d299100
[INFO] running `Command { std: "docker" "create" "-v" "/var/lib/crater-agent-workspace/builds/worker-0-tc1/target:/opt/rustwide/target:rw,Z" "-v" "/var/lib/crater-agent-workspace/builds/worker-0-tc1/source:/opt/rustwide/workdir:ro,Z" "-v" "/var/lib/crater-agent-workspace/cargo-home:/opt/rustwide/cargo-home:ro,Z" "-v" "/var/lib/crater-agent-workspace/rustup-home:/opt/rustwide/rustup-home:ro,Z" "-e" "SOURCE_DIR=/opt/rustwide/workdir" "-e" "CARGO_TARGET_DIR=/opt/rustwide/target" "-e" "CARGO_INCREMENTAL=0" "-e" "RUST_BACKTRACE=full" "-e" "RUSTFLAGS=--cap-lints=warn" "-e" "RUSTDOCFLAGS=--cap-lints=warn" "-e" "CARGO_HOME=/opt/rustwide/cargo-home" "-e" "RUSTUP_HOME=/opt/rustwide/rustup-home" "-w" "/opt/rustwide/workdir" "-m" "1610612736" "--user" "0:0" "--network" "none" "ghcr.io/rust-lang/crates-build-env/linux@sha256:f3a9d4ad9d972b27faf3965f35b62e55ba32bbce8f20bc8fe909558a86702fde" "/opt/rustwide/cargo-home/bin/cargo" "+1.83.0" "test" "--frozen" "--no-run" "--message-format=json", kill_on_drop: false }`
[INFO] [stdout] f89eafb6d7873649a85be286d8302754a08cbd73546bb5e8802806662c339471
[INFO] running `Command { std: "docker" "start" "-a" "f89eafb6d7873649a85be286d8302754a08cbd73546bb5e8802806662c339471", kill_on_drop: false }`
[INFO] [stderr]    Compiling smallvec v1.11.2
[INFO] [stderr]    Compiling lock_api v0.4.11
[INFO] [stderr]    Compiling num_cpus v1.16.0
[INFO] [stderr]    Compiling signal-hook-registry v1.4.1
[INFO] [stderr]    Compiling tokio-macros v2.2.0
[INFO] [stderr]    Compiling torrus_core v0.1.0 (/opt/rustwide/workdir/torrus_core)
[INFO] [stderr]    Compiling torrus_storage v0.1.0 (/opt/rustwide/workdir/torrus_storage)
[INFO] [stdout] warning: unused import: `Sha1Hash`
[INFO] [stdout]  --> torrus_core/src/peer.rs:1:22
[INFO] [stdout]   |
[INFO] [stdout] 1 | use crate::prelude::{Sha1Hash, ID};
[INFO] [stdout]   |                      ^^^^^^^^
[INFO] [stdout]   |
[INFO] [stdout]   = note: `#[warn(unused_imports)]` on by default
[INFO] [stdout] 
[INFO] [stdout] 
[INFO] [stdout] warning: fields `0` and `1` are never read
[INFO] [stdout]   --> torrus_core/src/metainfo.rs:10:17
[INFO] [stdout]    |
[INFO] [stdout] 10 | pub struct Node(String, i64);
[INFO] [stdout]    |            ---- ^^^^^^  ^^^
[INFO] [stdout]    |            |
[INFO] [stdout]    |            fields in this struct
[INFO] [stdout]    |
[INFO] [stdout]    = help: consider removing these fields
[INFO] [stdout]    = note: `Node` has a derived impl for the trait `Debug`, but this is intentionally ignored during dead code analysis
[INFO] [stdout]    = note: `#[warn(dead_code)]` on by default
[INFO] [stdout] 
[INFO] [stdout] 
[INFO] [stdout] warning: unused import: `Sha1Hash`
[INFO] [stdout]  --> torrus_core/src/peer.rs:1:22
[INFO] [stdout]   |
[INFO] [stdout] 1 | use crate::prelude::{Sha1Hash, ID};
[INFO] [stdout]   |                      ^^^^^^^^
[INFO] [stdout]   |
[INFO] [stdout]   = note: `#[warn(unused_imports)]` on by default
[INFO] [stdout] 
[INFO] [stdout] 
[INFO] [stderr]    Compiling parking_lot_core v0.9.9
[INFO] [stdout] warning: fields `0` and `1` are never read
[INFO] [stdout]   --> torrus_core/src/metainfo.rs:10:17
[INFO] [stdout]    |
[INFO] [stdout] 10 | pub struct Node(String, i64);
[INFO] [stdout]    |            ---- ^^^^^^  ^^^
[INFO] [stdout]    |            |
[INFO] [stdout]    |            fields in this struct
[INFO] [stdout]    |
[INFO] [stdout]    = help: consider removing these fields
[INFO] [stdout]    = note: `Node` has a derived impl for the trait `Debug`, but this is intentionally ignored during dead code analysis
[INFO] [stdout]    = note: `#[warn(dead_code)]` on by default
[INFO] [stdout] 
[INFO] [stdout] 
[INFO] [stderr]    Compiling parking_lot v0.12.1
[INFO] [stderr]    Compiling tokio v1.35.1
[INFO] [stderr]    Compiling tokio-util v0.7.10
[INFO] [stderr]    Compiling tokio-native-tls v0.3.1
[INFO] [stderr]    Compiling h2 v0.3.22
[INFO] [stderr]    Compiling hyper v0.14.28
[INFO] [stderr]    Compiling hyper-tls v0.5.0
[INFO] [stderr]    Compiling reqwest v0.11.23
[INFO] [stderr]    Compiling torrus_tracker v0.1.0 (/opt/rustwide/workdir/torrus_tracker)
[INFO] [stdout] warning: field `url` is never read
[INFO] [stdout]  --> torrus_tracker/src/tracker/udp.rs:6:5
[INFO] [stdout]   |
[INFO] [stdout] 5 | pub struct UdpTracker {
[INFO] [stdout]   |            ---------- field in this struct
[INFO] [stdout] 6 |     url: Url,
[INFO] [stdout]   |     ^^^
[INFO] [stdout]   |
[INFO] [stdout]   = note: `#[warn(dead_code)]` on by default
[INFO] [stdout] 
[INFO] [stdout] 
[INFO] [stderr]    Compiling torrus_engine v0.1.0 (/opt/rustwide/workdir/torrus_engine)
[INFO] [stdout] warning: unused imports: `ChokeStatus` and `IntrestStatus`
[INFO] [stdout]  --> torrus_engine/src/peer.rs:1:28
[INFO] [stdout]   |
[INFO] [stdout] 1 | use torrus_core::prelude::{ChokeStatus, IntrestStatus, PeerInfo, PeerState, Sha1Hash, ID};
[INFO] [stdout]   |                            ^^^^^^^^^^^  ^^^^^^^^^^^^^
[INFO] [stdout]   |
[INFO] [stdout]   = note: `#[warn(unused_imports)]` on by default
[INFO] [stdout] 
[INFO] [stdout] 
[INFO] [stdout] warning: fields `commands`, `torrents`, and `engine_thread` are never read
[INFO] [stdout]   --> torrus_engine/src/engine.rs:14:5
[INFO] [stdout]    |
[INFO] [stdout] 13 | pub struct Engine {
[INFO] [stdout]    |            ------ fields in this struct
[INFO] [stdout] 14 |     commands: Vec<Box<dyn Command<(), (), Output = ()>>>,
[INFO] [stdout]    |     ^^^^^^^^
[INFO] [stdout] 15 |     torrents: HashSet<ID, TorrentEntry>,
[INFO] [stdout]    |     ^^^^^^^^
[INFO] [stdout] 16 |     engine_thread: Option<JoinHandle<()>>,
[INFO] [stdout]    |     ^^^^^^^^^^^^^
[INFO] [stdout]    |
[INFO] [stdout]    = note: `#[warn(dead_code)]` on by default
[INFO] [stdout] 
[INFO] [stdout] 
[INFO] [stdout] warning: fields `metainfo`, `info_hash`, `peers`, and `trackers` are never read
[INFO] [stdout]   --> torrus_engine/src/engine.rs:20:5
[INFO] [stdout]    |
[INFO] [stdout] 19 | pub struct TorrentEntry {
[INFO] [stdout]    |            ------------ fields in this struct
[INFO] [stdout] 20 |     metainfo: Metainfo,
[INFO] [stdout]    |     ^^^^^^^^
[INFO] [stdout] 21 |     info_hash: ID,
[INFO] [stdout]    |     ^^^^^^^^^
[INFO] [stdout] 22 |     peers: HashSet<ID, Peer>,
[INFO] [stdout]    |     ^^^^^
[INFO] [stdout] 23 |     trackers: Vec<Tracker>,
[INFO] [stdout]    |     ^^^^^^^^
[INFO] [stdout] 
[INFO] [stdout] 
[INFO] [stdout] warning: field `state` is never read
[INFO] [stdout]  --> torrus_engine/src/peer.rs:5:16
[INFO] [stdout]   |
[INFO] [stdout] 3 | pub struct Peer {
[INFO] [stdout]   |            ---- field in this struct
[INFO] [stdout] 4 |     pub(crate) peer_info: PeerInfo,
[INFO] [stdout] 5 |     pub(crate) state: PeerState,
[INFO] [stdout]   |                ^^^^^
[INFO] [stdout] 
[INFO] [stdout] 
[INFO] [stdout] warning: associated function `new` is never used
[INFO] [stdout]  --> torrus_engine/src/peer.rs:9:12
[INFO] [stdout]   |
[INFO] [stdout] 8 | impl Peer {
[INFO] [stdout]   | --------- associated function in this implementation
[INFO] [stdout] 9 |     pub fn new(peer_info: PeerInfo) -> Self {
[INFO] [stdout]   |            ^^^
[INFO] [stdout] 
[INFO] [stdout] 
[INFO] [stderr]    Compiling torrus_app v0.1.0 (/opt/rustwide/workdir/torrus_app)
[INFO] [stdout] warning: unused imports: `ChokeStatus` and `IntrestStatus`
[INFO] [stdout]  --> torrus_engine/src/peer.rs:1:28
[INFO] [stdout]   |
[INFO] [stdout] 1 | use torrus_core::prelude::{ChokeStatus, IntrestStatus, PeerInfo, PeerState, Sha1Hash, ID};
[INFO] [stdout]   |                            ^^^^^^^^^^^  ^^^^^^^^^^^^^
[INFO] [stdout]   |
[INFO] [stdout]   = note: `#[warn(unused_imports)]` on by default
[INFO] [stdout] 
[INFO] [stdout] 
[INFO] [stdout] warning: fields `commands`, `torrents`, and `engine_thread` are never read
[INFO] [stdout]   --> torrus_engine/src/engine.rs:14:5
[INFO] [stdout]    |
[INFO] [stdout] 13 | pub struct Engine {
[INFO] [stdout]    |            ------ fields in this struct
[INFO] [stdout] 14 |     commands: Vec<Box<dyn Command<(), (), Output = ()>>>,
[INFO] [stdout]    |     ^^^^^^^^
[INFO] [stdout] 15 |     torrents: HashSet<ID, TorrentEntry>,
[INFO] [stdout]    |     ^^^^^^^^
[INFO] [stdout] 16 |     engine_thread: Option<JoinHandle<()>>,
[INFO] [stdout]    |     ^^^^^^^^^^^^^
[INFO] [stdout]    |
[INFO] [stdout]    = note: `#[warn(dead_code)]` on by default
[INFO] [stdout] 
[INFO] [stdout] 
[INFO] [stdout] warning: fields `metainfo`, `info_hash`, `peers`, and `trackers` are never read
[INFO] [stdout]   --> torrus_engine/src/engine.rs:20:5
[INFO] [stdout]    |
[INFO] [stdout] 19 | pub struct TorrentEntry {
[INFO] [stdout]    |            ------------ fields in this struct
[INFO] [stdout] 20 |     metainfo: Metainfo,
[INFO] [stdout]    |     ^^^^^^^^
[INFO] [stdout] 21 |     info_hash: ID,
[INFO] [stdout]    |     ^^^^^^^^^
[INFO] [stdout] 22 |     peers: HashSet<ID, Peer>,
[INFO] [stdout]    |     ^^^^^
[INFO] [stdout] 23 |     trackers: Vec<Tracker>,
[INFO] [stdout]    |     ^^^^^^^^
[INFO] [stdout] 
[INFO] [stdout] 
[INFO] [stdout] warning: field `state` is never read
[INFO] [stdout]  --> torrus_engine/src/peer.rs:5:16
[INFO] [stdout]   |
[INFO] [stdout] 3 | pub struct Peer {
[INFO] [stdout]   |            ---- field in this struct
[INFO] [stdout] 4 |     pub(crate) peer_info: PeerInfo,
[INFO] [stdout] 5 |     pub(crate) state: PeerState,
[INFO] [stdout]   |                ^^^^^
[INFO] [stdout] 
[INFO] [stdout] 
[INFO] [stdout] warning: associated function `new` is never used
[INFO] [stdout]  --> torrus_engine/src/peer.rs:9:12
[INFO] [stdout]   |
[INFO] [stdout] 8 | impl Peer {
[INFO] [stdout]   | --------- associated function in this implementation
[INFO] [stdout] 9 |     pub fn new(peer_info: PeerInfo) -> Self {
[INFO] [stdout]   |            ^^^
[INFO] [stdout] 
[INFO] [stdout] 
[INFO] [stdout] warning: field `url` is never read
[INFO] [stdout]  --> torrus_tracker/src/tracker/udp.rs:6:5
[INFO] [stdout]   |
[INFO] [stdout] 5 | pub struct UdpTracker {
[INFO] [stdout]   |            ---------- field in this struct
[INFO] [stdout] 6 |     url: Url,
[INFO] [stdout]   |     ^^^
[INFO] [stdout]   |
[INFO] [stdout]   = note: `#[warn(dead_code)]` on by default
[INFO] [stdout] 
[INFO] [stdout] 
[INFO] [stderr]     Finished `test` profile [unoptimized + debuginfo] target(s) in 23.21s
[INFO] running `Command { std: "docker" "inspect" "f89eafb6d7873649a85be286d8302754a08cbd73546bb5e8802806662c339471", kill_on_drop: false }`
[INFO] running `Command { std: "docker" "rm" "-f" "f89eafb6d7873649a85be286d8302754a08cbd73546bb5e8802806662c339471", kill_on_drop: false }`
[INFO] [stdout] f89eafb6d7873649a85be286d8302754a08cbd73546bb5e8802806662c339471
[INFO] running `Command { std: "docker" "create" "-v" "/var/lib/crater-agent-workspace/builds/worker-0-tc1/target:/opt/rustwide/target:rw,Z" "-v" "/var/lib/crater-agent-workspace/builds/worker-0-tc1/source:/opt/rustwide/workdir:ro,Z" "-v" "/var/lib/crater-agent-workspace/cargo-home:/opt/rustwide/cargo-home:ro,Z" "-v" "/var/lib/crater-agent-workspace/rustup-home:/opt/rustwide/rustup-home:ro,Z" "-e" "SOURCE_DIR=/opt/rustwide/workdir" "-e" "CARGO_TARGET_DIR=/opt/rustwide/target" "-e" "CARGO_INCREMENTAL=0" "-e" "RUST_BACKTRACE=full" "-e" "RUSTFLAGS=--cap-lints=warn" "-e" "RUSTDOCFLAGS=--cap-lints=warn" "-e" "CARGO_HOME=/opt/rustwide/cargo-home" "-e" "RUSTUP_HOME=/opt/rustwide/rustup-home" "-w" "/opt/rustwide/workdir" "-m" "1610612736" "--user" "0:0" "--network" "none" "ghcr.io/rust-lang/crates-build-env/linux@sha256:f3a9d4ad9d972b27faf3965f35b62e55ba32bbce8f20bc8fe909558a86702fde" "/opt/rustwide/cargo-home/bin/cargo" "+1.83.0" "test" "--frozen", kill_on_drop: false }`
[INFO] [stdout] ea5a38efe5b32bfb5d59527535b7751b7e9f6770c6999b090e7af0a84dad667a
[INFO] running `Command { std: "docker" "start" "-a" "ea5a38efe5b32bfb5d59527535b7751b7e9f6770c6999b090e7af0a84dad667a", kill_on_drop: false }`
[INFO] [stderr] warning: unused import: `Sha1Hash`
[INFO] [stderr]  --> torrus_core/src/peer.rs:1:22
[INFO] [stderr]   |
[INFO] [stderr] 1 | use crate::prelude::{Sha1Hash, ID};
[INFO] [stderr]   |                      ^^^^^^^^
[INFO] [stderr]   |
[INFO] [stderr]   = note: `#[warn(unused_imports)]` on by default
[INFO] [stderr] 
[INFO] [stderr] warning: fields `0` and `1` are never read
[INFO] [stderr]   --> torrus_core/src/metainfo.rs:10:17
[INFO] [stderr]    |
[INFO] [stderr] 10 | pub struct Node(String, i64);
[INFO] [stderr]    |            ---- ^^^^^^  ^^^
[INFO] [stderr]    |            |
[INFO] [stderr]    |            fields in this struct
[INFO] [stderr]    |
[INFO] [stderr]    = help: consider removing these fields
[INFO] [stderr]    = note: `Node` has a derived impl for the trait `Debug`, but this is intentionally ignored during dead code analysis
[INFO] [stderr]    = note: `#[warn(dead_code)]` on by default
[INFO] [stderr] 
[INFO] [stderr] warning: `torrus_core` (lib) generated 2 warnings (run `cargo fix --lib -p torrus_core` to apply 1 suggestion)
[INFO] [stderr] warning: `torrus_core` (lib test) generated 2 warnings (2 duplicates)
[INFO] [stderr] warning: field `url` is never read
[INFO] [stderr]  --> torrus_tracker/src/tracker/udp.rs:6:5
[INFO] [stderr]   |
[INFO] [stderr] 5 | pub struct UdpTracker {
[INFO] [stderr]   |            ---------- field in this struct
[INFO] [stderr] 6 |     url: Url,
[INFO] [stderr]   |     ^^^
[INFO] [stderr]   |
[INFO] [stderr]   = note: `#[warn(dead_code)]` on by default
[INFO] [stderr] 
[INFO] [stderr] warning: `torrus_tracker` (lib) generated 1 warning
[INFO] [stderr] warning: `torrus_tracker` (lib test) generated 1 warning (1 duplicate)
[INFO] [stderr] warning: unused imports: `ChokeStatus` and `IntrestStatus`
[INFO] [stderr]  --> torrus_engine/src/peer.rs:1:28
[INFO] [stderr]   |
[INFO] [stderr] 1 | use torrus_core::prelude::{ChokeStatus, IntrestStatus, PeerInfo, PeerState, Sha1Hash, ID};
[INFO] [stderr]   |                            ^^^^^^^^^^^  ^^^^^^^^^^^^^
[INFO] [stderr]   |
[INFO] [stderr]   = note: `#[warn(unused_imports)]` on by default
[INFO] [stderr] 
[INFO] [stderr] warning: fields `commands`, `torrents`, and `engine_thread` are never read
[INFO] [stderr]   --> torrus_engine/src/engine.rs:14:5
[INFO] [stderr]    |
[INFO] [stderr] 13 | pub struct Engine {
[INFO] [stderr]    |            ------ fields in this struct
[INFO] [stderr] 14 |     commands: Vec<Box<dyn Command<(), (), Output = ()>>>,
[INFO] [stderr]    |     ^^^^^^^^
[INFO] [stderr] 15 |     torrents: HashSet<ID, TorrentEntry>,
[INFO] [stderr]    |     ^^^^^^^^
[INFO] [stderr] 16 |     engine_thread: Option<JoinHandle<()>>,
[INFO] [stderr]    |     ^^^^^^^^^^^^^
[INFO] [stderr]    |
[INFO] [stderr]    = note: `#[warn(dead_code)]` on by default
[INFO] [stderr] 
[INFO] [stderr] warning: fields `metainfo`, `info_hash`, `peers`, and `trackers` are never read
[INFO] [stderr]   --> torrus_engine/src/engine.rs:20:5
[INFO] [stderr]    |
[INFO] [stderr] 19 | pub struct TorrentEntry {
[INFO] [stderr]    |            ------------ fields in this struct
[INFO] [stderr] 20 |     metainfo: Metainfo,
[INFO] [stderr]    |     ^^^^^^^^
[INFO] [stderr] 21 |     info_hash: ID,
[INFO] [stderr]    |     ^^^^^^^^^
[INFO] [stderr] 22 |     peers: HashSet<ID, Peer>,
[INFO] [stderr]    |     ^^^^^
[INFO] [stderr] 23 |     trackers: Vec<Tracker>,
[INFO] [stderr]    |     ^^^^^^^^
[INFO] [stderr] 
[INFO] [stderr] warning: field `state` is never read
[INFO] [stderr]  --> torrus_engine/src/peer.rs:5:16
[INFO] [stderr]   |
[INFO] [stderr] 3 | pub struct Peer {
[INFO] [stderr]   |            ---- field in this struct
[INFO] [stderr] 4 |     pub(crate) peer_info: PeerInfo,
[INFO] [stderr] 5 |     pub(crate) state: PeerState,
[INFO] [stderr]   |                ^^^^^
[INFO] [stderr] 
[INFO] [stderr] warning: associated function `new` is never used
[INFO] [stderr]  --> torrus_engine/src/peer.rs:9:12
[INFO] [stderr]   |
[INFO] [stderr] 8 | impl Peer {
[INFO] [stderr]   | --------- associated function in this implementation
[INFO] [stderr] 9 |     pub fn new(peer_info: PeerInfo) -> Self {
[INFO] [stderr]   |            ^^^
[INFO] [stderr] 
[INFO] [stderr] warning: `torrus_engine` (lib) generated 5 warnings (run `cargo fix --lib -p torrus_engine` to apply 1 suggestion)
[INFO] [stderr] warning: `torrus_engine` (lib test) generated 5 warnings (5 duplicates)
[INFO] [stderr]     Finished `test` profile [unoptimized + debuginfo] target(s) in 0.29s
[INFO] [stderr]      Running unittests src/lib.rs (/opt/rustwide/target/debug/deps/torrus_app-475845c42259658b)
[INFO] [stdout] 
[INFO] [stdout] running 0 tests
[INFO] [stdout] 
[INFO] [stdout] test result: ok. 0 passed; 0 failed; 0 ignored; 0 measured; 0 filtered out; finished in 0.00s
[INFO] [stdout] 
[INFO] [stderr]      Running unittests src/lib.rs (/opt/rustwide/target/debug/deps/torrus_core-7703c52ffc47876d)
[INFO] [stdout] 
[INFO] [stdout] running 2 tests
[INFO] [stdout] test metainfo::tests::test_decode ... ok
[INFO] [stdout] test metainfo::tests::test_encode ... ok
[INFO] [stdout] 
[INFO] [stdout] test result: ok. 2 passed; 0 failed; 0 ignored; 0 measured; 0 filtered out; finished in 0.04s
[INFO] [stdout] 
[INFO] [stderr]      Running unittests src/lib.rs (/opt/rustwide/target/debug/deps/torrus_engine-a684c3e9d9e943c7)
[INFO] [stderr]      Running unittests src/lib.rs (/opt/rustwide/target/debug/deps/torrus_storage-cc90f56f4f3f777d)
[INFO] [stdout] 
[INFO] [stdout] running 0 tests
[INFO] [stdout] 
[INFO] [stdout] test result: ok. 0 passed; 0 failed; 0 ignored; 0 measured; 0 filtered out; finished in 0.00s
[INFO] [stdout] 
[INFO] [stdout] 
[INFO] [stdout] running 4 tests
[INFO] [stdout] test piece::tests::test_piece_write ... ok
[INFO] [stdout] test piece::tests::test_piece_overwrite - should panic ... ok
[INFO] [stdout] test piece::tests::test_next_block_request_less_than_block_size ... FAILED
[INFO] [stdout] test piece::tests::test_wrong_offset_piece_write - should panic ... ok
[INFO] [stdout] 
[INFO] [stdout] failures:
[INFO] [stdout] 
[INFO] [stdout] ---- piece::tests::test_next_block_request_less_than_block_size stdout ----
[INFO] [stdout] thread 'piece::tests::test_next_block_request_less_than_block_size' panicked at torrus_storage/src/piece.rs:47:9:
[INFO] [stdout] assertion failed: self.byte_index + block.block_info.length <= self.piece_info.length
[INFO] [stdout] stack backtrace:
[INFO] [stdout]    0:     0x649c91d6abba - std::backtrace_rs::backtrace::libunwind::trace::h5a5b8284f2d0c266
[INFO] [stdout]                                at /rustc/90b35a6239c3d8bdabc530a6a0816f7ff89a0aaf/library/std/src/../../backtrace/src/backtrace/libunwind.rs:116:5
[INFO] [stdout]    1:     0x649c91d6abba - std::backtrace_rs::backtrace::trace_unsynchronized::h76d4f1c9b0b875e3
[INFO] [stdout]                                at /rustc/90b35a6239c3d8bdabc530a6a0816f7ff89a0aaf/library/std/src/../../backtrace/src/backtrace/mod.rs:66:5
[INFO] [stderr] error: test failed, to rerun pass `-p torrus_storage --lib`
[INFO] [stdout]    2:     0x649c91d6abba - std::sys::backtrace::_print_fmt::hc4546b8364a537c6
[INFO] [stdout]                                at /rustc/90b35a6239c3d8bdabc530a6a0816f7ff89a0aaf/library/std/src/sys/backtrace.rs:66:9
[INFO] [stdout]    3:     0x649c91d6abba - <std::sys::backtrace::BacktraceLock::print::DisplayBacktrace as core::fmt::Display>::fmt::h5b6bd5631a6d1f6b
[INFO] [stdout]                                at /rustc/90b35a6239c3d8bdabc530a6a0816f7ff89a0aaf/library/std/src/sys/backtrace.rs:39:26
[INFO] [stdout]    4:     0x649c91d8fff3 - core::fmt::rt::Argument::fmt::h270f6602a2b96f62
[INFO] [stdout]                                at /rustc/90b35a6239c3d8bdabc530a6a0816f7ff89a0aaf/library/core/src/fmt/rt.rs:177:76
[INFO] [stdout]    5:     0x649c91d8fff3 - core::fmt::write::h7550c97b06c86515
[INFO] [stdout]                                at /rustc/90b35a6239c3d8bdabc530a6a0816f7ff89a0aaf/library/core/src/fmt/mod.rs:1186:21
[INFO] [stdout]    6:     0x649c91d67bb3 - std::io::Write::write_fmt::h509ff860e5956e5e
[INFO] [stdout]                                at /rustc/90b35a6239c3d8bdabc530a6a0816f7ff89a0aaf/library/std/src/io/mod.rs:1839:15
[INFO] [stdout]    7:     0x649c91d6aa02 - std::sys::backtrace::BacktraceLock::print::h2395ccd2c84ba3aa
[INFO] [stdout]                                at /rustc/90b35a6239c3d8bdabc530a6a0816f7ff89a0aaf/library/std/src/sys/backtrace.rs:42:9
[INFO] [stdout]    8:     0x649c91d6c01a - std::panicking::default_hook::{{closure}}::he19d4c7230e07961
[INFO] [stdout]                                at /rustc/90b35a6239c3d8bdabc530a6a0816f7ff89a0aaf/library/std/src/panicking.rs:268:22
[INFO] [stdout]    9:     0x649c91d6be24 - std::panicking::default_hook::hf614597d3c67bbdb
[INFO] [stdout]                                at /rustc/90b35a6239c3d8bdabc530a6a0816f7ff89a0aaf/library/std/src/panicking.rs:292:9
[INFO] [stdout]   10:     0x649c91d2b359 - <alloc::boxed::Box<F,A> as core::ops::function::Fn<Args>>::call::h39b51ce4599c23d1
[INFO] [stdout]                                at /rustc/90b35a6239c3d8bdabc530a6a0816f7ff89a0aaf/library/alloc/src/boxed.rs:2468:9
[INFO] [stdout]   11:     0x649c91d2b359 - test::test_main::{{closure}}::he977ae839a582784
[INFO] [stdout]                                at /rustc/90b35a6239c3d8bdabc530a6a0816f7ff89a0aaf/library/test/src/lib.rs:133:21
[INFO] [stdout]   12:     0x649c91d6c6b8 - <alloc::boxed::Box<F,A> as core::ops::function::Fn<Args>>::call::h9455091b6b06f9fb
[INFO] [stdout]                                at /rustc/90b35a6239c3d8bdabc530a6a0816f7ff89a0aaf/library/alloc/src/boxed.rs:2468:9
[INFO] [stdout]   13:     0x649c91d6c6b8 - std::panicking::rust_panic_with_hook::h8942133a8b252070
[INFO] [stdout]                                at /rustc/90b35a6239c3d8bdabc530a6a0816f7ff89a0aaf/library/std/src/panicking.rs:809:13
[INFO] [stdout]   14:     0x649c91d6c446 - std::panicking::begin_panic_handler::{{closure}}::hb5f5963570096b29
[INFO] [stdout]                                at /rustc/90b35a6239c3d8bdabc530a6a0816f7ff89a0aaf/library/std/src/panicking.rs:667:13
[INFO] [stdout]   15:     0x649c91d6b099 - std::sys::backtrace::__rust_end_short_backtrace::h6208cedc1922feda
[INFO] [stdout]                                at /rustc/90b35a6239c3d8bdabc530a6a0816f7ff89a0aaf/library/std/src/sys/backtrace.rs:170:18
[INFO] [stdout]   16:     0x649c91d6c10c - rust_begin_unwind
[INFO] [stdout]                                at /rustc/90b35a6239c3d8bdabc530a6a0816f7ff89a0aaf/library/std/src/panicking.rs:665:5
[INFO] [stdout]   17:     0x649c91ceea60 - core::panicking::panic_fmt::h0c3082644d1bf418
[INFO] [stdout]                                at /rustc/90b35a6239c3d8bdabc530a6a0816f7ff89a0aaf/library/core/src/panicking.rs:74:14
[INFO] [stdout]   18:     0x649c91ceeaec - core::panicking::panic::h957f98c65a3b3074
[INFO] [stdout]                                at /rustc/90b35a6239c3d8bdabc530a6a0816f7ff89a0aaf/library/core/src/panicking.rs:148:5
[INFO] [stdout]   19:     0x649c91cf1d14 - torrus_storage::piece::Piece::write::h4e10fd145e79f62c
[INFO] [stdout]                                at /opt/rustwide/workdir/torrus_storage/src/piece.rs:47:9
[INFO] [stdout]   20:     0x649c91cf2ee3 - torrus_storage::piece::tests::test_next_block_request_less_than_block_size::h444860b11672f76f
[INFO] [stdout]                                at /opt/rustwide/workdir/torrus_storage/src/piece.rs:179:13
[INFO] [stdout]   21:     0x649c91cf2d57 - torrus_storage::piece::tests::test_next_block_request_less_than_block_size::{{closure}}::hafc829161056d189
[INFO] [stdout]                                at /opt/rustwide/workdir/torrus_storage/src/piece.rs:169:58
[INFO] [stdout]   22:     0x649c91cf0036 - core::ops::function::FnOnce::call_once::h92704926781b487c
[INFO] [stdout]                                at /rustc/90b35a6239c3d8bdabc530a6a0816f7ff89a0aaf/library/core/src/ops/function.rs:250:5
[INFO] [stdout]   23:     0x649c91d2fd1b - core::ops::function::FnOnce::call_once::h109cf8051a59b34e
[INFO] [stdout]                                at /rustc/90b35a6239c3d8bdabc530a6a0816f7ff89a0aaf/library/core/src/ops/function.rs:250:5
[INFO] [stdout]   24:     0x649c91d2fd1b - test::__rust_begin_short_backtrace::hf4fff89d377446ba
[INFO] [stdout]                                at /rustc/90b35a6239c3d8bdabc530a6a0816f7ff89a0aaf/library/test/src/lib.rs:621:18
[INFO] [stdout]   25:     0x649c91d2f557 - test::run_test_in_process::{{closure}}::h0e39181dd7ee5a43
[INFO] [stdout]                                at /rustc/90b35a6239c3d8bdabc530a6a0816f7ff89a0aaf/library/test/src/lib.rs:644:60
[INFO] [stdout]   26:     0x649c91d2f557 - <core::panic::unwind_safe::AssertUnwindSafe<F> as core::ops::function::FnOnce<()>>::call_once::hc5a66a30f0bdfd1f
[INFO] [stdout]                                at /rustc/90b35a6239c3d8bdabc530a6a0816f7ff89a0aaf/library/core/src/panic/unwind_safe.rs:272:9
[INFO] [stdout]   27:     0x649c91d2f557 - std::panicking::try::do_call::h873b7cf639554a5e
[INFO] [stdout]                                at /rustc/90b35a6239c3d8bdabc530a6a0816f7ff89a0aaf/library/std/src/panicking.rs:557:40
[INFO] [stdout]   28:     0x649c91d2f557 - std::panicking::try::hdb19862fad9c8bd1
[INFO] [stdout]                                at /rustc/90b35a6239c3d8bdabc530a6a0816f7ff89a0aaf/library/std/src/panicking.rs:520:19
[INFO] [stdout]   29:     0x649c91d2f557 - std::panic::catch_unwind::h281fe732d236d260
[INFO] [stdout]                                at /rustc/90b35a6239c3d8bdabc530a6a0816f7ff89a0aaf/library/std/src/panic.rs:358:14
[INFO] [stdout]   30:     0x649c91d2f557 - test::run_test_in_process::h949b6df8457ed338
[INFO] [stdout]                                at /rustc/90b35a6239c3d8bdabc530a6a0816f7ff89a0aaf/library/test/src/lib.rs:644:27
[INFO] [stdout]   31:     0x649c91d2f557 - test::run_test::{{closure}}::h52c556a6d4740e10
[INFO] [stdout]                                at /rustc/90b35a6239c3d8bdabc530a6a0816f7ff89a0aaf/library/test/src/lib.rs:565:43
[INFO] [stdout]   32:     0x649c91cf4834 - test::run_test::{{closure}}::h4237f6381c45ccb9
[INFO] [stdout]                                at /rustc/90b35a6239c3d8bdabc530a6a0816f7ff89a0aaf/library/test/src/lib.rs:595:41
[INFO] [stdout]   33:     0x649c91cf4834 - std::sys::backtrace::__rust_begin_short_backtrace::h505c97a579eca628
[INFO] [stdout]                                at /rustc/90b35a6239c3d8bdabc530a6a0816f7ff89a0aaf/library/std/src/sys/backtrace.rs:154:18
[INFO] [stdout]   34:     0x649c91cf7efe - std::thread::Builder::spawn_unchecked_::{{closure}}::{{closure}}::h9e86b2e2bc107ea3
[INFO] [stdout]                                at /rustc/90b35a6239c3d8bdabc530a6a0816f7ff89a0aaf/library/std/src/thread/mod.rs:538:17
[INFO] [stdout]   35:     0x649c91cf7efe - <core::panic::unwind_safe::AssertUnwindSafe<F> as core::ops::function::FnOnce<()>>::call_once::h8b06ddb275ff4a25
[INFO] [stdout]                                at /rustc/90b35a6239c3d8bdabc530a6a0816f7ff89a0aaf/library/core/src/panic/unwind_safe.rs:272:9
[INFO] [stdout]   36:     0x649c91cf7efe - std::panicking::try::do_call::hb26ecd7cd9a9355d
[INFO] [stdout]                                at /rustc/90b35a6239c3d8bdabc530a6a0816f7ff89a0aaf/library/std/src/panicking.rs:557:40
[INFO] [stdout]   37:     0x649c91cf7efe - std::panicking::try::h8ddeca9d705f9069
[INFO] [stdout]                                at /rustc/90b35a6239c3d8bdabc530a6a0816f7ff89a0aaf/library/std/src/panicking.rs:520:19
[INFO] [stdout]   38:     0x649c91cf7efe - std::panic::catch_unwind::h49e1c33078844c46
[INFO] [stdout]                                at /rustc/90b35a6239c3d8bdabc530a6a0816f7ff89a0aaf/library/std/src/panic.rs:358:14
[INFO] [stdout]   39:     0x649c91cf7efe - std::thread::Builder::spawn_unchecked_::{{closure}}::h6073db6ff56ad35d
[INFO] [stdout]                                at /rustc/90b35a6239c3d8bdabc530a6a0816f7ff89a0aaf/library/std/src/thread/mod.rs:537:30
[INFO] [stdout]   40:     0x649c91cf7efe - core::ops::function::FnOnce::call_once{{vtable.shim}}::h2c5a5f3779c774f1
[INFO] [stdout]                                at /rustc/90b35a6239c3d8bdabc530a6a0816f7ff89a0aaf/library/core/src/ops/function.rs:250:5
[INFO] [stdout]   41:     0x649c91d7040b - <alloc::boxed::Box<F,A> as core::ops::function::FnOnce<Args>>::call_once::hf75717d9f28faebf
[INFO] [stdout]                                at /rustc/90b35a6239c3d8bdabc530a6a0816f7ff89a0aaf/library/alloc/src/boxed.rs:2454:9
[INFO] [stdout]   42:     0x649c91d7040b - <alloc::boxed::Box<F,A> as core::ops::function::FnOnce<Args>>::call_once::h7bd883a5f3c5f3c1
[INFO] [stdout]                                at /rustc/90b35a6239c3d8bdabc530a6a0816f7ff89a0aaf/library/alloc/src/boxed.rs:2454:9
[INFO] [stdout]   43:     0x649c91d7040b - std::sys::pal::unix::thread::Thread::new::thread_start::hcc78f3943333fa94
[INFO] [stdout]                                at /rustc/90b35a6239c3d8bdabc530a6a0816f7ff89a0aaf/library/std/src/sys/pal/unix/thread.rs:105:17
[INFO] [stdout]   44:     0x712eb2b4aac3 - <unknown>
[INFO] [stdout]   45:     0x712eb2bdba04 - clone
[INFO] [stdout]   46:                0x0 - <unknown>
[INFO] [stdout] 
[INFO] [stdout] 
[INFO] [stdout] failures:
[INFO] [stdout]     piece::tests::test_next_block_request_less_than_block_size
[INFO] [stdout] 
[INFO] [stdout] test result: FAILED. 3 passed; 1 failed; 0 ignored; 0 measured; 0 filtered out; finished in 0.07s
[INFO] [stdout] 
[INFO] running `Command { std: "docker" "inspect" "ea5a38efe5b32bfb5d59527535b7751b7e9f6770c6999b090e7af0a84dad667a", kill_on_drop: false }`
[INFO] running `Command { std: "docker" "rm" "-f" "ea5a38efe5b32bfb5d59527535b7751b7e9f6770c6999b090e7af0a84dad667a", kill_on_drop: false }`
[INFO] [stdout] ea5a38efe5b32bfb5d59527535b7751b7e9f6770c6999b090e7af0a84dad667a
