[INFO] cloning repository https://github.com/omkar-mohanty/lfx-opencv-sdk
[INFO] running `Command { std: "git" "-c" "credential.helper=" "-c" "credential.helper=/workspace/cargo-home/bin/git-credential-null" "clone" "--bare" "https://github.com/omkar-mohanty/lfx-opencv-sdk" "/workspace/cache/git-repos/https%3A%2F%2Fgithub.com%2Fomkar-mohanty%2Flfx-opencv-sdk", kill_on_drop: false }`
[INFO] [stderr] Cloning into bare repository '/workspace/cache/git-repos/https%3A%2F%2Fgithub.com%2Fomkar-mohanty%2Flfx-opencv-sdk'...
[INFO] running `Command { std: "git" "rev-parse" "HEAD", kill_on_drop: false }`
[INFO] [stdout] 1f246ecc82e846bb73f73ecaf8fd86032c2db7aa
[INFO] testing omkar-mohanty/lfx-opencv-sdk against beta-2024-12-08 for beta-1.84.0-4-retry
[INFO] running `Command { std: "git" "clone" "/workspace/cache/git-repos/https%3A%2F%2Fgithub.com%2Fomkar-mohanty%2Flfx-opencv-sdk" "/workspace/builds/worker-3-tc2/source", kill_on_drop: false }`
[INFO] [stderr] Cloning into '/workspace/builds/worker-3-tc2/source'...
[INFO] [stderr] done.
[INFO] validating manifest of git repo https://github.com/omkar-mohanty/lfx-opencv-sdk on toolchain beta-2024-12-08
[INFO] running `Command { std: CARGO_HOME="/workspace/cargo-home" RUSTUP_HOME="/workspace/rustup-home" "/workspace/cargo-home/bin/cargo" "+beta-2024-12-08" "metadata" "--manifest-path" "Cargo.toml" "--no-deps", kill_on_drop: false }`
[INFO] started tweaking git repo https://github.com/omkar-mohanty/lfx-opencv-sdk
[INFO] finished tweaking git repo https://github.com/omkar-mohanty/lfx-opencv-sdk
[INFO] tweaked toml for git repo https://github.com/omkar-mohanty/lfx-opencv-sdk written to /workspace/builds/worker-3-tc2/source/Cargo.toml
[INFO] crate git repo https://github.com/omkar-mohanty/lfx-opencv-sdk already has a lockfile, it will not be regenerated
[INFO] running `Command { std: CARGO_HOME="/workspace/cargo-home" RUSTUP_HOME="/workspace/rustup-home" "/workspace/cargo-home/bin/cargo" "+beta-2024-12-08" "fetch" "--manifest-path" "Cargo.toml", kill_on_drop: false }`
[INFO] running `Command { std: "docker" "create" "-v" "/var/lib/crater-agent-workspace/builds/worker-3-tc2/target:/opt/rustwide/target:rw,Z" "-v" "/var/lib/crater-agent-workspace/builds/worker-3-tc2/source:/opt/rustwide/workdir:ro,Z" "-v" "/var/lib/crater-agent-workspace/cargo-home:/opt/rustwide/cargo-home:ro,Z" "-v" "/var/lib/crater-agent-workspace/rustup-home:/opt/rustwide/rustup-home:ro,Z" "-e" "SOURCE_DIR=/opt/rustwide/workdir" "-e" "CARGO_TARGET_DIR=/opt/rustwide/target" "-e" "CARGO_HOME=/opt/rustwide/cargo-home" "-e" "RUSTUP_HOME=/opt/rustwide/rustup-home" "-w" "/opt/rustwide/workdir" "-m" "1610612736" "--user" "0:0" "--network" "none" "ghcr.io/rust-lang/crates-build-env/linux@sha256:f3a9d4ad9d972b27faf3965f35b62e55ba32bbce8f20bc8fe909558a86702fde" "/opt/rustwide/cargo-home/bin/cargo" "+beta-2024-12-08" "metadata" "--no-deps" "--format-version=1", kill_on_drop: false }`
[INFO] [stdout] a6094b123a2bba27c79f48a82c761ee95eb9babd618692e54a5c1bf5a835f096
[INFO] running `Command { std: "docker" "start" "-a" "a6094b123a2bba27c79f48a82c761ee95eb9babd618692e54a5c1bf5a835f096", kill_on_drop: false }`
[INFO] running `Command { std: "docker" "inspect" "a6094b123a2bba27c79f48a82c761ee95eb9babd618692e54a5c1bf5a835f096", kill_on_drop: false }`
[INFO] running `Command { std: "docker" "rm" "-f" "a6094b123a2bba27c79f48a82c761ee95eb9babd618692e54a5c1bf5a835f096", kill_on_drop: false }`
[INFO] [stdout] a6094b123a2bba27c79f48a82c761ee95eb9babd618692e54a5c1bf5a835f096
[INFO] running `Command { std: "docker" "create" "-v" "/var/lib/crater-agent-workspace/builds/worker-3-tc2/target:/opt/rustwide/target:rw,Z" "-v" "/var/lib/crater-agent-workspace/builds/worker-3-tc2/source:/opt/rustwide/workdir:ro,Z" "-v" "/var/lib/crater-agent-workspace/cargo-home:/opt/rustwide/cargo-home:ro,Z" "-v" "/var/lib/crater-agent-workspace/rustup-home:/opt/rustwide/rustup-home:ro,Z" "-e" "SOURCE_DIR=/opt/rustwide/workdir" "-e" "CARGO_TARGET_DIR=/opt/rustwide/target" "-e" "CARGO_INCREMENTAL=0" "-e" "RUST_BACKTRACE=full" "-e" "RUSTFLAGS=--cap-lints=warn" "-e" "RUSTDOCFLAGS=--cap-lints=warn" "-e" "CARGO_HOME=/opt/rustwide/cargo-home" "-e" "RUSTUP_HOME=/opt/rustwide/rustup-home" "-w" "/opt/rustwide/workdir" "-m" "1610612736" "--user" "0:0" "--network" "none" "ghcr.io/rust-lang/crates-build-env/linux@sha256:f3a9d4ad9d972b27faf3965f35b62e55ba32bbce8f20bc8fe909558a86702fde" "/opt/rustwide/cargo-home/bin/cargo" "+beta-2024-12-08" "build" "--frozen" "--message-format=json", kill_on_drop: false }`
[INFO] [stdout] 0ac6710f6ab638796156a0ce77c7a881760199291558e5ada46f1feaadc12136
[INFO] running `Command { std: "docker" "start" "-a" "0ac6710f6ab638796156a0ce77c7a881760199291558e5ada46f1feaadc12136", kill_on_drop: false }`
[INFO] [stderr]    Compiling cc v1.0.73
[INFO] [stderr]    Compiling libc v0.2.132
[INFO] [stderr]    Compiling memchr v2.5.0
[INFO] [stderr]    Compiling proc-macro2 v1.0.43
[INFO] [stderr]    Compiling unicode-ident v1.0.3
[INFO] [stderr]    Compiling unicode-width v0.1.9
[INFO] [stderr]    Compiling syn v1.0.99
[INFO] [stderr]    Compiling glob v0.3.0
[INFO] [stderr]    Compiling log v0.4.17
[INFO] [stderr]    Compiling termcolor v1.1.3
[INFO] [stderr]    Compiling regex-syntax v0.6.27
[INFO] [stderr]    Compiling quick-error v1.2.3
[INFO] [stderr]    Compiling cfg-if v1.0.0
[INFO] [stderr]    Compiling scratch v1.0.2
[INFO] [stderr]    Compiling nom v5.1.2
[INFO] [stderr]    Compiling bindgen v0.53.3
[INFO] [stderr]    Compiling humantime v1.3.0
[INFO] [stderr]    Compiling textwrap v0.11.0
[INFO] [stderr]    Compiling cxxbridge-flags v1.0.73
[INFO] [stderr]    Compiling bitflags v1.3.2
[INFO] [stderr]    Compiling vec_map v0.8.2
[INFO] [stderr]    Compiling ansi_term v0.12.1
[INFO] [stderr]    Compiling strsim v0.8.0
[INFO] [stderr]    Compiling codespan-reporting v0.11.1
[INFO] [stderr]    Compiling peeking_take_while v0.1.2
[INFO] [stderr]    Compiling rustc-hash v1.1.0
[INFO] [stderr]    Compiling lazy_static v1.4.0
[INFO] [stderr]    Compiling lazycell v1.3.0
[INFO] [stderr]    Compiling shlex v0.1.1
[INFO] [stderr]    Compiling cfg-if v0.1.10
[INFO] [stderr]    Compiling once_cell v1.13.1
[INFO] [stderr]    Compiling pkg-config v0.3.25
[INFO] [stderr]    Compiling clang-sys v0.29.3
[INFO] [stderr]    Compiling aho-corasick v0.7.18
[INFO] [stderr]    Compiling quote v1.0.21
[INFO] [stderr]    Compiling libloading v0.5.2
[INFO] [stderr]    Compiling link-cplusplus v1.0.7
[INFO] [stderr]    Compiling cxx v1.0.73
[INFO] [stderr]    Compiling atty v0.2.14
[INFO] [stderr]    Compiling which v3.1.1
[INFO] [stderr]    Compiling clap v2.34.0
[INFO] [stderr]    Compiling cexpr v0.4.0
[INFO] [stderr]    Compiling regex v1.6.0
[INFO] [stderr]    Compiling env_logger v0.7.1
[INFO] [stderr]    Compiling cxx-build v1.0.73
[INFO] [stderr]    Compiling cxxbridge-macro v1.0.73
[INFO] [stderr]    Compiling opencv_rs v0.1.0 (/opt/rustwide/workdir)
[INFO] [stderr]     Finished `dev` profile [unoptimized + debuginfo] target(s) in 30.46s
[INFO] [stderr] warning: the following packages contain code that will be rejected by a future version of Rust: nom v5.1.2
[INFO] [stderr] note: to see what the problems were, use the option `--future-incompat-report`, or run `cargo report future-incompatibilities --id 1`
[INFO] running `Command { std: "docker" "inspect" "0ac6710f6ab638796156a0ce77c7a881760199291558e5ada46f1feaadc12136", kill_on_drop: false }`
[INFO] running `Command { std: "docker" "rm" "-f" "0ac6710f6ab638796156a0ce77c7a881760199291558e5ada46f1feaadc12136", kill_on_drop: false }`
[INFO] [stdout] 0ac6710f6ab638796156a0ce77c7a881760199291558e5ada46f1feaadc12136
[INFO] running `Command { std: "docker" "create" "-v" "/var/lib/crater-agent-workspace/builds/worker-3-tc2/target:/opt/rustwide/target:rw,Z" "-v" "/var/lib/crater-agent-workspace/builds/worker-3-tc2/source:/opt/rustwide/workdir:ro,Z" "-v" "/var/lib/crater-agent-workspace/cargo-home:/opt/rustwide/cargo-home:ro,Z" "-v" "/var/lib/crater-agent-workspace/rustup-home:/opt/rustwide/rustup-home:ro,Z" "-e" "SOURCE_DIR=/opt/rustwide/workdir" "-e" "CARGO_TARGET_DIR=/opt/rustwide/target" "-e" "CARGO_INCREMENTAL=0" "-e" "RUST_BACKTRACE=full" "-e" "RUSTFLAGS=--cap-lints=warn" "-e" "RUSTDOCFLAGS=--cap-lints=warn" "-e" "CARGO_HOME=/opt/rustwide/cargo-home" "-e" "RUSTUP_HOME=/opt/rustwide/rustup-home" "-w" "/opt/rustwide/workdir" "-m" "1610612736" "--user" "0:0" "--network" "none" "ghcr.io/rust-lang/crates-build-env/linux@sha256:f3a9d4ad9d972b27faf3965f35b62e55ba32bbce8f20bc8fe909558a86702fde" "/opt/rustwide/cargo-home/bin/cargo" "+beta-2024-12-08" "test" "--frozen" "--no-run" "--message-format=json", kill_on_drop: false }`
[INFO] [stdout] 3dcfe4679a9104fabf2d9b89461f1994ac279e70a570ba203ea296143c57ce70
[INFO] running `Command { std: "docker" "start" "-a" "3dcfe4679a9104fabf2d9b89461f1994ac279e70a570ba203ea296143c57ce70", kill_on_drop: false }`
[INFO] [stderr]    Compiling opencv_rs v0.1.0 (/opt/rustwide/workdir)
[INFO] [stdout] warning: dereferencing a null pointer
[INFO] [stdout]  --> /opt/rustwide/target/debug/build/opencv_rs-747d81274c96e5ca/out/bindings.rs:3:4528
[INFO] [stdout]   |
[INFO] [stdout] 3 | ...rt_eq ! (unsafe { & (* (:: std :: ptr :: null :: < Range > ())) . start as * const _ as usize } , 0usize , concat ! ("Offset of field:...
[INFO] [stdout]   |                        ^^^^^^^^^^^^^^^^^^^^^^^^^^^^^^^^^^^^^^^^^^^ this code causes undefined behavior when executed
[INFO] [stdout]   |
[INFO] [stdout]   = note: `#[warn(deref_nullptr)]` on by default
[INFO] [stdout] 
[INFO] [stdout] 
[INFO] [stdout] warning: dereferencing a null pointer
[INFO] [stdout]  --> /opt/rustwide/target/debug/build/opencv_rs-747d81274c96e5ca/out/bindings.rs:3:4724
[INFO] [stdout]   |
[INFO] [stdout] 3 | ...rt_eq ! (unsafe { & (* (:: std :: ptr :: null :: < Range > ())) . end as * const _ as usize } , 4usize , concat ! ("Offset of field: "...
[INFO] [stdout]   |                        ^^^^^^^^^^^^^^^^^^^^^^^^^^^^^^^^^^^^^^^^^^^ this code causes undefined behavior when executed
[INFO] [stdout] 
[INFO] [stdout] 
[INFO] [stdout] warning: dereferencing a null pointer
[INFO] [stdout]  --> /opt/rustwide/target/debug/build/opencv_rs-747d81274c96e5ca/out/bindings.rs:3:9753
[INFO] [stdout]   |
[INFO] [stdout] 3 | ...eq ! (unsafe { & (* (:: std :: ptr :: null :: < _InputArray > ())) . flags as * const _ as usize } , 0usize , concat ! ("Offset of fie...
[INFO] [stdout]   |                     ^^^^^^^^^^^^^^^^^^^^^^^^^^^^^^^^^^^^^^^^^^^^^^^^^ this code causes undefined behavior when executed
[INFO] [stdout] 
[INFO] [stdout] 
[INFO] [stdout] warning: dereferencing a null pointer
[INFO] [stdout]  --> /opt/rustwide/target/debug/build/opencv_rs-747d81274c96e5ca/out/bindings.rs:3:9961
[INFO] [stdout]   |
[INFO] [stdout] 3 | ...eq ! (unsafe { & (* (:: std :: ptr :: null :: < _InputArray > ())) . obj as * const _ as usize } , 8usize , concat ! ("Offset of field...
[INFO] [stdout]   |                     ^^^^^^^^^^^^^^^^^^^^^^^^^^^^^^^^^^^^^^^^^^^^^^^^^ this code causes undefined behavior when executed
[INFO] [stdout] 
[INFO] [stdout] 
[INFO] [stdout] warning: dereferencing a null pointer
[INFO] [stdout]  --> /opt/rustwide/target/debug/build/opencv_rs-747d81274c96e5ca/out/bindings.rs:3:10165
[INFO] [stdout]   |
[INFO] [stdout] 3 | ...eq ! (unsafe { & (* (:: std :: ptr :: null :: < _InputArray > ())) . sz as * const _ as usize } , 16usize , concat ! ("Offset of field...
[INFO] [stdout]   |                     ^^^^^^^^^^^^^^^^^^^^^^^^^^^^^^^^^^^^^^^^^^^^^^^^^ this code causes undefined behavior when executed
[INFO] [stdout] 
[INFO] [stdout] 
[INFO] [stdout] warning: dereferencing a null pointer
[INFO] [stdout]  --> /opt/rustwide/target/debug/build/opencv_rs-747d81274c96e5ca/out/bindings.rs:3:50853
[INFO] [stdout]   |
[INFO] [stdout] 3 | ...t_eq ! (unsafe { & (* (:: std :: ptr :: null :: < UMatData > ())) . prevAllocator as * const _ as usize } , 0usize , concat ! ("Offset...
[INFO] [stdout]   |                       ^^^^^^^^^^^^^^^^^^^^^^^^^^^^^^^^^^^^^^^^^^^^^^ this code causes undefined behavior when executed
[INFO] [stdout] 
[INFO] [stdout] 
[INFO] [stdout] warning: dereferencing a null pointer
[INFO] [stdout]  --> /opt/rustwide/target/debug/build/opencv_rs-747d81274c96e5ca/out/bindings.rs:3:51071
[INFO] [stdout]   |
[INFO] [stdout] 3 | ...t_eq ! (unsafe { & (* (:: std :: ptr :: null :: < UMatData > ())) . currAllocator as * const _ as usize } , 8usize , concat ! ("Offset...
[INFO] [stdout]   |                       ^^^^^^^^^^^^^^^^^^^^^^^^^^^^^^^^^^^^^^^^^^^^^^ this code causes undefined behavior when executed
[INFO] [stdout] 
[INFO] [stdout] 
[INFO] [stdout] warning: dereferencing a null pointer
[INFO] [stdout]  --> /opt/rustwide/target/debug/build/opencv_rs-747d81274c96e5ca/out/bindings.rs:3:51289
[INFO] [stdout]   |
[INFO] [stdout] 3 | ...t_eq ! (unsafe { & (* (:: std :: ptr :: null :: < UMatData > ())) . urefcount as * const _ as usize } , 16usize , concat ! ("Offset of...
[INFO] [stdout]   |                       ^^^^^^^^^^^^^^^^^^^^^^^^^^^^^^^^^^^^^^^^^^^^^^ this code causes undefined behavior when executed
[INFO] [stdout] 
[INFO] [stdout] 
[INFO] [stdout] warning: dereferencing a null pointer
[INFO] [stdout]  --> /opt/rustwide/target/debug/build/opencv_rs-747d81274c96e5ca/out/bindings.rs:3:51500
[INFO] [stdout]   |
[INFO] [stdout] 3 | ...t_eq ! (unsafe { & (* (:: std :: ptr :: null :: < UMatData > ())) . refcount as * const _ as usize } , 20usize , concat ! ("Offset of ...
[INFO] [stdout]   |                       ^^^^^^^^^^^^^^^^^^^^^^^^^^^^^^^^^^^^^^^^^^^^^^ this code causes undefined behavior when executed
[INFO] [stdout] 
[INFO] [stdout] 
[INFO] [stdout] warning: dereferencing a null pointer
[INFO] [stdout]  --> /opt/rustwide/target/debug/build/opencv_rs-747d81274c96e5ca/out/bindings.rs:3:51709
[INFO] [stdout]   |
[INFO] [stdout] 3 | ...t_eq ! (unsafe { & (* (:: std :: ptr :: null :: < UMatData > ())) . data as * const _ as usize } , 24usize , concat ! ("Offset of fiel...
[INFO] [stdout]   |                       ^^^^^^^^^^^^^^^^^^^^^^^^^^^^^^^^^^^^^^^^^^^^^^ this code causes undefined behavior when executed
[INFO] [stdout] 
[INFO] [stdout] 
[INFO] [stdout] warning: dereferencing a null pointer
[INFO] [stdout]  --> /opt/rustwide/target/debug/build/opencv_rs-747d81274c96e5ca/out/bindings.rs:3:51910
[INFO] [stdout]   |
[INFO] [stdout] 3 | ...t_eq ! (unsafe { & (* (:: std :: ptr :: null :: < UMatData > ())) . origdata as * const _ as usize } , 32usize , concat ! ("Offset of ...
[INFO] [stdout]   |                       ^^^^^^^^^^^^^^^^^^^^^^^^^^^^^^^^^^^^^^^^^^^^^^ this code causes undefined behavior when executed
[INFO] [stdout] 
[INFO] [stdout] 
[INFO] [stdout] warning: dereferencing a null pointer
[INFO] [stdout]  --> /opt/rustwide/target/debug/build/opencv_rs-747d81274c96e5ca/out/bindings.rs:3:52119
[INFO] [stdout]   |
[INFO] [stdout] 3 | ...t_eq ! (unsafe { & (* (:: std :: ptr :: null :: < UMatData > ())) . size as * const _ as usize } , 40usize , concat ! ("Offset of fiel...
[INFO] [stdout]   |                       ^^^^^^^^^^^^^^^^^^^^^^^^^^^^^^^^^^^^^^^^^^^^^^ this code causes undefined behavior when executed
[INFO] [stdout] 
[INFO] [stdout] 
[INFO] [stdout] warning: dereferencing a null pointer
[INFO] [stdout]  --> /opt/rustwide/target/debug/build/opencv_rs-747d81274c96e5ca/out/bindings.rs:3:52320
[INFO] [stdout]   |
[INFO] [stdout] 3 | ...t_eq ! (unsafe { & (* (:: std :: ptr :: null :: < UMatData > ())) . flags as * const _ as usize } , 48usize , concat ! ("Offset of fie...
[INFO] [stdout]   |                       ^^^^^^^^^^^^^^^^^^^^^^^^^^^^^^^^^^^^^^^^^^^^^^ this code causes undefined behavior when executed
[INFO] [stdout] 
[INFO] [stdout] 
[INFO] [stdout] warning: dereferencing a null pointer
[INFO] [stdout]  --> /opt/rustwide/target/debug/build/opencv_rs-747d81274c96e5ca/out/bindings.rs:3:52523
[INFO] [stdout]   |
[INFO] [stdout] 3 | ...t_eq ! (unsafe { & (* (:: std :: ptr :: null :: < UMatData > ())) . handle as * const _ as usize } , 56usize , concat ! ("Offset of fi...
[INFO] [stdout]   |                       ^^^^^^^^^^^^^^^^^^^^^^^^^^^^^^^^^^^^^^^^^^^^^^ this code causes undefined behavior when executed
[INFO] [stdout] 
[INFO] [stdout] 
[INFO] [stdout] warning: dereferencing a null pointer
[INFO] [stdout]  --> /opt/rustwide/target/debug/build/opencv_rs-747d81274c96e5ca/out/bindings.rs:3:52728
[INFO] [stdout]   |
[INFO] [stdout] 3 | ...t_eq ! (unsafe { & (* (:: std :: ptr :: null :: < UMatData > ())) . userdata as * const _ as usize } , 64usize , concat ! ("Offset of ...
[INFO] [stdout]   |                       ^^^^^^^^^^^^^^^^^^^^^^^^^^^^^^^^^^^^^^^^^^^^^^ this code causes undefined behavior when executed
[INFO] [stdout] 
[INFO] [stdout] 
[INFO] [stdout] warning: dereferencing a null pointer
[INFO] [stdout]  --> /opt/rustwide/target/debug/build/opencv_rs-747d81274c96e5ca/out/bindings.rs:3:52937
[INFO] [stdout]   |
[INFO] [stdout] 3 | ...t_eq ! (unsafe { & (* (:: std :: ptr :: null :: < UMatData > ())) . allocatorFlags_ as * const _ as usize } , 72usize , concat ! ("Off...
[INFO] [stdout]   |                       ^^^^^^^^^^^^^^^^^^^^^^^^^^^^^^^^^^^^^^^^^^^^^^ this code causes undefined behavior when executed
[INFO] [stdout] 
[INFO] [stdout] 
[INFO] [stdout] warning: dereferencing a null pointer
[INFO] [stdout]  --> /opt/rustwide/target/debug/build/opencv_rs-747d81274c96e5ca/out/bindings.rs:3:53160
[INFO] [stdout]   |
[INFO] [stdout] 3 | ...t_eq ! (unsafe { & (* (:: std :: ptr :: null :: < UMatData > ())) . mapcount as * const _ as usize } , 76usize , concat ! ("Offset of ...
[INFO] [stdout]   |                       ^^^^^^^^^^^^^^^^^^^^^^^^^^^^^^^^^^^^^^^^^^^^^^ this code causes undefined behavior when executed
[INFO] [stdout] 
[INFO] [stdout] 
[INFO] [stdout] warning: dereferencing a null pointer
[INFO] [stdout]  --> /opt/rustwide/target/debug/build/opencv_rs-747d81274c96e5ca/out/bindings.rs:3:53369
[INFO] [stdout]   |
[INFO] [stdout] 3 | ...t_eq ! (unsafe { & (* (:: std :: ptr :: null :: < UMatData > ())) . originalUMatData as * const _ as usize } , 80usize , concat ! ("Of...
[INFO] [stdout]   |                       ^^^^^^^^^^^^^^^^^^^^^^^^^^^^^^^^^^^^^^^^^^^^^^ this code causes undefined behavior when executed
[INFO] [stdout] 
[INFO] [stdout] 
[INFO] [stdout] warning: dereferencing a null pointer
[INFO] [stdout]  --> /opt/rustwide/target/debug/build/opencv_rs-747d81274c96e5ca/out/bindings.rs:3:53594
[INFO] [stdout]   |
[INFO] [stdout] 3 | ...t_eq ! (unsafe { & (* (:: std :: ptr :: null :: < UMatData > ())) . allocatorContext as * const _ as usize } , 88usize , concat ! ("Of...
[INFO] [stdout]   |                       ^^^^^^^^^^^^^^^^^^^^^^^^^^^^^^^^^^^^^^^^^^^^^^ this code causes undefined behavior when executed
[INFO] [stdout] 
[INFO] [stdout] 
[INFO] [stdout] warning: dereferencing a null pointer
[INFO] [stdout]  --> /opt/rustwide/target/debug/build/opencv_rs-747d81274c96e5ca/out/bindings.rs:3:57623
[INFO] [stdout]   |
[INFO] [stdout] 3 | ...t_eq ! (unsafe { & (* (:: std :: ptr :: null :: < MatSize > ())) . p as * const _ as usize } , 0usize , concat ! ("Offset of field: " ...
[INFO] [stdout]   |                       ^^^^^^^^^^^^^^^^^^^^^^^^^^^^^^^^^^^^^^^^^^^^^ this code causes undefined behavior when executed
[INFO] [stdout] 
[INFO] [stdout] 
[INFO] [stdout] warning: dereferencing a null pointer
[INFO] [stdout]  --> /opt/rustwide/target/debug/build/opencv_rs-747d81274c96e5ca/out/bindings.rs:3:58906
[INFO] [stdout]   |
[INFO] [stdout] 3 | ...t_eq ! (unsafe { & (* (:: std :: ptr :: null :: < MatStep > ())) . p as * const _ as usize } , 0usize , concat ! ("Offset of field: " ...
[INFO] [stdout]   |                       ^^^^^^^^^^^^^^^^^^^^^^^^^^^^^^^^^^^^^^^^^^^^^ this code causes undefined behavior when executed
[INFO] [stdout] 
[INFO] [stdout] 
[INFO] [stdout] warning: dereferencing a null pointer
[INFO] [stdout]  --> /opt/rustwide/target/debug/build/opencv_rs-747d81274c96e5ca/out/bindings.rs:3:59098
[INFO] [stdout]   |
[INFO] [stdout] 3 | ...t_eq ! (unsafe { & (* (:: std :: ptr :: null :: < MatStep > ())) . buf as * const _ as usize } , 8usize , concat ! ("Offset of field: ...
[INFO] [stdout]   |                       ^^^^^^^^^^^^^^^^^^^^^^^^^^^^^^^^^^^^^^^^^^^^^ this code causes undefined behavior when executed
[INFO] [stdout] 
[INFO] [stdout] 
[INFO] [stdout] warning: dereferencing a null pointer
[INFO] [stdout]  --> /opt/rustwide/target/debug/build/opencv_rs-747d81274c96e5ca/out/bindings.rs:3:61339
[INFO] [stdout]   |
[INFO] [stdout] 3 | ...ert_eq ! (unsafe { & (* (:: std :: ptr :: null :: < Mat > ())) . flags as * const _ as usize } , 0usize , concat ! ("Offset of field: ...
[INFO] [stdout]   |                         ^^^^^^^^^^^^^^^^^^^^^^^^^^^^^^^^^^^^^^^^^ this code causes undefined behavior when executed
[INFO] [stdout] 
[INFO] [stdout] 
[INFO] [stdout] warning: dereferencing a null pointer
[INFO] [stdout]  --> /opt/rustwide/target/debug/build/opencv_rs-747d81274c96e5ca/out/bindings.rs:3:61531
[INFO] [stdout]   |
[INFO] [stdout] 3 | ...ert_eq ! (unsafe { & (* (:: std :: ptr :: null :: < Mat > ())) . dims as * const _ as usize } , 4usize , concat ! ("Offset of field: "...
[INFO] [stdout]   |                         ^^^^^^^^^^^^^^^^^^^^^^^^^^^^^^^^^^^^^^^^^ this code causes undefined behavior when executed
[INFO] [stdout] 
[INFO] [stdout] 
[INFO] [stdout] warning: dereferencing a null pointer
[INFO] [stdout]  --> /opt/rustwide/target/debug/build/opencv_rs-747d81274c96e5ca/out/bindings.rs:3:61721
[INFO] [stdout]   |
[INFO] [stdout] 3 | ...ert_eq ! (unsafe { & (* (:: std :: ptr :: null :: < Mat > ())) . rows as * const _ as usize } , 8usize , concat ! ("Offset of field: "...
[INFO] [stdout]   |                         ^^^^^^^^^^^^^^^^^^^^^^^^^^^^^^^^^^^^^^^^^ this code causes undefined behavior when executed
[INFO] [stdout] 
[INFO] [stdout] 
[INFO] [stdout] warning: dereferencing a null pointer
[INFO] [stdout]  --> /opt/rustwide/target/debug/build/opencv_rs-747d81274c96e5ca/out/bindings.rs:3:61911
[INFO] [stdout]   |
[INFO] [stdout] 3 | ...ert_eq ! (unsafe { & (* (:: std :: ptr :: null :: < Mat > ())) . cols as * const _ as usize } , 12usize , concat ! ("Offset of field: ...
[INFO] [stdout]   |                         ^^^^^^^^^^^^^^^^^^^^^^^^^^^^^^^^^^^^^^^^^ this code causes undefined behavior when executed
[INFO] [stdout] 
[INFO] [stdout] 
[INFO] [stdout] warning: dereferencing a null pointer
[INFO] [stdout]  --> /opt/rustwide/target/debug/build/opencv_rs-747d81274c96e5ca/out/bindings.rs:3:62102
[INFO] [stdout]   |
[INFO] [stdout] 3 | ...ert_eq ! (unsafe { & (* (:: std :: ptr :: null :: < Mat > ())) . data as * const _ as usize } , 16usize , concat ! ("Offset of field: ...
[INFO] [stdout]   |                         ^^^^^^^^^^^^^^^^^^^^^^^^^^^^^^^^^^^^^^^^^ this code causes undefined behavior when executed
[INFO] [stdout] 
[INFO] [stdout] 
[INFO] [stdout] warning: dereferencing a null pointer
[INFO] [stdout]  --> /opt/rustwide/target/debug/build/opencv_rs-747d81274c96e5ca/out/bindings.rs:3:62293
[INFO] [stdout]   |
[INFO] [stdout] 3 | ...ert_eq ! (unsafe { & (* (:: std :: ptr :: null :: < Mat > ())) . datastart as * const _ as usize } , 24usize , concat ! ("Offset of fi...
[INFO] [stdout]   |                         ^^^^^^^^^^^^^^^^^^^^^^^^^^^^^^^^^^^^^^^^^ this code causes undefined behavior when executed
[INFO] [stdout] 
[INFO] [stdout] 
[INFO] [stdout] warning: dereferencing a null pointer
[INFO] [stdout]  --> /opt/rustwide/target/debug/build/opencv_rs-747d81274c96e5ca/out/bindings.rs:3:62494
[INFO] [stdout]   |
[INFO] [stdout] 3 | ...ert_eq ! (unsafe { & (* (:: std :: ptr :: null :: < Mat > ())) . dataend as * const _ as usize } , 32usize , concat ! ("Offset of fiel...
[INFO] [stdout]   |                         ^^^^^^^^^^^^^^^^^^^^^^^^^^^^^^^^^^^^^^^^^ this code causes undefined behavior when executed
[INFO] [stdout] 
[INFO] [stdout] 
[INFO] [stdout] warning: dereferencing a null pointer
[INFO] [stdout]  --> /opt/rustwide/target/debug/build/opencv_rs-747d81274c96e5ca/out/bindings.rs:3:62691
[INFO] [stdout]   |
[INFO] [stdout] 3 | ...ert_eq ! (unsafe { & (* (:: std :: ptr :: null :: < Mat > ())) . datalimit as * const _ as usize } , 40usize , concat ! ("Offset of fi...
[INFO] [stdout]   |                         ^^^^^^^^^^^^^^^^^^^^^^^^^^^^^^^^^^^^^^^^^ this code causes undefined behavior when executed
[INFO] [stdout] 
[INFO] [stdout] 
[INFO] [stdout] warning: dereferencing a null pointer
[INFO] [stdout]  --> /opt/rustwide/target/debug/build/opencv_rs-747d81274c96e5ca/out/bindings.rs:3:62892
[INFO] [stdout]   |
[INFO] [stdout] 3 | ...ert_eq ! (unsafe { & (* (:: std :: ptr :: null :: < Mat > ())) . allocator as * const _ as usize } , 48usize , concat ! ("Offset of fi...
[INFO] [stdout]   |                         ^^^^^^^^^^^^^^^^^^^^^^^^^^^^^^^^^^^^^^^^^ this code causes undefined behavior when executed
[INFO] [stdout] 
[INFO] [stdout] 
[INFO] [stdout] warning: dereferencing a null pointer
[INFO] [stdout]  --> /opt/rustwide/target/debug/build/opencv_rs-747d81274c96e5ca/out/bindings.rs:3:63093
[INFO] [stdout]   |
[INFO] [stdout] 3 | ...ert_eq ! (unsafe { & (* (:: std :: ptr :: null :: < Mat > ())) . u as * const _ as usize } , 56usize , concat ! ("Offset of field: " ,...
[INFO] [stdout]   |                         ^^^^^^^^^^^^^^^^^^^^^^^^^^^^^^^^^^^^^^^^^ this code causes undefined behavior when executed
[INFO] [stdout] 
[INFO] [stdout] 
[INFO] [stdout] warning: dereferencing a null pointer
[INFO] [stdout]  --> /opt/rustwide/target/debug/build/opencv_rs-747d81274c96e5ca/out/bindings.rs:3:63278
[INFO] [stdout]   |
[INFO] [stdout] 3 | ...ert_eq ! (unsafe { & (* (:: std :: ptr :: null :: < Mat > ())) . size as * const _ as usize } , 64usize , concat ! ("Offset of field: ...
[INFO] [stdout]   |                         ^^^^^^^^^^^^^^^^^^^^^^^^^^^^^^^^^^^^^^^^^ this code causes undefined behavior when executed
[INFO] [stdout] 
[INFO] [stdout] 
[INFO] [stdout] warning: dereferencing a null pointer
[INFO] [stdout]  --> /opt/rustwide/target/debug/build/opencv_rs-747d81274c96e5ca/out/bindings.rs:3:63469
[INFO] [stdout]   |
[INFO] [stdout] 3 | ...ert_eq ! (unsafe { & (* (:: std :: ptr :: null :: < Mat > ())) . step as * const _ as usize } , 72usize , concat ! ("Offset of field: ...
[INFO] [stdout]   |                         ^^^^^^^^^^^^^^^^^^^^^^^^^^^^^^^^^^^^^^^^^ this code causes undefined behavior when executed
[INFO] [stdout] 
[INFO] [stdout] 
[INFO] [stdout] warning: dereferencing a null pointer
[INFO] [stdout]  --> /opt/rustwide/target/debug/build/opencv_rs-747d81274c96e5ca/out/bindings.rs:3:98824
[INFO] [stdout]   |
[INFO] [stdout] 3 | ...ert_eq ! (unsafe { & (* (:: std :: ptr :: null :: < UMat > ())) . flags as * const _ as usize } , 0usize , concat ! ("Offset of field:...
[INFO] [stdout]   |                         ^^^^^^^^^^^^^^^^^^^^^^^^^^^^^^^^^^^^^^^^^^ this code causes undefined behavior when executed
[INFO] [stdout] 
[INFO] [stdout] 
[INFO] [stdout] warning: dereferencing a null pointer
[INFO] [stdout]  --> /opt/rustwide/target/debug/build/opencv_rs-747d81274c96e5ca/out/bindings.rs:3:99018
[INFO] [stdout]   |
[INFO] [stdout] 3 | ...ert_eq ! (unsafe { & (* (:: std :: ptr :: null :: < UMat > ())) . dims as * const _ as usize } , 4usize , concat ! ("Offset of field: ...
[INFO] [stdout]   |                         ^^^^^^^^^^^^^^^^^^^^^^^^^^^^^^^^^^^^^^^^^^ this code causes undefined behavior when executed
[INFO] [stdout] 
[INFO] [stdout] 
[INFO] [stdout] warning: dereferencing a null pointer
[INFO] [stdout]  --> /opt/rustwide/target/debug/build/opencv_rs-747d81274c96e5ca/out/bindings.rs:3:99210
[INFO] [stdout]   |
[INFO] [stdout] 3 | ...ert_eq ! (unsafe { & (* (:: std :: ptr :: null :: < UMat > ())) . rows as * const _ as usize } , 8usize , concat ! ("Offset of field: ...
[INFO] [stdout]   |                         ^^^^^^^^^^^^^^^^^^^^^^^^^^^^^^^^^^^^^^^^^^ this code causes undefined behavior when executed
[INFO] [stdout] 
[INFO] [stdout] 
[INFO] [stdout] warning: dereferencing a null pointer
[INFO] [stdout]  --> /opt/rustwide/target/debug/build/opencv_rs-747d81274c96e5ca/out/bindings.rs:3:99402
[INFO] [stdout]   |
[INFO] [stdout] 3 | ...ert_eq ! (unsafe { & (* (:: std :: ptr :: null :: < UMat > ())) . cols as * const _ as usize } , 12usize , concat ! ("Offset of field:...
[INFO] [stdout]   |                         ^^^^^^^^^^^^^^^^^^^^^^^^^^^^^^^^^^^^^^^^^^ this code causes undefined behavior when executed
[INFO] [stdout] 
[INFO] [stdout] 
[INFO] [stdout] warning: dereferencing a null pointer
[INFO] [stdout]  --> /opt/rustwide/target/debug/build/opencv_rs-747d81274c96e5ca/out/bindings.rs:3:99595
[INFO] [stdout]   |
[INFO] [stdout] 3 | ...ert_eq ! (unsafe { & (* (:: std :: ptr :: null :: < UMat > ())) . allocator as * const _ as usize } , 16usize , concat ! ("Offset of f...
[INFO] [stdout]   |                         ^^^^^^^^^^^^^^^^^^^^^^^^^^^^^^^^^^^^^^^^^^ this code causes undefined behavior when executed
[INFO] [stdout] 
[INFO] [stdout] 
[INFO] [stdout] warning: dereferencing a null pointer
[INFO] [stdout]  --> /opt/rustwide/target/debug/build/opencv_rs-747d81274c96e5ca/out/bindings.rs:3:99798
[INFO] [stdout]   |
[INFO] [stdout] 3 | ...ert_eq ! (unsafe { & (* (:: std :: ptr :: null :: < UMat > ())) . usageFlags as * const _ as usize } , 24usize , concat ! ("Offset of ...
[INFO] [stdout]   |                         ^^^^^^^^^^^^^^^^^^^^^^^^^^^^^^^^^^^^^^^^^^ this code causes undefined behavior when executed
[INFO] [stdout] 
[INFO] [stdout] 
[INFO] [stdout] warning: dereferencing a null pointer
[INFO] [stdout]  --> /opt/rustwide/target/debug/build/opencv_rs-747d81274c96e5ca/out/bindings.rs:3:100003
[INFO] [stdout]   |
[INFO] [stdout] 3 | ...ert_eq ! (unsafe { & (* (:: std :: ptr :: null :: < UMat > ())) . u as * const _ as usize } , 32usize , concat ! ("Offset of field: " ...
[INFO] [stdout]   |                         ^^^^^^^^^^^^^^^^^^^^^^^^^^^^^^^^^^^^^^^^^^ this code causes undefined behavior when executed
[INFO] [stdout] 
[INFO] [stdout] 
[INFO] [stdout] warning: dereferencing a null pointer
[INFO] [stdout]  --> /opt/rustwide/target/debug/build/opencv_rs-747d81274c96e5ca/out/bindings.rs:3:100190
[INFO] [stdout]   |
[INFO] [stdout] 3 | ...ert_eq ! (unsafe { & (* (:: std :: ptr :: null :: < UMat > ())) . offset as * const _ as usize } , 40usize , concat ! ("Offset of fiel...
[INFO] [stdout]   |                         ^^^^^^^^^^^^^^^^^^^^^^^^^^^^^^^^^^^^^^^^^^ this code causes undefined behavior when executed
[INFO] [stdout] 
[INFO] [stdout] 
[INFO] [stdout] warning: dereferencing a null pointer
[INFO] [stdout]  --> /opt/rustwide/target/debug/build/opencv_rs-747d81274c96e5ca/out/bindings.rs:3:100387
[INFO] [stdout]   |
[INFO] [stdout] 3 | ...ert_eq ! (unsafe { & (* (:: std :: ptr :: null :: < UMat > ())) . size as * const _ as usize } , 48usize , concat ! ("Offset of field:...
[INFO] [stdout]   |                         ^^^^^^^^^^^^^^^^^^^^^^^^^^^^^^^^^^^^^^^^^^ this code causes undefined behavior when executed
[INFO] [stdout] 
[INFO] [stdout] 
[INFO] [stdout] warning: dereferencing a null pointer
[INFO] [stdout]  --> /opt/rustwide/target/debug/build/opencv_rs-747d81274c96e5ca/out/bindings.rs:3:100580
[INFO] [stdout]   |
[INFO] [stdout] 3 | ...ert_eq ! (unsafe { & (* (:: std :: ptr :: null :: < UMat > ())) . step as * const _ as usize } , 56usize , concat ! ("Offset of field:...
[INFO] [stdout]   |                         ^^^^^^^^^^^^^^^^^^^^^^^^^^^^^^^^^^^^^^^^^^ this code causes undefined behavior when executed
[INFO] [stdout] 
[INFO] [stdout] 
[INFO] [stdout] warning: dereferencing a null pointer
[INFO] [stdout]  --> /opt/rustwide/target/debug/build/opencv_rs-747d81274c96e5ca/out/bindings.rs:3:134637
[INFO] [stdout]   |
[INFO] [stdout] 3 | ...t_eq ! (unsafe { & (* (:: std :: ptr :: null :: < MatExpr > ())) . op as * const _ as usize } , 0usize , concat ! ("Offset of field: "...
[INFO] [stdout]   |                       ^^^^^^^^^^^^^^^^^^^^^^^^^^^^^^^^^^^^^^^^^^^^^ this code causes undefined behavior when executed
[INFO] [stdout] 
[INFO] [stdout] 
[INFO] [stdout] warning: dereferencing a null pointer
[INFO] [stdout]  --> /opt/rustwide/target/debug/build/opencv_rs-747d81274c96e5ca/out/bindings.rs:3:134831
[INFO] [stdout]   |
[INFO] [stdout] 3 | ...t_eq ! (unsafe { & (* (:: std :: ptr :: null :: < MatExpr > ())) . flags as * const _ as usize } , 8usize , concat ! ("Offset of field...
[INFO] [stdout]   |                       ^^^^^^^^^^^^^^^^^^^^^^^^^^^^^^^^^^^^^^^^^^^^^ this code causes undefined behavior when executed
[INFO] [stdout] 
[INFO] [stdout] 
[INFO] [stdout] warning: dereferencing a null pointer
[INFO] [stdout]  --> /opt/rustwide/target/debug/build/opencv_rs-747d81274c96e5ca/out/bindings.rs:3:135031
[INFO] [stdout]   |
[INFO] [stdout] 3 | ...t_eq ! (unsafe { & (* (:: std :: ptr :: null :: < MatExpr > ())) . a as * const _ as usize } , 16usize , concat ! ("Offset of field: "...
[INFO] [stdout]   |                       ^^^^^^^^^^^^^^^^^^^^^^^^^^^^^^^^^^^^^^^^^^^^^ this code causes undefined behavior when executed
[INFO] [stdout] 
[INFO] [stdout] 
[INFO] [stdout] warning: dereferencing a null pointer
[INFO] [stdout]  --> /opt/rustwide/target/debug/build/opencv_rs-747d81274c96e5ca/out/bindings.rs:3:135224
[INFO] [stdout]   |
[INFO] [stdout] 3 | ...t_eq ! (unsafe { & (* (:: std :: ptr :: null :: < MatExpr > ())) . b as * const _ as usize } , 112usize , concat ! ("Offset of field: ...
[INFO] [stdout]   |                       ^^^^^^^^^^^^^^^^^^^^^^^^^^^^^^^^^^^^^^^^^^^^^ this code causes undefined behavior when executed
[INFO] [stdout] 
[INFO] [stdout] 
[INFO] [stdout] warning: dereferencing a null pointer
[INFO] [stdout]  --> /opt/rustwide/target/debug/build/opencv_rs-747d81274c96e5ca/out/bindings.rs:3:135418
[INFO] [stdout]   |
[INFO] [stdout] 3 | ...t_eq ! (unsafe { & (* (:: std :: ptr :: null :: < MatExpr > ())) . c as * const _ as usize } , 208usize , concat ! ("Offset of field: ...
[INFO] [stdout]   |                       ^^^^^^^^^^^^^^^^^^^^^^^^^^^^^^^^^^^^^^^^^^^^^ this code causes undefined behavior when executed
[INFO] [stdout] 
[INFO] [stdout] 
[INFO] [stdout] warning: dereferencing a null pointer
[INFO] [stdout]  --> /opt/rustwide/target/debug/build/opencv_rs-747d81274c96e5ca/out/bindings.rs:3:135612
[INFO] [stdout]   |
[INFO] [stdout] 3 | ...t_eq ! (unsafe { & (* (:: std :: ptr :: null :: < MatExpr > ())) . alpha as * const _ as usize } , 304usize , concat ! ("Offset of fie...
[INFO] [stdout]   |                       ^^^^^^^^^^^^^^^^^^^^^^^^^^^^^^^^^^^^^^^^^^^^^ this code causes undefined behavior when executed
[INFO] [stdout] 
[INFO] [stdout] 
[INFO] [stdout] warning: dereferencing a null pointer
[INFO] [stdout]  --> /opt/rustwide/target/debug/build/opencv_rs-747d81274c96e5ca/out/bindings.rs:3:135814
[INFO] [stdout]   |
[INFO] [stdout] 3 | ...t_eq ! (unsafe { & (* (:: std :: ptr :: null :: < MatExpr > ())) . beta as * const _ as usize } , 312usize , concat ! ("Offset of fiel...
[INFO] [stdout]   |                       ^^^^^^^^^^^^^^^^^^^^^^^^^^^^^^^^^^^^^^^^^^^^^ this code causes undefined behavior when executed
[INFO] [stdout] 
[INFO] [stdout] 
[INFO] [stdout] warning: dereferencing a null pointer
[INFO] [stdout]  --> /opt/rustwide/target/debug/build/opencv_rs-747d81274c96e5ca/out/bindings.rs:3:136014
[INFO] [stdout]   |
[INFO] [stdout] 3 | ...t_eq ! (unsafe { & (* (:: std :: ptr :: null :: < MatExpr > ())) . s as * const _ as usize } , 320usize , concat ! ("Offset of field: ...
[INFO] [stdout]   |                       ^^^^^^^^^^^^^^^^^^^^^^^^^^^^^^^^^^^^^^^^^^^^^ this code causes undefined behavior when executed
[INFO] [stdout] 
[INFO] [stdout] 
[INFO] [stderr]     Finished `test` profile [unoptimized + debuginfo] target(s) in 2.74s
[INFO] [stderr] warning: the following packages contain code that will be rejected by a future version of Rust: nom v5.1.2
[INFO] [stderr] note: to see what the problems were, use the option `--future-incompat-report`, or run `cargo report future-incompatibilities --id 1`
[INFO] running `Command { std: "docker" "inspect" "3dcfe4679a9104fabf2d9b89461f1994ac279e70a570ba203ea296143c57ce70", kill_on_drop: false }`
[INFO] running `Command { std: "docker" "rm" "-f" "3dcfe4679a9104fabf2d9b89461f1994ac279e70a570ba203ea296143c57ce70", kill_on_drop: false }`
[INFO] [stdout] 3dcfe4679a9104fabf2d9b89461f1994ac279e70a570ba203ea296143c57ce70
[INFO] running `Command { std: "docker" "create" "-v" "/var/lib/crater-agent-workspace/builds/worker-3-tc2/target:/opt/rustwide/target:rw,Z" "-v" "/var/lib/crater-agent-workspace/builds/worker-3-tc2/source:/opt/rustwide/workdir:ro,Z" "-v" "/var/lib/crater-agent-workspace/cargo-home:/opt/rustwide/cargo-home:ro,Z" "-v" "/var/lib/crater-agent-workspace/rustup-home:/opt/rustwide/rustup-home:ro,Z" "-e" "SOURCE_DIR=/opt/rustwide/workdir" "-e" "CARGO_TARGET_DIR=/opt/rustwide/target" "-e" "CARGO_INCREMENTAL=0" "-e" "RUST_BACKTRACE=full" "-e" "RUSTFLAGS=--cap-lints=warn" "-e" "RUSTDOCFLAGS=--cap-lints=warn" "-e" "CARGO_HOME=/opt/rustwide/cargo-home" "-e" "RUSTUP_HOME=/opt/rustwide/rustup-home" "-w" "/opt/rustwide/workdir" "-m" "1610612736" "--user" "0:0" "--network" "none" "ghcr.io/rust-lang/crates-build-env/linux@sha256:f3a9d4ad9d972b27faf3965f35b62e55ba32bbce8f20bc8fe909558a86702fde" "/opt/rustwide/cargo-home/bin/cargo" "+beta-2024-12-08" "test" "--frozen", kill_on_drop: false }`
[INFO] [stdout] 9260a75070562161f88858293508861f3b3cec8875d2e5d3615e1c02e5299daa
[INFO] running `Command { std: "docker" "start" "-a" "9260a75070562161f88858293508861f3b3cec8875d2e5d3615e1c02e5299daa", kill_on_drop: false }`
[INFO] [stderr] warning: dereferencing a null pointer
[INFO] [stderr]  --> /opt/rustwide/target/debug/build/opencv_rs-747d81274c96e5ca/out/bindings.rs:3:4528
[INFO] [stderr]   |
[INFO] [stderr] 3 | ...rt_eq ! (unsafe { & (* (:: std :: ptr :: null :: < Range > ())) . start as * const _ as usize } , 0usize , concat ! ("Offset of field:...
[INFO] [stderr]   |                        ^^^^^^^^^^^^^^^^^^^^^^^^^^^^^^^^^^^^^^^^^^^ this code causes undefined behavior when executed
[INFO] [stderr]   |
[INFO] [stderr]   = note: `#[warn(deref_nullptr)]` on by default
[INFO] [stderr] 
[INFO] [stderr] warning: dereferencing a null pointer
[INFO] [stderr]  --> /opt/rustwide/target/debug/build/opencv_rs-747d81274c96e5ca/out/bindings.rs:3:4724
[INFO] [stderr]   |
[INFO] [stderr] 3 | ...rt_eq ! (unsafe { & (* (:: std :: ptr :: null :: < Range > ())) . end as * const _ as usize } , 4usize , concat ! ("Offset of field: "...
[INFO] [stderr]   |                        ^^^^^^^^^^^^^^^^^^^^^^^^^^^^^^^^^^^^^^^^^^^ this code causes undefined behavior when executed
[INFO] [stderr] 
[INFO] [stderr] warning: dereferencing a null pointer
[INFO] [stderr]  --> /opt/rustwide/target/debug/build/opencv_rs-747d81274c96e5ca/out/bindings.rs:3:9753
[INFO] [stderr]   |
[INFO] [stderr] 3 | ...eq ! (unsafe { & (* (:: std :: ptr :: null :: < _InputArray > ())) . flags as * const _ as usize } , 0usize , concat ! ("Offset of fie...
[INFO] [stderr]   |                     ^^^^^^^^^^^^^^^^^^^^^^^^^^^^^^^^^^^^^^^^^^^^^^^^^ this code causes undefined behavior when executed
[INFO] [stderr] 
[INFO] [stderr] warning: dereferencing a null pointer
[INFO] [stderr]  --> /opt/rustwide/target/debug/build/opencv_rs-747d81274c96e5ca/out/bindings.rs:3:9961
[INFO] [stderr]   |
[INFO] [stderr] 3 | ...eq ! (unsafe { & (* (:: std :: ptr :: null :: < _InputArray > ())) . obj as * const _ as usize } , 8usize , concat ! ("Offset of field...
[INFO] [stderr]   |                     ^^^^^^^^^^^^^^^^^^^^^^^^^^^^^^^^^^^^^^^^^^^^^^^^^ this code causes undefined behavior when executed
[INFO] [stderr] 
[INFO] [stderr] warning: dereferencing a null pointer
[INFO] [stderr]  --> /opt/rustwide/target/debug/build/opencv_rs-747d81274c96e5ca/out/bindings.rs:3:10165
[INFO] [stderr]   |
[INFO] [stderr] 3 | ...eq ! (unsafe { & (* (:: std :: ptr :: null :: < _InputArray > ())) . sz as * const _ as usize } , 16usize , concat ! ("Offset of field...
[INFO] [stderr]   |                     ^^^^^^^^^^^^^^^^^^^^^^^^^^^^^^^^^^^^^^^^^^^^^^^^^ this code causes undefined behavior when executed
[INFO] [stderr] 
[INFO] [stderr] warning: dereferencing a null pointer
[INFO] [stderr]  --> /opt/rustwide/target/debug/build/opencv_rs-747d81274c96e5ca/out/bindings.rs:3:50853
[INFO] [stderr]   |
[INFO] [stderr] 3 | ...t_eq ! (unsafe { & (* (:: std :: ptr :: null :: < UMatData > ())) . prevAllocator as * const _ as usize } , 0usize , concat ! ("Offset...
[INFO] [stderr]   |                       ^^^^^^^^^^^^^^^^^^^^^^^^^^^^^^^^^^^^^^^^^^^^^^ this code causes undefined behavior when executed
[INFO] [stderr] 
[INFO] [stderr] warning: dereferencing a null pointer
[INFO] [stderr]  --> /opt/rustwide/target/debug/build/opencv_rs-747d81274c96e5ca/out/bindings.rs:3:51071
[INFO] [stderr]   |
[INFO] [stderr] 3 | ...t_eq ! (unsafe { & (* (:: std :: ptr :: null :: < UMatData > ())) . currAllocator as * const _ as usize } , 8usize , concat ! ("Offset...
[INFO] [stderr]   |                       ^^^^^^^^^^^^^^^^^^^^^^^^^^^^^^^^^^^^^^^^^^^^^^ this code causes undefined behavior when executed
[INFO] [stderr] 
[INFO] [stderr] warning: dereferencing a null pointer
[INFO] [stderr]  --> /opt/rustwide/target/debug/build/opencv_rs-747d81274c96e5ca/out/bindings.rs:3:51289
[INFO] [stderr]   |
[INFO] [stderr] 3 | ...t_eq ! (unsafe { & (* (:: std :: ptr :: null :: < UMatData > ())) . urefcount as * const _ as usize } , 16usize , concat ! ("Offset of...
[INFO] [stderr]   |                       ^^^^^^^^^^^^^^^^^^^^^^^^^^^^^^^^^^^^^^^^^^^^^^ this code causes undefined behavior when executed
[INFO] [stderr] 
[INFO] [stderr] warning: dereferencing a null pointer
[INFO] [stderr]  --> /opt/rustwide/target/debug/build/opencv_rs-747d81274c96e5ca/out/bindings.rs:3:51500
[INFO] [stderr]   |
[INFO] [stderr] 3 | ...t_eq ! (unsafe { & (* (:: std :: ptr :: null :: < UMatData > ())) . refcount as * const _ as usize } , 20usize , concat ! ("Offset of ...
[INFO] [stderr]   |                       ^^^^^^^^^^^^^^^^^^^^^^^^^^^^^^^^^^^^^^^^^^^^^^ this code causes undefined behavior when executed
[INFO] [stderr] 
[INFO] [stderr] warning: dereferencing a null pointer
[INFO] [stderr]  --> /opt/rustwide/target/debug/build/opencv_rs-747d81274c96e5ca/out/bindings.rs:3:51709
[INFO] [stderr]   |
[INFO] [stderr] 3 | ...t_eq ! (unsafe { & (* (:: std :: ptr :: null :: < UMatData > ())) . data as * const _ as usize } , 24usize , concat ! ("Offset of fiel...
[INFO] [stderr]   |                       ^^^^^^^^^^^^^^^^^^^^^^^^^^^^^^^^^^^^^^^^^^^^^^ this code causes undefined behavior when executed
[INFO] [stderr] 
[INFO] [stderr] warning: dereferencing a null pointer
[INFO] [stderr]  --> /opt/rustwide/target/debug/build/opencv_rs-747d81274c96e5ca/out/bindings.rs:3:51910
[INFO] [stderr]   |
[INFO] [stderr] 3 | ...t_eq ! (unsafe { & (* (:: std :: ptr :: null :: < UMatData > ())) . origdata as * const _ as usize } , 32usize , concat ! ("Offset of ...
[INFO] [stderr]   |                       ^^^^^^^^^^^^^^^^^^^^^^^^^^^^^^^^^^^^^^^^^^^^^^ this code causes undefined behavior when executed
[INFO] [stderr] 
[INFO] [stderr] warning: dereferencing a null pointer
[INFO] [stderr]  --> /opt/rustwide/target/debug/build/opencv_rs-747d81274c96e5ca/out/bindings.rs:3:52119
[INFO] [stderr]   |
[INFO] [stderr] 3 | ...t_eq ! (unsafe { & (* (:: std :: ptr :: null :: < UMatData > ())) . size as * const _ as usize } , 40usize , concat ! ("Offset of fiel...
[INFO] [stderr]   |                       ^^^^^^^^^^^^^^^^^^^^^^^^^^^^^^^^^^^^^^^^^^^^^^ this code causes undefined behavior when executed
[INFO] [stderr] 
[INFO] [stderr] warning: dereferencing a null pointer
[INFO] [stderr]  --> /opt/rustwide/target/debug/build/opencv_rs-747d81274c96e5ca/out/bindings.rs:3:52320
[INFO] [stderr]   |
[INFO] [stderr] 3 | ...t_eq ! (unsafe { & (* (:: std :: ptr :: null :: < UMatData > ())) . flags as * const _ as usize } , 48usize , concat ! ("Offset of fie...
[INFO] [stderr]   |                       ^^^^^^^^^^^^^^^^^^^^^^^^^^^^^^^^^^^^^^^^^^^^^^ this code causes undefined behavior when executed
[INFO] [stderr] 
[INFO] [stderr] warning: dereferencing a null pointer
[INFO] [stderr]  --> /opt/rustwide/target/debug/build/opencv_rs-747d81274c96e5ca/out/bindings.rs:3:52523
[INFO] [stderr]   |
[INFO] [stderr] 3 | ...t_eq ! (unsafe { & (* (:: std :: ptr :: null :: < UMatData > ())) . handle as * const _ as usize } , 56usize , concat ! ("Offset of fi...
[INFO] [stderr]   |                       ^^^^^^^^^^^^^^^^^^^^^^^^^^^^^^^^^^^^^^^^^^^^^^ this code causes undefined behavior when executed
[INFO] [stderr] 
[INFO] [stderr] warning: dereferencing a null pointer
[INFO] [stderr]  --> /opt/rustwide/target/debug/build/opencv_rs-747d81274c96e5ca/out/bindings.rs:3:52728
[INFO] [stderr]   |
[INFO] [stderr] 3 | ...t_eq ! (unsafe { & (* (:: std :: ptr :: null :: < UMatData > ())) . userdata as * const _ as usize } , 64usize , concat ! ("Offset of ...
[INFO] [stderr]   |                       ^^^^^^^^^^^^^^^^^^^^^^^^^^^^^^^^^^^^^^^^^^^^^^ this code causes undefined behavior when executed
[INFO] [stderr] 
[INFO] [stderr] warning: dereferencing a null pointer
[INFO] [stderr]  --> /opt/rustwide/target/debug/build/opencv_rs-747d81274c96e5ca/out/bindings.rs:3:52937
[INFO] [stderr]   |
[INFO] [stderr] 3 | ...t_eq ! (unsafe { & (* (:: std :: ptr :: null :: < UMatData > ())) . allocatorFlags_ as * const _ as usize } , 72usize , concat ! ("Off...
[INFO] [stderr]   |                       ^^^^^^^^^^^^^^^^^^^^^^^^^^^^^^^^^^^^^^^^^^^^^^ this code causes undefined behavior when executed
[INFO] [stderr] 
[INFO] [stderr] warning: dereferencing a null pointer
[INFO] [stderr]  --> /opt/rustwide/target/debug/build/opencv_rs-747d81274c96e5ca/out/bindings.rs:3:53160
[INFO] [stderr]   |
[INFO] [stderr] 3 | ...t_eq ! (unsafe { & (* (:: std :: ptr :: null :: < UMatData > ())) . mapcount as * const _ as usize } , 76usize , concat ! ("Offset of ...
[INFO] [stderr]   |                       ^^^^^^^^^^^^^^^^^^^^^^^^^^^^^^^^^^^^^^^^^^^^^^ this code causes undefined behavior when executed
[INFO] [stderr] 
[INFO] [stderr] warning: dereferencing a null pointer
[INFO] [stderr]  --> /opt/rustwide/target/debug/build/opencv_rs-747d81274c96e5ca/out/bindings.rs:3:53369
[INFO] [stderr]   |
[INFO] [stderr] 3 | ...t_eq ! (unsafe { & (* (:: std :: ptr :: null :: < UMatData > ())) . originalUMatData as * const _ as usize } , 80usize , concat ! ("Of...
[INFO] [stderr]   |                       ^^^^^^^^^^^^^^^^^^^^^^^^^^^^^^^^^^^^^^^^^^^^^^ this code causes undefined behavior when executed
[INFO] [stderr] 
[INFO] [stderr] warning: dereferencing a null pointer
[INFO] [stderr]  --> /opt/rustwide/target/debug/build/opencv_rs-747d81274c96e5ca/out/bindings.rs:3:53594
[INFO] [stderr]   |
[INFO] [stderr] 3 | ...t_eq ! (unsafe { & (* (:: std :: ptr :: null :: < UMatData > ())) . allocatorContext as * const _ as usize } , 88usize , concat ! ("Of...
[INFO] [stderr]   |                       ^^^^^^^^^^^^^^^^^^^^^^^^^^^^^^^^^^^^^^^^^^^^^^ this code causes undefined behavior when executed
[INFO] [stderr] 
[INFO] [stderr] warning: dereferencing a null pointer
[INFO] [stderr]  --> /opt/rustwide/target/debug/build/opencv_rs-747d81274c96e5ca/out/bindings.rs:3:57623
[INFO] [stderr]   |
[INFO] [stderr] 3 | ...t_eq ! (unsafe { & (* (:: std :: ptr :: null :: < MatSize > ())) . p as * const _ as usize } , 0usize , concat ! ("Offset of field: " ...
[INFO] [stderr]   |                       ^^^^^^^^^^^^^^^^^^^^^^^^^^^^^^^^^^^^^^^^^^^^^ this code causes undefined behavior when executed
[INFO] [stderr] 
[INFO] [stderr] warning: dereferencing a null pointer
[INFO] [stderr]  --> /opt/rustwide/target/debug/build/opencv_rs-747d81274c96e5ca/out/bindings.rs:3:58906
[INFO] [stderr]   |
[INFO] [stderr] 3 | ...t_eq ! (unsafe { & (* (:: std :: ptr :: null :: < MatStep > ())) . p as * const _ as usize } , 0usize , concat ! ("Offset of field: " ...
[INFO] [stderr]   |                       ^^^^^^^^^^^^^^^^^^^^^^^^^^^^^^^^^^^^^^^^^^^^^ this code causes undefined behavior when executed
[INFO] [stderr] 
[INFO] [stderr] warning: dereferencing a null pointer
[INFO] [stderr]  --> /opt/rustwide/target/debug/build/opencv_rs-747d81274c96e5ca/out/bindings.rs:3:59098
[INFO] [stderr]   |
[INFO] [stderr] 3 | ...t_eq ! (unsafe { & (* (:: std :: ptr :: null :: < MatStep > ())) . buf as * const _ as usize } , 8usize , concat ! ("Offset of field: ...
[INFO] [stderr]   |                       ^^^^^^^^^^^^^^^^^^^^^^^^^^^^^^^^^^^^^^^^^^^^^ this code causes undefined behavior when executed
[INFO] [stderr] 
[INFO] [stderr] warning: dereferencing a null pointer
[INFO] [stderr]  --> /opt/rustwide/target/debug/build/opencv_rs-747d81274c96e5ca/out/bindings.rs:3:61339
[INFO] [stderr]   |
[INFO] [stderr] 3 | ...ert_eq ! (unsafe { & (* (:: std :: ptr :: null :: < Mat > ())) . flags as * const _ as usize } , 0usize , concat ! ("Offset of field: ...
[INFO] [stderr]   |                         ^^^^^^^^^^^^^^^^^^^^^^^^^^^^^^^^^^^^^^^^^ this code causes undefined behavior when executed
[INFO] [stderr] 
[INFO] [stderr] warning: dereferencing a null pointer
[INFO] [stderr]  --> /opt/rustwide/target/debug/build/opencv_rs-747d81274c96e5ca/out/bindings.rs:3:61531
[INFO] [stderr]   |
[INFO] [stderr] 3 | ...ert_eq ! (unsafe { & (* (:: std :: ptr :: null :: < Mat > ())) . dims as * const _ as usize } , 4usize , concat ! ("Offset of field: "...
[INFO] [stderr]   |                         ^^^^^^^^^^^^^^^^^^^^^^^^^^^^^^^^^^^^^^^^^ this code causes undefined behavior when executed
[INFO] [stderr] 
[INFO] [stderr] warning: dereferencing a null pointer
[INFO] [stderr]  --> /opt/rustwide/target/debug/build/opencv_rs-747d81274c96e5ca/out/bindings.rs:3:61721
[INFO] [stderr]   |
[INFO] [stderr] 3 | ...ert_eq ! (unsafe { & (* (:: std :: ptr :: null :: < Mat > ())) . rows as * const _ as usize } , 8usize , concat ! ("Offset of field: "...
[INFO] [stderr]   |                         ^^^^^^^^^^^^^^^^^^^^^^^^^^^^^^^^^^^^^^^^^ this code causes undefined behavior when executed
[INFO] [stderr] 
[INFO] [stderr] warning: dereferencing a null pointer
[INFO] [stderr]  --> /opt/rustwide/target/debug/build/opencv_rs-747d81274c96e5ca/out/bindings.rs:3:61911
[INFO] [stderr]   |
[INFO] [stderr] 3 | ...ert_eq ! (unsafe { & (* (:: std :: ptr :: null :: < Mat > ())) . cols as * const _ as usize } , 12usize , concat ! ("Offset of field: ...
[INFO] [stderr]   |                         ^^^^^^^^^^^^^^^^^^^^^^^^^^^^^^^^^^^^^^^^^ this code causes undefined behavior when executed
[INFO] [stderr] 
[INFO] [stderr] warning: dereferencing a null pointer
[INFO] [stderr]  --> /opt/rustwide/target/debug/build/opencv_rs-747d81274c96e5ca/out/bindings.rs:3:62102
[INFO] [stderr]   |
[INFO] [stderr] 3 | ...ert_eq ! (unsafe { & (* (:: std :: ptr :: null :: < Mat > ())) . data as * const _ as usize } , 16usize , concat ! ("Offset of field: ...
[INFO] [stderr]   |                         ^^^^^^^^^^^^^^^^^^^^^^^^^^^^^^^^^^^^^^^^^ this code causes undefined behavior when executed
[INFO] [stderr] 
[INFO] [stderr] warning: dereferencing a null pointer
[INFO] [stderr]  --> /opt/rustwide/target/debug/build/opencv_rs-747d81274c96e5ca/out/bindings.rs:3:62293
[INFO] [stderr]   |
[INFO] [stderr] 3 | ...ert_eq ! (unsafe { & (* (:: std :: ptr :: null :: < Mat > ())) . datastart as * const _ as usize } , 24usize , concat ! ("Offset of fi...
[INFO] [stderr]   |                         ^^^^^^^^^^^^^^^^^^^^^^^^^^^^^^^^^^^^^^^^^ this code causes undefined behavior when executed
[INFO] [stderr] 
[INFO] [stderr] warning: dereferencing a null pointer
[INFO] [stderr]  --> /opt/rustwide/target/debug/build/opencv_rs-747d81274c96e5ca/out/bindings.rs:3:62494
[INFO] [stderr]   |
[INFO] [stderr] 3 | ...ert_eq ! (unsafe { & (* (:: std :: ptr :: null :: < Mat > ())) . dataend as * const _ as usize } , 32usize , concat ! ("Offset of fiel...
[INFO] [stderr]   |                         ^^^^^^^^^^^^^^^^^^^^^^^^^^^^^^^^^^^^^^^^^ this code causes undefined behavior when executed
[INFO] [stderr] 
[INFO] [stderr] warning: dereferencing a null pointer
[INFO] [stderr]  --> /opt/rustwide/target/debug/build/opencv_rs-747d81274c96e5ca/out/bindings.rs:3:62691
[INFO] [stderr]   |
[INFO] [stderr] 3 | ...ert_eq ! (unsafe { & (* (:: std :: ptr :: null :: < Mat > ())) . datalimit as * const _ as usize } , 40usize , concat ! ("Offset of fi...
[INFO] [stderr]   |                         ^^^^^^^^^^^^^^^^^^^^^^^^^^^^^^^^^^^^^^^^^ this code causes undefined behavior when executed
[INFO] [stderr] 
[INFO] [stderr] warning: dereferencing a null pointer
[INFO] [stderr]  --> /opt/rustwide/target/debug/build/opencv_rs-747d81274c96e5ca/out/bindings.rs:3:62892
[INFO] [stderr]   |
[INFO] [stderr] 3 | ...ert_eq ! (unsafe { & (* (:: std :: ptr :: null :: < Mat > ())) . allocator as * const _ as usize } , 48usize , concat ! ("Offset of fi...
[INFO] [stderr]   |                         ^^^^^^^^^^^^^^^^^^^^^^^^^^^^^^^^^^^^^^^^^ this code causes undefined behavior when executed
[INFO] [stderr] 
[INFO] [stderr] warning: dereferencing a null pointer
[INFO] [stderr]  --> /opt/rustwide/target/debug/build/opencv_rs-747d81274c96e5ca/out/bindings.rs:3:63093
[INFO] [stderr]   |
[INFO] [stderr] 3 | ...ert_eq ! (unsafe { & (* (:: std :: ptr :: null :: < Mat > ())) . u as * const _ as usize } , 56usize , concat ! ("Offset of field: " ,...
[INFO] [stderr]   |                         ^^^^^^^^^^^^^^^^^^^^^^^^^^^^^^^^^^^^^^^^^ this code causes undefined behavior when executed
[INFO] [stderr] 
[INFO] [stderr] warning: dereferencing a null pointer
[INFO] [stderr]  --> /opt/rustwide/target/debug/build/opencv_rs-747d81274c96e5ca/out/bindings.rs:3:63278
[INFO] [stderr]   |
[INFO] [stderr] 3 | ...ert_eq ! (unsafe { & (* (:: std :: ptr :: null :: < Mat > ())) . size as * const _ as usize } , 64usize , concat ! ("Offset of field: ...
[INFO] [stderr]   |                         ^^^^^^^^^^^^^^^^^^^^^^^^^^^^^^^^^^^^^^^^^ this code causes undefined behavior when executed
[INFO] [stderr] 
[INFO] [stderr] warning: dereferencing a null pointer
[INFO] [stderr]  --> /opt/rustwide/target/debug/build/opencv_rs-747d81274c96e5ca/out/bindings.rs:3:63469
[INFO] [stderr]   |
[INFO] [stderr] 3 | ...ert_eq ! (unsafe { & (* (:: std :: ptr :: null :: < Mat > ())) . step as * const _ as usize } , 72usize , concat ! ("Offset of field: ...
[INFO] [stderr]   |                         ^^^^^^^^^^^^^^^^^^^^^^^^^^^^^^^^^^^^^^^^^ this code causes undefined behavior when executed
[INFO] [stderr] 
[INFO] [stderr] warning: dereferencing a null pointer
[INFO] [stderr]  --> /opt/rustwide/target/debug/build/opencv_rs-747d81274c96e5ca/out/bindings.rs:3:98824
[INFO] [stderr]   |
[INFO] [stderr] 3 | ...ert_eq ! (unsafe { & (* (:: std :: ptr :: null :: < UMat > ())) . flags as * const _ as usize } , 0usize , concat ! ("Offset of field:...
[INFO] [stderr]   |                         ^^^^^^^^^^^^^^^^^^^^^^^^^^^^^^^^^^^^^^^^^^ this code causes undefined behavior when executed
[INFO] [stderr] 
[INFO] [stderr] warning: dereferencing a null pointer
[INFO] [stderr]  --> /opt/rustwide/target/debug/build/opencv_rs-747d81274c96e5ca/out/bindings.rs:3:99018
[INFO] [stderr]   |
[INFO] [stderr] 3 | ...ert_eq ! (unsafe { & (* (:: std :: ptr :: null :: < UMat > ())) . dims as * const _ as usize } , 4usize , concat ! ("Offset of field: ...
[INFO] [stderr]   |                         ^^^^^^^^^^^^^^^^^^^^^^^^^^^^^^^^^^^^^^^^^^ this code causes undefined behavior when executed
[INFO] [stderr] 
[INFO] [stderr] warning: dereferencing a null pointer
[INFO] [stderr]  --> /opt/rustwide/target/debug/build/opencv_rs-747d81274c96e5ca/out/bindings.rs:3:99210
[INFO] [stderr]   |
[INFO] [stderr] 3 | ...ert_eq ! (unsafe { & (* (:: std :: ptr :: null :: < UMat > ())) . rows as * const _ as usize } , 8usize , concat ! ("Offset of field: ...
[INFO] [stderr]   |                         ^^^^^^^^^^^^^^^^^^^^^^^^^^^^^^^^^^^^^^^^^^ this code causes undefined behavior when executed
[INFO] [stderr] 
[INFO] [stderr] warning: dereferencing a null pointer
[INFO] [stderr]  --> /opt/rustwide/target/debug/build/opencv_rs-747d81274c96e5ca/out/bindings.rs:3:99402
[INFO] [stderr]   |
[INFO] [stderr] 3 | ...ert_eq ! (unsafe { & (* (:: std :: ptr :: null :: < UMat > ())) . cols as * const _ as usize } , 12usize , concat ! ("Offset of field:...
[INFO] [stderr]   |                         ^^^^^^^^^^^^^^^^^^^^^^^^^^^^^^^^^^^^^^^^^^ this code causes undefined behavior when executed
[INFO] [stderr] 
[INFO] [stderr] warning: dereferencing a null pointer
[INFO] [stderr]  --> /opt/rustwide/target/debug/build/opencv_rs-747d81274c96e5ca/out/bindings.rs:3:99595
[INFO] [stderr]   |
[INFO] [stderr] 3 | ...ert_eq ! (unsafe { & (* (:: std :: ptr :: null :: < UMat > ())) . allocator as * const _ as usize } , 16usize , concat ! ("Offset of f...
[INFO] [stderr]   |                         ^^^^^^^^^^^^^^^^^^^^^^^^^^^^^^^^^^^^^^^^^^ this code causes undefined behavior when executed
[INFO] [stderr] 
[INFO] [stderr] warning: dereferencing a null pointer
[INFO] [stderr]  --> /opt/rustwide/target/debug/build/opencv_rs-747d81274c96e5ca/out/bindings.rs:3:99798
[INFO] [stderr]   |
[INFO] [stderr] 3 | ...ert_eq ! (unsafe { & (* (:: std :: ptr :: null :: < UMat > ())) . usageFlags as * const _ as usize } , 24usize , concat ! ("Offset of ...
[INFO] [stderr]   |                         ^^^^^^^^^^^^^^^^^^^^^^^^^^^^^^^^^^^^^^^^^^ this code causes undefined behavior when executed
[INFO] [stderr] 
[INFO] [stderr] warning: dereferencing a null pointer
[INFO] [stderr]  --> /opt/rustwide/target/debug/build/opencv_rs-747d81274c96e5ca/out/bindings.rs:3:100003
[INFO] [stderr]   |
[INFO] [stderr] 3 | ...ert_eq ! (unsafe { & (* (:: std :: ptr :: null :: < UMat > ())) . u as * const _ as usize } , 32usize , concat ! ("Offset of field: " ...
[INFO] [stderr]   |                         ^^^^^^^^^^^^^^^^^^^^^^^^^^^^^^^^^^^^^^^^^^ this code causes undefined behavior when executed
[INFO] [stderr] 
[INFO] [stderr] warning: dereferencing a null pointer
[INFO] [stderr]  --> /opt/rustwide/target/debug/build/opencv_rs-747d81274c96e5ca/out/bindings.rs:3:100190
[INFO] [stderr]   |
[INFO] [stderr] 3 | ...ert_eq ! (unsafe { & (* (:: std :: ptr :: null :: < UMat > ())) . offset as * const _ as usize } , 40usize , concat ! ("Offset of fiel...
[INFO] [stderr]   |                         ^^^^^^^^^^^^^^^^^^^^^^^^^^^^^^^^^^^^^^^^^^ this code causes undefined behavior when executed
[INFO] [stderr] 
[INFO] [stderr] warning: dereferencing a null pointer
[INFO] [stderr]  --> /opt/rustwide/target/debug/build/opencv_rs-747d81274c96e5ca/out/bindings.rs:3:100387
[INFO] [stderr]   |
[INFO] [stderr] 3 | ...ert_eq ! (unsafe { & (* (:: std :: ptr :: null :: < UMat > ())) . size as * const _ as usize } , 48usize , concat ! ("Offset of field:...
[INFO] [stderr]   |                         ^^^^^^^^^^^^^^^^^^^^^^^^^^^^^^^^^^^^^^^^^^ this code causes undefined behavior when executed
[INFO] [stderr] 
[INFO] [stderr] warning: dereferencing a null pointer
[INFO] [stderr]  --> /opt/rustwide/target/debug/build/opencv_rs-747d81274c96e5ca/out/bindings.rs:3:100580
[INFO] [stderr]   |
[INFO] [stderr] 3 | ...ert_eq ! (unsafe { & (* (:: std :: ptr :: null :: < UMat > ())) . step as * const _ as usize } , 56usize , concat ! ("Offset of field:...
[INFO] [stderr]   |                         ^^^^^^^^^^^^^^^^^^^^^^^^^^^^^^^^^^^^^^^^^^ this code causes undefined behavior when executed
[INFO] [stderr] 
[INFO] [stderr] warning: dereferencing a null pointer
[INFO] [stderr]  --> /opt/rustwide/target/debug/build/opencv_rs-747d81274c96e5ca/out/bindings.rs:3:134637
[INFO] [stderr]   |
[INFO] [stderr] 3 | ...t_eq ! (unsafe { & (* (:: std :: ptr :: null :: < MatExpr > ())) . op as * const _ as usize } , 0usize , concat ! ("Offset of field: "...
[INFO] [stderr]   |                       ^^^^^^^^^^^^^^^^^^^^^^^^^^^^^^^^^^^^^^^^^^^^^ this code causes undefined behavior when executed
[INFO] [stderr] 
[INFO] [stderr] warning: dereferencing a null pointer
[INFO] [stderr]  --> /opt/rustwide/target/debug/build/opencv_rs-747d81274c96e5ca/out/bindings.rs:3:134831
[INFO] [stderr]   |
[INFO] [stderr] 3 | ...t_eq ! (unsafe { & (* (:: std :: ptr :: null :: < MatExpr > ())) . flags as * const _ as usize } , 8usize , concat ! ("Offset of field...
[INFO] [stderr]   |                       ^^^^^^^^^^^^^^^^^^^^^^^^^^^^^^^^^^^^^^^^^^^^^ this code causes undefined behavior when executed
[INFO] [stderr] 
[INFO] [stderr] warning: dereferencing a null pointer
[INFO] [stderr]  --> /opt/rustwide/target/debug/build/opencv_rs-747d81274c96e5ca/out/bindings.rs:3:135031
[INFO] [stderr]   |
[INFO] [stderr] 3 | ...t_eq ! (unsafe { & (* (:: std :: ptr :: null :: < MatExpr > ())) . a as * const _ as usize } , 16usize , concat ! ("Offset of field: "...
[INFO] [stderr]   |                       ^^^^^^^^^^^^^^^^^^^^^^^^^^^^^^^^^^^^^^^^^^^^^ this code causes undefined behavior when executed
[INFO] [stderr] 
[INFO] [stderr] warning: dereferencing a null pointer
[INFO] [stderr]  --> /opt/rustwide/target/debug/build/opencv_rs-747d81274c96e5ca/out/bindings.rs:3:135224
[INFO] [stderr]   |
[INFO] [stderr] 3 | ...t_eq ! (unsafe { & (* (:: std :: ptr :: null :: < MatExpr > ())) . b as * const _ as usize } , 112usize , concat ! ("Offset of field: ...
[INFO] [stderr]   |                       ^^^^^^^^^^^^^^^^^^^^^^^^^^^^^^^^^^^^^^^^^^^^^ this code causes undefined behavior when executed
[INFO] [stderr] 
[INFO] [stderr] warning: dereferencing a null pointer
[INFO] [stderr]  --> /opt/rustwide/target/debug/build/opencv_rs-747d81274c96e5ca/out/bindings.rs:3:135418
[INFO] [stderr]   |
[INFO] [stderr] 3 | ...t_eq ! (unsafe { & (* (:: std :: ptr :: null :: < MatExpr > ())) . c as * const _ as usize } , 208usize , concat ! ("Offset of field: ...
[INFO] [stderr]   |                       ^^^^^^^^^^^^^^^^^^^^^^^^^^^^^^^^^^^^^^^^^^^^^ this code causes undefined behavior when executed
[INFO] [stderr] 
[INFO] [stderr] warning: dereferencing a null pointer
[INFO] [stderr]  --> /opt/rustwide/target/debug/build/opencv_rs-747d81274c96e5ca/out/bindings.rs:3:135612
[INFO] [stderr]   |
[INFO] [stderr] 3 | ...t_eq ! (unsafe { & (* (:: std :: ptr :: null :: < MatExpr > ())) . alpha as * const _ as usize } , 304usize , concat ! ("Offset of fie...
[INFO] [stderr]   |                       ^^^^^^^^^^^^^^^^^^^^^^^^^^^^^^^^^^^^^^^^^^^^^ this code causes undefined behavior when executed
[INFO] [stderr] 
[INFO] [stderr] warning: dereferencing a null pointer
[INFO] [stderr]  --> /opt/rustwide/target/debug/build/opencv_rs-747d81274c96e5ca/out/bindings.rs:3:135814
[INFO] [stderr]   |
[INFO] [stderr] 3 | ...t_eq ! (unsafe { & (* (:: std :: ptr :: null :: < MatExpr > ())) . beta as * const _ as usize } , 312usize , concat ! ("Offset of fiel...
[INFO] [stderr]   |                       ^^^^^^^^^^^^^^^^^^^^^^^^^^^^^^^^^^^^^^^^^^^^^ this code causes undefined behavior when executed
[INFO] [stderr] 
[INFO] [stderr] warning: dereferencing a null pointer
[INFO] [stderr]  --> /opt/rustwide/target/debug/build/opencv_rs-747d81274c96e5ca/out/bindings.rs:3:136014
[INFO] [stderr]   |
[INFO] [stderr] 3 | ...t_eq ! (unsafe { & (* (:: std :: ptr :: null :: < MatExpr > ())) . s as * const _ as usize } , 320usize , concat ! ("Offset of field: ...
[INFO] [stderr]   |                       ^^^^^^^^^^^^^^^^^^^^^^^^^^^^^^^^^^^^^^^^^^^^^ this code causes undefined behavior when executed
[INFO] [stderr] 
[INFO] [stderr] warning: `opencv_rs` (lib test) generated 52 warnings
[INFO] [stderr]     Finished `test` profile [unoptimized + debuginfo] target(s) in 0.15s
[INFO] [stderr] warning: the following packages contain code that will be rejected by a future version of Rust: nom v5.1.2
[INFO] [stderr] note: to see what the problems were, use the option `--future-incompat-report`, or run `cargo report future-incompatibilities --id 1`
[INFO] [stderr]      Running unittests src/lib.rs (/opt/rustwide/target/debug/deps/opencv_rs-dc5e90308d2247e3)
[INFO] [stdout] 
[INFO] [stdout] running 18 tests
[INFO] [stdout] test root::__bindgen_test_layout_Point__open0_int_close0_instantiation ... ok
[INFO] [stdout] test root::cv::bindgen_test_layout_BufferPoolController ... ok
[INFO] [stdout] test root::cv::bindgen_test_layout_Mat ... ok
[INFO] [stdout] test root::cv::bindgen_test_layout_MatAllocator ... ok
[INFO] [stdout] test root::__bindgen_test_layout_Rect__open0_int_close0_instantiation ... ok
[INFO] [stdout] test root::__bindgen_test_layout_Size__open0_int_close0_instantiation ... ok
[INFO] [stdout] test root::cv::bindgen_test_layout_MatOp ... ok
[INFO] [stdout] test root::cv::bindgen_test_layout_MatSize ... ok
[INFO] [stdout] test root::cv::bindgen_test_layout_MatStep ... ok
[INFO] [stdout] test root::cv::bindgen_test_layout_UMatData ... ok
[INFO] [stdout] test root::cv::bindgen_test_layout_Range ... ok
[INFO] [stdout] test root::cv::bindgen_test_layout__InputArray ... ok
[INFO] [stdout] test root::cv::bindgen_test_layout__OutputArray ... ok
[INFO] [stdout] test tests::test_wrapper_empty ... ok
[INFO] [stdout] test root::cv::bindgen_test_layout_UMat ... ok
[INFO] [stdout] test tests::test_wrapper ... ok
[INFO] [stdout] test root::__bindgen_test_layout_Scalar__open0_double_close0_instantiation ... FAILED
[INFO] [stdout] test root::cv::bindgen_test_layout_MatExpr ... FAILED
[INFO] [stdout] 
[INFO] [stdout] failures:
[INFO] [stdout] 
[INFO] [stdout] ---- root::__bindgen_test_layout_Scalar__open0_double_close0_instantiation stdout ----
[INFO] [stdout] thread 'root::__bindgen_test_layout_Scalar__open0_double_close0_instantiation' panicked at /opt/rustwide/target/debug/build/opencv_rs-747d81274c96e5ca/out/bindings.rs:3:143226:
[INFO] [stdout] assertion `left == right` failed: Size of template specialization: root :: cv :: Scalar_
[INFO] [stdout]   left: 1
[INFO] [stdout]  right: 32
[INFO] [stdout] stack backtrace:
[INFO] [stdout]    0:     0x568ad2940a7a - std::backtrace_rs::backtrace::libunwind::trace::h8810477743020387
[INFO] [stdout]                                at /rustc/202008a1b8de96d2e5b6bc02d379db03a877d34d/library/std/src/../../backtrace/src/backtrace/libunwind.rs:116:5
[INFO] [stdout]    1:     0x568ad2940a7a - std::backtrace_rs::backtrace::trace_unsynchronized::h3aa55355dd6c54a6
[INFO] [stdout]                                at /rustc/202008a1b8de96d2e5b6bc02d379db03a877d34d/library/std/src/../../backtrace/src/backtrace/mod.rs:66:5
[INFO] [stdout]    2:     0x568ad2940a7a - std::sys::backtrace::_print_fmt::h8588b0f62410823f
[INFO] [stdout]                                at /rustc/202008a1b8de96d2e5b6bc02d379db03a877d34d/library/std/src/sys/backtrace.rs:66:9
[INFO] [stdout]    3:     0x568ad2940a7a - <std::sys::backtrace::BacktraceLock::print::DisplayBacktrace as core::fmt::Display>::fmt::h98c26ac25ffe89bb
[INFO] [stdout]                                at /rustc/202008a1b8de96d2e5b6bc02d379db03a877d34d/library/std/src/sys/backtrace.rs:39:26
[INFO] [stdout]    4:     0x568ad29664b3 - core::fmt::rt::Argument::fmt::hf95377f4aebd453b
[INFO] [stdout]                                at /rustc/202008a1b8de96d2e5b6bc02d379db03a877d34d/library/core/src/fmt/rt.rs:177:76
[INFO] [stdout]    5:     0x568ad29664b3 - core::fmt::write::h0dd5f6e2238c7982
[INFO] [stdout]                                at /rustc/202008a1b8de96d2e5b6bc02d379db03a877d34d/library/core/src/fmt/mod.rs:1189:21
[INFO] [stdout]    6:     0x568ad293dc13 - std::io::Write::write_fmt::h03bb0ca26e6faf8c
[INFO] [stdout]                                at /rustc/202008a1b8de96d2e5b6bc02d379db03a877d34d/library/std/src/io/mod.rs:1884:15
[INFO] [stdout]    7:     0x568ad29408c2 - std::sys::backtrace::BacktraceLock::print::h5c19c1c038ee186d
[INFO] [stdout]                                at /rustc/202008a1b8de96d2e5b6bc02d379db03a877d34d/library/std/src/sys/backtrace.rs:42:9
[INFO] [stdout]    8:     0x568ad2941efd - std::panicking::default_hook::{{closure}}::h77172f079a1fcb13
[INFO] [stdout]                                at /rustc/202008a1b8de96d2e5b6bc02d379db03a877d34d/library/std/src/panicking.rs:268:22
[INFO] [stdout]    9:     0x568ad2941d07 - std::panicking::default_hook::he5f8e3b203ccddba
[INFO] [stdout]                                at /rustc/202008a1b8de96d2e5b6bc02d379db03a877d34d/library/std/src/panicking.rs:292:9
[INFO] [stdout]   10:     0x568ad290b567 - <alloc::boxed::Box<F,A> as core::ops::function::Fn<Args>>::call::h7a3c7b4a1ae77f2f
[INFO] [stdout]                                at /rustc/202008a1b8de96d2e5b6bc02d379db03a877d34d/library/alloc/src/boxed.rs:1986:9
[INFO] [stdout]   11:     0x568ad290b567 - test::test_main::{{closure}}::hf0d3b69ae9b353d1
[INFO] [stdout]                                at /rustc/202008a1b8de96d2e5b6bc02d379db03a877d34d/library/test/src/lib.rs:134:21
[INFO] [stdout]   12:     0x568ad29425a8 - <alloc::boxed::Box<F,A> as core::ops::function::Fn<Args>>::call::h6332e82e7b189abd
[INFO] [stdout]                                at /rustc/202008a1b8de96d2e5b6bc02d379db03a877d34d/library/alloc/src/boxed.rs:1986:9
[INFO] [stdout]   13:     0x568ad29425a8 - std::panicking::rust_panic_with_hook::h53863d4e9018df39
[INFO] [stdout]                                at /rustc/202008a1b8de96d2e5b6bc02d379db03a877d34d/library/std/src/panicking.rs:809:13
[INFO] [stdout]   14:     0x568ad294236a - std::panicking::begin_panic_handler::{{closure}}::h67280e6fa0757873
[INFO] [stdout]                                at /rustc/202008a1b8de96d2e5b6bc02d379db03a877d34d/library/std/src/panicking.rs:674:13
[INFO] [stdout]   15:     0x568ad2940f59 - std::sys::backtrace::__rust_end_short_backtrace::h1dac3f54d6fbbeb2
[INFO] [stdout]                                at /rustc/202008a1b8de96d2e5b6bc02d379db03a877d34d/library/std/src/sys/backtrace.rs:170:18
[INFO] [stdout]   16:     0x568ad2941ffc - rust_begin_unwind
[INFO] [stdout]                                at /rustc/202008a1b8de96d2e5b6bc02d379db03a877d34d/library/std/src/panicking.rs:665:5
[INFO] [stdout]   17:     0x568ad28c9a90 - core::panicking::panic_fmt::h6792bd1b2bf01041
[INFO] [stdout]                                at /rustc/202008a1b8de96d2e5b6bc02d379db03a877d34d/library/core/src/panicking.rs:76:14
[INFO] [stdout]   18:     0x568ad28c9dbb - core::panicking::assert_failed_inner::hf2c17e6d30928787
[INFO] [stdout]   19:     0x568ad28cc2a4 - core::panicking::assert_failed::haee74b0c8fce9f37
[INFO] [stdout]                                at /rustc/202008a1b8de96d2e5b6bc02d379db03a877d34d/library/core/src/panicking.rs:373:5
[INFO] [stdout]   20:     0x568ad28d179d - opencv_rs::root::__bindgen_test_layout_Scalar__open0_double_close0_instantiation::h5546b582a7bc4a81
[INFO] [stdout]                                at /opt/rustwide/target/debug/build/opencv_rs-747d81274c96e5ca/out/bindings.rs:3
[INFO] [stdout]   21:     0x568ad28d16f7 - opencv_rs::root::__bindgen_test_layout_Scalar__open0_double_close0_instantiation::{{closure}}::h03570051813d861d
[INFO] [stdout]                                at /opt/rustwide/target/debug/build/opencv_rs-747d81274c96e5ca/out/bindings.rs:3
[INFO] [stdout]   22:     0x568ad28cb676 - core::ops::function::FnOnce::call_once::h53eee4d9923198ff
[INFO] [stdout]                                at /rustc/202008a1b8de96d2e5b6bc02d379db03a877d34d/library/core/src/ops/function.rs:250:5
[INFO] [stdout]   23:     0x568ad291008b - core::ops::function::FnOnce::call_once::h871bf86719ec9aa4
[INFO] [stdout]                                at /rustc/202008a1b8de96d2e5b6bc02d379db03a877d34d/library/core/src/ops/function.rs:250:5
[INFO] [stdout]   24:     0x568ad291008b - test::__rust_begin_short_backtrace::h2167df1e2b7d76fd
[INFO] [stdout]                                at /rustc/202008a1b8de96d2e5b6bc02d379db03a877d34d/library/test/src/lib.rs:632:18
[INFO] [stdout]   25:     0x568ad290fa78 - test::run_test_in_process::{{closure}}::h15d92f75a3adfb79
[INFO] [stdout]                                at /rustc/202008a1b8de96d2e5b6bc02d379db03a877d34d/library/test/src/lib.rs:655:60
[INFO] [stdout]   26:     0x568ad290fa78 - <core::panic::unwind_safe::AssertUnwindSafe<F> as core::ops::function::FnOnce<()>>::call_once::hb6c8955835a8dbbb
[INFO] [stdout]                                at /rustc/202008a1b8de96d2e5b6bc02d379db03a877d34d/library/core/src/panic/unwind_safe.rs:272:9
[INFO] [stdout]   27:     0x568ad290fa78 - std::panicking::try::do_call::hc79d0fc888a0bd30
[INFO] [stdout]                                at /rustc/202008a1b8de96d2e5b6bc02d379db03a877d34d/library/std/src/panicking.rs:557:40
[INFO] [stdout]   28:     0x568ad290fa78 - std::panicking::try::hb8a7878e3a8589d6
[INFO] [stdout]                                at /rustc/202008a1b8de96d2e5b6bc02d379db03a877d34d/library/std/src/panicking.rs:520:19
[INFO] [stdout]   29:     0x568ad290fa78 - std::panic::catch_unwind::hb8e4600ff0ff5cfa
[INFO] [stdout]                                at /rustc/202008a1b8de96d2e5b6bc02d379db03a877d34d/library/std/src/panic.rs:358:14
[INFO] [stdout]   30:     0x568ad290fa78 - test::run_test_in_process::hc2900b0b18688dd6
[INFO] [stdout]                                at /rustc/202008a1b8de96d2e5b6bc02d379db03a877d34d/library/test/src/lib.rs:655:27
[INFO] [stdout]   31:     0x568ad290fa78 - test::run_test::{{closure}}::hac2a9cb07be3d48d
[INFO] [stdout]                                at /rustc/202008a1b8de96d2e5b6bc02d379db03a877d34d/library/test/src/lib.rs:576:43
[INFO] [stdout]   32:     0x568ad28d351a - test::run_test::{{closure}}::h4a5b729e66a38cd8
[INFO] [stdout]                                at /rustc/202008a1b8de96d2e5b6bc02d379db03a877d34d/library/test/src/lib.rs:606:41
[INFO] [stdout]   33:     0x568ad28d351a - std::sys::backtrace::__rust_begin_short_backtrace::h0496fb742492f573
[INFO] [stdout]                                at /rustc/202008a1b8de96d2e5b6bc02d379db03a877d34d/library/std/src/sys/backtrace.rs:154:18
[INFO] [stdout]   34:     0x568ad28d6e94 - std::thread::Builder::spawn_unchecked_::{{closure}}::{{closure}}::hbb6d257c550a54bd
[INFO] [stdout]                                at /rustc/202008a1b8de96d2e5b6bc02d379db03a877d34d/library/std/src/thread/mod.rs:561:17
[INFO] [stdout]   35:     0x568ad28d6e94 - <core::panic::unwind_safe::AssertUnwindSafe<F> as core::ops::function::FnOnce<()>>::call_once::h46696fe4a6832328
[INFO] [stdout]                                at /rustc/202008a1b8de96d2e5b6bc02d379db03a877d34d/library/core/src/panic/unwind_safe.rs:272:9
[INFO] [stdout]   36:     0x568ad28d6e94 - std::panicking::try::do_call::h2625a51b667bfb64
[INFO] [stdout]                                at /rustc/202008a1b8de96d2e5b6bc02d379db03a877d34d/library/std/src/panicking.rs:557:40
[INFO] [stdout]   37:     0x568ad28d6e94 - std::panicking::try::hb956a59a1973aa4c
[INFO] [stdout]                                at /rustc/202008a1b8de96d2e5b6bc02d379db03a877d34d/library/std/src/panicking.rs:520:19
[INFO] [stdout]   38:     0x568ad28d6e94 - std::panic::catch_unwind::h64f3b9d1067ef6a0
[INFO] [stdout]                                at /rustc/202008a1b8de96d2e5b6bc02d379db03a877d34d/library/std/src/panic.rs:358:14
[INFO] [stdout]   39:     0x568ad28d6e94 - std::thread::Builder::spawn_unchecked_::{{closure}}::h42b2841295b6c0b2
[INFO] [stdout]                                at /rustc/202008a1b8de96d2e5b6bc02d379db03a877d34d/library/std/src/thread/mod.rs:559:30
[INFO] [stdout]   40:     0x568ad28d6e94 - core::ops::function::FnOnce::call_once{{vtable.shim}}::h6127de71b8124639
[INFO] [stdout]                                at /rustc/202008a1b8de96d2e5b6bc02d379db03a877d34d/library/core/src/ops/function.rs:250:5
[INFO] [stdout]   41:     0x568ad29464eb - <alloc::boxed::Box<F,A> as core::ops::function::FnOnce<Args>>::call_once::h42f0ba71002a1b2c
[INFO] [stdout]                                at /rustc/202008a1b8de96d2e5b6bc02d379db03a877d34d/library/alloc/src/boxed.rs:1972:9
[INFO] [stdout]   42:     0x568ad29464eb - <alloc::boxed::Box<F,A> as core::ops::function::FnOnce<Args>>::call_once::had9e47d7a3dcecb8
[INFO] [stdout]                                at /rustc/202008a1b8de96d2e5b6bc02d379db03a877d34d/library/alloc/src/boxed.rs:1972:9
[INFO] [stdout]   43:     0x568ad29464eb - std::sys::pal::unix::thread::Thread::new::thread_start::h48cf765408f6f5f2
[INFO] [stdout]                                at /rustc/202008a1b8de96d2e5b6bc02d379db03a877d34d/library/std/src/sys/pal/unix/thread.rs:105:17
[INFO] [stdout]   44:     0x75be89cccac3 - <unknown>
[INFO] [stdout]   45:     0x75be89d5da04 - clone
[INFO] [stdout]   46:                0x0 - <unknown>
[INFO] [stdout] 
[INFO] [stdout] ---- root::cv::bindgen_test_layout_MatExpr stdout ----
[INFO] [stdout] thread 'root::cv::bindgen_test_layout_MatExpr' panicked at /opt/rustwide/target/debug/build/opencv_rs-747d81274c96e5ca/out/bindings.rs:3:134372:
[INFO] [stdout] assertion `left == right` failed: Size of: MatExpr
[INFO] [stdout]   left: 328
[INFO] [stdout]  right: 352
[INFO] [stdout] stack backtrace:
[INFO] [stdout]    0:     0x568ad2940a7a - std::backtrace_rs::backtrace::libunwind::trace::h8810477743020387
[INFO] [stdout]                                at /rustc/202008a1b8de96d2e5b6bc02d379db03a877d34d/library/std/src/../../backtrace/src/backtrace/libunwind.rs:116:5
[INFO] [stdout]    1:     0x568ad2940a7a - std::backtrace_rs::backtrace::trace_unsynchronized::h3aa55355dd6c54a6
[INFO] [stdout]                                at /rustc/202008a1b8de96d2e5b6bc02d379db03a877d34d/library/std/src/../../backtrace/src/backtrace/mod.rs:66:5
[INFO] [stdout]    2:     0x568ad2940a7a - std::sys::backtrace::_print_fmt::h8588b0f62410823f
[INFO] [stdout]                                at /rustc/202008a1b8de96d2e5b6bc02d379db03a877d34d/library/std/src/sys/backtrace.rs:66:9
[INFO] [stdout]    3:     0x568ad2940a7a - <std::sys::backtrace::BacktraceLock::print::DisplayBacktrace as core::fmt::Display>::fmt::h98c26ac25ffe89bb
[INFO] [stdout]                                at /rustc/202008a1b8de96d2e5b6bc02d379db03a877d34d/library/std/src/sys/backtrace.rs:39:26
[INFO] [stdout]    4:     0x568ad29664b3 - core::fmt::rt::Argument::fmt::hf95377f4aebd453b
[INFO] [stdout]                                at /rustc/202008a1b8de96d2e5b6bc02d379db03a877d34d/library/core/src/fmt/rt.rs:177:76
[INFO] [stdout]    5:     0x568ad29664b3 - core::fmt::write::h0dd5f6e2238c7982
[INFO] [stdout]                                at /rustc/202008a1b8de96d2e5b6bc02d379db03a877d34d/library/core/src/fmt/mod.rs:1189:21
[INFO] [stdout]    6:     0x568ad293dc13 - std::io::Write::write_fmt::h03bb0ca26e6faf8c
[INFO] [stdout]                                at /rustc/202008a1b8de96d2e5b6bc02d379db03a877d34d/library/std/src/io/mod.rs:1884:15
[INFO] [stdout]    7:     0x568ad29408c2 - std::sys::backtrace::BacktraceLock::print::h5c19c1c038ee186d
[INFO] [stdout]                                at /rustc/202008a1b8de96d2e5b6bc02d379db03a877d34d/library/std/src/sys/backtrace.rs:42:9
[INFO] [stdout]    8:     0x568ad2941efd - std::panicking::default_hook::{{closure}}::h77172f079a1fcb13
[INFO] [stdout]                                at /rustc/202008a1b8de96d2e5b6bc02d379db03a877d34d/library/std/src/panicking.rs:268:22
[INFO] [stdout]    9:     0x568ad2941d07 - std::panicking::default_hook::he5f8e3b203ccddba
[INFO] [stdout]                                at /rustc/202008a1b8de96d2e5b6bc02d379db03a877d34d/library/std/src/panicking.rs:292:9
[INFO] [stdout]   10:     0x568ad290b567 - <alloc::boxed::Box<F,A> as core::ops::function::Fn<Args>>::call::h7a3c7b4a1ae77f2f
[INFO] [stdout]                                at /rustc/202008a1b8de96d2e5b6bc02d379db03a877d34d/library/alloc/src/boxed.rs:1986:9
[INFO] [stdout]   11:     0x568ad290b567 - test::test_main::{{closure}}::hf0d3b69ae9b353d1
[INFO] [stdout]                                at /rustc/202008a1b8de96d2e5b6bc02d379db03a877d34d/library/test/src/lib.rs:134:21
[INFO] [stdout]   12:     0x568ad29425a8 - <alloc::boxed::Box<F,A> as core::ops::function::Fn<Args>>::call::h6332e82e7b189abd
[INFO] [stdout]                                at /rustc/202008a1b8de96d2e5b6bc02d379db03a877d34d/library/alloc/src/boxed.rs:1986:9
[INFO] [stdout]   13:     0x568ad29425a8 - std::panicking::rust_panic_with_hook::h53863d4e9018df39
[INFO] [stdout]                                at /rustc/202008a1b8de96d2e5b6bc02d379db03a877d34d/library/std/src/panicking.rs:809:13
[INFO] [stdout]   14:     0x568ad294236a - std::panicking::begin_panic_handler::{{closure}}::h67280e6fa0757873
[INFO] [stdout]                                at /rustc/202008a1b8de96d2e5b6bc02d379db03a877d34d/library/std/src/panicking.rs:674:13
[INFO] [stdout]   15:     0x568ad2940f59 - std::sys::backtrace::__rust_end_short_backtrace::h1dac3f54d6fbbeb2
[INFO] [stdout]                                at /rustc/202008a1b8de96d2e5b6bc02d379db03a877d34d/library/std/src/sys/backtrace.rs:170:18
[INFO] [stdout]   16:     0x568ad2941ffc - rust_begin_unwind
[INFO] [stdout]                                at /rustc/202008a1b8de96d2e5b6bc02d379db03a877d34d/library/std/src/panicking.rs:665:5
[INFO] [stdout]   17:     0x568ad28c9a90 - core::panicking::panic_fmt::h6792bd1b2bf01041
[INFO] [stdout]                                at /rustc/202008a1b8de96d2e5b6bc02d379db03a877d34d/library/core/src/panicking.rs:76:14
[INFO] [stdout]   18:     0x568ad28c9dbb - core::panicking::assert_failed_inner::hf2c17e6d30928787
[INFO] [stdout]   19:     0x568ad28cc2a4 - core::panicking::assert_failed::haee74b0c8fce9f37
[INFO] [stdout]                                at /rustc/202008a1b8de96d2e5b6bc02d379db03a877d34d/library/core/src/panicking.rs:373:5
[INFO] [stdout]   20:     0x568ad28d0bad - opencv_rs::root::cv::bindgen_test_layout_MatExpr::h2769204663f5afd9
[INFO] [stdout]                                at /opt/rustwide/target/debug/build/opencv_rs-747d81274c96e5ca/out/bindings.rs:3
[INFO] [stdout]   21:     0x568ad28d0b07 - opencv_rs::root::cv::bindgen_test_layout_MatExpr::{{closure}}::hdbcf07c317e35785
[INFO] [stdout]                                at /opt/rustwide/target/debug/build/opencv_rs-747d81274c96e5ca/out/bindings.rs:3
[INFO] [stdout]   22:     0x568ad28cb4b6 - core::ops::function::FnOnce::call_once::h095ceef31df5f55a
[INFO] [stdout]                                at /rustc/202008a1b8de96d2e5b6bc02d379db03a877d34d/library/core/src/ops/function.rs:250:5
[INFO] [stdout]   23:     0x568ad291008b - core::ops::function::FnOnce::call_once::h871bf86719ec9aa4
[INFO] [stdout]                                at /rustc/202008a1b8de96d2e5b6bc02d379db03a877d34d/library/core/src/ops/function.rs:250:5
[INFO] [stdout]   24:     0x568ad291008b - test::__rust_begin_short_backtrace::h2167df1e2b7d76fd
[INFO] [stdout]                                at /rustc/202008a1b8de96d2e5b6bc02d379db03a877d34d/library/test/src/lib.rs:632:18
[INFO] [stdout]   25:     0x568ad290fa78 - test::run_test_in_process::{{closure}}::h15d92f75a3adfb79
[INFO] [stdout]                                at /rustc/202008a1b8de96d2e5b6bc02d379db03a877d34d/library/test/src/lib.rs:655:60
[INFO] [stdout]   26:     0x568ad290fa78 - <core::panic::unwind_safe::AssertUnwindSafe<F> as core::ops::function::FnOnce<()>>::call_once::hb6c8955835a8dbbb
[INFO] [stdout]                                at /rustc/202008a1b8de96d2e5b6bc02d379db03a877d34d/library/core/src/panic/unwind_safe.rs:272:9
[INFO] [stdout]   27:     0x568ad290fa78 - std::panicking::try::do_call::hc79d0fc888a0bd30
[INFO] [stdout]                                at /rustc/202008a1b8de96d2e5b6bc02d379db03a877d34d/library/std/src/panicking.rs:557:40
[INFO] [stdout]   28:     0x568ad290fa78 - std::panicking::try::hb8a7878e3a8589d6
[INFO] [stdout]                                at /rustc/202008a1b8de96d2e5b6bc02d379db03a877d34d/library/std/src/panicking.rs:520:19
[INFO] [stdout]   29:     0x568ad290fa78 - std::panic::catch_unwind::hb8e4600ff0ff5cfa
[INFO] [stdout]                                at /rustc/202008a1b8de96d2e5b6bc02d379db03a877d34d/library/std/src/panic.rs:358:14
[INFO] [stdout]   30:     0x568ad290fa78 - test::run_test_in_process::hc2900b0b18688dd6
[INFO] [stdout]                                at /rustc/202008a1b8de96d2e5b6bc02d379db03a877d34d/library/test/src/lib.rs:655:27
[INFO] [stdout]   31:     0x568ad290fa78 - test::run_test::{{closure}}::hac2a9cb07be3d48d
[INFO] [stdout]                                at /rustc/202008a1b8de96d2e5b6bc02d379db03a877d34d/library/test/src/lib.rs:576:43
[INFO] [stdout]   32:     0x568ad28d351a - test::run_test::{{closure}}::h4a5b729e66a38cd8
[INFO] [stdout]                                at /rustc/202008a1b8de96d2e5b6bc02d379db03a877d34d/library/test/src/lib.rs:606:41
[INFO] [stdout]   33:     0x568ad28d351a - std::sys::backtrace::__rust_begin_short_backtrace::h0496fb742492f573
[INFO] [stdout]                                at /rustc/202008a1b8de96d2e5b6bc02d379db03a877d34d/library/std/src/sys/backtrace.rs:154:18
[INFO] [stdout]   34:     0x568ad28d6e94 - std::thread::Builder::spawn_unchecked_::{{closure}}::{{closure}}::hbb6d257c550a54bd
[INFO] [stdout]                                at /rustc/202008a1b8de96d2e5b6bc02d379db03a877d34d/library/std/src/thread/mod.rs:561:17
[INFO] [stdout]   35:     0x568ad28d6e94 - <core::panic::unwind_safe::AssertUnwindSafe<F> as core::ops::function::FnOnce<()>>::call_once::h46696fe4a6832328
[INFO] [stdout]                                at /rustc/202008a1b8de96d2e5b6bc02d379db03a877d34d/library/core/src/panic/unwind_safe.rs:272:9
[INFO] [stdout]   36:     0x568ad28d6e94 - std::panicking::try::do_call::h2625a51b667bfb64
[INFO] [stdout]                                at /rustc/202008a1b8de96d2e5b6bc02d379db03a877d34d/library/std/src/panicking.rs:557:40
[INFO] [stdout]   37:     0x568ad28d6e94 - std::panicking::try::hb956a59a1973aa4c
[INFO] [stdout]                                at /rustc/202008a1b8de96d2e5b6bc02d379db03a877d34d/library/std/src/panicking.rs:520:19
[INFO] [stdout]   38:     0x568ad28d6e94 - std::panic::catch_unwind::h64f3b9d1067ef6a0
[INFO] [stdout]                                at /rustc/202008a1b8de96d2e5b6bc02d379db03a877d34d/library/std/src/panic.rs:358:14
[INFO] [stdout]   39:     0x568ad28d6e94 - std::thread::Builder::spawn_unchecked_::{{closure}}::h42b2841295b6c0b2
[INFO] [stdout]                                at /rustc/202008a1b8de96d2e5b6bc02d379db03a877d34d/library/std/src/thread/mod.rs:559:30
[INFO] [stdout]   40:     0x568ad28d6e94 - core::ops::function::FnOnce::call_once{{vtable.shim}}::h6127de71b8124639
[INFO] [stdout]                                at /rustc/202008a1b8de96d2e5b6bc02d379db03a877d34d/library/core/src/ops/function.rs:250:5
[INFO] [stdout]   41:     0x568ad29464eb - <alloc::boxed::Box<F,A> as core::ops::function::FnOnce<Args>>::call_once::h42f0ba71002a1b2c
[INFO] [stdout]                                at /rustc/202008a1b8de96d2e5b6bc02d379db03a877d34d/library/alloc/src/boxed.rs:1972:9
[INFO] [stdout]   42:     0x568ad29464eb - <alloc::boxed::Box<F,A> as core::ops::function::FnOnce<Args>>::call_once::had9e47d7a3dcecb8
[INFO] [stdout]                                at /rustc/202008a1b8de96d2e5b6bc02d379db03a877d34d/library/alloc/src/boxed.rs:1972:9
[INFO] [stdout]   43:     0x568ad29464eb - std::sys::pal::unix::thread::Thread::new::thread_start::h48cf765408f6f5f2
[INFO] [stdout]                                at /rustc/202008a1b8de96d2e5b6bc02d379db03a877d34d/library/std/src/sys/pal/unix/thread.rs:105:17
[INFO] [stdout]   44:     0x75be89cccac3 - <unknown>
[INFO] [stdout]   45:     0x75be89d5da04 - clone
[INFO] [stdout]   46:                0x0 - <unknown>
[INFO] [stdout] 
[INFO] [stdout] 
[INFO] [stdout] failures:
[INFO] [stdout]     root::__bindgen_test_layout_Scalar__open0_double_close0_instantiation
[INFO] [stdout]     root::cv::bindgen_test_layout_MatExpr
[INFO] [stdout] 
[INFO] [stdout] test result: FAILED. 16 passed; 2 failed; 0 ignored; 0 measured; 0 filtered out; finished in 0.06s
[INFO] [stdout] 
[INFO] [stderr] error: test failed, to rerun pass `--lib`
[INFO] running `Command { std: "docker" "inspect" "9260a75070562161f88858293508861f3b3cec8875d2e5d3615e1c02e5299daa", kill_on_drop: false }`
[INFO] running `Command { std: "docker" "rm" "-f" "9260a75070562161f88858293508861f3b3cec8875d2e5d3615e1c02e5299daa", kill_on_drop: false }`
[INFO] [stdout] 9260a75070562161f88858293508861f3b3cec8875d2e5d3615e1c02e5299daa
