[INFO] cloning repository https://github.com/omerbenamram/pyo3-file
[INFO] running `Command { std: "git" "-c" "credential.helper=" "-c" "credential.helper=/workspace/cargo-home/bin/git-credential-null" "clone" "--bare" "https://github.com/omerbenamram/pyo3-file" "/workspace/cache/git-repos/https%3A%2F%2Fgithub.com%2Fomerbenamram%2Fpyo3-file", kill_on_drop: false }`
[INFO] [stderr] Cloning into bare repository '/workspace/cache/git-repos/https%3A%2F%2Fgithub.com%2Fomerbenamram%2Fpyo3-file'...
[INFO] running `Command { std: "git" "rev-parse" "HEAD", kill_on_drop: false }`
[INFO] [stdout] 415def8ebdc93899aa130cc23d75afa8baf0349b
[INFO] testing omerbenamram/pyo3-file against 1.83.0 for beta-1.84.0-4-retry
[INFO] running `Command { std: "git" "clone" "/workspace/cache/git-repos/https%3A%2F%2Fgithub.com%2Fomerbenamram%2Fpyo3-file" "/workspace/builds/worker-5-tc1/source", kill_on_drop: false }`
[INFO] [stderr] Cloning into '/workspace/builds/worker-5-tc1/source'...
[INFO] [stderr] done.
[INFO] validating manifest of git repo https://github.com/omerbenamram/pyo3-file on toolchain 1.83.0
[INFO] running `Command { std: CARGO_HOME="/workspace/cargo-home" RUSTUP_HOME="/workspace/rustup-home" "/workspace/cargo-home/bin/cargo" "+1.83.0" "metadata" "--manifest-path" "Cargo.toml" "--no-deps", kill_on_drop: false }`
[INFO] removed /workspace/builds/worker-5-tc1/source/rust-toolchain
[INFO] started tweaking git repo https://github.com/omerbenamram/pyo3-file
[INFO] finished tweaking git repo https://github.com/omerbenamram/pyo3-file
[INFO] tweaked toml for git repo https://github.com/omerbenamram/pyo3-file written to /workspace/builds/worker-5-tc1/source/Cargo.toml
[INFO] running `Command { std: CARGO_HOME="/workspace/cargo-home" RUSTUP_HOME="/workspace/rustup-home" "/workspace/cargo-home/bin/cargo" "+1.83.0" "generate-lockfile" "--manifest-path" "Cargo.toml", kill_on_drop: false }`
[INFO] [stderr]     Updating crates.io index
[INFO] [stderr]      Locking 55 packages to latest compatible versions
[INFO] running `Command { std: CARGO_HOME="/workspace/cargo-home" RUSTUP_HOME="/workspace/rustup-home" "/workspace/cargo-home/bin/cargo" "+1.83.0" "fetch" "--manifest-path" "Cargo.toml", kill_on_drop: false }`
[INFO] [stderr]  Downloading crates ...
[INFO] [stderr]   Downloaded pyo3-macros v0.23.3
[INFO] [stderr]   Downloaded pyo3-ffi v0.23.3
[INFO] [stderr]   Downloaded pyo3-build-config v0.23.3
[INFO] [stderr]   Downloaded pyo3-macros-backend v0.23.3
[INFO] [stderr]   Downloaded pyo3 v0.23.3
[INFO] running `Command { std: "docker" "create" "-v" "/var/lib/crater-agent-workspace/builds/worker-5-tc1/target:/opt/rustwide/target:rw,Z" "-v" "/var/lib/crater-agent-workspace/builds/worker-5-tc1/source:/opt/rustwide/workdir:ro,Z" "-v" "/var/lib/crater-agent-workspace/cargo-home:/opt/rustwide/cargo-home:ro,Z" "-v" "/var/lib/crater-agent-workspace/rustup-home:/opt/rustwide/rustup-home:ro,Z" "-e" "SOURCE_DIR=/opt/rustwide/workdir" "-e" "CARGO_TARGET_DIR=/opt/rustwide/target" "-e" "CARGO_HOME=/opt/rustwide/cargo-home" "-e" "RUSTUP_HOME=/opt/rustwide/rustup-home" "-w" "/opt/rustwide/workdir" "-m" "1610612736" "--user" "0:0" "--network" "none" "ghcr.io/rust-lang/crates-build-env/linux@sha256:f3a9d4ad9d972b27faf3965f35b62e55ba32bbce8f20bc8fe909558a86702fde" "/opt/rustwide/cargo-home/bin/cargo" "+1.83.0" "metadata" "--no-deps" "--format-version=1", kill_on_drop: false }`
[INFO] [stdout] 30f02e403466cdd34c704c8bef477d1c1f651a0d1656dc1dad88a44e2441fb32
[INFO] running `Command { std: "docker" "start" "-a" "30f02e403466cdd34c704c8bef477d1c1f651a0d1656dc1dad88a44e2441fb32", kill_on_drop: false }`
[INFO] running `Command { std: "docker" "inspect" "30f02e403466cdd34c704c8bef477d1c1f651a0d1656dc1dad88a44e2441fb32", kill_on_drop: false }`
[INFO] running `Command { std: "docker" "rm" "-f" "30f02e403466cdd34c704c8bef477d1c1f651a0d1656dc1dad88a44e2441fb32", kill_on_drop: false }`
[INFO] [stdout] 30f02e403466cdd34c704c8bef477d1c1f651a0d1656dc1dad88a44e2441fb32
[INFO] running `Command { std: "docker" "create" "-v" "/var/lib/crater-agent-workspace/builds/worker-5-tc1/target:/opt/rustwide/target:rw,Z" "-v" "/var/lib/crater-agent-workspace/builds/worker-5-tc1/source:/opt/rustwide/workdir:ro,Z" "-v" "/var/lib/crater-agent-workspace/cargo-home:/opt/rustwide/cargo-home:ro,Z" "-v" "/var/lib/crater-agent-workspace/rustup-home:/opt/rustwide/rustup-home:ro,Z" "-e" "SOURCE_DIR=/opt/rustwide/workdir" "-e" "CARGO_TARGET_DIR=/opt/rustwide/target" "-e" "CARGO_INCREMENTAL=0" "-e" "RUST_BACKTRACE=full" "-e" "RUSTFLAGS=--cap-lints=warn" "-e" "RUSTDOCFLAGS=--cap-lints=warn" "-e" "CARGO_HOME=/opt/rustwide/cargo-home" "-e" "RUSTUP_HOME=/opt/rustwide/rustup-home" "-w" "/opt/rustwide/workdir" "-m" "1610612736" "--user" "0:0" "--network" "none" "ghcr.io/rust-lang/crates-build-env/linux@sha256:f3a9d4ad9d972b27faf3965f35b62e55ba32bbce8f20bc8fe909558a86702fde" "/opt/rustwide/cargo-home/bin/cargo" "+1.83.0" "build" "--frozen" "--message-format=json", kill_on_drop: false }`
[INFO] [stdout] 1d231d7e09e54215da9aecb548867fc3176361da680a1bf0ef02eb0f7cd0d0d1
[INFO] running `Command { std: "docker" "start" "-a" "1d231d7e09e54215da9aecb548867fc3176361da680a1bf0ef02eb0f7cd0d0d1", kill_on_drop: false }`
[INFO] [stderr]    Compiling proc-macro2 v1.0.92
[INFO] [stderr]    Compiling unicode-ident v1.0.14
[INFO] [stderr]    Compiling target-lexicon v0.12.16
[INFO] [stderr]    Compiling serde v1.0.216
[INFO] [stderr]    Compiling semver v1.0.24
[INFO] [stderr]    Compiling rustix v0.38.42
[INFO] [stderr]    Compiling camino v1.1.9
[INFO] [stderr]    Compiling bitflags v2.6.0
[INFO] [stderr]    Compiling serde_json v1.0.133
[INFO] [stderr]    Compiling memchr v2.7.4
[INFO] [stderr]    Compiling linux-raw-sys v0.4.14
[INFO] [stderr]    Compiling pulldown-cmark v0.9.6
[INFO] [stderr]    Compiling ryu v1.0.18
[INFO] [stderr]    Compiling error-chain v0.12.4
[INFO] [stderr]    Compiling itoa v1.0.14
[INFO] [stderr]    Compiling unicase v2.8.0
[INFO] [stderr]    Compiling fastrand v2.3.0
[INFO] [stderr]    Compiling libc v0.2.168
[INFO] [stderr]    Compiling walkdir v2.5.0
[INFO] [stderr]    Compiling memoffset v0.9.1
[INFO] [stderr]    Compiling bytecount v0.6.8
[INFO] [stderr]    Compiling glob v0.3.1
[INFO] [stderr]    Compiling indoc v2.0.5
[INFO] [stderr]    Compiling unindent v0.2.3
[INFO] [stderr]    Compiling quote v1.0.37
[INFO] [stderr]    Compiling syn v2.0.90
[INFO] [stderr]    Compiling pyo3-build-config v0.23.3
[INFO] [stderr]    Compiling pyo3-ffi v0.23.3
[INFO] [stderr]    Compiling pyo3-macros-backend v0.23.3
[INFO] [stderr]    Compiling pyo3 v0.23.3
[INFO] [stderr]    Compiling tempfile v3.14.0
[INFO] [stderr]    Compiling serde_derive v1.0.216
[INFO] [stderr]    Compiling pyo3-macros v0.23.3
[INFO] [stderr]    Compiling cargo-platform v0.1.9
[INFO] [stderr]    Compiling cargo_metadata v0.14.2
[INFO] [stderr]    Compiling skeptic v0.13.7
[INFO] [stderr]    Compiling pyo3-file v0.10.0 (/opt/rustwide/workdir)
[INFO] [stderr]     Finished `dev` profile [unoptimized + debuginfo] target(s) in 23.78s
[INFO] running `Command { std: "docker" "inspect" "1d231d7e09e54215da9aecb548867fc3176361da680a1bf0ef02eb0f7cd0d0d1", kill_on_drop: false }`
[INFO] running `Command { std: "docker" "rm" "-f" "1d231d7e09e54215da9aecb548867fc3176361da680a1bf0ef02eb0f7cd0d0d1", kill_on_drop: false }`
[INFO] [stdout] 1d231d7e09e54215da9aecb548867fc3176361da680a1bf0ef02eb0f7cd0d0d1
[INFO] running `Command { std: "docker" "create" "-v" "/var/lib/crater-agent-workspace/builds/worker-5-tc1/target:/opt/rustwide/target:rw,Z" "-v" "/var/lib/crater-agent-workspace/builds/worker-5-tc1/source:/opt/rustwide/workdir:ro,Z" "-v" "/var/lib/crater-agent-workspace/cargo-home:/opt/rustwide/cargo-home:ro,Z" "-v" "/var/lib/crater-agent-workspace/rustup-home:/opt/rustwide/rustup-home:ro,Z" "-e" "SOURCE_DIR=/opt/rustwide/workdir" "-e" "CARGO_TARGET_DIR=/opt/rustwide/target" "-e" "CARGO_INCREMENTAL=0" "-e" "RUST_BACKTRACE=full" "-e" "RUSTFLAGS=--cap-lints=warn" "-e" "RUSTDOCFLAGS=--cap-lints=warn" "-e" "CARGO_HOME=/opt/rustwide/cargo-home" "-e" "RUSTUP_HOME=/opt/rustwide/rustup-home" "-w" "/opt/rustwide/workdir" "-m" "1610612736" "--user" "0:0" "--network" "none" "ghcr.io/rust-lang/crates-build-env/linux@sha256:f3a9d4ad9d972b27faf3965f35b62e55ba32bbce8f20bc8fe909558a86702fde" "/opt/rustwide/cargo-home/bin/cargo" "+1.83.0" "test" "--frozen" "--no-run" "--message-format=json", kill_on_drop: false }`
[INFO] [stdout] bf711cecf962bdf7999a22f2736aeb15d6d1d30d2432609d8ad5bf7f9b1a265e
[INFO] running `Command { std: "docker" "start" "-a" "bf711cecf962bdf7999a22f2736aeb15d6d1d30d2432609d8ad5bf7f9b1a265e", kill_on_drop: false }`
[INFO] [stderr]    Compiling itoa v1.0.14
[INFO] [stderr]    Compiling serde v1.0.216
[INFO] [stderr]    Compiling serde_json v1.0.133
[INFO] [stderr]    Compiling rustix v0.38.42
[INFO] [stderr]    Compiling semver v1.0.24
[INFO] [stderr]    Compiling camino v1.1.9
[INFO] [stderr]    Compiling pulldown-cmark v0.9.6
[INFO] [stderr]    Compiling same-file v1.0.6
[INFO] [stderr]    Compiling fastrand v2.3.0
[INFO] [stderr]    Compiling unicase v2.8.0
[INFO] [stderr]    Compiling error-chain v0.12.4
[INFO] [stderr]    Compiling bytecount v0.6.8
[INFO] [stderr]    Compiling glob v0.3.1
[INFO] [stderr]    Compiling walkdir v2.5.0
[INFO] [stderr]    Compiling tempfile v3.14.0
[INFO] [stderr]    Compiling cargo-platform v0.1.9
[INFO] [stderr]    Compiling cargo_metadata v0.14.2
[INFO] [stderr]    Compiling skeptic v0.13.7
[INFO] [stderr]    Compiling pyo3-file v0.10.0 (/opt/rustwide/workdir)
[INFO] [stderr]     Finished `test` profile [unoptimized + debuginfo] target(s) in 12.88s
[INFO] running `Command { std: "docker" "inspect" "bf711cecf962bdf7999a22f2736aeb15d6d1d30d2432609d8ad5bf7f9b1a265e", kill_on_drop: false }`
[INFO] running `Command { std: "docker" "rm" "-f" "bf711cecf962bdf7999a22f2736aeb15d6d1d30d2432609d8ad5bf7f9b1a265e", kill_on_drop: false }`
[INFO] [stdout] bf711cecf962bdf7999a22f2736aeb15d6d1d30d2432609d8ad5bf7f9b1a265e
[INFO] running `Command { std: "docker" "create" "-v" "/var/lib/crater-agent-workspace/builds/worker-5-tc1/target:/opt/rustwide/target:rw,Z" "-v" "/var/lib/crater-agent-workspace/builds/worker-5-tc1/source:/opt/rustwide/workdir:ro,Z" "-v" "/var/lib/crater-agent-workspace/cargo-home:/opt/rustwide/cargo-home:ro,Z" "-v" "/var/lib/crater-agent-workspace/rustup-home:/opt/rustwide/rustup-home:ro,Z" "-e" "SOURCE_DIR=/opt/rustwide/workdir" "-e" "CARGO_TARGET_DIR=/opt/rustwide/target" "-e" "CARGO_INCREMENTAL=0" "-e" "RUST_BACKTRACE=full" "-e" "RUSTFLAGS=--cap-lints=warn" "-e" "RUSTDOCFLAGS=--cap-lints=warn" "-e" "CARGO_HOME=/opt/rustwide/cargo-home" "-e" "RUSTUP_HOME=/opt/rustwide/rustup-home" "-w" "/opt/rustwide/workdir" "-m" "1610612736" "--user" "0:0" "--network" "none" "ghcr.io/rust-lang/crates-build-env/linux@sha256:f3a9d4ad9d972b27faf3965f35b62e55ba32bbce8f20bc8fe909558a86702fde" "/opt/rustwide/cargo-home/bin/cargo" "+1.83.0" "test" "--frozen", kill_on_drop: false }`
[INFO] [stdout] c700bd3b880f9f3755ae65c76461de0d0837208ea40256c7b57c15b86556d988
[INFO] running `Command { std: "docker" "start" "-a" "c700bd3b880f9f3755ae65c76461de0d0837208ea40256c7b57c15b86556d988", kill_on_drop: false }`
[INFO] [stderr]     Finished `test` profile [unoptimized + debuginfo] target(s) in 0.08s
[INFO] [stderr]      Running unittests src/lib.rs (/opt/rustwide/target/debug/deps/pyo3_file-6477aa1910aec3da)
[INFO] [stdout] 
[INFO] [stdout] running 0 tests
[INFO] [stdout] 
[INFO] [stdout] test result: ok. 0 passed; 0 failed; 0 ignored; 0 measured; 0 filtered out; finished in 0.00s
[INFO] [stdout] 
[INFO] [stderr]      Running tests/skeptic.rs (/opt/rustwide/target/debug/deps/skeptic-13a4ae22c33ac04f)
[INFO] [stdout] 
[INFO] [stdout] running 1 test
[INFO] [stdout] test readme_sect_example_line_28 ... FAILED
[INFO] [stdout] 
[INFO] [stdout] failures:
[INFO] [stdout] 
[INFO] [stdout] ---- readme_sect_example_line_28 stdout ----
[INFO] [stdout] error[E0433]: failed to resolve: use of undeclared crate or module `pyo3`
[INFO] [stdout]  --> /tmp/rust-skepticx8vpdR/test.rs:5:5
[INFO] [stdout]   |
[INFO] [stdout] 5 | use pyo3::prelude::*;
[INFO] [stdout]   |     ^^^^ use of undeclared crate or module `pyo3`
[INFO] [stdout] 
[INFO] [stdout] error[E0433]: failed to resolve: use of undeclared crate or module `pyo3`
[INFO] [stdout]  --> /tmp/rust-skepticx8vpdR/test.rs:3:5
[INFO] [stdout]   |
[INFO] [stdout] 3 | use pyo3::types::PyString;
[INFO] [stdout]   |     ^^^^ use of undeclared crate or module `pyo3`
[INFO] [stdout] 
[INFO] [stdout] error[E0432]: unresolved import `pyo3_file`
[INFO] [stdout]  --> /tmp/rust-skepticx8vpdR/test.rs:2:5
[INFO] [stdout]   |
[INFO] [stdout] 2 | use pyo3_file::PyFileLikeObject;
[INFO] [stdout]   |     ^^^^^^^^^ use of undeclared crate or module `pyo3_file`
[INFO] [stdout] 
[INFO] [stdout] error[E0432]: unresolved import `pyo3`
[INFO] [stdout]  --> /tmp/rust-skepticx8vpdR/test.rs:6:5
[INFO] [stdout]   |
[INFO] [stdout] 6 | use pyo3::wrap_pyfunction;
[INFO] [stdout]   |     ^^^^ use of undeclared crate or module `pyo3`
[INFO] [stdout] 
[INFO] [stdout] error: cannot find attribute `pyfunction` in this scope
[INFO] [stdout]   --> /tmp/rust-skepticx8vpdR/test.rs:36:3
[INFO] [stdout]    |
[INFO] [stdout] 36 | #[pyfunction]
[INFO] [stdout]    |   ^^^^^^^^^^
[INFO] [stdout] 
[INFO] [stdout] error: cannot find attribute `pymodule` in this scope
[INFO] [stdout]   --> /tmp/rust-skepticx8vpdR/test.rs:65:3
[INFO] [stdout]    |
[INFO] [stdout] 65 | #[pymodule]
[INFO] [stdout]    |   ^^^^^^^^
[INFO] [stdout] 
[INFO] [stdout] error[E0412]: cannot find type `PyObject` in this scope
[INFO] [stdout]   --> /tmp/rust-skepticx8vpdR/test.rs:18:45
[INFO] [stdout]    |
[INFO] [stdout] 18 |     pub fn from_pyobject(path_or_file_like: PyObject) -> PyResult<FileOrFileLike> {
[INFO] [stdout]    |                                             ^^^^^^^^ not found in this scope
[INFO] [stdout] 
[INFO] [stdout] error[E0412]: cannot find type `PyResult` in this scope
[INFO] [stdout]   --> /tmp/rust-skepticx8vpdR/test.rs:18:58
[INFO] [stdout]    |
[INFO] [stdout] 18 |     pub fn from_pyobject(path_or_file_like: PyObject) -> PyResult<FileOrFileLike> {
[INFO] [stdout]    |                                                          ^^^^^^^^ help: an enum with a similar name exists: `Result`
[INFO] [stdout]   --> /rustc/90b35a6239c3d8bdabc530a6a0816f7ff89a0aaf/library/core/src/result.rs:527:1
[INFO] [stdout]    |
[INFO] [stdout]    = note: similarly named enum `Result` defined here
[INFO] [stdout] 
[INFO] [stdout] error[E0412]: cannot find type `PyObject` in this scope
[INFO] [stdout]   --> /tmp/rust-skepticx8vpdR/test.rs:39:24
[INFO] [stdout]    |
[INFO] [stdout] 39 |     path_or_file_like: PyObject,
[INFO] [stdout]    |                        ^^^^^^^^ not found in this scope
[INFO] [stdout] 
[INFO] [stdout] error[E0412]: cannot find type `PyResult` in this scope
[INFO] [stdout]   --> /tmp/rust-skepticx8vpdR/test.rs:40:6
[INFO] [stdout]    |
[INFO] [stdout] 40 | ) -> PyResult<String> {
[INFO] [stdout]    |      ^^^^^^^^ help: an enum with a similar name exists: `Result`
[INFO] [stdout]   --> /rustc/90b35a6239c3d8bdabc530a6a0816f7ff89a0aaf/library/core/src/result.rs:527:1
[INFO] [stdout]    |
[INFO] [stdout]    = note: similarly named enum `Result` defined here
[INFO] [stdout] 
[INFO] [stdout] error[E0412]: cannot find type `Python` in this scope
[INFO] [stdout]   --> /tmp/rust-skepticx8vpdR/test.rs:66:27
[INFO] [stdout]    |
[INFO] [stdout] 66 | fn path_or_file_like(_py: Python, m: &PyModule) -> PyResult<()> {
[INFO] [stdout]    |                           ^^^^^^ not found in this scope
[INFO] [stdout] 
[INFO] [stdout] error[E0412]: cannot find type `PyModule` in this scope
[INFO] [stdout]   --> /tmp/rust-skepticx8vpdR/test.rs:66:39
[INFO] [stdout]    |
[INFO] [stdout] 66 | fn path_or_file_like(_py: Python, m: &PyModule) -> PyResult<()> {
[INFO] [stdout]    |                                       ^^^^^^^^ not found in this scope
[INFO] [stdout] 
[INFO] [stdout] error[E0412]: cannot find type `PyResult` in this scope
[INFO] [stdout]   --> /tmp/rust-skepticx8vpdR/test.rs:66:52
[INFO] [stdout]    |
[INFO] [stdout] 66 | fn path_or_file_like(_py: Python, m: &PyModule) -> PyResult<()> {
[INFO] [stdout]    |                                                    ^^^^^^^^ help: an enum with a similar name exists: `Result`
[INFO] [stdout]   --> /rustc/90b35a6239c3d8bdabc530a6a0816f7ff89a0aaf/library/core/src/result.rs:527:1
[INFO] [stdout]    |
[INFO] [stdout]    = note: similarly named enum `Result` defined here
[INFO] [stdout] 
[INFO] [stdout] error[E0433]: failed to resolve: use of undeclared type `Python`
[INFO] [stdout]   --> /tmp/rust-skepticx8vpdR/test.rs:19:9
[INFO] [stdout]    |
[INFO] [stdout] 19 |         Python::with_gil(|py| {
[INFO] [stdout]    |         ^^^^^^ use of undeclared type `Python`
[INFO] [stdout] 
[INFO] [stdout] error[E0433]: failed to resolve: use of undeclared type `Python`
[INFO] [stdout]   --> /tmp/rust-skepticx8vpdR/test.rs:41:5
[INFO] [stdout]    |
[INFO] [stdout] 41 |     Python::with_gil(|py| {
[INFO] [stdout]    |     ^^^^^^ use of undeclared type `Python`
[INFO] [stdout] 
[INFO] [stdout] error: aborting due to 15 previous errors
[INFO] [stdout] 
[INFO] [stdout] Some errors have detailed explanations: E0412, E0432, E0433.
[INFO] [stdout] For more information about an error, try `rustc --explain E0412`.
[INFO] [stdout] thread 'readme_sect_example_line_28' panicked at /opt/rustwide/cargo-home/registry/src/index.crates.io-6f17d22bba15001f/skeptic-0.13.7/src/rt.rs:127:9:
[INFO] [stdout] Command failed:
[INFO] [stdout] "rustc" "/tmp/rust-skepticx8vpdR/test.rs" "--verbose" "--crate-type=bin" "--edition=2021" "-L" "/opt/rustwide/target/debug" "-L" "/opt/rustwide/target/debug/deps" "--target" "x86_64-unknown-linux-gnu" "-o" "/tmp/rust-skepticx8vpdR/out.exe"
[INFO] [stdout] stack backtrace:
[INFO] [stdout]    0:     0x629ac8a82c6a - std::backtrace_rs::backtrace::libunwind::trace::h5a5b8284f2d0c266
[INFO] [stdout]                                at /rustc/90b35a6239c3d8bdabc530a6a0816f7ff89a0aaf/library/std/src/../../backtrace/src/backtrace/libunwind.rs:116:5
[INFO] [stdout]    1:     0x629ac8a82c6a - std::backtrace_rs::backtrace::trace_unsynchronized::h76d4f1c9b0b875e3
[INFO] [stdout]                                at /rustc/90b35a6239c3d8bdabc530a6a0816f7ff89a0aaf/library/std/src/../../backtrace/src/backtrace/mod.rs:66:5
[INFO] [stdout]    2:     0x629ac8a82c6a - std::sys::backtrace::_print_fmt::hc4546b8364a537c6
[INFO] [stdout]                                at /rustc/90b35a6239c3d8bdabc530a6a0816f7ff89a0aaf/library/std/src/sys/backtrace.rs:66:9
[INFO] [stdout]    3:     0x629ac8a82c6a - <std::sys::backtrace::BacktraceLock::print::DisplayBacktrace as core::fmt::Display>::fmt::h5b6bd5631a6d1f6b
[INFO] [stdout]                                at /rustc/90b35a6239c3d8bdabc530a6a0816f7ff89a0aaf/library/std/src/sys/backtrace.rs:39:26
[INFO] [stdout]    4:     0x629ac8aa9e13 - core::fmt::rt::Argument::fmt::h270f6602a2b96f62
[INFO] [stdout]                                at /rustc/90b35a6239c3d8bdabc530a6a0816f7ff89a0aaf/library/core/src/fmt/rt.rs:177:76
[INFO] [stdout]    5:     0x629ac8aa9e13 - core::fmt::write::h7550c97b06c86515
[INFO] [stdout]                                at /rustc/90b35a6239c3d8bdabc530a6a0816f7ff89a0aaf/library/core/src/fmt/mod.rs:1186:21
[INFO] [stdout]    6:     0x629ac8a7fa33 - std::io::Write::write_fmt::h509ff860e5956e5e
[INFO] [stdout]                                at /rustc/90b35a6239c3d8bdabc530a6a0816f7ff89a0aaf/library/std/src/io/mod.rs:1839:15
[INFO] [stdout]    7:     0x629ac8a82ab2 - std::sys::backtrace::BacktraceLock::print::h2395ccd2c84ba3aa
[INFO] [stdout]                                at /rustc/90b35a6239c3d8bdabc530a6a0816f7ff89a0aaf/library/std/src/sys/backtrace.rs:42:9
[INFO] [stdout]    8:     0x629ac8a8414a - std::panicking::default_hook::{{closure}}::he19d4c7230e07961
[INFO] [stdout]                                at /rustc/90b35a6239c3d8bdabc530a6a0816f7ff89a0aaf/library/std/src/panicking.rs:268:22
[INFO] [stdout]    9:     0x629ac8a83f54 - std::panicking::default_hook::hf614597d3c67bbdb
[INFO] [stdout]                                at /rustc/90b35a6239c3d8bdabc530a6a0816f7ff89a0aaf/library/std/src/panicking.rs:292:9
[INFO] [stdout]   10:     0x629ac8982629 - <alloc::boxed::Box<F,A> as core::ops::function::Fn<Args>>::call::h39b51ce4599c23d1
[INFO] [stdout]                                at /rustc/90b35a6239c3d8bdabc530a6a0816f7ff89a0aaf/library/alloc/src/boxed.rs:2468:9
[INFO] [stdout]   11:     0x629ac8982629 - test::test_main::{{closure}}::he977ae839a582784
[INFO] [stdout]                                at /rustc/90b35a6239c3d8bdabc530a6a0816f7ff89a0aaf/library/test/src/lib.rs:133:21
[INFO] [stdout]   12:     0x629ac8a847e8 - <alloc::boxed::Box<F,A> as core::ops::function::Fn<Args>>::call::h9455091b6b06f9fb
[INFO] [stdout]                                at /rustc/90b35a6239c3d8bdabc530a6a0816f7ff89a0aaf/library/alloc/src/boxed.rs:2468:9
[INFO] [stdout]   13:     0x629ac8a847e8 - std::panicking::rust_panic_with_hook::h8942133a8b252070
[INFO] [stdout]                                at /rustc/90b35a6239c3d8bdabc530a6a0816f7ff89a0aaf/library/std/src/panicking.rs:809:13
[INFO] [stdout]   14:     0x629ac8a845aa - std::panicking::begin_panic_handler::{{closure}}::hb5f5963570096b29
[INFO] [stdout]                                at /rustc/90b35a6239c3d8bdabc530a6a0816f7ff89a0aaf/library/std/src/panicking.rs:674:13
[INFO] [stdout]   15:     0x629ac8a83149 - std::sys::backtrace::__rust_end_short_backtrace::h6208cedc1922feda
[INFO] [stdout]                                at /rustc/90b35a6239c3d8bdabc530a6a0816f7ff89a0aaf/library/std/src/sys/backtrace.rs:170:18
[INFO] [stdout]   16:     0x629ac8a8423c - rust_begin_unwind
[INFO] [stdout]                                at /rustc/90b35a6239c3d8bdabc530a6a0816f7ff89a0aaf/library/std/src/panicking.rs:665:5
[INFO] [stdout]   17:     0x629ac8949150 - core::panicking::panic_fmt::h0c3082644d1bf418
[INFO] [stdout]                                at /rustc/90b35a6239c3d8bdabc530a6a0816f7ff89a0aaf/library/core/src/panicking.rs:74:14
[INFO] [stdout]   18:     0x629ac898fa81 - skeptic::rt::interpret_output::hda69ea291edf3abf
[INFO] [stdout]                                at /opt/rustwide/cargo-home/registry/src/index.crates.io-6f17d22bba15001f/skeptic-0.13.7/src/rt.rs:127:9
[INFO] [stdout]   19:     0x629ac898ea37 - skeptic::rt::handle_test::h0e7311c3a1b7ade1
[INFO] [stdout]                                at /opt/rustwide/cargo-home/registry/src/index.crates.io-6f17d22bba15001f/skeptic-0.13.7/src/rt.rs:111:5
[INFO] [stdout]   20:     0x629ac898dc96 - skeptic::rt::run_test::h5aa6369d3a5cf58d
[INFO] [stdout]                                at /opt/rustwide/cargo-home/registry/src/index.crates.io-6f17d22bba15001f/skeptic-0.13.7/src/rt.rs:25:5
[INFO] [stdout]   21:     0x629ac894a2ee - skeptic::readme_sect_example_line_28::hcf6a9dea85a33159
[INFO] [stdout]                                at /opt/rustwide/target/debug/build/pyo3-file-6073506377263036/out/skeptic-tests.rs:77:5
[INFO] [stdout]   22:     0x629ac894a207 - skeptic::readme_sect_example_line_28::{{closure}}::he0ec5969b3db0d4e
[INFO] [stdout]                                at /opt/rustwide/target/debug/build/pyo3-file-6073506377263036/out/skeptic-tests.rs:2:41
[INFO] [stdout]   23:     0x629ac8949cb6 - core::ops::function::FnOnce::call_once::h04c4632df95e0134
[INFO] [stdout]                                at /rustc/90b35a6239c3d8bdabc530a6a0816f7ff89a0aaf/library/core/src/ops/function.rs:250:5
[INFO] [stdout]   24:     0x629ac8986feb - core::ops::function::FnOnce::call_once::h109cf8051a59b34e
[INFO] [stdout]                                at /rustc/90b35a6239c3d8bdabc530a6a0816f7ff89a0aaf/library/core/src/ops/function.rs:250:5
[INFO] [stdout]   25:     0x629ac8986feb - test::__rust_begin_short_backtrace::hf4fff89d377446ba
[INFO] [stdout]                                at /rustc/90b35a6239c3d8bdabc530a6a0816f7ff89a0aaf/library/test/src/lib.rs:621:18
[INFO] [stdout]   26:     0x629ac8986827 - test::run_test_in_process::{{closure}}::h0e39181dd7ee5a43
[INFO] [stdout]                                at /rustc/90b35a6239c3d8bdabc530a6a0816f7ff89a0aaf/library/test/src/lib.rs:644:60
[INFO] [stdout]   27:     0x629ac8986827 - <core::panic::unwind_safe::AssertUnwindSafe<F> as core::ops::function::FnOnce<()>>::call_once::hc5a66a30f0bdfd1f
[INFO] [stdout]                                at /rustc/90b35a6239c3d8bdabc530a6a0816f7ff89a0aaf/library/core/src/panic/unwind_safe.rs:272:9
[INFO] [stdout]   28:     0x629ac8986827 - std::panicking::try::do_call::h873b7cf639554a5e
[INFO] [stdout]                                at /rustc/90b35a6239c3d8bdabc530a6a0816f7ff89a0aaf/library/std/src/panicking.rs:557:40
[INFO] [stdout]   29:     0x629ac8986827 - std::panicking::try::hdb19862fad9c8bd1
[INFO] [stdout]                                at /rustc/90b35a6239c3d8bdabc530a6a0816f7ff89a0aaf/library/std/src/panicking.rs:520:19
[INFO] [stdout]   30:     0x629ac8986827 - std::panic::catch_unwind::h281fe732d236d260
[INFO] [stdout]                                at /rustc/90b35a6239c3d8bdabc530a6a0816f7ff89a0aaf/library/std/src/panic.rs:358:14
[INFO] [stdout]   31:     0x629ac8986827 - test::run_test_in_process::h949b6df8457ed338
[INFO] [stdout]                                at /rustc/90b35a6239c3d8bdabc530a6a0816f7ff89a0aaf/library/test/src/lib.rs:644:27
[INFO] [stdout]   32:     0x629ac8986827 - test::run_test::{{closure}}::h52c556a6d4740e10
[INFO] [stdout]                                at /rustc/90b35a6239c3d8bdabc530a6a0816f7ff89a0aaf/library/test/src/lib.rs:565:43
[INFO] [stdout]   33:     0x629ac894bb04 - test::run_test::{{closure}}::h4237f6381c45ccb9
[INFO] [stdout]                                at /rustc/90b35a6239c3d8bdabc530a6a0816f7ff89a0aaf/library/test/src/lib.rs:595:41
[INFO] [stdout]   34:     0x629ac894bb04 - std::sys::backtrace::__rust_begin_short_backtrace::h505c97a579eca628
[INFO] [stdout]                                at /rustc/90b35a6239c3d8bdabc530a6a0816f7ff89a0aaf/library/std/src/sys/backtrace.rs:154:18
[INFO] [stdout]   35:     0x629ac894f1ce - std::thread::Builder::spawn_unchecked_::{{closure}}::{{closure}}::h9e86b2e2bc107ea3
[INFO] [stdout]                                at /rustc/90b35a6239c3d8bdabc530a6a0816f7ff89a0aaf/library/std/src/thread/mod.rs:538:17
[INFO] [stdout]   36:     0x629ac894f1ce - <core::panic::unwind_safe::AssertUnwindSafe<F> as core::ops::function::FnOnce<()>>::call_once::h8b06ddb275ff4a25
[INFO] [stdout]                                at /rustc/90b35a6239c3d8bdabc530a6a0816f7ff89a0aaf/library/core/src/panic/unwind_safe.rs:272:9
[INFO] [stdout]   37:     0x629ac894f1ce - std::panicking::try::do_call::hb26ecd7cd9a9355d
[INFO] [stdout]                                at /rustc/90b35a6239c3d8bdabc530a6a0816f7ff89a0aaf/library/std/src/panicking.rs:557:40
[INFO] [stdout]   38:     0x629ac894f1ce - std::panicking::try::h8ddeca9d705f9069
[INFO] [stdout]                                at /rustc/90b35a6239c3d8bdabc530a6a0816f7ff89a0aaf/library/std/src/panicking.rs:520:19
[INFO] [stdout]   39:     0x629ac894f1ce - std::panic::catch_unwind::h49e1c33078844c46
[INFO] [stdout]                                at /rustc/90b35a6239c3d8bdabc530a6a0816f7ff89a0aaf/library/std/src/panic.rs:358:14
[INFO] [stdout]   40:     0x629ac894f1ce - std::thread::Builder::spawn_unchecked_::{{closure}}::h6073db6ff56ad35d
[INFO] [stdout]                                at /rustc/90b35a6239c3d8bdabc530a6a0816f7ff89a0aaf/library/std/src/thread/mod.rs:537:30
[INFO] [stdout]   41:     0x629ac894f1ce - core::ops::function::FnOnce::call_once{{vtable.shim}}::h2c5a5f3779c774f1
[INFO] [stdout]                                at /rustc/90b35a6239c3d8bdabc530a6a0816f7ff89a0aaf/library/core/src/ops/function.rs:250:5
[INFO] [stdout]   42:     0x629ac8a89d0b - <alloc::boxed::Box<F,A> as core::ops::function::FnOnce<Args>>::call_once::hf75717d9f28faebf
[INFO] [stdout]                                at /rustc/90b35a6239c3d8bdabc530a6a0816f7ff89a0aaf/library/alloc/src/boxed.rs:2454:9
[INFO] [stdout]   43:     0x629ac8a89d0b - <alloc::boxed::Box<F,A> as core::ops::function::FnOnce<Args>>::call_once::h7bd883a5f3c5f3c1
[INFO] [stdout]                                at /rustc/90b35a6239c3d8bdabc530a6a0816f7ff89a0aaf/library/alloc/src/boxed.rs:2454:9
[INFO] [stdout]   44:     0x629ac8a89d0b - std::sys::pal::unix::thread::Thread::new::thread_start::hcc78f3943333fa94
[INFO] [stdout]                                at /rustc/90b35a6239c3d8bdabc530a6a0816f7ff89a0aaf/library/std/src/sys/pal/unix/thread.rs:105:17
[INFO] [stdout]   45:     0x72cfac1e7ac3 - <unknown>
[INFO] [stdout]   46:     0x72cfac278a04 - clone
[INFO] [stdout]   47:                0x0 - <unknown>
[INFO] [stdout] 
[INFO] [stdout] 
[INFO] [stdout] failures:
[INFO] [stdout]     readme_sect_example_line_28
[INFO] [stdout] 
[INFO] [stdout] test result: FAILED. 0 passed; 1 failed; 0 ignored; 0 measured; 0 filtered out; finished in 0.67s
[INFO] [stdout] 
[INFO] [stderr] error: test failed, to rerun pass `--test skeptic`
[INFO] running `Command { std: "docker" "inspect" "c700bd3b880f9f3755ae65c76461de0d0837208ea40256c7b57c15b86556d988", kill_on_drop: false }`
[INFO] running `Command { std: "docker" "rm" "-f" "c700bd3b880f9f3755ae65c76461de0d0837208ea40256c7b57c15b86556d988", kill_on_drop: false }`
[INFO] [stdout] c700bd3b880f9f3755ae65c76461de0d0837208ea40256c7b57c15b86556d988
