[INFO] cloning repository https://github.com/oli-obk/ui_test
[INFO] running `Command { std: "git" "-c" "credential.helper=" "-c" "credential.helper=/workspace/cargo-home/bin/git-credential-null" "clone" "--bare" "https://github.com/oli-obk/ui_test" "/workspace/cache/git-repos/https%3A%2F%2Fgithub.com%2Foli-obk%2Fui_test", kill_on_drop: false }`
[INFO] [stderr] Cloning into bare repository '/workspace/cache/git-repos/https%3A%2F%2Fgithub.com%2Foli-obk%2Fui_test'...
[INFO] running `Command { std: "git" "rev-parse" "HEAD", kill_on_drop: false }`
[INFO] [stdout] 65b99473f6a87ee1b8af205754c77e7da878cf7f
[INFO] testing oli-obk/ui_test against 1.83.0 for beta-1.84.0-4-retry
[INFO] running `Command { std: "git" "clone" "/workspace/cache/git-repos/https%3A%2F%2Fgithub.com%2Foli-obk%2Fui_test" "/workspace/builds/worker-4-tc1/source", kill_on_drop: false }`
[INFO] [stderr] Cloning into '/workspace/builds/worker-4-tc1/source'...
[INFO] [stderr] done.
[INFO] validating manifest of git repo https://github.com/oli-obk/ui_test on toolchain 1.83.0
[INFO] running `Command { std: CARGO_HOME="/workspace/cargo-home" RUSTUP_HOME="/workspace/rustup-home" "/workspace/cargo-home/bin/cargo" "+1.83.0" "metadata" "--manifest-path" "Cargo.toml" "--no-deps", kill_on_drop: false }`
[INFO] removed /workspace/builds/worker-4-tc1/source/rust-toolchain.toml
[INFO] started tweaking git repo https://github.com/oli-obk/ui_test
[INFO] removed 0 missing tests
[INFO] finished tweaking git repo https://github.com/oli-obk/ui_test
[INFO] tweaked toml for git repo https://github.com/oli-obk/ui_test written to /workspace/builds/worker-4-tc1/source/Cargo.toml
[INFO] crate git repo https://github.com/oli-obk/ui_test already has a lockfile, it will not be regenerated
[INFO] running `Command { std: CARGO_HOME="/workspace/cargo-home" RUSTUP_HOME="/workspace/rustup-home" "/workspace/cargo-home/bin/cargo" "+1.83.0" "fetch" "--manifest-path" "Cargo.toml", kill_on_drop: false }`
[INFO] [stderr]     Blocking waiting for file lock on package cache
[INFO] [stderr]     Updating crates.io index
[INFO] [stderr]     Blocking waiting for file lock on package cache
[INFO] [stderr]  Downloading crates ...
[INFO] [stderr]   Downloaded rustfix v0.8.6
[INFO] [stderr]   Downloaded prettydiff v0.7.0
[INFO] [stderr]   Downloaded spanned v0.3.0
[INFO] running `Command { std: "docker" "create" "-v" "/var/lib/crater-agent-workspace/builds/worker-4-tc1/target:/opt/rustwide/target:rw,Z" "-v" "/var/lib/crater-agent-workspace/builds/worker-4-tc1/source:/opt/rustwide/workdir:ro,Z" "-v" "/var/lib/crater-agent-workspace/cargo-home:/opt/rustwide/cargo-home:ro,Z" "-v" "/var/lib/crater-agent-workspace/rustup-home:/opt/rustwide/rustup-home:ro,Z" "-e" "SOURCE_DIR=/opt/rustwide/workdir" "-e" "CARGO_TARGET_DIR=/opt/rustwide/target" "-e" "CARGO_HOME=/opt/rustwide/cargo-home" "-e" "RUSTUP_HOME=/opt/rustwide/rustup-home" "-w" "/opt/rustwide/workdir" "-m" "1610612736" "--user" "0:0" "--network" "none" "ghcr.io/rust-lang/crates-build-env/linux@sha256:f3a9d4ad9d972b27faf3965f35b62e55ba32bbce8f20bc8fe909558a86702fde" "/opt/rustwide/cargo-home/bin/cargo" "+1.83.0" "metadata" "--no-deps" "--format-version=1", kill_on_drop: false }`
[INFO] [stdout] e96f9c438ef34ed3e3f828564af20729cb2b714b0430bd124a43d3e9ddbd5ada
[INFO] running `Command { std: "docker" "start" "-a" "e96f9c438ef34ed3e3f828564af20729cb2b714b0430bd124a43d3e9ddbd5ada", kill_on_drop: false }`
[INFO] running `Command { std: "docker" "inspect" "e96f9c438ef34ed3e3f828564af20729cb2b714b0430bd124a43d3e9ddbd5ada", kill_on_drop: false }`
[INFO] running `Command { std: "docker" "rm" "-f" "e96f9c438ef34ed3e3f828564af20729cb2b714b0430bd124a43d3e9ddbd5ada", kill_on_drop: false }`
[INFO] [stdout] e96f9c438ef34ed3e3f828564af20729cb2b714b0430bd124a43d3e9ddbd5ada
[INFO] running `Command { std: "docker" "create" "-v" "/var/lib/crater-agent-workspace/builds/worker-4-tc1/target:/opt/rustwide/target:rw,Z" "-v" "/var/lib/crater-agent-workspace/builds/worker-4-tc1/source:/opt/rustwide/workdir:ro,Z" "-v" "/var/lib/crater-agent-workspace/cargo-home:/opt/rustwide/cargo-home:ro,Z" "-v" "/var/lib/crater-agent-workspace/rustup-home:/opt/rustwide/rustup-home:ro,Z" "-e" "SOURCE_DIR=/opt/rustwide/workdir" "-e" "CARGO_TARGET_DIR=/opt/rustwide/target" "-e" "CARGO_INCREMENTAL=0" "-e" "RUST_BACKTRACE=full" "-e" "RUSTFLAGS=--cap-lints=warn" "-e" "RUSTDOCFLAGS=--cap-lints=warn" "-e" "CARGO_HOME=/opt/rustwide/cargo-home" "-e" "RUSTUP_HOME=/opt/rustwide/rustup-home" "-w" "/opt/rustwide/workdir" "-m" "1610612736" "--user" "0:0" "--network" "none" "ghcr.io/rust-lang/crates-build-env/linux@sha256:f3a9d4ad9d972b27faf3965f35b62e55ba32bbce8f20bc8fe909558a86702fde" "/opt/rustwide/cargo-home/bin/cargo" "+1.83.0" "build" "--frozen" "--message-format=json", kill_on_drop: false }`
[INFO] [stdout] b39982428bcc67d65005591ee08bb9427e340a5bf822de6a502395340fc138ed
[INFO] running `Command { std: "docker" "start" "-a" "b39982428bcc67d65005591ee08bb9427e340a5bf822de6a502395340fc138ed", kill_on_drop: false }`
[INFO] [stderr]    Compiling proc-macro2 v1.0.92
[INFO] [stderr]    Compiling unicode-ident v1.0.14
[INFO] [stderr]    Compiling once_cell v1.20.2
[INFO] [stderr]    Compiling serde v1.0.215
[INFO] [stderr]    Compiling lazy_static v1.5.0
[INFO] [stderr]    Compiling memchr v2.7.4
[INFO] [stderr]    Compiling cfg-if v1.0.0
[INFO] [stderr]    Compiling libc v0.2.164
[INFO] [stderr]    Compiling shlex v1.3.0
[INFO] [stderr]    Compiling pin-project-lite v0.2.15
[INFO] [stderr]    Compiling unicode-width v0.1.14
[INFO] [stderr]    Compiling thiserror v1.0.69
[INFO] [stderr]    Compiling semver v1.0.23
[INFO] [stderr]    Compiling owo-colors v3.5.0
[INFO] [stderr]    Compiling gimli v0.28.1
[INFO] [stderr]    Compiling serde_json v1.0.133
[INFO] [stderr]    Compiling regex-syntax v0.8.5
[INFO] [stderr]    Compiling sharded-slab v0.1.7
[INFO] [stderr]    Compiling adler v1.0.2
[INFO] [stderr]    Compiling tracing-core v0.1.32
[INFO] [stderr]    Compiling cc v1.2.1
[INFO] [stderr]    Compiling thread_local v1.1.8
[INFO] [stderr]    Compiling eyre v0.6.12
[INFO] [stderr]    Compiling miniz_oxide v0.7.4
[INFO] [stderr]    Compiling indenter v0.3.3
[INFO] [stderr]    Compiling portable-atomic v1.9.0
[INFO] [stderr]    Compiling crossbeam-utils v0.8.20
[INFO] [stderr]    Compiling itoa v1.0.13
[INFO] [stderr]    Compiling object v0.32.2
[INFO] [stderr]    Compiling camino v1.1.9
[INFO] [stderr]    Compiling ryu v1.0.18
[INFO] [stderr]    Compiling tracing v0.1.40
[INFO] [stderr]    Compiling rustc-demangle v0.1.24
[INFO] [stderr]    Compiling anyhow v1.0.93
[INFO] [stderr]    Compiling pad v0.1.6
[INFO] [stderr]    Compiling number_prefix v0.4.0
[INFO] [stderr]    Compiling unicode-width v0.2.0
[INFO] [stderr]    Compiling anstyle v1.0.10
[INFO] [stderr]    Compiling tracing-subscriber v0.3.18
[INFO] [stderr]    Compiling prettydiff v0.7.0
[INFO] [stderr]    Compiling quote v1.0.37
[INFO] [stderr]    Compiling colored v2.1.0
[INFO] [stderr]    Compiling console v0.15.8
[INFO] [stderr]    Compiling comma v1.0.0
[INFO] [stderr]    Compiling levenshtein v1.0.5
[INFO] [stderr]    Compiling syn v2.0.89
[INFO] [stderr]    Compiling annotate-snippets v0.11.4
[INFO] [stderr]    Compiling crossbeam-channel v0.5.13
[INFO] [stderr]    Compiling indicatif v0.17.9
[INFO] [stderr]    Compiling backtrace v0.3.71
[INFO] [stderr]    Compiling regex-automata v0.4.9
[INFO] [stderr]    Compiling tracing-error v0.2.0
[INFO] [stderr]    Compiling color-spantrace v0.2.1
[INFO] [stderr]    Compiling serde_derive v1.0.215
[INFO] [stderr]    Compiling thiserror-impl v1.0.69
[INFO] [stderr]    Compiling addr2line v0.21.0
[INFO] [stderr]    Compiling bstr v1.11.0
[INFO] [stderr]    Compiling regex v1.11.1
[INFO] [stderr]    Compiling color-eyre v0.6.3
[INFO] [stderr]    Compiling spanned v0.3.0
[INFO] [stderr]    Compiling cargo-platform v0.1.8
[INFO] [stderr]    Compiling rustc_version v0.4.1
[INFO] [stderr]    Compiling cargo_metadata v0.18.1
[INFO] [stderr]    Compiling rustfix v0.8.6
[INFO] [stderr]    Compiling ui_test v0.27.1 (/opt/rustwide/workdir)
[INFO] [stderr]     Finished `dev` profile [unoptimized + debuginfo] target(s) in 23.55s
[INFO] running `Command { std: "docker" "inspect" "b39982428bcc67d65005591ee08bb9427e340a5bf822de6a502395340fc138ed", kill_on_drop: false }`
[INFO] running `Command { std: "docker" "rm" "-f" "b39982428bcc67d65005591ee08bb9427e340a5bf822de6a502395340fc138ed", kill_on_drop: false }`
[INFO] [stdout] b39982428bcc67d65005591ee08bb9427e340a5bf822de6a502395340fc138ed
[INFO] running `Command { std: "docker" "create" "-v" "/var/lib/crater-agent-workspace/builds/worker-4-tc1/target:/opt/rustwide/target:rw,Z" "-v" "/var/lib/crater-agent-workspace/builds/worker-4-tc1/source:/opt/rustwide/workdir:ro,Z" "-v" "/var/lib/crater-agent-workspace/cargo-home:/opt/rustwide/cargo-home:ro,Z" "-v" "/var/lib/crater-agent-workspace/rustup-home:/opt/rustwide/rustup-home:ro,Z" "-e" "SOURCE_DIR=/opt/rustwide/workdir" "-e" "CARGO_TARGET_DIR=/opt/rustwide/target" "-e" "CARGO_INCREMENTAL=0" "-e" "RUST_BACKTRACE=full" "-e" "RUSTFLAGS=--cap-lints=warn" "-e" "RUSTDOCFLAGS=--cap-lints=warn" "-e" "CARGO_HOME=/opt/rustwide/cargo-home" "-e" "RUSTUP_HOME=/opt/rustwide/rustup-home" "-w" "/opt/rustwide/workdir" "-m" "1610612736" "--user" "0:0" "--network" "none" "ghcr.io/rust-lang/crates-build-env/linux@sha256:f3a9d4ad9d972b27faf3965f35b62e55ba32bbce8f20bc8fe909558a86702fde" "/opt/rustwide/cargo-home/bin/cargo" "+1.83.0" "test" "--frozen" "--no-run" "--message-format=json", kill_on_drop: false }`
[INFO] [stdout] 99e2fa66b2fde8b04905883fa57b6f8257811ff8a220a4735ef4f8ba5d102f3d
[INFO] running `Command { std: "docker" "start" "-a" "99e2fa66b2fde8b04905883fa57b6f8257811ff8a220a4735ef4f8ba5d102f3d", kill_on_drop: false }`
[INFO] [stderr]    Compiling libc v0.2.164
[INFO] [stderr]    Compiling cfg_aliases v0.2.1
[INFO] [stderr]    Compiling bitflags v2.6.0
[INFO] [stderr]    Compiling nix v0.29.0
[INFO] [stderr]    Compiling backtrace v0.3.71
[INFO] [stderr]    Compiling console v0.15.8
[INFO] [stderr]    Compiling indicatif v0.17.9
[INFO] [stderr]    Compiling color-eyre v0.6.3
[INFO] [stderr]    Compiling spanned v0.3.0
[INFO] [stderr]    Compiling ui_test v0.27.1 (/opt/rustwide/workdir)
[INFO] [stderr]    Compiling ctrlc v3.4.5
[INFO] [stderr]     Finished `test` profile [unoptimized + debuginfo] target(s) in 14.63s
[INFO] running `Command { std: "docker" "inspect" "99e2fa66b2fde8b04905883fa57b6f8257811ff8a220a4735ef4f8ba5d102f3d", kill_on_drop: false }`
[INFO] running `Command { std: "docker" "rm" "-f" "99e2fa66b2fde8b04905883fa57b6f8257811ff8a220a4735ef4f8ba5d102f3d", kill_on_drop: false }`
[INFO] [stdout] 99e2fa66b2fde8b04905883fa57b6f8257811ff8a220a4735ef4f8ba5d102f3d
[INFO] running `Command { std: "docker" "create" "-v" "/var/lib/crater-agent-workspace/builds/worker-4-tc1/target:/opt/rustwide/target:rw,Z" "-v" "/var/lib/crater-agent-workspace/builds/worker-4-tc1/source:/opt/rustwide/workdir:ro,Z" "-v" "/var/lib/crater-agent-workspace/cargo-home:/opt/rustwide/cargo-home:ro,Z" "-v" "/var/lib/crater-agent-workspace/rustup-home:/opt/rustwide/rustup-home:ro,Z" "-e" "SOURCE_DIR=/opt/rustwide/workdir" "-e" "CARGO_TARGET_DIR=/opt/rustwide/target" "-e" "CARGO_INCREMENTAL=0" "-e" "RUST_BACKTRACE=full" "-e" "RUSTFLAGS=--cap-lints=warn" "-e" "RUSTDOCFLAGS=--cap-lints=warn" "-e" "CARGO_HOME=/opt/rustwide/cargo-home" "-e" "RUSTUP_HOME=/opt/rustwide/rustup-home" "-w" "/opt/rustwide/workdir" "-m" "1610612736" "--user" "0:0" "--network" "none" "ghcr.io/rust-lang/crates-build-env/linux@sha256:f3a9d4ad9d972b27faf3965f35b62e55ba32bbce8f20bc8fe909558a86702fde" "/opt/rustwide/cargo-home/bin/cargo" "+1.83.0" "test" "--frozen", kill_on_drop: false }`
[INFO] [stdout] 1b1c5f98445eaadfed55d672e2b3887fd65a8447cf2cf09094a5b50d96e5dcb6
[INFO] running `Command { std: "docker" "start" "-a" "1b1c5f98445eaadfed55d672e2b3887fd65a8447cf2cf09094a5b50d96e5dcb6", kill_on_drop: false }`
[INFO] [stderr]     Finished `test` profile [unoptimized + debuginfo] target(s) in 0.11s
[INFO] [stderr]      Running unittests src/lib.rs (/opt/rustwide/target/debug/deps/ui_test-450a614c77d6103d)
[INFO] [stdout] 
[INFO] [stdout] running 18 tests
[INFO] [stdout] test parser::tests::missing_colon_fail ... ok
[INFO] [stdout] test parser::tests::parse_simple_comment ... ok
[INFO] [stdout] test parser::tests::parse_error_code_comment ... ok
[INFO] [stdout] test parser::tests::parse_regex_error_pattern ... ok
[INFO] [stdout] test parser::tests::parse_missing_level ... ok
[INFO] [stdout] test parser::tests::parse_slash_slash_at ... ok
[INFO] [stdout] test parser::tests::parse_slash_slash_at_fail ... ok
[INFO] [stdout] test parser::tests::parse_invalid_filter ... ok
[INFO] [stdout] test parser::tests::parse_two_only_filters ... ok
[INFO] [stdout] test parser::tests::parse_x86_64 ... ok
[INFO] [stdout] test tests::duplicate_pattern ... ok
[INFO] [stdout] test tests::find_code ... ok
[INFO] [stdout] test tests::find_pattern ... ok
[INFO] [stdout] test tests::missing_warn_pattern ... ok
[INFO] [stdout] test tests::missing_implicit_warn_pattern ... ok
[INFO] [stdout] test tests::missing_pattern ... ok
[INFO] [stdout] test tests::issue_2156 ... ok
[INFO] [stdout] test tests::find_code_with_prefix ... ok
[INFO] [stdout] 
[INFO] [stdout] test result: ok. 18 passed; 0 failed; 0 ignored; 0 measured; 0 filtered out; finished in 0.02s
[INFO] [stdout] 
[INFO] [stderr]      Running tests/integration.rs (/opt/rustwide/target/debug/deps/integration-61484317cd654dc8)
[INFO] [stdout] tests/integrations/ui_test_dep_bug/Cargo.toml ... FAILED
[INFO] [stdout] tests/integrations/basic-fail/Cargo.toml ... FAILED
[INFO] [stdout] tests/integrations/basic-fail-mode/Cargo.toml ... FAILED
[INFO] [stdout] tests/integrations/basic/Cargo.toml ... FAILED
[INFO] [stdout] tests/integrations/basic-bin/Cargo.toml ... FAILED
[INFO] [stdout] tests/integrations/cargo-run/Cargo.toml ... FAILED
[INFO] [stdout] tests/integrations/dep-fail/Cargo.toml ... FAILED
[INFO] [stdout] 
[INFO] [stdout] FAILED TEST: tests/integrations/ui_test_dep_bug/Cargo.toml
[INFO] [stdout] command: BLESS="" RUST_BACKTRACE="0" RUST_TEST_THREADS="1" "/opt/rustwide/rustup-home/toolchains/1.83.0-x86_64-unknown-linux-gnu/bin/cargo" "test" "--color" "never" "--quiet" "--jobs" "1" "--no-fail-fast" "--target-dir" "/opt/rustwide/target/ui/0/tests/integrations/ui_test_dep_bug" "--manifest-path" "tests/integrations/ui_test_dep_bug/Cargo.toml"
[INFO] [stdout] 
[INFO] [stdout] error: test got exit status: 101, but expected 0
[INFO] [stdout]  = note: the compiler panicked
[INFO] [stdout] 
[INFO] [stdout] error: actual output differed from expected
[INFO] [stdout] Execute `cargo test -- -- --bless` to update `tests/integrations/ui_test_dep_bug/Cargo.stderr` to the actual output
[INFO] [stdout] --- tests/integrations/ui_test_dep_bug/Cargo.stderr
[INFO] [stdout] +++ <stderr output>
[INFO] [stdout] +error: failed to download from `https://static.crates.io/crates/rustfix/0.8.1/download`
[INFO] [stdout] +
[INFO] [stdout] +Caused by:
[INFO] [stdout] +  [6] Could not resolve hostname (Could not resolve host: static.crates.io)
[INFO] [stdout] 
[INFO] [stdout] 
[INFO] [stdout] error: actual output differed from expected
[INFO] [stdout] Execute `cargo test -- -- --bless` to update `tests/integrations/ui_test_dep_bug/Cargo.stdout` to the actual output
[INFO] [stdout] --- tests/integrations/ui_test_dep_bug/Cargo.stdout
[INFO] [stdout] +++ <stdout output>
[INFO] [stdout] -
[INFO] [stdout] -running 0 tests
[INFO] [stdout] -
[INFO] [stdout] -test result: ok. 0 passed; 0 failed; 0 ignored; 0 measured; 0 filtered out; finished 
[INFO] [stdout] -
[INFO] [stdout] -Building dependencies ... ok
[INFO] [stdout] -tests/ui/basic_test.rs ... ok
[INFO] [stdout] -
[INFO] [stdout] -test result: ok. 1 passed
[INFO] [stdout] -
[INFO] [stdout] -
[INFO] [stdout] -running 0 tests
[INFO] [stdout] -
[INFO] [stdout] -test result: ok. 0 passed; 0 failed; 0 ignored; 0 measured; 0 filtered out; finished 
[INFO] [stdout] -
[INFO] [stdout] 
[INFO] [stdout] 
[INFO] [stdout] full stderr:
[INFO] [stdout] error: failed to download from `https://static.crates.io/crates/rustfix/0.8.1/download`
[INFO] [stdout] 
[INFO] [stdout] Caused by:
[INFO] [stdout]   [6] Could not resolve hostname (Could not resolve host: static.crates.io)
[INFO] [stdout] 
[INFO] [stdout] full stdout:
[INFO] [stdout] 
[INFO] [stdout] 
[INFO] [stdout] 
[INFO] [stdout] FAILED TEST: tests/integrations/basic-fail/Cargo.toml
[INFO] [stdout] command: BLESS="" RUST_BACKTRACE="0" RUST_TEST_THREADS="1" "/opt/rustwide/rustup-home/toolchains/1.83.0-x86_64-unknown-linux-gnu/bin/cargo" "test" "--color" "never" "--quiet" "--jobs" "1" "--no-fail-fast" "--target-dir" "/opt/rustwide/target/ui/1/tests/integrations/basic-fail" "--manifest-path" "tests/integrations/basic-fail/Cargo.toml"
[INFO] [stdout] 
[INFO] [stdout] error: actual output differed from expected
[INFO] [stdout] Execute `cargo test -- -- --bless` to update `tests/integrations/basic-fail/Cargo.stderr` to the actual output
[INFO] [stdout] --- tests/integrations/basic-fail/Cargo.stderr
[INFO] [stdout] +++ <stderr output>
[INFO] [stdout] -Error: tests failed
[INFO] [stdout] +error: failed to download from `https://static.crates.io/crates/annotate-snippets/0.11.2/download`
[INFO] [stdout]  
[INFO] [stdout] -Location:
[INFO] [stdout] -    $DIR/src/lib.rs:LL:CC
[INFO] [stdout] -error: test failed, to rerun pass `--test ui_tests`
[INFO] [stdout] -
[INFO] [stdout]  Caused by:
[INFO] [stdout] -  process didn't exit successfully: `$DIR/target/ui/1/tests/integrations/basic-fail/debug/deps/ui_tests-HASH` (exit status: 1)
[INFO] [stdout] +  [6] Could not resolve hostname (Could not resolve host: static.crates.io)
[INFO] [stdout] 
[INFO] [stdout] 
[INFO] [stdout] error: actual output differed from expected
[INFO] [stdout] Execute `cargo test -- -- --bless` to update `tests/integrations/basic-fail/Cargo.stdout` to the actual output
[INFO] [stdout] --- tests/integrations/basic-fail/Cargo.stdout
[INFO] [stdout] +++ <stdout output>
[INFO] [stdout] -
[INFO] [stdout] -running 0 tests
[INFO] [stdout] -
[INFO] [stdout] -test result: ok. 0 passed; 0 failed; 0 ignored; 0 measured; 0 filtered out; finished 
[INFO] [stdout] -
[INFO] [stdout] -Building dependencies ... ok
[INFO] [stdout] -tests/actual_tests/bad_pattern.rs ... FAILED
[INFO] [stdout] -tests/actual_tests/executable.rs ... ok
[INFO] [stdout] -tests/actual_tests/executable.rs (revision `run`) ... FAILED
[INFO] [stdout] -tests/actual_tests/executable_compile_err.rs ... FAILED
[INFO] [stdout] -tests/actual_tests/exit_code_fail.rs ... FAILED
[INFO] [stdout] -tests/actual_tests/filters.rs ... FAILED
[INFO] [stdout] -tests/actual_tests/foomp.rs ... FAILED
[INFO] [stdout] -tests/actual_tests/foomp2.rs ... FAILED
[INFO] [stdout] -tests/actual_tests/inline_chain.rs ... FAILED
[INFO] [stdout] -tests/actual_tests/joined_wrong_order.rs ... FAILED
[INFO] [stdout] -tests/actual_tests/lone_joined_pattern.rs ... FAILED
[INFO] [stdout] -tests/actual_tests/pattern_too_many_arrow.rs ... FAILED
[INFO] [stdout] -tests/actual_tests/pattern_too_many_arrow_above.rs ... FAILED
[INFO] [stdout] -tests/actual_tests/rustc_ice.rs ... FAILED
[INFO] [stdout] -tests/actual_tests/touching_above_below.rs ... FAILED
[INFO] [stdout] -tests/actual_tests/touching_above_below_chain.rs ... FAILED
[INFO] [stdout] -
[INFO] [stdout] -FAILED TEST: tests/actual_tests/bad_pattern.rs
[INFO] [stdout] -command: "rustc" "--error-format=json" "--out-dir" "$TMP "tests/actual_tests/bad_pattern.rs" "--extern" "basic_fail=$DIR/tests/integrations/basic-fail/../../../target/$TMP/$TRIPLE/debug/libbasic_fail.rlib" "--extern" "basic_fail=$DIR/tests/integrations/basic-fail/../../../target/$TMP/$TRIPLE/debug/libbasic_fail-$HASH.rmeta" "-L" "$DIR/tests/integrations/basic-fail/../../../target/$TMP/$TRIPLE/debug" "-L" "$DIR/tests/integrations/basic-fail/../../../target/$TMP/$TRIPLE/debug" "--edition" "2021"
[INFO] [stdout] -
[INFO] [stdout] -error: actual output differed from expected
[INFO] [stdout] -Execute `DO NOT BLESS. These are meant to fail` to update `tests/actual_tests/bad_pattern.stderr` to the actual output
[INFO] [stdout] ---- tests/actual_tests/bad_pattern.stderr
[INFO] [stdout] -+++ <stderr output>
[INFO] [stdout] - error[E0308]: mismatched types
[INFO] [stdout] -  --> tests/actual_tests/bad_pattern.rs:4:9
[INFO] [stdout] -... 10 lines skipped ...
[INFO] [stdout] -   |        ^^^
[INFO] [stdout] - 
[INFO] [stdout] --error: aborting due to previous error
[INFO] [stdout] -+error: aborting due to 1 previous error
[INFO] [stdout] - 
[INFO] [stdout] - For more information about this error, try `rustc --explain E0308`.
[INFO] [stdout] -
[INFO] [stdout] -
[INFO] [stdout] -error: `miesmätsched types` not found in diagnostics on line 4
[INFO] [stdout] - --> tests/actual_tests/bad_pattern.rs:5:17
[INFO] [stdout] -  |
[INFO] [stdout] -5 |     //~^ ERROR: miesmätsched types
[INFO] [stdout] -  |                 ^^^^^^^^^^^^^^^^^^ expected because of this pattern
[INFO] [stdout] -  |
[INFO] [stdout] -
[INFO] [stdout] -error: there were 1 unmatched diagnostics
[INFO] [stdout] - --> tests/actual_tests/bad_pattern.rs:4:9
[INFO] [stdout] -  |
[INFO] [stdout] -4 |     add("42", 3);
[INFO] [stdout] -  |         ^^^^ Error[E0308]: mismatched types
[INFO] [stdout] -  |
[INFO] [stdout] -
[INFO] [stdout] -full stderr:
[INFO] [stdout] -error[E0308]: mismatched types
[INFO] [stdout] - --> tests/actual_tests/bad_pattern.rs:4:9
[INFO] [stdout] -  |
[INFO] [stdout] -4 |     add("42", 3);
[INFO] [stdout] -  |     --- ^^^^ expected `usize`, found `&str`
[INFO] [stdout] -  |     |
[INFO] [stdout] -  |     arguments to this function are incorrect
[INFO] [stdout] -  |
[INFO] [stdout] -note: function defined here
[INFO] [stdout] - --> $DIR/tests/integrations/basic-fail/src/lib.rs:LL:CC
[INFO] [stdout] -  |
[INFO] [stdout] -1 | pub fn add(left: usize, right: usize) -> usize {
[INFO] [stdout] -  |        ^^^
[INFO] [stdout] -
[INFO] [stdout] -error: aborting due to 1 previous error
[INFO] [stdout] -
[INFO] [stdout] -For more information about this error, try `rustc --explain E0308`.
[INFO] [stdout] -
[INFO] [stdout] -full stdout:
[INFO] [stdout] -
[INFO] [stdout] -
[INFO] [stdout] -
[INFO] [stdout] -FAILED TEST: tests/actual_tests/executable.rs (revision `run`)
[INFO] [stdout] -command: "$CMD"
[INFO] [stdout] -
[INFO] [stdout] -error: actual output differed from expected
[INFO] [stdout] -Execute `DO NOT BLESS. These are meant to fail` to update `tests/actual_tests/executable.run.stdout` to the actual output
[INFO] [stdout] ---- tests/actual_tests/executable.run.stdout
[INFO] [stdout] -+++ <stdout output>
[INFO] [stdout] --69
[INFO] [stdout] -+42
[INFO] [stdout] -
[INFO] [stdout] -
[INFO] [stdout] -full stderr:
[INFO] [stdout] -
[INFO] [stdout] -full stdout:
[INFO] [stdout] -42
[INFO] [stdout] -
[INFO] [stdout] -
[INFO] [stdout] -
[INFO] [stdout] -FAILED TEST: tests/actual_tests/executable_compile_err.rs
[INFO] [stdout] -command: "rustc" "--error-format=json" "--out-dir" "$TMP "tests/actual_tests/executable_compile_err.rs" "--extern" "basic_fail=$DIR/tests/integrations/basic-fail/../../../target/$TMP/$TRIPLE/debug/libbasic_fail.rlib" "--extern" "basic_fail=$DIR/tests/integrations/basic-fail/../../../target/$TMP/$TRIPLE/debug/libbasic_fail-$HASH.rmeta" "-L" "$DIR/tests/integrations/basic-fail/../../../target/$TMP/$TRIPLE/debug" "-L" "$DIR/tests/integrations/basic-fail/../../../target/$TMP/$TRIPLE/debug" "--edition" "2021"
[INFO] [stdout] -
[INFO] [stdout] -error: test got exit status: 1, but expected 0
[INFO] [stdout] - --> tests/actual_tests/executable_compile_err.rs:1:4
[INFO] [stdout] -  |
[INFO] [stdout] -1 | //@run
[INFO] [stdout] -  |    ^^^ compilation failed, but was expected to succeed
[INFO] [stdout] -  |
[INFO] [stdout] -
[INFO] [stdout] -error: actual output differed from expected
[INFO] [stdout] -Execute `DO NOT BLESS. These are meant to fail` to update `tests/actual_tests/executable_compile_err.stderr` to the actual output
[INFO] [stdout] ---- tests/actual_tests/executable_compile_err.stderr
[INFO] [stdout] -+++ <stderr output>
[INFO] [stdout] -+error: this file contains an unclosed delimiter
[INFO] [stdout] -+ --> tests/actual_tests/executable_compile_err.rs:4:2
[INFO] [stdout] -+  |
[INFO] [stdout] -+3 | fn main() {
[INFO] [stdout] -+  |           - unclosed delimiter
[INFO] [stdout] -+4 |
[INFO] [stdout] -+  |  ^
[INFO] [stdout] -+
[INFO] [stdout] -+error: aborting due to 1 previous error
[INFO] [stdout] -+
[INFO] [stdout] -
[INFO] [stdout] -
[INFO] [stdout] -full stderr:
[INFO] [stdout] -error: this file contains an unclosed delimiter
[INFO] [stdout] - --> tests/actual_tests/executable_compile_err.rs:4:2
[INFO] [stdout] -  |
[INFO] [stdout] -3 | fn main() {
[INFO] [stdout] -  |           - unclosed delimiter
[INFO] [stdout] -4 |
[INFO] [stdout] -  |  ^
[INFO] [stdout] -
[INFO] [stdout] -error: aborting due to 1 previous error
[INFO] [stdout] -
[INFO] [stdout] -
[INFO] [stdout] -full stdout:
[INFO] [stdout] -
[INFO] [stdout] -
[INFO] [stdout] -
[INFO] [stdout] -FAILED TEST: tests/actual_tests/exit_code_fail.rs
[INFO] [stdout] -command: "rustc" "--error-format=json" "--out-dir" "$TMP "tests/actual_tests/exit_code_fail.rs" "--extern" "basic_fail=$DIR/tests/integrations/basic-fail/../../../target/$TMP/$TRIPLE/debug/libbasic_fail.rlib" "--extern" "basic_fail=$DIR/tests/integrations/basic-fail/../../../target/$TMP/$TRIPLE/debug/libbasic_fail-$HASH.rmeta" "-L" "$DIR/tests/integrations/basic-fail/../../../target/$TMP/$TRIPLE/debug" "-L" "$DIR/tests/integrations/basic-fail/../../../target/$TMP/$TRIPLE/debug" "--edition" "2021"
[INFO] [stdout] -
[INFO] [stdout] -error: test got exit status: 0, but expected 1
[INFO] [stdout] - = note: compilation succeeded, but was expected to fail
[INFO] [stdout] -
[INFO] [stdout] -error: expected error patterns, but found none
[INFO] [stdout] -
[INFO] [stdout] -full stderr:
[INFO] [stdout] -
[INFO] [stdout] -full stdout:
[INFO] [stdout] -
[INFO] [stdout] -
[INFO] [stdout] -
[INFO] [stdout] -FAILED TEST: tests/actual_tests/filters.rs
[INFO] [stdout] -command: parse comments
[INFO] [stdout] -
[INFO] [stdout] -error: `x86_64` is not a valid condition, expected `on-host`, /[0-9]+bit/, /host-.*/, or /target-.*/
[INFO] [stdout] - --> tests/actual_tests/filters.rs:1:9
[INFO] [stdout] -  |
[INFO] [stdout] -1 | //@only-x86_64
[INFO] [stdout] -  |         ^^^^^^
[INFO] [stdout] -  |
[INFO] [stdout] -
[INFO] [stdout] -full stderr:
[INFO] [stdout] -
[INFO] [stdout] -full stdout:
[INFO] [stdout] -
[INFO] [stdout] -
[INFO] [stdout] -
[INFO] [stdout] -FAILED TEST: tests/actual_tests/foomp.rs
[INFO] [stdout] -command: "rustc" "--error-format=json" "--out-dir" "$TMP "tests/actual_tests/foomp.rs" "--extern" "basic_fail=$DIR/tests/integrations/basic-fail/../../../target/$TMP/$TRIPLE/debug/libbasic_fail.rlib" "--extern" "basic_fail=$DIR/tests/integrations/basic-fail/../../../target/$TMP/$TRIPLE/debug/libbasic_fail-$HASH.rmeta" "-L" "$DIR/tests/integrations/basic-fail/../../../target/$TMP/$TRIPLE/debug" "-L" "$DIR/tests/integrations/basic-fail/../../../target/$TMP/$TRIPLE/debug" "--edition" "2021"
[INFO] [stdout] -
[INFO] [stdout] -error: actual output differed from expected
[INFO] [stdout] -Execute `DO NOT BLESS. These are meant to fail` to update `tests/actual_tests/foomp.stderr` to the actual output
[INFO] [stdout] ---- tests/actual_tests/foomp.stderr
[INFO] [stdout] -+++ <stderr output>
[INFO] [stdout] - error[E0308]: mismatched types
[INFO] [stdout] -  --> tests/actual_tests/foomp.rs:4:9
[INFO] [stdout] -   |
[INFO] [stdout] - 4 |     add("42", 3);
[INFO] [stdout] -   |     --- ^^^^ expected `usize`, found `&str`
[INFO] [stdout] -+  |     |
[INFO] [stdout] -+  |     arguments to this function are incorrect
[INFO] [stdout] -   |
[INFO] [stdout] - note: function defined here
[INFO] [stdout] -- --> $DIR/tests/integrations/basic/src/lib.rs:LL:CC
[INFO] [stdout] -+ --> $DIR/tests/integrations/basic-fail/src/lib.rs:LL:CC
[INFO] [stdout] -   |
[INFO] [stdout] - 1 | pub fn add(left: usize, right: usize) -> usize {
[INFO] [stdout] --  |        ^^^ some expected text that isn't in the actual message
[INFO] [stdout] -+  |        ^^^
[INFO] [stdout] - 
[INFO] [stdout] --error: aborting doo to previous error
[INFO] [stdout] -+error: aborting due to 1 previous error
[INFO] [stdout] - 
[INFO] [stdout] - For more information about this error, try `rustc --explain E0308`.
[INFO] [stdout] -
[INFO] [stdout] -
[INFO] [stdout] -full stderr:
[INFO] [stdout] -error[E0308]: mismatched types
[INFO] [stdout] - --> tests/actual_tests/foomp.rs:4:9
[INFO] [stdout] -  |
[INFO] [stdout] -4 |     add("42", 3);
[INFO] [stdout] -  |     --- ^^^^ expected `usize`, found `&str`
[INFO] [stdout] -  |     |
[INFO] [stdout] -  |     arguments to this function are incorrect
[INFO] [stdout] -  |
[INFO] [stdout] -note: function defined here
[INFO] [stdout] - --> $DIR/tests/integrations/basic-fail/src/lib.rs:LL:CC
[INFO] [stdout] -  |
[INFO] [stdout] -1 | pub fn add(left: usize, right: usize) -> usize {
[INFO] [stdout] -  |        ^^^
[INFO] [stdout] -
[INFO] [stdout] -error: aborting due to 1 previous error
[INFO] [stdout] -
[INFO] [stdout] -For more information about this error, try `rustc --explain E0308`.
[INFO] [stdout] -
[INFO] [stdout] -full stdout:
[INFO] [stdout] -
[INFO] [stdout] -
[INFO] [stdout] -
[INFO] [stdout] -FAILED TEST: tests/actual_tests/foomp2.rs
[INFO] [stdout] -command: "rustc" "--error-format=json" "--out-dir" "$TMP "tests/actual_tests/foomp2.rs" "--extern" "basic_fail=$DIR/tests/integrations/basic-fail/../../../target/$TMP/$TRIPLE/debug/libbasic_fail.rlib" "--extern" "basic_fail=$DIR/tests/integrations/basic-fail/../../../target/$TMP/$TRIPLE/debug/libbasic_fail-$HASH.rmeta" "-L" "$DIR/tests/integrations/basic-fail/../../../target/$TMP/$TRIPLE/debug" "-L" "$DIR/tests/integrations/basic-fail/../../../target/$TMP/$TRIPLE/debug" "--edition" "2021"
[INFO] [stdout] -
[INFO] [stdout] -error: actual output differed from expected
[INFO] [stdout] -Execute `DO NOT BLESS. These are meant to fail` to update `tests/actual_tests/foomp2.stderr` to the actual output
[INFO] [stdout] ---- tests/actual_tests/foomp2.stderr
[INFO] [stdout] -+++ <stderr output>
[INFO] [stdout] - error[E0308]: mismatched types
[INFO] [stdout] -  --> tests/actual_tests/foomp2.rs:4:9
[INFO] [stdout] -... 10 lines skipped ...
[INFO] [stdout] -   |        ^^^
[INFO] [stdout] - 
[INFO] [stdout] --error: aborting due to previous error
[INFO] [stdout] -+error: aborting due to 1 previous error
[INFO] [stdout] - 
[INFO] [stdout] - For more information about this error, try `rustc --explain E0308`.
[INFO] [stdout] -
[INFO] [stdout] -
[INFO] [stdout] -full stderr:
[INFO] [stdout] -error[E0308]: mismatched types
[INFO] [stdout] - --> tests/actual_tests/foomp2.rs:4:9
[INFO] [stdout] -  |
[INFO] [stdout] -4 |     add("42", 3);
[INFO] [stdout] -  |     --- ^^^^ expected `usize`, found `&str`
[INFO] [stdout] -  |     |
[INFO] [stdout] -  |     arguments to this function are incorrect
[INFO] [stdout] -  |
[INFO] [stdout] -note: function defined here
[INFO] [stdout] - --> $DIR/tests/integrations/basic-fail/src/lib.rs:LL:CC
[INFO] [stdout] -  |
[INFO] [stdout] -1 | pub fn add(left: usize, right: usize) -> usize {
[INFO] [stdout] -  |        ^^^
[INFO] [stdout] -
[INFO] [stdout] -error: aborting due to 1 previous error
[INFO] [stdout] -
[INFO] [stdout] -For more information about this error, try `rustc --explain E0308`.
[INFO] [stdout] -
[INFO] [stdout] -full stdout:
[INFO] [stdout] -
[INFO] [stdout] -
[INFO] [stdout] -
[INFO] [stdout] -FAILED TEST: tests/actual_tests/inline_chain.rs
[INFO] [stdout] -command: parse comments
[INFO] [stdout] -
[INFO] [stdout] -error: `//~|` comment not attached to anchoring matcher
[INFO] [stdout] - --> tests/actual_tests/inline_chain.rs:5:26
[INFO] [stdout] -  |
[INFO] [stdout] -5 |                       //~| unused_variables
[INFO] [stdout] -  |                          ^
[INFO] [stdout] -  |
[INFO] [stdout] -
[INFO] [stdout] -full stderr:
[INFO] [stdout] -
[INFO] [stdout] -full stdout:
[INFO] [stdout] -
[INFO] [stdout] -
[INFO] [stdout] -
[INFO] [stdout] -FAILED TEST: tests/actual_tests/joined_wrong_order.rs
[INFO] [stdout] -command: parse comments
[INFO] [stdout] -
[INFO] [stdout] -error: `//~|` comment not attached to anchoring matcher
[INFO] [stdout] - --> tests/actual_tests/joined_wrong_order.rs:5:8
[INFO] [stdout] -  |
[INFO] [stdout] -5 |     //~| unused_mut
[INFO] [stdout] -  |        ^
[INFO] [stdout] -  |
[INFO] [stdout] -
[INFO] [stdout] -full stderr:
[INFO] [stdout] -
[INFO] [stdout] -full stdout:
[INFO] [stdout] -
[INFO] [stdout] -
[INFO] [stdout] -
[INFO] [stdout] -FAILED TEST: tests/actual_tests/lone_joined_pattern.rs
[INFO] [stdout] -command: parse comments
[INFO] [stdout] -
[INFO] [stdout] -error: `//~|` comment not attached to anchoring matcher
[INFO] [stdout] - --> tests/actual_tests/lone_joined_pattern.rs:2:8
[INFO] [stdout] -  |
[INFO] [stdout] -2 |     //~| ERROR: mismatched types
[INFO] [stdout] -  |        ^
[INFO] [stdout] -  |
[INFO] [stdout] -
[INFO] [stdout] -error: `//~|` comment not attached to anchoring matcher
[INFO] [stdout] - --> tests/actual_tests/lone_joined_pattern.rs:4:8
[INFO] [stdout] -  |
[INFO] [stdout] -4 |     //~| ERROR: mismatched types
[INFO] [stdout] -  |        ^
[INFO] [stdout] -  |
[INFO] [stdout] -
[INFO] [stdout] -full stderr:
[INFO] [stdout] -
[INFO] [stdout] -full stdout:
[INFO] [stdout] -
[INFO] [stdout] -
[INFO] [stdout] -
[INFO] [stdout] -FAILED TEST: tests/actual_tests/pattern_too_many_arrow.rs
[INFO] [stdout] -command: parse comments
[INFO] [stdout] -
[INFO] [stdout] -error: //~^ pattern is trying to refer to 7 lines above, but there are only 2 lines above
[INFO] [stdout] - --> tests/actual_tests/pattern_too_many_arrow.rs:3:8
[INFO] [stdout] -  |
[INFO] [stdout] -3 |     //~^^^^^^^ ERROR: mismatched types
[INFO] [stdout] -  |        ^^^^^^^^^^^^^^^^^^^^^^^^^^^^^^^
[INFO] [stdout] -  |
[INFO] [stdout] -
[INFO] [stdout] -full stderr:
[INFO] [stdout] -
[INFO] [stdout] -full stdout:
[INFO] [stdout] -
[INFO] [stdout] -
[INFO] [stdout] -
[INFO] [stdout] -FAILED TEST: tests/actual_tests/pattern_too_many_arrow_above.rs
[INFO] [stdout] -command: parse comments
[INFO] [stdout] -
[INFO] [stdout] -error: //~v pattern is trying to refer to line 8, but the file only has 6 lines
[INFO] [stdout] - --> tests/actual_tests/pattern_too_many_arrow_above.rs:2:22
[INFO] [stdout] -  |
[INFO] [stdout] -2 |     //~vvvvvv ERROR: mismatched types
[INFO] [stdout] -  |                      ^^^^^^^^^^^^^^^^
[INFO] [stdout] -  |
[INFO] [stdout] -
[INFO] [stdout] -full stderr:
[INFO] [stdout] -
[INFO] [stdout] -full stdout:
[INFO] [stdout] -
[INFO] [stdout] -
[INFO] [stdout] -
[INFO] [stdout] -FAILED TEST: tests/actual_tests/rustc_ice.rs
[INFO] [stdout] -command: "rustc" "--error-format=json" "--out-dir" "$TMP "tests/actual_tests/rustc_ice.rs" "-Ztreat-err-as-bug" "--extern" "basic_fail=$DIR/tests/integrations/basic-fail/../../../target/$TMP/$TRIPLE/debug/libbasic_fail.rlib" "--extern" "basic_fail=$DIR/tests/integrations/basic-fail/../../../target/$TMP/$TRIPLE/debug/libbasic_fail-$HASH.rmeta" "-L" "$DIR/tests/integrations/basic-fail/../../../target/$TMP/$TRIPLE/debug" "-L" "$DIR/tests/integrations/basic-fail/../../../target/$TMP/$TRIPLE/debug" "--edition" "2021"
[INFO] [stdout] -
[INFO] [stdout] -error: test got exit status: 101, but expected 1
[INFO] [stdout] - = note: the compiler panicked
[INFO] [stdout] -
[INFO] [stdout] -error: `mismatched types` not found in diagnostics on line 8
[INFO] [stdout] - --> tests/actual_tests/rustc_ice.rs:9:17
[INFO] [stdout] -  |
[INFO] [stdout] -9 |     //~^ ERROR: mismatched types
[INFO] [stdout] -  |                 ^^^^^^^^^^^^^^^^ expected because of this pattern
[INFO] [stdout] -  |
[INFO] [stdout] -
[INFO] [stdout] -error: there were 1 unmatched diagnostics
[INFO] [stdout] - --> tests/actual_tests/rustc_ice.rs:8:9
[INFO] [stdout] -  |
[INFO] [stdout] -8 |     add("42", 3);
[INFO] [stdout] -  |         ^^^^ Ice: mismatched types
[INFO] [stdout] -  |
[INFO] [stdout] -
[INFO] [stdout] -full stderr:
[INFO] [stdout] -error: internal compiler error[E0308]: mismatched types
[INFO] [stdout] - --> tests/actual_tests/rustc_ice.rs:8:9
[INFO] [stdout] -  |
[INFO] [stdout] -8 |     add("42", 3);
[INFO] [stdout] -  |     --- ^^^^ expected `usize`, found `&str`
[INFO] [stdout] -  |     |
[INFO] [stdout] -  |     arguments to this function are incorrect
[INFO] [stdout] -  |
[INFO] [stdout] -note: function defined here
[INFO] [stdout] - --> $DIR/tests/integrations/basic-fail/src/lib.rs:LL:CC
[INFO] [stdout] -  |
[INFO] [stdout] -1 | pub fn add(left: usize, right: usize) -> usize {
[INFO] [stdout] -  |        ^^^
[INFO] [stdout] -
[INFO] [stdout] -thread 'rustc' panicked at compiler/rustc_errors/src/lib.rs:
[INFO] [stdout] -aborting due to `-Z treat-err-as-bug=1`
[INFO] [stdout] -note: run with `RUST_BACKTRACE=1` environment variable to display a backtrace
[INFO] [stdout] -
[INFO] [stdout] -error: the compiler unexpectedly panicked. this is a bug.
[INFO] [stdout] -
[INFO] [stdout] -note: we would appreciate a bug report: https://github.com/rust-lang/rust/issues/new?labels=C-bug%2C+I-ICE%2C+T-compiler&template=ice.md
[INFO] [stdout] -
[INFO] [stdout] -
[INFO] [stdout] -
[INFO] [stdout] -note: compiler flags: -Z treat-err-as-bug
[INFO] [stdout] -
[INFO] [stdout] -query stack during panic:
[INFO] [stdout] -#0 [typeck] type-checking `main`
[INFO] [stdout] -#1 [analysis] running analysis passes on this crate
[INFO] [stdout] -end of query stack
[INFO] [stdout] -
[INFO] [stdout] -full stdout:
[INFO] [stdout] -
[INFO] [stdout] -
[INFO] [stdout] -
[INFO] [stdout] -FAILED TEST: tests/actual_tests/touching_above_below.rs
[INFO] [stdout] -command: parse comments
[INFO] [stdout] -
[INFO] [stdout] -error: `//~v` comment immediately following a `//~^` comment chain
[INFO] [stdout] - --> tests/actual_tests/touching_above_below.rs:4:8
[INFO] [stdout] -  |
[INFO] [stdout] -4 |     //~v ERROR: mismatched types
[INFO] [stdout] -  |        ^^^^^^^^^^^^^^^^^^^^^^^^^
[INFO] [stdout] -  |
[INFO] [stdout] -
[INFO] [stdout] -full stderr:
[INFO] [stdout] -
[INFO] [stdout] -full stdout:
[INFO] [stdout] -
[INFO] [stdout] -
[INFO] [stdout] -
[INFO] [stdout] -FAILED TEST: tests/actual_tests/touching_above_below_chain.rs
[INFO] [stdout] -command: parse comments
[INFO] [stdout] -
[INFO] [stdout] -error: `//~v` comment immediately following a `//~^` comment chain
[INFO] [stdout] - --> tests/actual_tests/touching_above_below_chain.rs:5:8
[INFO] [stdout] -  |
[INFO] [stdout] -5 |     //~v ERROR: unused variable
[INFO] [stdout] -  |        ^^^^^^^^^^^^^^^^^^^^^^^^
[INFO] [stdout] -  |
[INFO] [stdout] -
[INFO] [stdout] -full stderr:
[INFO] [stdout] -
[INFO] [stdout] -full stdout:
[INFO] [stdout] -
[INFO] [stdout] -
[INFO] [stdout] -FAILURES:
[INFO] [stdout] -    tests/actual_tests/bad_pattern.rs
[INFO] [stdout] -    tests/actual_tests/executable.rs (revision run)
[INFO] [stdout] -    tests/actual_tests/executable_compile_err.rs
[INFO] [stdout] -    tests/actual_tests/exit_code_fail.rs
[INFO] [stdout] -    tests/actual_tests/filters.rs
[INFO] [stdout] -    tests/actual_tests/foomp.rs
[INFO] [stdout] -    tests/actual_tests/foomp2.rs
[INFO] [stdout] -    tests/actual_tests/inline_chain.rs
[INFO] [stdout] -    tests/actual_tests/joined_wrong_order.rs
[INFO] [stdout] -    tests/actual_tests/lone_joined_pattern.rs
[INFO] [stdout] -    tests/actual_tests/pattern_too_many_arrow.rs
[INFO] [stdout] -    tests/actual_tests/pattern_too_many_arrow_above.rs
[INFO] [stdout] -    tests/actual_tests/rustc_ice.rs
[INFO] [stdout] -    tests/actual_tests/touching_above_below.rs
[INFO] [stdout] -    tests/actual_tests/touching_above_below_chain.rs
[INFO] [stdout] -
[INFO] [stdout] -test result: FAIL. 15 failed; 1 passed
[INFO] [stdout] -
[INFO] [stdout] -Building dependencies ... ok
[INFO] [stdout] -tests/actual_tests_bless/abort.rs ... ok
[INFO] [stdout] -tests/actual_tests_bless/abort.rs (revision `run`) ... FAILED
[INFO] [stdout] -tests/actual_tests_bless/aux_build_not_found.rs ... FAILED
[INFO] [stdout] -tests/actual_tests_bless/aux_proc_macro_misuse.rs ... FAILED
[INFO] [stdout] -Building aux file tests/actual_tests_bless/auxiliary/the_proc_macro.rs ... ok
[INFO] [stdout] -tests/actual_tests_bless/aux_proc_macro_no_main.rs ... FAILED
[INFO] [stdout] -tests/actual_tests_bless/compile_flags_quotes.rs ... FAILED
[INFO] [stdout] -tests/actual_tests_bless/compiletest-rs-command.rs ... FAILED
[INFO] [stdout] -tests/actual_tests_bless/edition_override.rs ... ok
[INFO] [stdout] -tests/actual_tests_bless/failing_executable.rs ... ok
[INFO] [stdout] -tests/actual_tests_bless/failing_executable.rs (revision `run`) ... FAILED
[INFO] [stdout] -Building aux file tests/actual_tests_bless/auxiliary/foomp.rs ... ok
[INFO] [stdout] -tests/actual_tests_bless/foomp_aux.rs ... ok
[INFO] [stdout] -Building aux file tests/actual_tests_bless/auxiliary/nested.rs ... ok
[INFO] [stdout] -tests/actual_tests_bless/nested_aux.rs ... ok
[INFO] [stdout] -tests/actual_tests_bless/no_main.rs ... FAILED
[INFO] [stdout] -tests/actual_tests_bless/no_main_manual.rs ... FAILED
[INFO] [stdout] -tests/actual_tests_bless/no_test.rs ... FAILED
[INFO] [stdout] -tests/actual_tests_bless/non_top_level_configs.rs ... FAILED
[INFO] [stdout] -tests/actual_tests_bless/normalization_override.rs ... ok
[INFO] [stdout] -tests/actual_tests_bless/pass.rs ... ok
[INFO] [stdout] -tests/actual_tests_bless/pass_with_annotation.rs ... FAILED
[INFO] [stdout] -tests/actual_tests_bless/revised_revision.rs ... FAILED
[INFO] [stdout] -tests/actual_tests_bless/revisioned_executable.rs ... ok
[INFO] [stdout] -tests/actual_tests_bless/revisioned_executable.rs (revision `run`) ... ok
[INFO] [stdout] -tests/actual_tests_bless/revisioned_executable.rs (revision `panic`) ... ok
[INFO] [stdout] -tests/actual_tests_bless/revisioned_executable.rs (revision `run.run`) ... ok
[INFO] [stdout] -tests/actual_tests_bless/revisioned_executable.rs (revision `panic.run`) ... FAILED
[INFO] [stdout] -tests/actual_tests_bless/revisioned_executable_panic.rs ... ok
[INFO] [stdout] -tests/actual_tests_bless/revisioned_executable_panic.rs (revision `run`) ... ok
[INFO] [stdout] -tests/actual_tests_bless/revisioned_executable_panic.rs (revision `panic`) ... ok
[INFO] [stdout] -tests/actual_tests_bless/revisioned_executable_panic.rs (revision `run.run`) ... FAILED
[INFO] [stdout] -tests/actual_tests_bless/revisioned_executable_panic.rs (revision `panic.run`) ... ok
[INFO] [stdout] -tests/actual_tests_bless/revisions.rs ... ok
[INFO] [stdout] -tests/actual_tests_bless/revisions.rs (revision `foo`) ... ok
[INFO] [stdout] -tests/actual_tests_bless/revisions.rs (revision `bar`) ... ok
[INFO] [stdout] -tests/actual_tests_bless/revisions_bad.rs ... ok
[INFO] [stdout] -tests/actual_tests_bless/revisions_bad.rs (revision `foo`) ... ok
[INFO] [stdout] -tests/actual_tests_bless/revisions_bad.rs (revision `bar`) ... FAILED
[INFO] [stdout] -tests/actual_tests_bless/revisions_filter.rs ... ok
[INFO] [stdout] -tests/actual_tests_bless/revisions_filter.rs (revision `foo`) ... ignored (in-test comment)
[INFO] [stdout] -tests/actual_tests_bless/revisions_filter.rs (revision `bar`) ... ignored (in-test comment)
[INFO] [stdout] -tests/actual_tests_bless/revisions_filter2.rs ... ok
[INFO] [stdout] -tests/actual_tests_bless/revisions_filter2.rs (revision `foo`) ... ignored (in-test comment)
[INFO] [stdout] -tests/actual_tests_bless/revisions_filter2.rs (revision `bar`) ... ok
[INFO] [stdout] -tests/actual_tests_bless/revisions_multiple_per_annotation.rs ... ok
[INFO] [stdout] -tests/actual_tests_bless/revisions_multiple_per_annotation.rs (revision `foo`) ... ok
[INFO] [stdout] -tests/actual_tests_bless/revisions_multiple_per_annotation.rs (revision `bar`) ... ok
[INFO] [stdout] -tests/actual_tests_bless/revisions_same_everywhere.rs ... ok
[INFO] [stdout] -tests/actual_tests_bless/revisions_same_everywhere.rs (revision `foo`) ... ok
[INFO] [stdout] -tests/actual_tests_bless/revisions_same_everywhere.rs (revision `bar`) ... ok
[INFO] [stdout] -tests/actual_tests_bless/run_panic.rs ... ok
[INFO] [stdout] -tests/actual_tests_bless/run_panic.rs (revision `run`) ... ok
[INFO] [stdout] -tests/actual_tests_bless/rustfix-fail-revisions.rs ... ok
[INFO] [stdout] -tests/actual_tests_bless/rustfix-fail-revisions.rs (revision `a`) ... ok
[INFO] [stdout] -tests/actual_tests_bless/rustfix-fail-revisions.rs (revision `b`) ... ok
[INFO] [stdout] -tests/actual_tests_bless/rustfix-fail-revisions.a.fixed ... FAILED
[INFO] [stdout] -tests/actual_tests_bless/rustfix-fail-revisions.b.fixed ... FAILED
[INFO] [stdout] -tests/actual_tests_bless/rustfix-fail.rs ... ok
[INFO] [stdout] -tests/actual_tests_bless/rustfix-fail.fixed ... FAILED
[INFO] [stdout] -tests/actual_tests_bless/unicode.rs ... FAILED
[INFO] [stdout] -tests/actual_tests_bless/unknown_revision.rs ... FAILED
[INFO] [stdout] -tests/actual_tests_bless/unknown_revision2.rs ... FAILED
[INFO] [stdout] -tests/actual_tests_bless/wrong_diagnostic_code.rs ... FAILED
[INFO] [stdout] -
[INFO] [stdout] -FAILED TEST: tests/actual_tests_bless/abort.rs (revision `run`)
[INFO] [stdout] -command: "$CMD"
[INFO] [stdout] -
[INFO] [stdout] -error: test got signal: 6 (SIGABRT), but expected 0
[INFO] [stdout] - = note: the test was expected to run successfully
[INFO] [stdout] -
[INFO] [stdout] -full stderr:
[INFO] [stdout] -
[INFO] [stdout] -full stdout:
[INFO] [stdout] -
[INFO] [stdout] -
[INFO] [stdout] -
[INFO] [stdout] -FAILED TEST: tests/actual_tests_bless/aux_build_not_found.rs
[INFO] [stdout] -command: canonicalizing path `tests/actual_tests_bless/auxiliary/aasdflkjasdlfjasdlfkjasdf`
[INFO] [stdout] -
[INFO] [stdout] -full stderr:
[INFO] [stdout] -No such file or directory
[INFO] [stdout] -full stdout:
[INFO] [stdout] -
[INFO] [stdout] -
[INFO] [stdout] -
[INFO] [stdout] -FAILED TEST: tests/actual_tests_bless/aux_proc_macro_misuse.rs
[INFO] [stdout] -command: parse comments
[INFO] [stdout] -
[INFO] [stdout] -error: proc macros are now auto-detected, you can remove the `:proc-macro` after the file name
[INFO] [stdout] - --> tests/actual_tests_bless/aux_proc_macro_misuse.rs:1:32
[INFO] [stdout] -  |
[INFO] [stdout] -1 | //@aux-build:the_proc_macro.rs:proc-macro
[INFO] [stdout] -  |                                ^^^^^^^^^^
[INFO] [stdout] -  |
[INFO] [stdout] -
[INFO] [stdout] -full stderr:
[INFO] [stdout] -
[INFO] [stdout] -full stdout:
[INFO] [stdout] -
[INFO] [stdout] -
[INFO] [stdout] -
[INFO] [stdout] -FAILED TEST: tests/actual_tests_bless/aux_proc_macro_no_main.rs
[INFO] [stdout] -command: "rustc" "--error-format=json" "--crate-type=lib" "--out-dir" "$TMP "tests/actual_tests_bless/aux_proc_macro_no_main.rs" "--extern" "the_proc_macro=$DIR/tests/integrations/basic-fail/../../../target/$TMP/0/tests/actual_tests_bless/auxiliary/libthe_proc_macro.so" "-L" "$DIR/tests/integrations/basic-fail/../../../target/$TMP/0/tests/actual_tests_bless/auxiliary" "--extern" "basic_fail=$DIR/tests/integrations/basic-fail/../../../target/$TMP/$TRIPLE/debug/libbasic_fail.rlib" "--extern" "basic_fail=$DIR/tests/integrations/basic-fail/../../../target/$TMP/$TRIPLE/debug/libbasic_fail-$HASH.rmeta" "-L" "$DIR/tests/integrations/basic-fail/../../../target/$TMP/$TRIPLE/debug" "-L" "$DIR/tests/integrations/basic-fail/../../../target/$TMP/$TRIPLE/debug" "--edition" "2021"
[INFO] [stdout] -
[INFO] [stdout] -error: there were 1 unmatched diagnostics
[INFO] [stdout] - --> tests/actual_tests_bless/aux_proc_macro_no_main.rs:7:8
[INFO] [stdout] -  |
[INFO] [stdout] -7 | thing!(cake);
[INFO] [stdout] -  |        ^^^^ Error: expected one of `!` or `::`, found `<eof>`
[INFO] [stdout] -  |
[INFO] [stdout] -
[INFO] [stdout] -error: expected error patterns, but found none
[INFO] [stdout] -
[INFO] [stdout] -full stderr:
[INFO] [stdout] -error: expected one of `!` or `::`, found `<eof>`
[INFO] [stdout] - --> tests/actual_tests_bless/aux_proc_macro_no_main.rs:7:8
[INFO] [stdout] -  |
[INFO] [stdout] -7 | thing!(cake);
[INFO] [stdout] -  |        ^^^^ expected one of `!` or `::`
[INFO] [stdout] -
[INFO] [stdout] -error: aborting due to 1 previous error
[INFO] [stdout] -
[INFO] [stdout] -
[INFO] [stdout] -full stdout:
[INFO] [stdout] -
[INFO] [stdout] -
[INFO] [stdout] -
[INFO] [stdout] -FAILED TEST: tests/actual_tests_bless/compile_flags_quotes.rs
[INFO] [stdout] -command: parse comments
[INFO] [stdout] -
[INFO] [stdout] -error: `compile-flag` is not a command known to `ui_test`, did you mean `compile-flags`?
[INFO] [stdout] - --> tests/actual_tests_bless/compile_flags_quotes.rs:1:4
[INFO] [stdout] -  |
[INFO] [stdout] -1 | //@compile-flag: cake
[INFO] [stdout] -  |    ^^^^^^^^^^^^
[INFO] [stdout] -  |
[INFO] [stdout] -
[INFO] [stdout] -error: `-Z "cheese is good` contains an unclosed quotation mark
[INFO] [stdout] - --> tests/actual_tests_bless/compile_flags_quotes.rs:3:19
[INFO] [stdout] -  |
[INFO] [stdout] -3 | //@compile-flags: -Z "cheese is good
[INFO] [stdout] -  |                   ^^^^^^^^^^^^^^^^^^
[INFO] [stdout] -  |
[INFO] [stdout] -
[INFO] [stdout] -full stderr:
[INFO] [stdout] -
[INFO] [stdout] -full stdout:
[INFO] [stdout] -
[INFO] [stdout] -
[INFO] [stdout] -
[INFO] [stdout] -FAILED TEST: tests/actual_tests_bless/compiletest-rs-command.rs
[INFO] [stdout] -command: parse comments
[INFO] [stdout] -
[INFO] [stdout] -error: a compiletest-rs style comment was detected.
[INFO] [stdout] -Please use text that could not also be interpreted as a command,
[INFO] [stdout] -and prefix all actual commands with `//@`
[INFO] [stdout] - --> tests/actual_tests_bless/compiletest-rs-command.rs:1:3
[INFO] [stdout] -  |
[INFO] [stdout] -1 | //aux-build:foomp.rs
[INFO] [stdout] -  |   ^^^^^^^^^^^^^^^^^^
[INFO] [stdout] -  |
[INFO] [stdout] -
[INFO] [stdout] -error: a compiletest-rs style comment was detected.
[INFO] [stdout] -Please use text that could not also be interpreted as a command,
[INFO] [stdout] -and prefix all actual commands with `//@`
[INFO] [stdout] - --> tests/actual_tests_bless/compiletest-rs-command.rs:2:4
[INFO] [stdout] -  |
[INFO] [stdout] -2 | // aux-build:asf.rs
[INFO] [stdout] -  |    ^^^^^^^^^^^^^^^^
[INFO] [stdout] -  |
[INFO] [stdout] -
[INFO] [stdout] -error: comment looks suspiciously like a test suite command: `@aux-build:asldkfjasldfj.rs`
[INFO] [stdout] -All `//@` test suite commands must be at the start of the line.
[INFO] [stdout] -The `//` must be directly followed by `@` or `~`.
[INFO] [stdout] - --> tests/actual_tests_bless/compiletest-rs-command.rs:4:4
[INFO] [stdout] -  |
[INFO] [stdout] -4 | // @aux-build:asldkfjasldfj.rs
[INFO] [stdout] -  |    ^
[INFO] [stdout] -  |
[INFO] [stdout] -
[INFO] [stdout] -full stderr:
[INFO] [stdout] -
[INFO] [stdout] -full stdout:
[INFO] [stdout] -
[INFO] [stdout] -
[INFO] [stdout] -
[INFO] [stdout] -FAILED TEST: tests/actual_tests_bless/failing_executable.rs (revision `run`)
[INFO] [stdout] -command: "$CMD"
[INFO] [stdout] -
[INFO] [stdout] -error: test got exit status: 101, but expected 0
[INFO] [stdout] - --> tests/actual_tests_bless/failing_executable.rs:4:5
[INFO] [stdout] -  |
[INFO] [stdout] -4 |     assert_eq!(5, 6);
[INFO] [stdout] -  |     ^^^^^^^^^^^^^^^^^ assertion `left == right` failed
[INFO] [stdout] -  |
[INFO] [stdout] -
[INFO] [stdout] -full stderr:
[INFO] [stdout] -thread 'main' panicked at tests/actual_tests_bless/failing_executable.rs:
[INFO] [stdout] -assertion `left == right` failed
[INFO] [stdout] -  left: 5
[INFO] [stdout] - right: 6
[INFO] [stdout] -note: run with `RUST_BACKTRACE=1` environment variable to display a backtrace
[INFO] [stdout] -
[INFO] [stdout] -full stdout:
[INFO] [stdout] -
[INFO] [stdout] -
[INFO] [stdout] -
[INFO] [stdout] -FAILED TEST: tests/actual_tests_bless/no_main.rs
[INFO] [stdout] -command: "rustc" "--error-format=json" "--crate-type=lib" "--out-dir" "$TMP "tests/actual_tests_bless/no_main.rs" "--extern" "basic_fail=$DIR/tests/integrations/basic-fail/../../../target/$TMP/$TRIPLE/debug/libbasic_fail.rlib" "--extern" "basic_fail=$DIR/tests/integrations/basic-fail/../../../target/$TMP/$TRIPLE/debug/libbasic_fail-$HASH.rmeta" "-L" "$DIR/tests/integrations/basic-fail/../../../target/$TMP/$TRIPLE/debug" "-L" "$DIR/tests/integrations/basic-fail/../../../target/$TMP/$TRIPLE/debug" "--edition" "2021"
[INFO] [stdout] -
[INFO] [stdout] -error: test got exit status: 0, but expected 1
[INFO] [stdout] - = note: compilation succeeded, but was expected to fail
[INFO] [stdout] -
[INFO] [stdout] -error: expected error patterns, but found none
[INFO] [stdout] -
[INFO] [stdout] -full stderr:
[INFO] [stdout] -
[INFO] [stdout] -full stdout:
[INFO] [stdout] -
[INFO] [stdout] -
[INFO] [stdout] -
[INFO] [stdout] -FAILED TEST: tests/actual_tests_bless/no_main_manual.rs
[INFO] [stdout] -command: "rustc" "--error-format=json" "--crate-type=lib" "--out-dir" "$TMP "tests/actual_tests_bless/no_main_manual.rs" "--crate-type=bin" "--extern" "basic_fail=$DIR/tests/integrations/basic-fail/../../../target/$TMP/$TRIPLE/debug/libbasic_fail.rlib" "--extern" "basic_fail=$DIR/tests/integrations/basic-fail/../../../target/$TMP/$TRIPLE/debug/libbasic_fail-$HASH.rmeta" "-L" "$DIR/tests/integrations/basic-fail/../../../target/$TMP/$TRIPLE/debug" "-L" "$DIR/tests/integrations/basic-fail/../../../target/$TMP/$TRIPLE/debug" "--edition" "2021"
[INFO] [stdout] -
[INFO] [stdout] -error: there were 1 unmatched diagnostics that occurred outside the testfile and had no pattern
[INFO] [stdout] -    Error: cannot mix `bin` crate type with others
[INFO] [stdout] -
[INFO] [stdout] -error: there were 1 unmatched diagnostics
[INFO] [stdout] - --> tests/actual_tests_bless/no_main_manual.rs:3:16
[INFO] [stdout] -  |
[INFO] [stdout] -3 | pub fn foo() {}
[INFO] [stdout] -  |                ^ Error[E0601]: `main` function not found in crate `no_main_manual`
[INFO] [stdout] -  |
[INFO] [stdout] -
[INFO] [stdout] -error: expected error patterns, but found none
[INFO] [stdout] -
[INFO] [stdout] -full stderr:
[INFO] [stdout] -error: cannot mix `bin` crate type with others
[INFO] [stdout] -
[INFO] [stdout] -error[E0601]: `main` function not found in crate `no_main_manual`
[INFO] [stdout] - --> tests/actual_tests_bless/no_main_manual.rs:3:16
[INFO] [stdout] -  |
[INFO] [stdout] -3 | pub fn foo() {}
[INFO] [stdout] -  |                ^ consider adding a `main` function to `tests/actual_tests_bless/no_main_manual.rs`
[INFO] [stdout] -
[INFO] [stdout] -error: aborting due to 2 previous errors
[INFO] [stdout] -
[INFO] [stdout] -For more information about this error, try `rustc --explain E0601`.
[INFO] [stdout] -
[INFO] [stdout] -full stdout:
[INFO] [stdout] -
[INFO] [stdout] -
[INFO] [stdout] -
[INFO] [stdout] -FAILED TEST: tests/actual_tests_bless/no_test.rs
[INFO] [stdout] -command: "rustc" "--error-format=json" "--test" "--out-dir" "$TMP "tests/actual_tests_bless/no_test.rs" "--extern" "basic_fail=$DIR/tests/integrations/basic-fail/../../../target/$TMP/$TRIPLE/debug/libbasic_fail.rlib" "--extern" "basic_fail=$DIR/tests/integrations/basic-fail/../../../target/$TMP/$TRIPLE/debug/libbasic_fail-$HASH.rmeta" "-L" "$DIR/tests/integrations/basic-fail/../../../target/$TMP/$TRIPLE/debug" "-L" "$DIR/tests/integrations/basic-fail/../../../target/$TMP/$TRIPLE/debug" "--edition" "2021"
[INFO] [stdout] -
[INFO] [stdout] -error: test got exit status: 0, but expected 1
[INFO] [stdout] - = note: compilation succeeded, but was expected to fail
[INFO] [stdout] -
[INFO] [stdout] -error: expected error patterns, but found none
[INFO] [stdout] -
[INFO] [stdout] -full stderr:
[INFO] [stdout] -
[INFO] [stdout] -full stdout:
[INFO] [stdout] -
[INFO] [stdout] -
[INFO] [stdout] -
[INFO] [stdout] -FAILED TEST: tests/actual_tests_bless/non_top_level_configs.rs
[INFO] [stdout] -command: parse comments
[INFO] [stdout] -
[INFO] [stdout] -error: comment looks suspiciously like a test suite command: `@check-pass`
[INFO] [stdout] -All `//@` test suite commands must be at the start of the line.
[INFO] [stdout] -The `//` must be directly followed by `@` or `~`.
[INFO] [stdout] - --> tests/actual_tests_bless/non_top_level_configs.rs:1:5
[INFO] [stdout] -  |
[INFO] [stdout] -1 | ////@check-pass
[INFO] [stdout] -  |     ^
[INFO] [stdout] -  |
[INFO] [stdout] -
[INFO] [stdout] -error: comment looks suspiciously like a test suite command: `@ignore-target-cheesecake`
[INFO] [stdout] -All `//@` test suite commands must be at the start of the line.
[INFO] [stdout] -The `//` must be directly followed by `@` or `~`.
[INFO] [stdout] - --> tests/actual_tests_bless/non_top_level_configs.rs:4:7
[INFO] [stdout] -  |
[INFO] [stdout] -4 |     //@ignore-target-cheesecake
[INFO] [stdout] -  |       ^
[INFO] [stdout] -  |
[INFO] [stdout] -
[INFO] [stdout] -full stderr:
[INFO] [stdout] -
[INFO] [stdout] -full stdout:
[INFO] [stdout] -
[INFO] [stdout] -
[INFO] [stdout] -
[INFO] [stdout] -FAILED TEST: tests/actual_tests_bless/pass_with_annotation.rs
[INFO] [stdout] -command: "rustc" "--error-format=json" "--out-dir" "$TMP "tests/actual_tests_bless/pass_with_annotation.rs" "--extern" "basic_fail=$DIR/tests/integrations/basic-fail/../../../target/$TMP/$TRIPLE/debug/libbasic_fail.rlib" "--extern" "basic_fail=$DIR/tests/integrations/basic-fail/../../../target/$TMP/$TRIPLE/debug/libbasic_fail-$HASH.rmeta" "-L" "$DIR/tests/integrations/basic-fail/../../../target/$TMP/$TRIPLE/debug" "-L" "$DIR/tests/integrations/basic-fail/../../../target/$TMP/$TRIPLE/debug" "--edition" "2021"
[INFO] [stdout] -
[INFO] [stdout] -error: `the cake is a lie` not found in diagnostics on line 3
[INFO] [stdout] - --> tests/actual_tests_bless/pass_with_annotation.rs:3:12
[INFO] [stdout] -  |
[INFO] [stdout] -3 | //~ ERROR: the cake is a lie
[INFO] [stdout] -  |            ^^^^^^^^^^^^^^^^^ expected because of this pattern
[INFO] [stdout] -  |
[INFO] [stdout] -
[INFO] [stdout] -error: error pattern found in pass test
[INFO] [stdout] - --> tests/actual_tests_bless/pass_with_annotation.rs:3:12
[INFO] [stdout] -  |
[INFO] [stdout] -3 | //~ ERROR: the cake is a lie
[INFO] [stdout] -  |            ^^^^^^^^^^^^^^^^^ expected because of this annotation
[INFO] [stdout] -  |
[INFO] [stdout] - ::: tests/actual_tests_bless/pass_with_annotation.rs:1:4
[INFO] [stdout] -  |
[INFO] [stdout] -1 | //@check-pass
[INFO] [stdout] -  |    ^^^^^^^^^^ expected because of this mode change
[INFO] [stdout] -  |
[INFO] [stdout] -
[INFO] [stdout] -full stderr:
[INFO] [stdout] -
[INFO] [stdout] -full stdout:
[INFO] [stdout] -
[INFO] [stdout] -
[INFO] [stdout] -
[INFO] [stdout] -FAILED TEST: tests/actual_tests_bless/revised_revision.rs
[INFO] [stdout] -command: parse comments
[INFO] [stdout] -
[INFO] [stdout] -error: revisions cannot be declared under a revision
[INFO] [stdout] - --> tests/actual_tests_bless/revised_revision.rs:2:5
[INFO] [stdout] -  |
[INFO] [stdout] -2 | //@[foo] revisions: foo bar
[INFO] [stdout] -  |     ^^^
[INFO] [stdout] -  |
[INFO] [stdout] -
[INFO] [stdout] -full stderr:
[INFO] [stdout] -
[INFO] [stdout] -full stdout:
[INFO] [stdout] -
[INFO] [stdout] -
[INFO] [stdout] -
[INFO] [stdout] -FAILED TEST: tests/actual_tests_bless/revisioned_executable.rs (revision `panic.run`)
[INFO] [stdout] -command: "$CMD"
[INFO] [stdout] -
[INFO] [stdout] -error: test got exit status: 0, but expected 101
[INFO] [stdout] - = note: the test was expected to panic
[INFO] [stdout] -
[INFO] [stdout] -full stderr:
[INFO] [stdout] -
[INFO] [stdout] -full stdout:
[INFO] [stdout] -
[INFO] [stdout] -
[INFO] [stdout] -
[INFO] [stdout] -FAILED TEST: tests/actual_tests_bless/revisioned_executable_panic.rs (revision `run.run`)
[INFO] [stdout] -command: "$CMD"
[INFO] [stdout] -
[INFO] [stdout] -error: test got exit status: 101, but expected 0
[INFO] [stdout] - --> tests/actual_tests_bless/revisioned_executable_panic.rs
[INFO] [stdout] -  |
[INFO] [stdout] -6 |     panic!()
[INFO] [stdout] -  |     ^^^^^^^^ explicit panic
[INFO] [stdout] -  |
[INFO] [stdout] -
[INFO] [stdout] -full stderr:
[INFO] [stdout] -thread 'main' panicked at tests/actual_tests_bless/revisioned_executable_panic.rs:
[INFO] [stdout] -explicit panic
[INFO] [stdout] -note: run with `RUST_BACKTRACE=1` environment variable to display a backtrace
[INFO] [stdout] -
[INFO] [stdout] -full stdout:
[INFO] [stdout] -
[INFO] [stdout] -
[INFO] [stdout] -
[INFO] [stdout] -FAILED TEST: tests/actual_tests_bless/revisions_bad.rs (revision `bar`)
[INFO] [stdout] -command: "rustc" "--error-format=json" "--out-dir" "$TMP "tests/actual_tests_bless/revisions_bad.rs" "--extern" "basic_fail=$DIR/tests/integrations/basic-fail/../../../target/$TMP/$TRIPLE/debug/libbasic_fail.rlib" "--extern" "basic_fail=$DIR/tests/integrations/basic-fail/../../../target/$TMP/$TRIPLE/debug/libbasic_fail-$HASH.rmeta" "-L" "$DIR/tests/integrations/basic-fail/../../../target/$TMP/$TRIPLE/debug" "-L" "$DIR/tests/integrations/basic-fail/../../../target/$TMP/$TRIPLE/debug" "--edition" "2021" "--cfg=bar" "-Cextra-filename=bar"
[INFO] [stdout] -
[INFO] [stdout] -error: ``main` function not found in crate `revisions_bad`` not found in diagnostics outside the testfile
[INFO] [stdout] - --> tests/actual_tests_bless/revisions_bad.rs:4:31
[INFO] [stdout] -  |
[INFO] [stdout] -4 | //@[bar] error-in-other-file: `main` function not found in crate `revisions_bad`
[INFO] [stdout] -  |                               ^^^^^^^^^^^^^^^^^^^^^^^^^^^^^^^^^^^^^^^^^^^^^^^^^^ expected because of this pattern
[INFO] [stdout] -  |
[INFO] [stdout] -
[INFO] [stdout] -error: there were 1 unmatched diagnostics
[INFO] [stdout] -  --> tests/actual_tests_bless/revisions_bad.rs:10:2
[INFO] [stdout] -   |
[INFO] [stdout] -10 | }
[INFO] [stdout] -   |  ^ Error[E0601]: `main` function not found in crate `revisions_bad`
[INFO] [stdout] -   |
[INFO] [stdout] -
[INFO] [stdout] -full stderr:
[INFO] [stdout] -error[E0601]: `main` function not found in crate `revisions_bad`
[INFO] [stdout] -  --> tests/actual_tests_bless/revisions_bad.rs:10:2
[INFO] [stdout] -   |
[INFO] [stdout] -10 | }
[INFO] [stdout] -   |  ^ consider adding a `main` function to `tests/actual_tests_bless/revisions_bad.rs`
[INFO] [stdout] -
[INFO] [stdout] -error: aborting due to 1 previous error
[INFO] [stdout] -
[INFO] [stdout] -For more information about this error, try `rustc --explain E0601`.
[INFO] [stdout] -
[INFO] [stdout] -full stdout:
[INFO] [stdout] -
[INFO] [stdout] -
[INFO] [stdout] -
[INFO] [stdout] -FAILED TEST: tests/actual_tests_bless/rustfix-fail-revisions.a.fixed
[INFO] [stdout] -command: "rustc" "--error-format=json" "--out-dir" "$TMP "tests/actual_tests_bless/rustfix-fail-revisions.a.fixed" "--extern" "basic_fail=$DIR/tests/integrations/basic-fail/../../../target/$TMP/$TRIPLE/debug/libbasic_fail.rlib" "--extern" "basic_fail=$DIR/tests/integrations/basic-fail/../../../target/$TMP/$TRIPLE/debug/libbasic_fail-$HASH.rmeta" "-L" "$DIR/tests/integrations/basic-fail/../../../target/$TMP/$TRIPLE/debug" "-L" "$DIR/tests/integrations/basic-fail/../../../target/$TMP/$TRIPLE/debug" "--edition" "2021" "--crate-name" "__rustfix_fail_revisions_1"
[INFO] [stdout] -
[INFO] [stdout] -error: test got exit status: 1, but expected 0
[INFO] [stdout] - --> tests/actual_tests_bless/rustfix-fail-revisions.a.fixed:2:9
[INFO] [stdout] -  |
[INFO] [stdout] -2 | #![deny(warnings)]
[INFO] [stdout] -  |         ^^^^^^^^ after rustfix is applied, all errors should be gone, but weren't
[INFO] [stdout] -  |
[INFO] [stdout] -
[INFO] [stdout] -full stderr:
[INFO] [stdout] -error: path statement drops value
[INFO] [stdout] -  --> tests/actual_tests_bless/rustfix-fail-revisions.a.fixed:11:5
[INFO] [stdout] -   |
[INFO] [stdout] -11 |     x;
[INFO] [stdout] -   |     ^^ help: use `drop` to clarify the intent: `drop(x);`
[INFO] [stdout] -   |
[INFO] [stdout] -note: the lint level is defined here
[INFO] [stdout] -  --> tests/actual_tests_bless/rustfix-fail-revisions.a.fixed:2:9
[INFO] [stdout] -   |
[INFO] [stdout] -2  | #![deny(warnings)]
[INFO] [stdout] -   |         ^^^^^^^^
[INFO] [stdout] -   = note: `#[deny(path_statements)]` implied by `#[deny(warnings)]`
[INFO] [stdout] -
[INFO] [stdout] -error: aborting due to 1 previous error
[INFO] [stdout] -
[INFO] [stdout] -
[INFO] [stdout] -full stdout:
[INFO] [stdout] -
[INFO] [stdout] -
[INFO] [stdout] -
[INFO] [stdout] -FAILED TEST: tests/actual_tests_bless/rustfix-fail-revisions.b.fixed
[INFO] [stdout] -command: "rustc" "--error-format=json" "--out-dir" "$TMP "tests/actual_tests_bless/rustfix-fail-revisions.b.fixed" "--extern" "basic_fail=$DIR/tests/integrations/basic-fail/../../../target/$TMP/$TRIPLE/debug/libbasic_fail.rlib" "--extern" "basic_fail=$DIR/tests/integrations/basic-fail/../../../target/$TMP/$TRIPLE/debug/libbasic_fail-$HASH.rmeta" "-L" "$DIR/tests/integrations/basic-fail/../../../target/$TMP/$TRIPLE/debug" "-L" "$DIR/tests/integrations/basic-fail/../../../target/$TMP/$TRIPLE/debug" "--edition" "2021" "--crate-name" "__rustfix_fail_revisions_1"
[INFO] [stdout] -
[INFO] [stdout] -error: test got exit status: 1, but expected 0
[INFO] [stdout] - --> tests/actual_tests_bless/rustfix-fail-revisions.b.fixed:2:9
[INFO] [stdout] -  |
[INFO] [stdout] -2 | #![deny(warnings)]
[INFO] [stdout] -  |         ^^^^^^^^ after rustfix is applied, all errors should be gone, but weren't
[INFO] [stdout] -  |
[INFO] [stdout] -
[INFO] [stdout] -full stderr:
[INFO] [stdout] -error: path statement drops value
[INFO] [stdout] -  --> tests/actual_tests_bless/rustfix-fail-revisions.b.fixed:11:5
[INFO] [stdout] -   |
[INFO] [stdout] -11 |     x;
[INFO] [stdout] -   |     ^^ help: use `drop` to clarify the intent: `drop(x);`
[INFO] [stdout] -   |
[INFO] [stdout] -note: the lint level is defined here
[INFO] [stdout] -  --> tests/actual_tests_bless/rustfix-fail-revisions.b.fixed:2:9
[INFO] [stdout] -   |
[INFO] [stdout] -2  | #![deny(warnings)]
[INFO] [stdout] -   |         ^^^^^^^^
[INFO] [stdout] -   = note: `#[deny(path_statements)]` implied by `#[deny(warnings)]`
[INFO] [stdout] -
[INFO] [stdout] -error: aborting due to 1 previous error
[INFO] [stdout] -
[INFO] [stdout] -
[INFO] [stdout] -full stdout:
[INFO] [stdout] -
[INFO] [stdout] -
[INFO] [stdout] -
[INFO] [stdout] -FAILED TEST: tests/actual_tests_bless/rustfix-fail.fixed
[INFO] [stdout] -command: "rustc" "--error-format=json" "--out-dir" "$TMP "tests/actual_tests_bless/rustfix-fail.fixed" "--extern" "basic_fail=$DIR/tests/integrations/basic-fail/../../../target/$TMP/$TRIPLE/debug/libbasic_fail.rlib" "--extern" "basic_fail=$DIR/tests/integrations/basic-fail/../../../target/$TMP/$TRIPLE/debug/libbasic_fail-$HASH.rmeta" "-L" "$DIR/tests/integrations/basic-fail/../../../target/$TMP/$TRIPLE/debug" "-L" "$DIR/tests/integrations/basic-fail/../../../target/$TMP/$TRIPLE/debug" "--edition" "2021" "--crate-name" "__rustfix_fail_1"
[INFO] [stdout] -
[INFO] [stdout] -error: test got exit status: 1, but expected 0
[INFO] [stdout] - --> tests/actual_tests_bless/rustfix-fail.fixed:1:9
[INFO] [stdout] -  |
[INFO] [stdout] -1 | #![deny(warnings)]
[INFO] [stdout] -  |         ^^^^^^^^ after rustfix is applied, all errors should be gone, but weren't
[INFO] [stdout] -  |
[INFO] [stdout] -
[INFO] [stdout] -full stderr:
[INFO] [stdout] -error: path statement drops value
[INFO] [stdout] -  --> tests/actual_tests_bless/rustfix-fail.fixed:10:5
[INFO] [stdout] -   |
[INFO] [stdout] -10 |     x;
[INFO] [stdout] -   |     ^^ help: use `drop` to clarify the intent: `drop(x);`
[INFO] [stdout] -   |
[INFO] [stdout] -note: the lint level is defined here
[INFO] [stdout] -  --> tests/actual_tests_bless/rustfix-fail.fixed:1:9
[INFO] [stdout] -   |
[INFO] [stdout] -1  | #![deny(warnings)]
[INFO] [stdout] -   |         ^^^^^^^^
[INFO] [stdout] -   = note: `#[deny(path_statements)]` implied by `#[deny(warnings)]`
[INFO] [stdout] -
[INFO] [stdout] -error: aborting due to 1 previous error
[INFO] [stdout] -
[INFO] [stdout] -
[INFO] [stdout] -full stdout:
[INFO] [stdout] -
[INFO] [stdout] -
[INFO] [stdout] -
[INFO] [stdout] -FAILED TEST: tests/actual_tests_bless/unicode.rs
[INFO] [stdout] -command: "rustc" "--error-format=json" "--out-dir" "$TMP "tests/actual_tests_bless/unicode.rs" "--extern" "basic_fail=$DIR/tests/integrations/basic-fail/../../../target/$TMP/$TRIPLE/debug/libbasic_fail.rlib" "--extern" "basic_fail=$DIR/tests/integrations/basic-fail/../../../target/$TMP/$TRIPLE/debug/libbasic_fail-$HASH.rmeta" "-L" "$DIR/tests/integrations/basic-fail/../../../target/$TMP/$TRIPLE/debug" "-L" "$DIR/tests/integrations/basic-fail/../../../target/$TMP/$TRIPLE/debug" "--edition" "2021"
[INFO] [stdout] -
[INFO] [stdout] -error: test got exit status: 0, but expected 1
[INFO] [stdout] - = note: compilation succeeded, but was expected to fail
[INFO] [stdout] -
[INFO] [stdout] -error: expected error patterns, but found none
[INFO] [stdout] -
[INFO] [stdout] -full stderr:
[INFO] [stdout] -warning: unused variable: `Ě电脑`
[INFO] [stdout] - --> tests/actual_tests_bless/unicode.rs:7:9
[INFO] [stdout] -  |
[INFO] [stdout] -7 |     let Ě电脑 = 1;
[INFO] [stdout] -  |         ^^^^^ help: if this is intentional, prefix it with an underscore: `_Ě电脑`
[INFO] [stdout] -  |
[INFO] [stdout] -  = note: `#[warn(unused_variables)]` on by default
[INFO] [stdout] -
[INFO] [stdout] -warning: variable `Ě电脑` should have a snake case name
[INFO] [stdout] - --> tests/actual_tests_bless/unicode.rs:7:9
[INFO] [stdout] -  |
[INFO] [stdout] -7 |     let Ě电脑 = 1;
[INFO] [stdout] -  |         ^^^^^ help: convert the identifier to snake case: `ě电脑`
[INFO] [stdout] -  |
[INFO] [stdout] -  = note: `#[warn(non_snake_case)]` on by default
[INFO] [stdout] -
[INFO] [stdout] -warning: 2 warnings emitted
[INFO] [stdout] -
[INFO] [stdout] -
[INFO] [stdout] -full stdout:
[INFO] [stdout] -
[INFO] [stdout] -
[INFO] [stdout] -
[INFO] [stdout] -FAILED TEST: tests/actual_tests_bless/unknown_revision.rs
[INFO] [stdout] -command: parse comments
[INFO] [stdout] -
[INFO] [stdout] -error: there are no revisions in this test
[INFO] [stdout] - --> tests/actual_tests_bless/unknown_revision.rs:3:9
[INFO] [stdout] -  |
[INFO] [stdout] -3 |     //~[cake, lie] ERROR: kawoom
[INFO] [stdout] -  |         ^^^^^^^^^
[INFO] [stdout] -  |
[INFO] [stdout] -
[INFO] [stdout] -full stderr:
[INFO] [stdout] -
[INFO] [stdout] -full stdout:
[INFO] [stdout] -
[INFO] [stdout] -
[INFO] [stdout] -
[INFO] [stdout] -FAILED TEST: tests/actual_tests_bless/unknown_revision2.rs
[INFO] [stdout] -command: parse comments
[INFO] [stdout] -
[INFO] [stdout] -error: the revision `cake` is not known
[INFO] [stdout] - --> tests/actual_tests_bless/unknown_revision2.rs:5:9
[INFO] [stdout] -  |
[INFO] [stdout] -5 |     //~[cake, lie] ERROR: kawoom
[INFO] [stdout] -  |         ^^^^^^^^^
[INFO] [stdout] -  |
[INFO] [stdout] -
[INFO] [stdout] -full stderr:
[INFO] [stdout] -
[INFO] [stdout] -full stdout:
[INFO] [stdout] -
[INFO] [stdout] -
[INFO] [stdout] -
[INFO] [stdout] -FAILED TEST: tests/actual_tests_bless/wrong_diagnostic_code.rs
[INFO] [stdout] -command: "rustc" "--error-format=json" "--out-dir" "$TMP "tests/actual_tests_bless/wrong_diagnostic_code.rs" "--extern" "basic_fail=$DIR/tests/integrations/basic-fail/../../../target/$TMP/$TRIPLE/debug/libbasic_fail.rlib" "--extern" "basic_fail=$DIR/tests/integrations/basic-fail/../../../target/$TMP/$TRIPLE/debug/libbasic_fail-$HASH.rmeta" "-L" "$DIR/tests/integrations/basic-fail/../../../target/$TMP/$TRIPLE/debug" "-L" "$DIR/tests/integrations/basic-fail/../../../target/$TMP/$TRIPLE/debug" "--edition" "2021"
[INFO] [stdout] -
[INFO] [stdout] -error: diagnostic code `should_be_dead_code` not found on line 3
[INFO] [stdout] - --> tests/actual_tests_bless/wrong_diagnostic_code.rs:4:10
[INFO] [stdout] -  |
[INFO] [stdout] -4 |     //~^ should_be_dead_code
[INFO] [stdout] -  |          ^^^^^^^^^^^^^^^^^^^ expected because of this pattern
[INFO] [stdout] -  |
[INFO] [stdout] -
[INFO] [stdout] -error: there were 1 unmatched diagnostics
[INFO] [stdout] - --> tests/actual_tests_bless/wrong_diagnostic_code.rs:3:4
[INFO] [stdout] -  |
[INFO] [stdout] -3 | fn foo() -> i32 {
[INFO] [stdout] -  |    ^^^ Error[dead_code]: function `foo` is never used
[INFO] [stdout] -  |
[INFO] [stdout] -
[INFO] [stdout] -full stderr:
[INFO] [stdout] -error: unreachable expression
[INFO] [stdout] - --> tests/actual_tests_bless/wrong_diagnostic_code.rs:6:5
[INFO] [stdout] -  |
[INFO] [stdout] -5 |     panic!();
[INFO] [stdout] -  |     -------- any code following this expression is unreachable
[INFO] [stdout] -6 |     0
[INFO] [stdout] -  |     ^ unreachable expression
[INFO] [stdout] -  |
[INFO] [stdout] -note: the lint level is defined here
[INFO] [stdout] - --> tests/actual_tests_bless/wrong_diagnostic_code.rs:1:20
[INFO] [stdout] -  |
[INFO] [stdout] -1 | #![deny(dead_code, unreachable_code)]
[INFO] [stdout] -  |                    ^^^^^^^^^^^^^^^^
[INFO] [stdout] -
[INFO] [stdout] -error: function `foo` is never used
[INFO] [stdout] - --> tests/actual_tests_bless/wrong_diagnostic_code.rs:3:4
[INFO] [stdout] -  |
[INFO] [stdout] -3 | fn foo() -> i32 {
[INFO] [stdout] -  |    ^^^
[INFO] [stdout] -  |
[INFO] [stdout] -note: the lint level is defined here
[INFO] [stdout] - --> tests/actual_tests_bless/wrong_diagnostic_code.rs:1:9
[INFO] [stdout] -  |
[INFO] [stdout] -1 | #![deny(dead_code, unreachable_code)]
[INFO] [stdout] -  |         ^^^^^^^^^
[INFO] [stdout] -
[INFO] [stdout] -error: aborting due to 2 previous errors
[INFO] [stdout] -
[INFO] [stdout] -
[INFO] [stdout] -full stdout:
[INFO] [stdout] -
[INFO] [stdout] -
[INFO] [stdout] -FAILURES:
[INFO] [stdout] -    tests/actual_tests_bless/abort.rs (revision run)
[INFO] [stdout] -    tests/actual_tests_bless/aux_build_not_found.rs
[INFO] [stdout] -    tests/actual_tests_bless/aux_proc_macro_misuse.rs
[INFO] [stdout] -    tests/actual_tests_bless/aux_proc_macro_no_main.rs
[INFO] [stdout] -    tests/actual_tests_bless/compile_flags_quotes.rs
[INFO] [stdout] -    tests/actual_tests_bless/compiletest-rs-command.rs
[INFO] [stdout] -    tests/actual_tests_bless/failing_executable.rs (revision run)
[INFO] [stdout] -    tests/actual_tests_bless/no_main.rs
[INFO] [stdout] -    tests/actual_tests_bless/no_main_manual.rs
[INFO] [stdout] -    tests/actual_tests_bless/no_test.rs
[INFO] [stdout] -    tests/actual_tests_bless/non_top_level_configs.rs
[INFO] [stdout] -    tests/actual_tests_bless/pass_with_annotation.rs
[INFO] [stdout] -    tests/actual_tests_bless/revised_revision.rs
[INFO] [stdout] -    tests/actual_tests_bless/revisioned_executable.rs (revision panic.run)
[INFO] [stdout] -    tests/actual_tests_bless/revisioned_executable_panic.rs (revision run.run)
[INFO] [stdout] -    tests/actual_tests_bless/revisions_bad.rs (revision bar)
[INFO] [stdout] -    tests/actual_tests_bless/rustfix-fail-revisions.a.fixed
[INFO] [stdout] -    tests/actual_tests_bless/rustfix-fail-revisions.b.fixed
[INFO] [stdout] -    tests/actual_tests_bless/rustfix-fail.fixed
[INFO] [stdout] -    tests/actual_tests_bless/unicode.rs
[INFO] [stdout] -    tests/actual_tests_bless/unknown_revision.rs
[INFO] [stdout] -    tests/actual_tests_bless/unknown_revision2.rs
[INFO] [stdout] -    tests/actual_tests_bless/wrong_diagnostic_code.rs
[INFO] [stdout] -
[INFO] [stdout] -test result: FAIL. 23 failed; 26 passed; 3 ignored
[INFO] [stdout] -
[INFO] [stdout] -Building dependencies ... ok
[INFO] [stdout] -tests/actual_tests_bless_yolo/revisions_bad.rs ... ok
[INFO] [stdout] -tests/actual_tests_bless_yolo/revisions_bad.rs (revision `foo`) ... ok
[INFO] [stdout] -tests/actual_tests_bless_yolo/revisions_bad.rs (revision `bar`) ... ok
[INFO] [stdout] -tests/actual_tests_bless_yolo/rustfix-maybe-incorrect.rs ... ok
[INFO] [stdout] -tests/actual_tests_bless_yolo/rustfix-maybe-incorrect.fixed ... ok
[INFO] [stdout] -tests/actual_tests_bless_yolo/rustfix-multiple-fail.rs ... ok
[INFO] [stdout] -tests/actual_tests_bless_yolo/rustfix-multiple-fail.1.fixed ... ok
[INFO] [stdout] -tests/actual_tests_bless_yolo/rustfix-multiple-fail.2.fixed ... FAILED
[INFO] [stdout] -tests/actual_tests_bless_yolo/rustfix-multiple-fail.3.fixed ... ok
[INFO] [stdout] -
[INFO] [stdout] -FAILED TEST: tests/actual_tests_bless_yolo/rustfix-multiple-fail.2.fixed
[INFO] [stdout] -command: "rustc" "--error-format=json" "--out-dir" "$TMP "tests/actual_tests_bless_yolo/rustfix-multiple-fail.2.fixed" "--extern" "basic_fail=$DIR/tests/integrations/basic-fail/../../../target/$TMP/$TRIPLE/debug/libbasic_fail.rlib" "--extern" "basic_fail=$DIR/tests/integrations/basic-fail/../../../target/$TMP/$TRIPLE/debug/libbasic_fail-$HASH.rmeta" "-L" "$DIR/tests/integrations/basic-fail/../../../target/$TMP/$TRIPLE/debug" "-L" "$DIR/tests/integrations/basic-fail/../../../target/$TMP/$TRIPLE/debug" "--edition" "2021" "--crate-name" "__rustfix_multiple_fail_2"
[INFO] [stdout] -
[INFO] [stdout] -error: test got exit status: 1, but expected 0
[INFO] [stdout] - --> tests/actual_tests_bless_yolo/rustfix-multiple-fail.2.fixed:1:8
[INFO] [stdout] -  |
[INFO] [stdout] -1 | pub fn f(_: &i32) -> &i32 {
[INFO] [stdout] -  |        ^ after rustfix is applied, all errors should be gone, but weren't
[INFO] [stdout] -  |
[INFO] [stdout] -
[INFO] [stdout] -full stderr:
[INFO] [stdout] -error[E0308]: mismatched types
[INFO] [stdout] - --> tests/actual_tests_bless_yolo/rustfix-multiple-fail.2.fixed:7:7
[INFO] [stdout] -  |
[INFO] [stdout] -7 |     f(1);
[INFO] [stdout] -  |     - ^ expected `&i32`, found integer
[INFO] [stdout] -  |     |
[INFO] [stdout] -  |     arguments to this function are incorrect
[INFO] [stdout] -  |
[INFO] [stdout] -note: function defined here
[INFO] [stdout] - --> tests/actual_tests_bless_yolo/rustfix-multiple-fail.2.fixed:1:8
[INFO] [stdout] -  |
[INFO] [stdout] -1 | pub fn f(_: &i32) -> &i32 {
[INFO] [stdout] -  |        ^ -------
[INFO] [stdout] -help: consider borrowing here
[INFO] [stdout] -  |
[INFO] [stdout] -7 |     f(&1);
[INFO] [stdout] -  |       +
[INFO] [stdout] -
[INFO] [stdout] -error: aborting due to 1 previous error
[INFO] [stdout] -
[INFO] [stdout] -For more information about this error, try `rustc --explain E0308`.
[INFO] [stdout] -
[INFO] [stdout] -full stdout:
[INFO] [stdout] -
[INFO] [stdout] -
[INFO] [stdout] -FAILURES:
[INFO] [stdout] -    tests/actual_tests_bless_yolo/rustfix-multiple-fail.2.fixed
[INFO] [stdout] -
[INFO] [stdout] -test result: FAIL. 1 failed; 7 passed
[INFO] [stdout] -
[INFO] [stdout] -tests/actual_tests/bad_pattern.rs ... FAILED
[INFO] [stdout] -tests/actual_tests/executable.rs ... FAILED
[INFO] [stdout] -tests/actual_tests/executable_compile_err.rs ... FAILED
[INFO] [stdout] -tests/actual_tests/exit_code_fail.rs ... FAILED
[INFO] [stdout] -tests/actual_tests/filters.rs ... FAILED
[INFO] [stdout] -tests/actual_tests/foomp.rs ... FAILED
[INFO] [stdout] -tests/actual_tests/foomp2.rs ... FAILED
[INFO] [stdout] -tests/actual_tests/inline_chain.rs ... FAILED
[INFO] [stdout] -tests/actual_tests/joined_wrong_order.rs ... FAILED
[INFO] [stdout] -tests/actual_tests/lone_joined_pattern.rs ... FAILED
[INFO] [stdout] -tests/actual_tests/pattern_too_many_arrow.rs ... FAILED
[INFO] [stdout] -tests/actual_tests/pattern_too_many_arrow_above.rs ... FAILED
[INFO] [stdout] -tests/actual_tests/rustc_ice.rs ... FAILED
[INFO] [stdout] -tests/actual_tests/touching_above_below.rs ... FAILED
[INFO] [stdout] -tests/actual_tests/touching_above_below_chain.rs ... FAILED
[INFO] [stdout] -
[INFO] [stdout] -FAILED TEST: tests/actual_tests/bad_pattern.rs
[INFO] [stdout] -command: "rustc" "--error-format=json" "--out-dir" "$TMP "tests/actual_tests/bad_pattern.rs" "--edition" "2021"
[INFO] [stdout] -
[INFO] [stdout] -error: actual output differed from expected
[INFO] [stdout] -Execute `DO NOT BLESS. These are meant to fail` to update `tests/actual_tests/bad_pattern.stderr` to the actual output
[INFO] [stdout] ---- tests/actual_tests/bad_pattern.stderr
[INFO] [stdout] -+++ <stderr output>
[INFO] [stdout] --error[E0308]: mismatched types
[INFO] [stdout] -+error[E0432]: unresolved import `basic_fail`
[INFO] [stdout] -- --> tests/actual_tests/bad_pattern.rs:4:9
[INFO] [stdout] -+ --> tests/actual_tests/bad_pattern.rs:1:5
[INFO] [stdout] -   |
[INFO] [stdout] --4 |     add("42", 3);
[INFO] [stdout] -+1 | use basic_fail::add;
[INFO] [stdout] --  |     --- ^^^^ expected `usize`, found `&str`
[INFO] [stdout] -+  |     ^^^^^^^^^^ use of undeclared crate or module `basic_fail`
[INFO] [stdout] - 
[INFO] [stdout] --error: aborting due to previous error
[INFO] [stdout] -+error: aborting due to 1 previous error
[INFO] [stdout] - 
[INFO] [stdout] --For more information about this error, try `rustc --explain E0308`.
[INFO] [stdout] -+For more information about this error, try `rustc --explain E0432`.
[INFO] [stdout] -
[INFO] [stdout] -
[INFO] [stdout] -error: `miesmätsched types` not found in diagnostics on line 4
[INFO] [stdout] - --> tests/actual_tests/bad_pattern.rs:5:17
[INFO] [stdout] -  |
[INFO] [stdout] -5 |     //~^ ERROR: miesmätsched types
[INFO] [stdout] -  |                 ^^^^^^^^^^^^^^^^^^ expected because of this pattern
[INFO] [stdout] -  |
[INFO] [stdout] -
[INFO] [stdout] -error: there were 1 unmatched diagnostics
[INFO] [stdout] - --> tests/actual_tests/bad_pattern.rs:1:5
[INFO] [stdout] -  |
[INFO] [stdout] -1 | use basic_fail::add;
[INFO] [stdout] -  |     ^^^^^^^^^^ Error[E0432]: unresolved import `basic_fail`
[INFO] [stdout] -  |
[INFO] [stdout] -
[INFO] [stdout] -
[INFO] [stdout] -FAILED TEST: tests/actual_tests/executable.rs
[INFO] [stdout] -command: "rustc" "--error-format=json" "--out-dir" "$TMP "tests/actual_tests/executable.rs" "--edition" "2021"
[INFO] [stdout] -
[INFO] [stdout] -error: test got exit status: 1, but expected 0
[INFO] [stdout] - --> tests/actual_tests/executable.rs:3:4
[INFO] [stdout] -  |
[INFO] [stdout] -3 | //@run
[INFO] [stdout] -  |    ^^^ compilation failed, but was expected to succeed
[INFO] [stdout] -  |
[INFO] [stdout] -
[INFO] [stdout] -error: actual output differed from expected
[INFO] [stdout] -Execute `DO NOT BLESS. These are meant to fail` to update `tests/actual_tests/executable.stderr` to the actual output
[INFO] [stdout] ---- tests/actual_tests/executable.stderr
[INFO] [stdout] -+++ <stderr output>
[INFO] [stdout] -+error[E0432]: unresolved import `basic_fail`
[INFO] [stdout] -+ --> tests/actual_tests/executable.rs:1:5
[INFO] [stdout] -+  |
[INFO] [stdout] -+1 | use basic_fail::add;
[INFO] [stdout] -+  |     ^^^^^^^^^^ use of undeclared crate or module `basic_fail`
[INFO] [stdout] -+
[INFO] [stdout] -+error: aborting due to 1 previous error
[INFO] [stdout] -+
[INFO] [stdout] -+For more information about this error, try `rustc --explain E0432`.
[INFO] [stdout] -
[INFO] [stdout] -
[INFO] [stdout] -
[INFO] [stdout] -FAILED TEST: tests/actual_tests/executable_compile_err.rs
[INFO] [stdout] -command: "rustc" "--error-format=json" "--out-dir" "$TMP "tests/actual_tests/executable_compile_err.rs" "--edition" "2021"
[INFO] [stdout] -
[INFO] [stdout] -error: test got exit status: 1, but expected 0
[INFO] [stdout] - --> tests/actual_tests/executable_compile_err.rs:1:4
[INFO] [stdout] -  |
[INFO] [stdout] -1 | //@run
[INFO] [stdout] -  |    ^^^ compilation failed, but was expected to succeed
[INFO] [stdout] -  |
[INFO] [stdout] -
[INFO] [stdout] -error: actual output differed from expected
[INFO] [stdout] -Execute `DO NOT BLESS. These are meant to fail` to update `tests/actual_tests/executable_compile_err.stderr` to the actual output
[INFO] [stdout] ---- tests/actual_tests/executable_compile_err.stderr
[INFO] [stdout] -+++ <stderr output>
[INFO] [stdout] -+error: this file contains an unclosed delimiter
[INFO] [stdout] -+ --> tests/actual_tests/executable_compile_err.rs:4:2
[INFO] [stdout] -+  |
[INFO] [stdout] -+3 | fn main() {
[INFO] [stdout] -+  |           - unclosed delimiter
[INFO] [stdout] -+4 |
[INFO] [stdout] -+  |  ^
[INFO] [stdout] -+
[INFO] [stdout] -+error: aborting due to 1 previous error
[INFO] [stdout] -+
[INFO] [stdout] -
[INFO] [stdout] -
[INFO] [stdout] -
[INFO] [stdout] -FAILED TEST: tests/actual_tests/exit_code_fail.rs
[INFO] [stdout] -command: "rustc" "--error-format=json" "--out-dir" "$TMP "tests/actual_tests/exit_code_fail.rs" "--edition" "2021"
[INFO] [stdout] -
[INFO] [stdout] -error: test got exit status: 0, but expected 1
[INFO] [stdout] - = note: compilation succeeded, but was expected to fail
[INFO] [stdout] -
[INFO] [stdout] -error: expected error patterns, but found none
[INFO] [stdout] -
[INFO] [stdout] -
[INFO] [stdout] -FAILED TEST: tests/actual_tests/filters.rs
[INFO] [stdout] -command: parse comments
[INFO] [stdout] -
[INFO] [stdout] -error: `x86_64` is not a valid condition, expected `on-host`, /[0-9]+bit/, /host-.*/, or /target-.*/
[INFO] [stdout] - --> tests/actual_tests/filters.rs:1:9
[INFO] [stdout] -  |
[INFO] [stdout] -1 | //@only-x86_64
[INFO] [stdout] -  |         ^^^^^^
[INFO] [stdout] -  |
[INFO] [stdout] -
[INFO] [stdout] -
[INFO] [stdout] -FAILED TEST: tests/actual_tests/foomp.rs
[INFO] [stdout] -command: "rustc" "--error-format=json" "--out-dir" "$TMP "tests/actual_tests/foomp.rs" "--edition" "2021"
[INFO] [stdout] -
[INFO] [stdout] -error: actual output differed from expected
[INFO] [stdout] -Execute `DO NOT BLESS. These are meant to fail` to update `tests/actual_tests/foomp.stderr` to the actual output
[INFO] [stdout] ---- tests/actual_tests/foomp.stderr
[INFO] [stdout] -+++ <stderr output>
[INFO] [stdout] --error[E0308]: mismatched types
[INFO] [stdout] -+error[E0432]: unresolved import `basic_fail`
[INFO] [stdout] -- --> tests/actual_tests/foomp.rs:4:9
[INFO] [stdout] -+ --> tests/actual_tests/foomp.rs:1:5
[INFO] [stdout] -   |
[INFO] [stdout] --4 |     add("42", 3);
[INFO] [stdout] -+1 | use basic_fail::add;
[INFO] [stdout] --  |     --- ^^^^ expected `usize`, found `&str`
[INFO] [stdout] -+  |     ^^^^^^^^^^ use of undeclared crate or module `basic_fail`
[INFO] [stdout] - 
[INFO] [stdout] --error: aborting doo to previous error
[INFO] [stdout] -+error: aborting due to 1 previous error
[INFO] [stdout] - 
[INFO] [stdout] --For more information about this error, try `rustc --explain E0308`.
[INFO] [stdout] -+For more information about this error, try `rustc --explain E0432`.
[INFO] [stdout] -
[INFO] [stdout] -
[INFO] [stdout] -error: `mismatched types` not found in diagnostics on line 4
[INFO] [stdout] - --> tests/actual_tests/foomp.rs:5:17
[INFO] [stdout] -  |
[INFO] [stdout] -5 |     //~^ ERROR: mismatched types
[INFO] [stdout] -  |                 ^^^^^^^^^^^^^^^^ expected because of this pattern
[INFO] [stdout] -  |
[INFO] [stdout] -
[INFO] [stdout] -error: there were 1 unmatched diagnostics
[INFO] [stdout] - --> tests/actual_tests/foomp.rs:1:5
[INFO] [stdout] -  |
[INFO] [stdout] -1 | use basic_fail::add;
[INFO] [stdout] -  |     ^^^^^^^^^^ Error[E0432]: unresolved import `basic_fail`
[INFO] [stdout] -  |
[INFO] [stdout] -
[INFO] [stdout] -
[INFO] [stdout] -FAILED TEST: tests/actual_tests/foomp2.rs
[INFO] [stdout] -command: "rustc" "--error-format=json" "--out-dir" "$TMP "tests/actual_tests/foomp2.rs" "--edition" "2021"
[INFO] [stdout] -
[INFO] [stdout] -error: actual output differed from expected
[INFO] [stdout] -Execute `DO NOT BLESS. These are meant to fail` to update `tests/actual_tests/foomp2.stderr` to the actual output
[INFO] [stdout] ---- tests/actual_tests/foomp2.stderr
[INFO] [stdout] -+++ <stderr output>
[INFO] [stdout] --error[E0308]: mismatched types
[INFO] [stdout] -+error[E0432]: unresolved import `basic_fail`
[INFO] [stdout] -- --> tests/actual_tests/foomp2.rs:4:9
[INFO] [stdout] -+ --> tests/actual_tests/foomp2.rs:1:5
[INFO] [stdout] -   |
[INFO] [stdout] --4 |     add("42", 3);
[INFO] [stdout] -+1 | use basic_fail::add;
[INFO] [stdout] --  |     --- ^^^^ expected `usize`, found `&str`
[INFO] [stdout] -+  |     ^^^^^^^^^^ use of undeclared crate or module `basic_fail`
[INFO] [stdout] - 
[INFO] [stdout] --error: aborting due to previous error
[INFO] [stdout] -+error: aborting due to 1 previous error
[INFO] [stdout] - 
[INFO] [stdout] --For more information about this error, try `rustc --explain E0308`.
[INFO] [stdout] -+For more information about this error, try `rustc --explain E0432`.
[INFO] [stdout] -
[INFO] [stdout] -
[INFO] [stdout] -error: `mismatched types` not found in diagnostics on line 4
[INFO] [stdout] - --> tests/actual_tests/foomp2.rs:5:17
[INFO] [stdout] -  |
[INFO] [stdout] -5 |     //~^ ERROR: mismatched types
[INFO] [stdout] -  |                 ^^^^^^^^^^^^^^^^ expected because of this pattern
[INFO] [stdout] -  |
[INFO] [stdout] -
[INFO] [stdout] -error: there were 1 unmatched diagnostics
[INFO] [stdout] - --> tests/actual_tests/foomp2.rs:1:5
[INFO] [stdout] -  |
[INFO] [stdout] -1 | use basic_fail::add;
[INFO] [stdout] -  |     ^^^^^^^^^^ Error[E0432]: unresolved import `basic_fail`
[INFO] [stdout] -  |
[INFO] [stdout] -
[INFO] [stdout] -
[INFO] [stdout] -FAILED TEST: tests/actual_tests/inline_chain.rs
[INFO] [stdout] -command: parse comments
[INFO] [stdout] -
[INFO] [stdout] -error: `//~|` comment not attached to anchoring matcher
[INFO] [stdout] - --> tests/actual_tests/inline_chain.rs:5:26
[INFO] [stdout] -  |
[INFO] [stdout] -5 |                       //~| unused_variables
[INFO] [stdout] -  |                          ^
[INFO] [stdout] -  |
[INFO] [stdout] -
[INFO] [stdout] -
[INFO] [stdout] -FAILED TEST: tests/actual_tests/joined_wrong_order.rs
[INFO] [stdout] -command: parse comments
[INFO] [stdout] -
[INFO] [stdout] -error: `//~|` comment not attached to anchoring matcher
[INFO] [stdout] - --> tests/actual_tests/joined_wrong_order.rs:5:8
[INFO] [stdout] -  |
[INFO] [stdout] -5 |     //~| unused_mut
[INFO] [stdout] -  |        ^
[INFO] [stdout] -  |
[INFO] [stdout] -
[INFO] [stdout] -
[INFO] [stdout] -FAILED TEST: tests/actual_tests/lone_joined_pattern.rs
[INFO] [stdout] -command: parse comments
[INFO] [stdout] -
[INFO] [stdout] -error: `//~|` comment not attached to anchoring matcher
[INFO] [stdout] - --> tests/actual_tests/lone_joined_pattern.rs:2:8
[INFO] [stdout] -  |
[INFO] [stdout] -2 |     //~| ERROR: mismatched types
[INFO] [stdout] -  |        ^
[INFO] [stdout] -  |
[INFO] [stdout] -
[INFO] [stdout] -error: `//~|` comment not attached to anchoring matcher
[INFO] [stdout] - --> tests/actual_tests/lone_joined_pattern.rs:4:8
[INFO] [stdout] -  |
[INFO] [stdout] -4 |     //~| ERROR: mismatched types
[INFO] [stdout] -  |        ^
[INFO] [stdout] -  |
[INFO] [stdout] -
[INFO] [stdout] -
[INFO] [stdout] -FAILED TEST: tests/actual_tests/pattern_too_many_arrow.rs
[INFO] [stdout] -command: parse comments
[INFO] [stdout] -
[INFO] [stdout] -error: //~^ pattern is trying to refer to 7 lines above, but there are only 2 lines above
[INFO] [stdout] - --> tests/actual_tests/pattern_too_many_arrow.rs:3:8
[INFO] [stdout] -  |
[INFO] [stdout] -3 |     //~^^^^^^^ ERROR: mismatched types
[INFO] [stdout] -  |        ^^^^^^^^^^^^^^^^^^^^^^^^^^^^^^^
[INFO] [stdout] -  |
[INFO] [stdout] -
[INFO] [stdout] -
[INFO] [stdout] -FAILED TEST: tests/actual_tests/pattern_too_many_arrow_above.rs
[INFO] [stdout] -command: parse comments
[INFO] [stdout] -
[INFO] [stdout] -error: //~v pattern is trying to refer to line 8, but the file only has 6 lines
[INFO] [stdout] - --> tests/actual_tests/pattern_too_many_arrow_above.rs:2:22
[INFO] [stdout] -  |
[INFO] [stdout] -2 |     //~vvvvvv ERROR: mismatched types
[INFO] [stdout] -  |                      ^^^^^^^^^^^^^^^^
[INFO] [stdout] -  |
[INFO] [stdout] -
[INFO] [stdout] -
[INFO] [stdout] -FAILED TEST: tests/actual_tests/rustc_ice.rs
[INFO] [stdout] -command: "rustc" "--error-format=json" "--out-dir" "$TMP "tests/actual_tests/rustc_ice.rs" "-Ztreat-err-as-bug" "--edition" "2021"
[INFO] [stdout] -
[INFO] [stdout] -error: test got exit status: 101, but expected 1
[INFO] [stdout] - = note: the compiler panicked
[INFO] [stdout] -
[INFO] [stdout] -error: actual output differed from expected
[INFO] [stdout] -Execute `DO NOT BLESS. These are meant to fail` to update `tests/actual_tests/rustc_ice.stderr` to the actual output
[INFO] [stdout] ---- tests/actual_tests/rustc_ice.stderr
[INFO] [stdout] -+++ <stderr output>
[INFO] [stdout] --error: internal compiler error[E0308]: mismatched types
[INFO] [stdout] -+error: internal compiler error[E0432]: unresolved import `basic_fail`
[INFO] [stdout] -- --> tests/actual_tests/rustc_ice.rs:8:9
[INFO] [stdout] -+ --> tests/actual_tests/rustc_ice.rs:5:5
[INFO] [stdout] -   |
[INFO] [stdout] --8 |     add("42", 3);
[INFO] [stdout] -+5 | use basic_fail::add;
[INFO] [stdout] --  |     --- ^^^^ expected `usize`, found `&str`
[INFO] [stdout] -+  |     ^^^^^^^^^^ use of undeclared crate or module `basic_fail`
[INFO] [stdout] - 
[INFO] [stdout] - thread 'rustc' panicked
[INFO] [stdout] -
[INFO] [stdout] -
[INFO] [stdout] -error: `mismatched types` not found in diagnostics on line 8
[INFO] [stdout] - --> tests/actual_tests/rustc_ice.rs:9:17
[INFO] [stdout] -  |
[INFO] [stdout] -9 |     //~^ ERROR: mismatched types
[INFO] [stdout] -  |                 ^^^^^^^^^^^^^^^^ expected because of this pattern
[INFO] [stdout] -  |
[INFO] [stdout] -
[INFO] [stdout] -error: there were 1 unmatched diagnostics
[INFO] [stdout] - --> tests/actual_tests/rustc_ice.rs:5:5
[INFO] [stdout] -  |
[INFO] [stdout] -5 | use basic_fail::add;
[INFO] [stdout] -  |     ^^^^^^^^^^ Ice: unresolved import `basic_fail`
[INFO] [stdout] -  |
[INFO] [stdout] -
[INFO] [stdout] -
[INFO] [stdout] -FAILED TEST: tests/actual_tests/touching_above_below.rs
[INFO] [stdout] -command: parse comments
[INFO] [stdout] -
[INFO] [stdout] -error: `//~v` comment immediately following a `//~^` comment chain
[INFO] [stdout] - --> tests/actual_tests/touching_above_below.rs:4:8
[INFO] [stdout] -  |
[INFO] [stdout] -4 |     //~v ERROR: mismatched types
[INFO] [stdout] -  |        ^^^^^^^^^^^^^^^^^^^^^^^^^
[INFO] [stdout] -  |
[INFO] [stdout] -
[INFO] [stdout] -
[INFO] [stdout] -FAILED TEST: tests/actual_tests/touching_above_below_chain.rs
[INFO] [stdout] -command: parse comments
[INFO] [stdout] -
[INFO] [stdout] -error: `//~v` comment immediately following a `//~^` comment chain
[INFO] [stdout] - --> tests/actual_tests/touching_above_below_chain.rs:5:8
[INFO] [stdout] -  |
[INFO] [stdout] -5 |     //~v ERROR: unused variable
[INFO] [stdout] -  |        ^^^^^^^^^^^^^^^^^^^^^^^^
[INFO] [stdout] -  |
[INFO] [stdout] -
[INFO] [stdout] -FAILURES:
[INFO] [stdout] -    tests/actual_tests/bad_pattern.rs
[INFO] [stdout] -    tests/actual_tests/executable.rs
[INFO] [stdout] -    tests/actual_tests/executable_compile_err.rs
[INFO] [stdout] -    tests/actual_tests/exit_code_fail.rs
[INFO] [stdout] -    tests/actual_tests/filters.rs
[INFO] [stdout] -    tests/actual_tests/foomp.rs
[INFO] [stdout] -    tests/actual_tests/foomp2.rs
[INFO] [stdout] -    tests/actual_tests/inline_chain.rs
[INFO] [stdout] -    tests/actual_tests/joined_wrong_order.rs
[INFO] [stdout] -    tests/actual_tests/lone_joined_pattern.rs
[INFO] [stdout] -    tests/actual_tests/pattern_too_many_arrow.rs
[INFO] [stdout] -    tests/actual_tests/pattern_too_many_arrow_above.rs
[INFO] [stdout] -    tests/actual_tests/rustc_ice.rs
[INFO] [stdout] -    tests/actual_tests/touching_above_below.rs
[INFO] [stdout] -    tests/actual_tests/touching_above_below_chain.rs
[INFO] [stdout] -
[INFO] [stdout] -test result: FAIL. 15 failed
[INFO] [stdout] -
[INFO] [stdout] -tests/actual_tests/bad_pattern.rs ... FAILED
[INFO] [stdout] -tests/actual_tests/executable.rs ... FAILED
[INFO] [stdout] -tests/actual_tests/executable_compile_err.rs ... FAILED
[INFO] [stdout] -tests/actual_tests/exit_code_fail.rs ... FAILED
[INFO] [stdout] -tests/actual_tests/filters.rs ... FAILED
[INFO] [stdout] -tests/actual_tests/foomp.rs ... FAILED
[INFO] [stdout] -tests/actual_tests/foomp2.rs ... FAILED
[INFO] [stdout] -tests/actual_tests/inline_chain.rs ... FAILED
[INFO] [stdout] -tests/actual_tests/joined_wrong_order.rs ... FAILED
[INFO] [stdout] -tests/actual_tests/lone_joined_pattern.rs ... FAILED
[INFO] [stdout] -tests/actual_tests/pattern_too_many_arrow.rs ... FAILED
[INFO] [stdout] -tests/actual_tests/pattern_too_many_arrow_above.rs ... FAILED
[INFO] [stdout] -tests/actual_tests/rustc_ice.rs ... FAILED
[INFO] [stdout] -tests/actual_tests/touching_above_below.rs ... FAILED
[INFO] [stdout] -tests/actual_tests/touching_above_below_chain.rs ... FAILED
[INFO] [stdout] -
[INFO] [stdout] -FAILED TEST: tests/actual_tests/bad_pattern.rs
[INFO] [stdout] -command: "$CMD" "tests/actual_tests/bad_pattern.rs" "--edition" "2021"
[INFO] [stdout] -
[INFO] [stdout] -full stderr:
[INFO] [stdout] -No such file or directory
[INFO] [stdout] -full stdout:
[INFO] [stdout] -could not spawn `"invalid_foobarlaksdfalsdfj"` as a process
[INFO] [stdout] -
[INFO] [stdout] -
[INFO] [stdout] -FAILED TEST: tests/actual_tests/executable.rs
[INFO] [stdout] -command: "$CMD" "tests/actual_tests/executable.rs" "--edition" "2021"
[INFO] [stdout] -
[INFO] [stdout] -full stderr:
[INFO] [stdout] -No such file or directory
[INFO] [stdout] -full stdout:
[INFO] [stdout] -could not spawn `"invalid_foobarlaksdfalsdfj"` as a process
[INFO] [stdout] -
[INFO] [stdout] -
[INFO] [stdout] -FAILED TEST: tests/actual_tests/executable_compile_err.rs
[INFO] [stdout] -command: "$CMD" "tests/actual_tests/executable_compile_err.rs" "--edition" "2021"
[INFO] [stdout] -
[INFO] [stdout] -full stderr:
[INFO] [stdout] -No such file or directory
[INFO] [stdout] -full stdout:
[INFO] [stdout] -could not spawn `"invalid_foobarlaksdfalsdfj"` as a process
[INFO] [stdout] -
[INFO] [stdout] -
[INFO] [stdout] -FAILED TEST: tests/actual_tests/exit_code_fail.rs
[INFO] [stdout] -command: "$CMD" "tests/actual_tests/exit_code_fail.rs" "--edition" "2021"
[INFO] [stdout] -
[INFO] [stdout] -full stderr:
[INFO] [stdout] -No such file or directory
[INFO] [stdout] -full stdout:
[INFO] [stdout] -could not spawn `"invalid_foobarlaksdfalsdfj"` as a process
[INFO] [stdout] -
[INFO] [stdout] -
[INFO] [stdout] -FAILED TEST: tests/actual_tests/filters.rs
[INFO] [stdout] -command: parse comments
[INFO] [stdout] -
[INFO] [stdout] -error: `x86_64` is not a valid condition, expected `on-host`, /[0-9]+bit/, /host-.*/, or /target-.*/
[INFO] [stdout] - --> tests/actual_tests/filters.rs:1:9
[INFO] [stdout] -  |
[INFO] [stdout] -1 | //@only-x86_64
[INFO] [stdout] -  |         ^^^^^^
[INFO] [stdout] -  |
[INFO] [stdout] -
[INFO] [stdout] -full stderr:
[INFO] [stdout] -
[INFO] [stdout] -full stdout:
[INFO] [stdout] -
[INFO] [stdout] -
[INFO] [stdout] -
[INFO] [stdout] -FAILED TEST: tests/actual_tests/foomp.rs
[INFO] [stdout] -command: "$CMD" "tests/actual_tests/foomp.rs" "--edition" "2021"
[INFO] [stdout] -
[INFO] [stdout] -full stderr:
[INFO] [stdout] -No such file or directory
[INFO] [stdout] -full stdout:
[INFO] [stdout] -could not spawn `"invalid_foobarlaksdfalsdfj"` as a process
[INFO] [stdout] -
[INFO] [stdout] -
[INFO] [stdout] -FAILED TEST: tests/actual_tests/foomp2.rs
[INFO] [stdout] -command: "$CMD" "tests/actual_tests/foomp2.rs" "--edition" "2021"
[INFO] [stdout] -
[INFO] [stdout] -full stderr:
[INFO] [stdout] -No such file or directory
[INFO] [stdout] -full stdout:
[INFO] [stdout] -could not spawn `"invalid_foobarlaksdfalsdfj"` as a process
[INFO] [stdout] -
[INFO] [stdout] -
[INFO] [stdout] -FAILED TEST: tests/actual_tests/inline_chain.rs
[INFO] [stdout] -command: parse comments
[INFO] [stdout] -
[INFO] [stdout] -error: `//~|` comment not attached to anchoring matcher
[INFO] [stdout] - --> tests/actual_tests/inline_chain.rs:5:26
[INFO] [stdout] -  |
[INFO] [stdout] -5 |                       //~| unused_variables
[INFO] [stdout] -  |                          ^
[INFO] [stdout] -  |
[INFO] [stdout] -
[INFO] [stdout] -full stderr:
[INFO] [stdout] -
[INFO] [stdout] -full stdout:
[INFO] [stdout] -
[INFO] [stdout] -
[INFO] [stdout] -
[INFO] [stdout] -FAILED TEST: tests/actual_tests/joined_wrong_order.rs
[INFO] [stdout] -command: parse comments
[INFO] [stdout] -
[INFO] [stdout] -error: `//~|` comment not attached to anchoring matcher
[INFO] [stdout] - --> tests/actual_tests/joined_wrong_order.rs:5:8
[INFO] [stdout] -  |
[INFO] [stdout] -5 |     //~| unused_mut
[INFO] [stdout] -  |        ^
[INFO] [stdout] -  |
[INFO] [stdout] -
[INFO] [stdout] -full stderr:
[INFO] [stdout] -
[INFO] [stdout] -full stdout:
[INFO] [stdout] -
[INFO] [stdout] -
[INFO] [stdout] -
[INFO] [stdout] -FAILED TEST: tests/actual_tests/lone_joined_pattern.rs
[INFO] [stdout] -command: parse comments
[INFO] [stdout] -
[INFO] [stdout] -error: `//~|` comment not attached to anchoring matcher
[INFO] [stdout] - --> tests/actual_tests/lone_joined_pattern.rs:2:8
[INFO] [stdout] -  |
[INFO] [stdout] -2 |     //~| ERROR: mismatched types
[INFO] [stdout] -  |        ^
[INFO] [stdout] -  |
[INFO] [stdout] -
[INFO] [stdout] -error: `//~|` comment not attached to anchoring matcher
[INFO] [stdout] - --> tests/actual_tests/lone_joined_pattern.rs:4:8
[INFO] [stdout] -  |
[INFO] [stdout] -4 |     //~| ERROR: mismatched types
[INFO] [stdout] -  |        ^
[INFO] [stdout] -  |
[INFO] [stdout] -
[INFO] [stdout] -full stderr:
[INFO] [stdout] -
[INFO] [stdout] -full stdout:
[INFO] [stdout] -
[INFO] [stdout] -
[INFO] [stdout] -
[INFO] [stdout] -FAILED TEST: tests/actual_tests/pattern_too_many_arrow.rs
[INFO] [stdout] -command: parse comments
[INFO] [stdout] -
[INFO] [stdout] -error: //~^ pattern is trying to refer to 7 lines above, but there are only 2 lines above
[INFO] [stdout] - --> tests/actual_tests/pattern_too_many_arrow.rs:3:8
[INFO] [stdout] -  |
[INFO] [stdout] -3 |     //~^^^^^^^ ERROR: mismatched types
[INFO] [stdout] -  |        ^^^^^^^^^^^^^^^^^^^^^^^^^^^^^^^
[INFO] [stdout] -  |
[INFO] [stdout] -
[INFO] [stdout] -full stderr:
[INFO] [stdout] -
[INFO] [stdout] -full stdout:
[INFO] [stdout] -
[INFO] [stdout] -
[INFO] [stdout] -
[INFO] [stdout] -FAILED TEST: tests/actual_tests/pattern_too_many_arrow_above.rs
[INFO] [stdout] -command: parse comments
[INFO] [stdout] -
[INFO] [stdout] -error: //~v pattern is trying to refer to line 8, but the file only has 6 lines
[INFO] [stdout] - --> tests/actual_tests/pattern_too_many_arrow_above.rs:2:22
[INFO] [stdout] -  |
[INFO] [stdout] -2 |     //~vvvvvv ERROR: mismatched types
[INFO] [stdout] -  |                      ^^^^^^^^^^^^^^^^
[INFO] [stdout] -  |
[INFO] [stdout] -
[INFO] [stdout] -full stderr:
[INFO] [stdout] -
[INFO] [stdout] -full stdout:
[INFO] [stdout] -
[INFO] [stdout] -
[INFO] [stdout] -
[INFO] [stdout] -FAILED TEST: tests/actual_tests/rustc_ice.rs
[INFO] [stdout] -command: "$CMD" "tests/actual_tests/rustc_ice.rs" "-Ztreat-err-as-bug" "--edition" "2021"
[INFO] [stdout] -
[INFO] [stdout] -full stderr:
[INFO] [stdout] -No such file or directory
[INFO] [stdout] -full stdout:
[INFO] [stdout] -could not spawn `"invalid_foobarlaksdfalsdfj"` as a process
[INFO] [stdout] -
[INFO] [stdout] -
[INFO] [stdout] -FAILED TEST: tests/actual_tests/touching_above_below.rs
[INFO] [stdout] -command: parse comments
[INFO] [stdout] -
[INFO] [stdout] -error: `//~v` comment immediately following a `//~^` comment chain
[INFO] [stdout] - --> tests/actual_tests/touching_above_below.rs:4:8
[INFO] [stdout] -  |
[INFO] [stdout] -4 |     //~v ERROR: mismatched types
[INFO] [stdout] -  |        ^^^^^^^^^^^^^^^^^^^^^^^^^
[INFO] [stdout] -  |
[INFO] [stdout] -
[INFO] [stdout] -full stderr:
[INFO] [stdout] -
[INFO] [stdout] -full stdout:
[INFO] [stdout] -
[INFO] [stdout] -
[INFO] [stdout] -
[INFO] [stdout] -FAILED TEST: tests/actual_tests/touching_above_below_chain.rs
[INFO] [stdout] -command: parse comments
[INFO] [stdout] -
[INFO] [stdout] -error: `//~v` comment immediately following a `//~^` comment chain
[INFO] [stdout] - --> tests/actual_tests/touching_above_below_chain.rs:5:8
[INFO] [stdout] -  |
[INFO] [stdout] -5 |     //~v ERROR: unused variable
[INFO] [stdout] -  |        ^^^^^^^^^^^^^^^^^^^^^^^^
[INFO] [stdout] -  |
[INFO] [stdout] -
[INFO] [stdout] -full stderr:
[INFO] [stdout] -
[INFO] [stdout] -full stdout:
[INFO] [stdout] -
[INFO] [stdout] -
[INFO] [stdout] -FAILURES:
[INFO] [stdout] -    tests/actual_tests/bad_pattern.rs
[INFO] [stdout] -    tests/actual_tests/executable.rs
[INFO] [stdout] -    tests/actual_tests/executable_compile_err.rs
[INFO] [stdout] -    tests/actual_tests/exit_code_fail.rs
[INFO] [stdout] -    tests/actual_tests/filters.rs
[INFO] [stdout] -    tests/actual_tests/foomp.rs
[INFO] [stdout] -    tests/actual_tests/foomp2.rs
[INFO] [stdout] -    tests/actual_tests/inline_chain.rs
[INFO] [stdout] -    tests/actual_tests/joined_wrong_order.rs
[INFO] [stdout] -    tests/actual_tests/lone_joined_pattern.rs
[INFO] [stdout] -    tests/actual_tests/pattern_too_many_arrow.rs
[INFO] [stdout] -    tests/actual_tests/pattern_too_many_arrow_above.rs
[INFO] [stdout] -    tests/actual_tests/rustc_ice.rs
[INFO] [stdout] -    tests/actual_tests/touching_above_below.rs
[INFO] [stdout] -    tests/actual_tests/touching_above_below_chain.rs
[INFO] [stdout] -
[INFO] [stdout] -test result: FAIL. 15 failed
[INFO] [stdout] -
[INFO] [stdout] -
[INFO] [stdout] -running 0 tests
[INFO] [stdout] -
[INFO] [stdout] -test result: ok. 0 passed; 0 failed; 0 ignored; 0 measured; 0 filtered out; finished 
[INFO] [stdout] -
[INFO] [stdout] 
[INFO] [stdout] 
[INFO] [stdout] full stderr:
[INFO] [stdout] error: failed to download from `https://static.crates.io/crates/annotate-snippets/0.11.2/download`
[INFO] [stdout] 
[INFO] [stdout] Caused by:
[INFO] [stdout]   [6] Could not resolve hostname (Could not resolve host: static.crates.io)
[INFO] [stdout] 
[INFO] [stdout] full stdout:
[INFO] [stdout] 
[INFO] [stdout] 
[INFO] [stdout] 
[INFO] [stdout] FAILED TEST: tests/integrations/basic-fail-mode/Cargo.toml
[INFO] [stdout] command: BLESS="" RUST_BACKTRACE="0" RUST_TEST_THREADS="1" "/opt/rustwide/rustup-home/toolchains/1.83.0-x86_64-unknown-linux-gnu/bin/cargo" "test" "--color" "never" "--quiet" "--jobs" "1" "--no-fail-fast" "--target-dir" "/opt/rustwide/target/ui/0/tests/integrations/basic-fail-mode" "--manifest-path" "tests/integrations/basic-fail-mode/Cargo.toml"
[INFO] [stdout] 
[INFO] [stdout] error: test got exit status: 101, but expected 0
[INFO] [stdout]  = note: the compiler panicked
[INFO] [stdout] 
[INFO] [stdout] error: actual output differed from expected
[INFO] [stdout] Execute `cargo test -- -- --bless` to update `tests/integrations/basic-fail-mode/Cargo.stderr` to the actual output
[INFO] [stdout] --- tests/integrations/basic-fail-mode/Cargo.stderr
[INFO] [stdout] +++ <stderr output>
[INFO] [stdout] +error: failed to download from `https://static.crates.io/crates/portable-atomic/1.4.1/download`
[INFO] [stdout] +
[INFO] [stdout] +Caused by:
[INFO] [stdout] +  [6] Could not resolve hostname (Could not resolve host: static.crates.io)
[INFO] [stdout] 
[INFO] [stdout] 
[INFO] [stdout] error: actual output differed from expected
[INFO] [stdout] Execute `cargo test -- -- --bless` to update `tests/integrations/basic-fail-mode/Cargo.stdout` to the actual output
[INFO] [stdout] --- tests/integrations/basic-fail-mode/Cargo.stdout
[INFO] [stdout] +++ <stdout output>
[INFO] [stdout] -
[INFO] [stdout] -running 0 tests
[INFO] [stdout] -
[INFO] [stdout] -test result: ok. 0 passed; 0 failed; 0 ignored; 0 measured; 0 filtered out; finished 
[INFO] [stdout] -
[INFO] [stdout] -
[INFO] [stdout] -running 3 tests
[INFO] [stdout] -...
[INFO] [stdout] -test result: ok. 3 passed; 0 failed; 0 ignored; 0 measured; 0 filtered out; finished 
[INFO] [stdout] -
[INFO] [stdout] -Building dependencies ... ok
[INFO] [stdout] -tests/actual_tests/foomp.rs ... ok
[INFO] [stdout] -
[INFO] [stdout] -test result: ok. 1 passed
[INFO] [stdout] -
[INFO] [stdout] -
[INFO] [stdout] -running 0 tests
[INFO] [stdout] -
[INFO] [stdout] -test result: ok. 0 passed; 0 failed; 0 ignored; 0 measured; 0 filtered out; finished 
[INFO] [stdout] -
[INFO] [stdout] 
[INFO] [stdout] 
[INFO] [stdout] full stderr:
[INFO] [stdout] error: failed to download from `https://static.crates.io/crates/portable-atomic/1.4.1/download`
[INFO] [stdout] 
[INFO] [stdout] Caused by:
[INFO] [stdout]   [6] Could not resolve hostname (Could not resolve host: static.crates.io)
[INFO] [stdout] 
[INFO] [stdout] full stdout:
[INFO] [stdout] 
[INFO] [stdout] 
[INFO] [stdout] 
[INFO] [stdout] FAILED TEST: tests/integrations/basic/Cargo.toml
[INFO] [stdout] command: BLESS="" RUST_BACKTRACE="0" RUST_TEST_THREADS="1" "/opt/rustwide/rustup-home/toolchains/1.83.0-x86_64-unknown-linux-gnu/bin/cargo" "test" "--color" "never" "--quiet" "--jobs" "1" "--no-fail-fast" "--target-dir" "/opt/rustwide/target/ui/0/tests/integrations/basic" "--manifest-path" "tests/integrations/basic/Cargo.toml"
[INFO] [stdout] 
[INFO] [stdout] error: test got exit status: 101, but expected 0
[INFO] [stdout]  = note: the compiler panicked
[INFO] [stdout] 
[INFO] [stdout] error: actual output differed from expected
[INFO] [stdout] Execute `cargo test -- -- --bless` to update `tests/integrations/basic/Cargo.stderr` to the actual output
[INFO] [stdout] --- tests/integrations/basic/Cargo.stderr
[INFO] [stdout] +++ <stderr output>
[INFO] [stdout] +error: failed to download from `https://static.crates.io/crates/rustfix/0.8.1/download`
[INFO] [stdout] +
[INFO] [stdout] +Caused by:
[INFO] [stdout] +  [6] Could not resolve hostname (Could not resolve host: static.crates.io)
[INFO] [stdout] 
[INFO] [stdout] 
[INFO] [stdout] error: actual output differed from expected
[INFO] [stdout] Execute `cargo test -- -- --bless` to update `tests/integrations/basic/Cargo.stdout` to the actual output
[INFO] [stdout] --- tests/integrations/basic/Cargo.stdout
[INFO] [stdout] +++ <stdout output>
[INFO] [stdout] -
[INFO] [stdout] -running 0 tests
[INFO] [stdout] -
[INFO] [stdout] -test result: ok. 0 passed; 0 failed; 0 ignored; 0 measured; 0 filtered out; finished 
[INFO] [stdout] -
[INFO] [stdout] -
[INFO] [stdout] -running 3 tests
[INFO] [stdout] -...
[INFO] [stdout] -test result: ok. 3 passed; 0 failed; 0 ignored; 0 measured; 0 filtered out; finished 
[INFO] [stdout] -
[INFO] [stdout] -Building aux file tests/actual_tests/auxiliary/proc_macro_attr.rs ... ok
[INFO] [stdout] -tests/actual_tests/aux_attr_proc_macro.rs ... ok
[INFO] [stdout] -Building aux file tests/actual_tests/auxiliary/derive_proc_macro.rs ... ok
[INFO] [stdout] -tests/actual_tests/aux_derive.rs ... ok
[INFO] [stdout] -tests/actual_tests/aux_derive.fixed ... ok
[INFO] [stdout] -Building aux file tests/actual_tests/auxiliary/the_proc_macro.rs ... ok
[INFO] [stdout] -tests/actual_tests/aux_proc_macro.rs ... ok
[INFO] [stdout] -tests/actual_tests/dep_derive.rs ... ok
[INFO] [stdout] -tests/actual_tests/dep_derive.rs (revision `run`) ... ok
[INFO] [stdout] -tests/actual_tests/error_above.rs ... ok
[INFO] [stdout] -tests/actual_tests/executable.rs ... ok
[INFO] [stdout] -tests/actual_tests/executable.rs (revision `run`) ... ok
[INFO] [stdout] -tests/actual_tests/foomp-rustfix.rs ... ok
[INFO] [stdout] -tests/actual_tests/foomp-rustfix.fixed ... ok
[INFO] [stdout] -tests/actual_tests/foomp.rs ... ok
[INFO] [stdout] -tests/actual_tests/joined_above.rs ... ok
[INFO] [stdout] -tests/actual_tests/joined_above.fixed ... ok
[INFO] [stdout] -tests/actual_tests/joined_below.rs ... ok
[INFO] [stdout] -tests/actual_tests/joined_below.fixed ... ok
[INFO] [stdout] -tests/actual_tests/joined_mixed.rs ... ok
[INFO] [stdout] -tests/actual_tests/joined_mixed.fixed ... ok
[INFO] [stdout] -tests/actual_tests/mac_span.rs ... ok
[INFO] [stdout] -tests/actual_tests/mac_span.fixed ... ok
[INFO] [stdout] -tests/actual_tests/match_diagnostic_code.rs ... ok
[INFO] [stdout] -tests/actual_tests/match_diagnostic_code.fixed ... ok
[INFO] [stdout] -tests/actual_tests/no_rustfix.rs ... ok
[INFO] [stdout] -tests/actual_tests/rustfix-multiple.rs ... ok
[INFO] [stdout] -tests/actual_tests/rustfix-multiple.1.fixed ... ok
[INFO] [stdout] -tests/actual_tests/rustfix-multiple.2.fixed ... ok
[INFO] [stdout] -tests/actual_tests/stdin.rs ... ok
[INFO] [stdout] -tests/actual_tests/stdin.rs (revision `run`) ... ok
[INFO] [stdout] -tests/actual_tests/unicode.rs ... ok
[INFO] [stdout] -tests/actual_tests/windows_paths.rs ... ok
[INFO] [stdout] -tests/actual_tests/subdir/aux_proc_macro.rs ... ok
[INFO] [stdout] -
[INFO] [stdout] -test result: ok. 31 passed
[INFO] [stdout] -
[INFO] [stdout] -
[INFO] [stdout] -running 0 tests
[INFO] [stdout] -
[INFO] [stdout] -test result: ok. 0 passed; 0 failed; 0 ignored; 0 measured; 0 filtered out; finished 
[INFO] [stdout] -
[INFO] [stdout] 
[INFO] [stdout] 
[INFO] [stdout] full stderr:
[INFO] [stdout] error: failed to download from `https://static.crates.io/crates/rustfix/0.8.1/download`
[INFO] [stdout] 
[INFO] [stdout] Caused by:
[INFO] [stdout]   [6] Could not resolve hostname (Could not resolve host: static.crates.io)
[INFO] [stdout] 
[INFO] [stdout] full stdout:
[INFO] [stdout] 
[INFO] [stdout] 
[INFO] [stdout] 
[INFO] [stdout] FAILED TEST: tests/integrations/basic-bin/Cargo.toml
[INFO] [stdout] command: BLESS="" RUST_BACKTRACE="0" RUST_TEST_THREADS="1" "/opt/rustwide/rustup-home/toolchains/1.83.0-x86_64-unknown-linux-gnu/bin/cargo" "test" "--color" "never" "--quiet" "--jobs" "1" "--no-fail-fast" "--target-dir" "/opt/rustwide/target/ui/0/tests/integrations/basic-bin" "--manifest-path" "tests/integrations/basic-bin/Cargo.toml"
[INFO] [stdout] 
[INFO] [stdout] error: test got exit status: 101, but expected 0
[INFO] [stdout]  = note: the compiler panicked
[INFO] [stdout] 
[INFO] [stdout] error: actual output differed from expected
[INFO] [stdout] Execute `cargo test -- -- --bless` to update `tests/integrations/basic-bin/Cargo.stderr` to the actual output
[INFO] [stdout] --- tests/integrations/basic-bin/Cargo.stderr
[INFO] [stdout] +++ <stderr output>
[INFO] [stdout] +error: failed to download from `https://static.crates.io/crates/portable-atomic/1.4.1/download`
[INFO] [stdout] +
[INFO] [stdout] +Caused by:
[INFO] [stdout] +  [6] Could not resolve hostname (Could not resolve host: static.crates.io)
[INFO] [stdout] 
[INFO] [stdout] 
[INFO] [stdout] error: actual output differed from expected
[INFO] [stdout] Execute `cargo test -- -- --bless` to update `tests/integrations/basic-bin/Cargo.stdout` to the actual output
[INFO] [stdout] --- tests/integrations/basic-bin/Cargo.stdout
[INFO] [stdout] +++ <stdout output>
[INFO] [stdout] -
[INFO] [stdout] -running 0 tests
[INFO] [stdout] -
[INFO] [stdout] -test result: ok. 0 passed; 0 failed; 0 ignored; 0 measured; 0 filtered out; finished 
[INFO] [stdout] -
[INFO] [stdout] -Building dependencies ... ok
[INFO] [stdout] -tests/actual_tests/foomp.rs ... ok
[INFO] [stdout] -
[INFO] [stdout] -test result: ok. 1 passed
[INFO] [stdout] -
[INFO] [stdout] 
[INFO] [stdout] 
[INFO] [stdout] full stderr:
[INFO] [stdout] error: failed to download from `https://static.crates.io/crates/portable-atomic/1.4.1/download`
[INFO] [stdout] 
[INFO] [stdout] Caused by:
[INFO] [stdout]   [6] Could not resolve hostname (Could not resolve host: static.crates.io)
[INFO] [stdout] 
[INFO] [stdout] full stdout:
[INFO] [stdout] 
[INFO] [stdout] 
[INFO] [stdout] 
[INFO] [stdout] FAILED TEST: tests/integrations/cargo-run/Cargo.toml
[INFO] [stdout] command: BLESS="" RUST_BACKTRACE="0" RUST_TEST_THREADS="1" "/opt/rustwide/rustup-home/toolchains/1.83.0-x86_64-unknown-linux-gnu/bin/cargo" "test" "--color" "never" "--quiet" "--jobs" "1" "--no-fail-fast" "--target-dir" "/opt/rustwide/target/ui/0/tests/integrations/cargo-run" "--manifest-path" "tests/integrations/cargo-run/Cargo.toml"
[INFO] [stdout] 
[INFO] [stdout] error: test got exit status: 101, but expected 0
[INFO] [stdout]  = note: the compiler panicked
[INFO] [stdout] 
[INFO] [stdout] error: actual output differed from expected
[INFO] [stdout] Execute `cargo test -- -- --bless` to update `tests/integrations/cargo-run/Cargo.stderr` to the actual output
[INFO] [stdout] --- tests/integrations/cargo-run/Cargo.stderr
[INFO] [stdout] +++ <stderr output>
[INFO] [stdout] +error: failed to download from `https://static.crates.io/crates/rustfix/0.8.1/download`
[INFO] [stdout] +
[INFO] [stdout] +Caused by:
[INFO] [stdout] +  [6] Could not resolve hostname (Could not resolve host: static.crates.io)
[INFO] [stdout] 
[INFO] [stdout] 
[INFO] [stdout] error: actual output differed from expected
[INFO] [stdout] Execute `cargo test -- -- --bless` to update `tests/integrations/cargo-run/Cargo.stdout` to the actual output
[INFO] [stdout] --- tests/integrations/cargo-run/Cargo.stdout
[INFO] [stdout] +++ <stdout output>
[INFO] [stdout] -
[INFO] [stdout] -running 0 tests
[INFO] [stdout] -
[INFO] [stdout] -test result: ok. 0 passed; 0 failed; 0 ignored; 0 measured; 0 filtered out; finished 
[INFO] [stdout] -
[INFO] [stdout] -tests/actual_tests/empty_no_stdin.rs ... ok
[INFO] [stdout] -tests/actual_tests/matching_stdin.rs ... ok
[INFO] [stdout] -tests/actual_tests/mismatching_stdin.rs ... ok
[INFO] [stdout] -tests/actual_tests/no_stdin.rs ... ok
[INFO] [stdout] -
[INFO] [stdout] -test result: ok. 4 passed
[INFO] [stdout] -
[INFO] [stdout] 
[INFO] [stdout] 
[INFO] [stdout] full stderr:
[INFO] [stdout] error: failed to download from `https://static.crates.io/crates/rustfix/0.8.1/download`
[INFO] [stdout] 
[INFO] [stdout] Caused by:
[INFO] [stdout]   [6] Could not resolve hostname (Could not resolve host: static.crates.io)
[INFO] [stdout] 
[INFO] [stdout] full stdout:
[INFO] [stdout] 
[INFO] [stdout] 
[INFO] [stdout] 
[INFO] [stdout] FAILED TEST: tests/integrations/dep-fail/Cargo.toml
[INFO] [stdout] command: BLESS="" RUST_BACKTRACE="0" RUST_TEST_THREADS="1" "/opt/rustwide/rustup-home/toolchains/1.83.0-x86_64-unknown-linux-gnu/bin/cargo" "test" "--color" "never" "--quiet" "--jobs" "1" "--no-fail-fast" "--target-dir" "/opt/rustwide/target/ui/1/tests/integrations/dep-fail" "--manifest-path" "tests/integrations/dep-fail/Cargo.toml"
[INFO] [stdout] 
[INFO] [stdout] error: actual output differed from expected
[INFO] [stdout] Execute `cargo test -- -- --bless` to update `tests/integrations/dep-fail/Cargo.stderr` to the actual output
[INFO] [stdout] --- tests/integrations/dep-fail/Cargo.stderr
[INFO] [stdout] +++ <stderr output>
[INFO] [stdout] -Error: tests failed
[INFO] [stdout] +error: failed to download from `https://static.crates.io/crates/annotate-snippets/0.11.2/download`
[INFO] [stdout]  
[INFO] [stdout] -Location:
[INFO] [stdout] -    $DIR/src/lib.rs:LL:CC
[INFO] [stdout] -error: test failed, to rerun pass `--test ui`
[INFO] [stdout] -
[INFO] [stdout]  Caused by:
[INFO] [stdout] -  process didn't exit successfully: `$DIR/target/ui/1/tests/integrations/dep-fail/debug/deps/ui-HASH` (exit status: 1)
[INFO] [stdout] +  [6] Could not resolve hostname (Could not resolve host: static.crates.io)
[INFO] [stdout] 
[INFO] [stdout] 
[INFO] [stdout] error: actual output differed from expected
[INFO] [stdout] Execute `cargo test -- -- --bless` to update `tests/integrations/dep-fail/Cargo.stdout` to the actual output
[INFO] [stdout] --- tests/integrations/dep-fail/Cargo.stdout
[INFO] [stdout] +++ <stdout output>
[INFO] [stdout] -
[INFO] [stdout] -running 0 tests
[INFO] [stdout] -
[INFO] [stdout] -test result: ok. 0 passed; 0 failed; 0 ignored; 0 measured; 0 filtered out; finished 
[INFO] [stdout] -
[INFO] [stdout] -Building dependencies ... FAILED
[INFO] [stdout] -tests/ui/basic_test.rs ... FAILED
[INFO] [stdout] -
[INFO] [stdout] -FAILED TEST: tests/ui/basic_test.rs
[INFO] [stdout] -command: "$CMD" "build" "--color=never" "--quiet" "--jobs" "1" "--target-dir" "$DIR/tests/integrations/dep-fail/target/ui/0" "--manifest-path" "tested_crate/Cargo.toml"  "--message-format=json"
[INFO] [stdout] -
[INFO] [stdout] -full stderr:
[INFO] [stdout] -error: could not compile `tested_crate` (lib) due to 2 previous errors
[INFO] [stdout] -
[INFO] [stdout] -full stdout:
[INFO] [stdout] -$DIR/tests/integrations/dep-fail/tested_crate/src/lib.rs
[INFO] [stdout] -error: this file contains an unclosed delimiter
[INFO] [stdout] - --> src/lib.rs:LL:CC
[INFO] [stdout] -  |
[INFO] [stdout] -1 | pub trait A {
[INFO] [stdout] -  |             - ^
[INFO] [stdout] -  |             |
[INFO] [stdout] -  |             unclosed delimiter
[INFO] [stdout] -
[INFO] [stdout] -$DIR/tests/integrations/dep-fail/tested_crate/src/lib.rs
[INFO] [stdout] -error: aborting due to 1 previous error
[INFO] [stdout] -
[INFO] [stdout] -BuildFinished { success: false }
[INFO] [stdout] -
[INFO] [stdout] -
[INFO] [stdout] -FAILURES:
[INFO] [stdout] -    tests/ui/basic_test.rs
[INFO] [stdout] -
[INFO] [stderr] Error: tests failed
[INFO] [stdout] -test result: FAIL. 1 failed
[INFO] [stderr] 
[INFO] [stdout] -
[INFO] [stderr] Location:
[INFO] [stdout] -
[INFO] [stderr]     /opt/rustwide/workdir/src/lib.rs:369:13
[INFO] [stdout] -running 0 tests
[INFO] [stdout] -
[INFO] [stdout] -test result: ok. 0 passed; 0 failed; 0 ignored; 0 measured; 0 filtered out; finished 
[INFO] [stdout] -
[INFO] [stdout] 
[INFO] [stdout] 
[INFO] [stdout] full stderr:
[INFO] [stdout] error: failed to download from `https://static.crates.io/crates/annotate-snippets/0.11.2/download`
[INFO] [stdout] 
[INFO] [stdout] Caused by:
[INFO] [stdout]   [6] Could not resolve hostname (Could not resolve host: static.crates.io)
[INFO] [stdout] 
[INFO] [stdout] full stdout:
[INFO] [stdout] 
[INFO] [stdout] 
[INFO] [stdout] FAILURES:
[INFO] [stdout]     tests/integrations/ui_test_dep_bug/Cargo.toml
[INFO] [stdout]     tests/integrations/basic-fail/Cargo.toml
[INFO] [stdout]     tests/integrations/basic-fail-mode/Cargo.toml
[INFO] [stdout]     tests/integrations/basic/Cargo.toml
[INFO] [stdout]     tests/integrations/basic-bin/Cargo.toml
[INFO] [stdout]     tests/integrations/cargo-run/Cargo.toml
[INFO] [stdout]     tests/integrations/dep-fail/Cargo.toml
[INFO] [stdout] 
[INFO] [stdout] test result: FAIL. 7 failed; 11 filtered out
[INFO] [stdout] 
[INFO] [stderr] error: test failed, to rerun pass `--test integration`
[INFO] [stderr] 
[INFO] [stderr] Caused by:
[INFO] [stderr]   process didn't exit successfully: `/opt/rustwide/target/debug/deps/integration-61484317cd654dc8` (exit status: 1)
[INFO] running `Command { std: "docker" "inspect" "1b1c5f98445eaadfed55d672e2b3887fd65a8447cf2cf09094a5b50d96e5dcb6", kill_on_drop: false }`
[INFO] running `Command { std: "docker" "rm" "-f" "1b1c5f98445eaadfed55d672e2b3887fd65a8447cf2cf09094a5b50d96e5dcb6", kill_on_drop: false }`
[INFO] [stdout] 1b1c5f98445eaadfed55d672e2b3887fd65a8447cf2cf09094a5b50d96e5dcb6
