[INFO] cloning repository https://github.com/officeBatman/bootstrap
[INFO] running `Command { std: "git" "-c" "credential.helper=" "-c" "credential.helper=/workspace/cargo-home/bin/git-credential-null" "clone" "--bare" "https://github.com/officeBatman/bootstrap" "/workspace/cache/git-repos/https%3A%2F%2Fgithub.com%2FofficeBatman%2Fbootstrap", kill_on_drop: false }`
[INFO] [stderr] Cloning into bare repository '/workspace/cache/git-repos/https%3A%2F%2Fgithub.com%2FofficeBatman%2Fbootstrap'...
[INFO] running `Command { std: "git" "rev-parse" "HEAD", kill_on_drop: false }`
[INFO] [stdout] 0da6e735ec8a71dd9b69e810fc2674319e478cc1
[INFO] testing officeBatman/bootstrap against 1.83.0 for beta-1.84.0-4-retry
[INFO] running `Command { std: "git" "clone" "/workspace/cache/git-repos/https%3A%2F%2Fgithub.com%2FofficeBatman%2Fbootstrap" "/workspace/builds/worker-2-tc1/source", kill_on_drop: false }`
[INFO] [stderr] Cloning into '/workspace/builds/worker-2-tc1/source'...
[INFO] [stderr] done.
[INFO] validating manifest of git repo https://github.com/officeBatman/bootstrap on toolchain 1.83.0
[INFO] running `Command { std: CARGO_HOME="/workspace/cargo-home" RUSTUP_HOME="/workspace/rustup-home" "/workspace/cargo-home/bin/cargo" "+1.83.0" "metadata" "--manifest-path" "Cargo.toml" "--no-deps", kill_on_drop: false }`
[INFO] started tweaking git repo https://github.com/officeBatman/bootstrap
[INFO] finished tweaking git repo https://github.com/officeBatman/bootstrap
[INFO] tweaked toml for git repo https://github.com/officeBatman/bootstrap written to /workspace/builds/worker-2-tc1/source/Cargo.toml
[INFO] crate git repo https://github.com/officeBatman/bootstrap already has a lockfile, it will not be regenerated
[INFO] running `Command { std: CARGO_HOME="/workspace/cargo-home" RUSTUP_HOME="/workspace/rustup-home" "/workspace/cargo-home/bin/cargo" "+1.83.0" "fetch" "--manifest-path" "Cargo.toml", kill_on_drop: false }`
[INFO] [stderr]     Updating crates.io index
[INFO] [stderr]  Downloading crates ...
[INFO] [stderr]   Downloaded nessie-lex-proc-macros v0.1.1
[INFO] [stderr]   Downloaded nessie-lex v0.1.2
[INFO] running `Command { std: "docker" "create" "-v" "/var/lib/crater-agent-workspace/builds/worker-2-tc1/target:/opt/rustwide/target:rw,Z" "-v" "/var/lib/crater-agent-workspace/builds/worker-2-tc1/source:/opt/rustwide/workdir:ro,Z" "-v" "/var/lib/crater-agent-workspace/cargo-home:/opt/rustwide/cargo-home:ro,Z" "-v" "/var/lib/crater-agent-workspace/rustup-home:/opt/rustwide/rustup-home:ro,Z" "-e" "SOURCE_DIR=/opt/rustwide/workdir" "-e" "CARGO_TARGET_DIR=/opt/rustwide/target" "-e" "CARGO_HOME=/opt/rustwide/cargo-home" "-e" "RUSTUP_HOME=/opt/rustwide/rustup-home" "-w" "/opt/rustwide/workdir" "-m" "1610612736" "--user" "0:0" "--network" "none" "ghcr.io/rust-lang/crates-build-env/linux@sha256:f3a9d4ad9d972b27faf3965f35b62e55ba32bbce8f20bc8fe909558a86702fde" "/opt/rustwide/cargo-home/bin/cargo" "+1.83.0" "metadata" "--no-deps" "--format-version=1", kill_on_drop: false }`
[INFO] [stdout] 5108f0b346ca5a0c072322b8a81bbd7767513de14e462471902a8cd572418735
[INFO] running `Command { std: "docker" "start" "-a" "5108f0b346ca5a0c072322b8a81bbd7767513de14e462471902a8cd572418735", kill_on_drop: false }`
[INFO] running `Command { std: "docker" "inspect" "5108f0b346ca5a0c072322b8a81bbd7767513de14e462471902a8cd572418735", kill_on_drop: false }`
[INFO] running `Command { std: "docker" "rm" "-f" "5108f0b346ca5a0c072322b8a81bbd7767513de14e462471902a8cd572418735", kill_on_drop: false }`
[INFO] [stdout] 5108f0b346ca5a0c072322b8a81bbd7767513de14e462471902a8cd572418735
[INFO] running `Command { std: "docker" "create" "-v" "/var/lib/crater-agent-workspace/builds/worker-2-tc1/target:/opt/rustwide/target:rw,Z" "-v" "/var/lib/crater-agent-workspace/builds/worker-2-tc1/source:/opt/rustwide/workdir:ro,Z" "-v" "/var/lib/crater-agent-workspace/cargo-home:/opt/rustwide/cargo-home:ro,Z" "-v" "/var/lib/crater-agent-workspace/rustup-home:/opt/rustwide/rustup-home:ro,Z" "-e" "SOURCE_DIR=/opt/rustwide/workdir" "-e" "CARGO_TARGET_DIR=/opt/rustwide/target" "-e" "CARGO_INCREMENTAL=0" "-e" "RUST_BACKTRACE=full" "-e" "RUSTFLAGS=--cap-lints=warn" "-e" "RUSTDOCFLAGS=--cap-lints=warn" "-e" "CARGO_HOME=/opt/rustwide/cargo-home" "-e" "RUSTUP_HOME=/opt/rustwide/rustup-home" "-w" "/opt/rustwide/workdir" "-m" "1610612736" "--user" "0:0" "--network" "none" "ghcr.io/rust-lang/crates-build-env/linux@sha256:f3a9d4ad9d972b27faf3965f35b62e55ba32bbce8f20bc8fe909558a86702fde" "/opt/rustwide/cargo-home/bin/cargo" "+1.83.0" "build" "--frozen" "--message-format=json", kill_on_drop: false }`
[INFO] [stdout] 4d92eed66b5ba103919b3f97ccd8d20afd76c246b3c4f304b95b349f1831edd2
[INFO] running `Command { std: "docker" "start" "-a" "4d92eed66b5ba103919b3f97ccd8d20afd76c246b3c4f304b95b349f1831edd2", kill_on_drop: false }`
[INFO] [stderr]    Compiling proc-macro2 v1.0.69
[INFO] [stderr]    Compiling unicode-ident v1.0.10
[INFO] [stderr]    Compiling rustix v0.38.3
[INFO] [stderr]    Compiling bitflags v2.3.3
[INFO] [stderr]    Compiling linux-raw-sys v0.4.3
[INFO] [stderr]    Compiling colorchoice v1.0.0
[INFO] [stderr]    Compiling anstyle-query v1.0.0
[INFO] [stderr]    Compiling anstyle v1.0.1
[INFO] [stderr]    Compiling clap_lex v0.5.0
[INFO] [stderr]    Compiling strsim v0.10.0
[INFO] [stderr]    Compiling once_cell v1.18.0
[INFO] [stderr]    Compiling indoc v2.0.4
[INFO] [stderr]    Compiling anstyle-parse v0.2.1
[INFO] [stderr]    Compiling quote v1.0.33
[INFO] [stderr]    Compiling syn v2.0.39
[INFO] [stderr]    Compiling is-terminal v0.4.9
[INFO] [stderr]    Compiling anstream v0.3.2
[INFO] [stderr]    Compiling clap_builder v4.3.11
[INFO] [stderr]    Compiling nessie-lex-proc-macros v0.1.1
[INFO] [stderr]    Compiling clap_derive v4.3.2
[INFO] [stderr]    Compiling nessie-lex v0.1.2
[INFO] [stderr]    Compiling clap v4.3.11
[INFO] [stderr]    Compiling bootstrap v0.1.0 (/opt/rustwide/workdir)
[INFO] [stdout] warning: unused import: `crate::name::Name`
[INFO] [stdout]  --> src/compile/error.rs:6:5
[INFO] [stdout]   |
[INFO] [stdout] 6 | use crate::name::Name;
[INFO] [stdout]   |     ^^^^^^^^^^^^^^^^^
[INFO] [stdout]   |
[INFO] [stdout]   = note: `#[warn(unused_imports)]` on by default
[INFO] [stdout] 
[INFO] [stdout] 
[INFO] [stdout] warning: unused imports: `Expr` and `TypeExpr`
[INFO] [stdout]  --> src/parse.rs:3:24
[INFO] [stdout]   |
[INFO] [stdout] 3 | use crate::ast::{self, Expr, Statement, TypeExpr};
[INFO] [stdout]   |                        ^^^^             ^^^^^^^^
[INFO] [stdout] 
[INFO] [stdout] 
[INFO] [stdout] warning: unreachable call
[INFO] [stdout]    --> src/compile.rs:905:27
[INFO] [stdout]     |
[INFO] [stdout] 905 |         return Some(state.error(todo!("Wrong number of arguments")));
[INFO] [stdout]     |                           ^^^^^ ---------------------------------- any code following this expression is unreachable
[INFO] [stdout]     |                           |
[INFO] [stdout]     |                           unreachable call
[INFO] [stdout]     |
[INFO] [stdout]     = note: `#[warn(unreachable_code)]` on by default
[INFO] [stdout] 
[INFO] [stdout] 
[INFO] [stdout] warning: unreachable call
[INFO] [stdout]    --> src/compile.rs:918:19
[INFO] [stdout]     |
[INFO] [stdout] 918 |             state.error_and_continue(todo!("len() can only be called on strings and arrays"));
[INFO] [stdout]     |                   ^^^^^^^^^^^^^^^^^^ ------------------------------------------------------- any code following this expression is unreachable
[INFO] [stdout]     |                   |
[INFO] [stdout]     |                   unreachable call
[INFO] [stdout] 
[INFO] [stdout] 
[INFO] [stdout] warning: unreachable call
[INFO] [stdout]    --> src/compile.rs:983:31
[INFO] [stdout]     |
[INFO] [stdout] 983 |         Literal::Len => state.error(todo!("Cannot use a `len` literal outside on application")),
[INFO] [stdout]     |                               ^^^^^ ---------------------------------------------------------- any code following this expression is unreachable
[INFO] [stdout]     |                               |
[INFO] [stdout]     |                               unreachable call
[INFO] [stdout] 
[INFO] [stdout] 
[INFO] [stdout] warning: unreachable call
[INFO] [stdout]     --> src/compile.rs:1155:19
[INFO] [stdout]      |
[INFO] [stdout] 1155 |             state.error_and_continue(todo!());
[INFO] [stdout]      |                   ^^^^^^^^^^^^^^^^^^ ------- any code following this expression is unreachable
[INFO] [stdout]      |                   |
[INFO] [stdout]      |                   unreachable call
[INFO] [stdout] 
[INFO] [stdout] 
[INFO] [stdout] warning: unreachable call
[INFO] [stdout]    --> src/parse.rs:629:19
[INFO] [stdout]     |
[INFO] [stdout] 629 |             state.error_and_continue(todo!());
[INFO] [stdout]     |                   ^^^^^^^^^^^^^^^^^^ ------- any code following this expression is unreachable
[INFO] [stdout]     |                   |
[INFO] [stdout]     |                   unreachable call
[INFO] [stdout] 
[INFO] [stdout] 
[INFO] [stdout] warning: unused variable: `expr`
[INFO] [stdout]    --> src/c.rs:198:28
[INFO] [stdout]     |
[INFO] [stdout] 198 |             Var(typ, name, expr) => (I::line(typ.to_code_with_name(name) + ";"), None),
[INFO] [stdout]     |                            ^^^^ help: if this is intentional, prefix it with an underscore: `_expr`
[INFO] [stdout]     |
[INFO] [stdout]     = note: `#[warn(unused_variables)]` on by default
[INFO] [stdout] 
[INFO] [stdout] 
[INFO] [stdout] warning: unused variable: `ret_type`
[INFO] [stdout]    --> src/compile.rs:290:35
[INFO] [stdout]     |
[INFO] [stdout] 290 |     let (mut body, c_return_expr, ret_type) = compile_block(
[INFO] [stdout]     |                                   ^^^^^^^^ help: if this is intentional, prefix it with an underscore: `_ret_type`
[INFO] [stdout] 
[INFO] [stdout] 
[INFO] [stdout] warning: unused variable: `body_c_expr`
[INFO] [stdout]    --> src/compile.rs:479:34
[INFO] [stdout]     |
[INFO] [stdout] 479 |             let (body_c_prelude, body_c_expr, body_type) = c_body?;
[INFO] [stdout]     |                                  ^^^^^^^^^^^ help: if this is intentional, prefix it with an underscore: `_body_c_expr`
[INFO] [stdout] 
[INFO] [stdout] 
[INFO] [stdout] warning: unused variable: `body_type`
[INFO] [stdout]    --> src/compile.rs:479:47
[INFO] [stdout]     |
[INFO] [stdout] 479 |             let (body_c_prelude, body_c_expr, body_type) = c_body?;
[INFO] [stdout]     |                                               ^^^^^^^^^ help: if this is intentional, prefix it with an underscore: `_body_type`
[INFO] [stdout] 
[INFO] [stdout] 
[INFO] [stdout] warning: variant `Literal` is never constructed
[INFO] [stdout]   --> src/ast.rs:72:5
[INFO] [stdout]    |
[INFO] [stdout] 70 | pub enum Pattern {
[INFO] [stdout]    |          ------- variant in this enum
[INFO] [stdout] 71 |     Var(Name, Range),
[INFO] [stdout] 72 |     Literal(Literal, Range),
[INFO] [stdout]    |     ^^^^^^^
[INFO] [stdout]    |
[INFO] [stdout]    = note: `Pattern` has derived impls for the traits `Clone` and `Debug`, but these are intentionally ignored during dead code analysis
[INFO] [stdout]    = note: `#[warn(dead_code)]` on by default
[INFO] [stdout] 
[INFO] [stdout] 
[INFO] [stdout] warning: methods `arrow`, `dec`, `eq`, `div`, `op`, and `cast` are never used
[INFO] [stdout]   --> src/c/combine_traits.rs:12:8
[INFO] [stdout]    |
[INFO] [stdout] 10 | pub trait CombExpr1: Into<Box<Expr>> {
[INFO] [stdout]    |           --------- methods in this trait
[INFO] [stdout] 11 |     /// Makes an arrow access expression.
[INFO] [stdout] 12 |     fn arrow(self, field: impl Into<Name>) -> Expr {
[INFO] [stdout]    |        ^^^^^
[INFO] [stdout] ...
[INFO] [stdout] 25 |     fn dec(self) -> Expr {
[INFO] [stdout]    |        ^^^
[INFO] [stdout] ...
[INFO] [stdout] 29 |     fn eq(self, other: impl Into<Box<Expr>>) -> Expr {
[INFO] [stdout]    |        ^^
[INFO] [stdout] ...
[INFO] [stdout] 37 |     fn div(self, other: impl Into<Box<Expr>>) -> Expr {
[INFO] [stdout]    |        ^^^
[INFO] [stdout] ...
[INFO] [stdout] 61 |     fn op(self, other: impl Into<Box<Expr>>, op: BinaryOp) -> Expr {
[INFO] [stdout]    |        ^^
[INFO] [stdout] ...
[INFO] [stdout] 71 |     fn cast(self, type_expr: impl Into<PTypeExpr>) -> Expr {
[INFO] [stdout]    |        ^^^^
[INFO] [stdout] 
[INFO] [stdout] 
[INFO] [stdout] warning: method `if_then` is never used
[INFO] [stdout]    --> src/c/combine_traits.rs:111:8
[INFO] [stdout]     |
[INFO] [stdout] 86  | pub trait CombExpr2: Into<Expr> {
[INFO] [stdout]     |           --------- method in this trait
[INFO] [stdout] ...
[INFO] [stdout] 111 |     fn if_then(self, true_block: impl Into<Block>) -> Statement {
[INFO] [stdout]     |        ^^^^^^^
[INFO] [stdout] 
[INFO] [stdout] 
[INFO] [stdout] warning: method `struct_type_var` is never used
[INFO] [stdout]    --> src/c/combine_traits.rs:156:8
[INFO] [stdout]     |
[INFO] [stdout] 147 | pub trait CombName: Into<Name> {
[INFO] [stdout]     |           -------- method in this trait
[INFO] [stdout] ...
[INFO] [stdout] 156 |     fn struct_type_var(self) -> TypeExpr {
[INFO] [stdout]     |        ^^^^^^^^^^^^^^^
[INFO] [stdout] 
[INFO] [stdout] 
[INFO] [stdout] warning: function `total_range` is never used
[INFO] [stdout]     --> src/compile.rs:1195:4
[INFO] [stdout]      |
[INFO] [stdout] 1195 | fn total_range(ranges: impl IntoIterator<Item = Range>, default: Range) -> Range {
[INFO] [stdout]      |    ^^^^^^^^^^^
[INFO] [stdout] 
[INFO] [stdout] 
[INFO] [stdout] warning: variants `WrongArguments`, `IfConditionMustReturnBool`, `AssignTypeMismatch`, and `IndexIsNotInt` are never constructed
[INFO] [stdout]   --> src/compile/error.rs:17:5
[INFO] [stdout]    |
[INFO] [stdout] 12 | pub enum Error {
[INFO] [stdout]    |          ----- variants in this enum
[INFO] [stdout] ...
[INFO] [stdout] 17 |     WrongArguments {
[INFO] [stdout]    |     ^^^^^^^^^^^^^^
[INFO] [stdout] ...
[INFO] [stdout] 22 |     IfConditionMustReturnBool {
[INFO] [stdout]    |     ^^^^^^^^^^^^^^^^^^^^^^^^^
[INFO] [stdout] ...
[INFO] [stdout] 26 |     AssignTypeMismatch {
[INFO] [stdout]    |     ^^^^^^^^^^^^^^^^^^
[INFO] [stdout] ...
[INFO] [stdout] 42 |     IndexIsNotInt {
[INFO] [stdout]    |     ^^^^^^^^^^^^^
[INFO] [stdout]    |
[INFO] [stdout]    = note: `Error` has derived impls for the traits `Clone` and `Debug`, but these are intentionally ignored during dead code analysis
[INFO] [stdout] 
[INFO] [stdout] 
[INFO] [stdout] warning: method `find_in_scope` is never used
[INFO] [stdout]    --> src/compile/state.rs:133:12
[INFO] [stdout]     |
[INFO] [stdout] 70  | impl State {
[INFO] [stdout]     | ---------- method in this implementation
[INFO] [stdout] ...
[INFO] [stdout] 133 |     pub fn find_in_scope<'a>(&'a self, name: &str) -> Option<&'a ScopeMember> {
[INFO] [stdout]     |            ^^^^^^^^^^^^^
[INFO] [stdout] 
[INFO] [stdout] 
[INFO] [stdout] warning: variants `TooManyTokensAfterType` and `NoEqualAfterTypeName` are never constructed
[INFO] [stdout]   --> src/parse.rs:29:5
[INFO] [stdout]    |
[INFO] [stdout] 13 | pub enum Error {
[INFO] [stdout]    |          ----- variants in this enum
[INFO] [stdout] ...
[INFO] [stdout] 29 |     TooManyTokensAfterType(Range),
[INFO] [stdout]    |     ^^^^^^^^^^^^^^^^^^^^^^
[INFO] [stdout] 30 |     NoEqualAfterTypeName(Range),
[INFO] [stdout]    |     ^^^^^^^^^^^^^^^^^^^^
[INFO] [stdout]    |
[INFO] [stdout]    = note: `Error` has derived impls for the traits `Clone` and `Debug`, but these are intentionally ignored during dead code analysis
[INFO] [stdout] 
[INFO] [stdout] 
[INFO] [stderr]     Finished `dev` profile [unoptimized + debuginfo] target(s) in 15.13s
[INFO] running `Command { std: "docker" "inspect" "4d92eed66b5ba103919b3f97ccd8d20afd76c246b3c4f304b95b349f1831edd2", kill_on_drop: false }`
[INFO] running `Command { std: "docker" "rm" "-f" "4d92eed66b5ba103919b3f97ccd8d20afd76c246b3c4f304b95b349f1831edd2", kill_on_drop: false }`
[INFO] [stdout] 4d92eed66b5ba103919b3f97ccd8d20afd76c246b3c4f304b95b349f1831edd2
[INFO] running `Command { std: "docker" "create" "-v" "/var/lib/crater-agent-workspace/builds/worker-2-tc1/target:/opt/rustwide/target:rw,Z" "-v" "/var/lib/crater-agent-workspace/builds/worker-2-tc1/source:/opt/rustwide/workdir:ro,Z" "-v" "/var/lib/crater-agent-workspace/cargo-home:/opt/rustwide/cargo-home:ro,Z" "-v" "/var/lib/crater-agent-workspace/rustup-home:/opt/rustwide/rustup-home:ro,Z" "-e" "SOURCE_DIR=/opt/rustwide/workdir" "-e" "CARGO_TARGET_DIR=/opt/rustwide/target" "-e" "CARGO_INCREMENTAL=0" "-e" "RUST_BACKTRACE=full" "-e" "RUSTFLAGS=--cap-lints=warn" "-e" "RUSTDOCFLAGS=--cap-lints=warn" "-e" "CARGO_HOME=/opt/rustwide/cargo-home" "-e" "RUSTUP_HOME=/opt/rustwide/rustup-home" "-w" "/opt/rustwide/workdir" "-m" "1610612736" "--user" "0:0" "--network" "none" "ghcr.io/rust-lang/crates-build-env/linux@sha256:f3a9d4ad9d972b27faf3965f35b62e55ba32bbce8f20bc8fe909558a86702fde" "/opt/rustwide/cargo-home/bin/cargo" "+1.83.0" "test" "--frozen" "--no-run" "--message-format=json", kill_on_drop: false }`
[INFO] [stdout] fecd0ea91625acd171dfe7e5400125d9e59ec127315af90161d9e6f070f17386
[INFO] running `Command { std: "docker" "start" "-a" "fecd0ea91625acd171dfe7e5400125d9e59ec127315af90161d9e6f070f17386", kill_on_drop: false }`
[INFO] [stderr]    Compiling bootstrap v0.1.0 (/opt/rustwide/workdir)
[INFO] [stdout] warning: unused import: `crate::name::Name`
[INFO] [stdout]  --> src/compile/error.rs:6:5
[INFO] [stdout]   |
[INFO] [stdout] 6 | use crate::name::Name;
[INFO] [stdout]   |     ^^^^^^^^^^^^^^^^^
[INFO] [stdout]   |
[INFO] [stdout]   = note: `#[warn(unused_imports)]` on by default
[INFO] [stdout] 
[INFO] [stdout] 
[INFO] [stdout] warning: unused imports: `Expr` and `TypeExpr`
[INFO] [stdout]  --> src/parse.rs:3:24
[INFO] [stdout]   |
[INFO] [stdout] 3 | use crate::ast::{self, Expr, Statement, TypeExpr};
[INFO] [stdout]   |                        ^^^^             ^^^^^^^^
[INFO] [stdout] 
[INFO] [stdout] 
[INFO] [stdout] warning: unreachable call
[INFO] [stdout]    --> src/compile.rs:905:27
[INFO] [stdout]     |
[INFO] [stdout] 905 |         return Some(state.error(todo!("Wrong number of arguments")));
[INFO] [stdout]     |                           ^^^^^ ---------------------------------- any code following this expression is unreachable
[INFO] [stdout]     |                           |
[INFO] [stdout]     |                           unreachable call
[INFO] [stdout]     |
[INFO] [stdout]     = note: `#[warn(unreachable_code)]` on by default
[INFO] [stdout] 
[INFO] [stdout] 
[INFO] [stdout] warning: unreachable call
[INFO] [stdout]    --> src/compile.rs:918:19
[INFO] [stdout]     |
[INFO] [stdout] 918 |             state.error_and_continue(todo!("len() can only be called on strings and arrays"));
[INFO] [stdout]     |                   ^^^^^^^^^^^^^^^^^^ ------------------------------------------------------- any code following this expression is unreachable
[INFO] [stdout]     |                   |
[INFO] [stdout]     |                   unreachable call
[INFO] [stdout] 
[INFO] [stdout] 
[INFO] [stdout] warning: unreachable call
[INFO] [stdout]    --> src/compile.rs:983:31
[INFO] [stdout]     |
[INFO] [stdout] 983 |         Literal::Len => state.error(todo!("Cannot use a `len` literal outside on application")),
[INFO] [stdout]     |                               ^^^^^ ---------------------------------------------------------- any code following this expression is unreachable
[INFO] [stdout]     |                               |
[INFO] [stdout]     |                               unreachable call
[INFO] [stdout] 
[INFO] [stdout] 
[INFO] [stdout] warning: unreachable call
[INFO] [stdout]     --> src/compile.rs:1155:19
[INFO] [stdout]      |
[INFO] [stdout] 1155 |             state.error_and_continue(todo!());
[INFO] [stdout]      |                   ^^^^^^^^^^^^^^^^^^ ------- any code following this expression is unreachable
[INFO] [stdout]      |                   |
[INFO] [stdout]      |                   unreachable call
[INFO] [stdout] 
[INFO] [stdout] 
[INFO] [stdout] warning: unreachable call
[INFO] [stdout]    --> src/parse.rs:629:19
[INFO] [stdout]     |
[INFO] [stdout] 629 |             state.error_and_continue(todo!());
[INFO] [stdout]     |                   ^^^^^^^^^^^^^^^^^^ ------- any code following this expression is unreachable
[INFO] [stdout]     |                   |
[INFO] [stdout]     |                   unreachable call
[INFO] [stdout] 
[INFO] [stdout] 
[INFO] [stdout] warning: unused variable: `expr`
[INFO] [stdout]    --> src/c.rs:198:28
[INFO] [stdout]     |
[INFO] [stdout] 198 |             Var(typ, name, expr) => (I::line(typ.to_code_with_name(name) + ";"), None),
[INFO] [stdout]     |                            ^^^^ help: if this is intentional, prefix it with an underscore: `_expr`
[INFO] [stdout]     |
[INFO] [stdout]     = note: `#[warn(unused_variables)]` on by default
[INFO] [stdout] 
[INFO] [stdout] 
[INFO] [stdout] warning: unused variable: `ret_type`
[INFO] [stdout]    --> src/compile.rs:290:35
[INFO] [stdout]     |
[INFO] [stdout] 290 |     let (mut body, c_return_expr, ret_type) = compile_block(
[INFO] [stdout]     |                                   ^^^^^^^^ help: if this is intentional, prefix it with an underscore: `_ret_type`
[INFO] [stdout] 
[INFO] [stdout] 
[INFO] [stdout] warning: unused variable: `body_c_expr`
[INFO] [stdout]    --> src/compile.rs:479:34
[INFO] [stdout]     |
[INFO] [stdout] 479 |             let (body_c_prelude, body_c_expr, body_type) = c_body?;
[INFO] [stdout]     |                                  ^^^^^^^^^^^ help: if this is intentional, prefix it with an underscore: `_body_c_expr`
[INFO] [stdout] 
[INFO] [stdout] 
[INFO] [stdout] warning: unused variable: `body_type`
[INFO] [stdout]    --> src/compile.rs:479:47
[INFO] [stdout]     |
[INFO] [stdout] 479 |             let (body_c_prelude, body_c_expr, body_type) = c_body?;
[INFO] [stdout]     |                                               ^^^^^^^^^ help: if this is intentional, prefix it with an underscore: `_body_type`
[INFO] [stdout] 
[INFO] [stdout] 
[INFO] [stdout] warning: variant `Literal` is never constructed
[INFO] [stdout]   --> src/ast.rs:72:5
[INFO] [stdout]    |
[INFO] [stdout] 70 | pub enum Pattern {
[INFO] [stdout]    |          ------- variant in this enum
[INFO] [stdout] 71 |     Var(Name, Range),
[INFO] [stdout] 72 |     Literal(Literal, Range),
[INFO] [stdout]    |     ^^^^^^^
[INFO] [stdout]    |
[INFO] [stdout]    = note: `Pattern` has derived impls for the traits `Clone` and `Debug`, but these are intentionally ignored during dead code analysis
[INFO] [stdout]    = note: `#[warn(dead_code)]` on by default
[INFO] [stdout] 
[INFO] [stdout] 
[INFO] [stdout] warning: methods `arrow`, `dec`, `eq`, `div`, `op`, and `cast` are never used
[INFO] [stdout]   --> src/c/combine_traits.rs:12:8
[INFO] [stdout]    |
[INFO] [stdout] 10 | pub trait CombExpr1: Into<Box<Expr>> {
[INFO] [stdout]    |           --------- methods in this trait
[INFO] [stdout] 11 |     /// Makes an arrow access expression.
[INFO] [stdout] 12 |     fn arrow(self, field: impl Into<Name>) -> Expr {
[INFO] [stdout]    |        ^^^^^
[INFO] [stdout] ...
[INFO] [stdout] 25 |     fn dec(self) -> Expr {
[INFO] [stdout]    |        ^^^
[INFO] [stdout] ...
[INFO] [stdout] 29 |     fn eq(self, other: impl Into<Box<Expr>>) -> Expr {
[INFO] [stdout]    |        ^^
[INFO] [stdout] ...
[INFO] [stdout] 37 |     fn div(self, other: impl Into<Box<Expr>>) -> Expr {
[INFO] [stdout]    |        ^^^
[INFO] [stdout] ...
[INFO] [stdout] 61 |     fn op(self, other: impl Into<Box<Expr>>, op: BinaryOp) -> Expr {
[INFO] [stdout]    |        ^^
[INFO] [stdout] ...
[INFO] [stdout] 71 |     fn cast(self, type_expr: impl Into<PTypeExpr>) -> Expr {
[INFO] [stdout]    |        ^^^^
[INFO] [stdout] 
[INFO] [stdout] 
[INFO] [stdout] warning: method `if_then` is never used
[INFO] [stdout]    --> src/c/combine_traits.rs:111:8
[INFO] [stdout]     |
[INFO] [stdout] 86  | pub trait CombExpr2: Into<Expr> {
[INFO] [stdout]     |           --------- method in this trait
[INFO] [stdout] ...
[INFO] [stdout] 111 |     fn if_then(self, true_block: impl Into<Block>) -> Statement {
[INFO] [stdout]     |        ^^^^^^^
[INFO] [stdout] 
[INFO] [stdout] 
[INFO] [stdout] warning: method `struct_type_var` is never used
[INFO] [stdout]    --> src/c/combine_traits.rs:156:8
[INFO] [stdout]     |
[INFO] [stdout] 147 | pub trait CombName: Into<Name> {
[INFO] [stdout]     |           -------- method in this trait
[INFO] [stdout] ...
[INFO] [stdout] 156 |     fn struct_type_var(self) -> TypeExpr {
[INFO] [stdout]     |        ^^^^^^^^^^^^^^^
[INFO] [stdout] 
[INFO] [stdout] 
[INFO] [stdout] warning: function `total_range` is never used
[INFO] [stdout]     --> src/compile.rs:1195:4
[INFO] [stdout]      |
[INFO] [stdout] 1195 | fn total_range(ranges: impl IntoIterator<Item = Range>, default: Range) -> Range {
[INFO] [stdout]      |    ^^^^^^^^^^^
[INFO] [stdout] 
[INFO] [stdout] 
[INFO] [stdout] warning: variants `WrongArguments`, `IfConditionMustReturnBool`, `AssignTypeMismatch`, and `IndexIsNotInt` are never constructed
[INFO] [stdout]   --> src/compile/error.rs:17:5
[INFO] [stdout]    |
[INFO] [stdout] 12 | pub enum Error {
[INFO] [stdout]    |          ----- variants in this enum
[INFO] [stdout] ...
[INFO] [stdout] 17 |     WrongArguments {
[INFO] [stdout]    |     ^^^^^^^^^^^^^^
[INFO] [stdout] ...
[INFO] [stdout] 22 |     IfConditionMustReturnBool {
[INFO] [stdout]    |     ^^^^^^^^^^^^^^^^^^^^^^^^^
[INFO] [stdout] ...
[INFO] [stdout] 26 |     AssignTypeMismatch {
[INFO] [stdout]    |     ^^^^^^^^^^^^^^^^^^
[INFO] [stdout] ...
[INFO] [stdout] 42 |     IndexIsNotInt {
[INFO] [stdout]    |     ^^^^^^^^^^^^^
[INFO] [stdout]    |
[INFO] [stdout]    = note: `Error` has derived impls for the traits `Clone` and `Debug`, but these are intentionally ignored during dead code analysis
[INFO] [stdout] 
[INFO] [stdout] 
[INFO] [stdout] warning: method `find_in_scope` is never used
[INFO] [stdout]    --> src/compile/state.rs:133:12
[INFO] [stdout]     |
[INFO] [stdout] 70  | impl State {
[INFO] [stdout]     | ---------- method in this implementation
[INFO] [stdout] ...
[INFO] [stdout] 133 |     pub fn find_in_scope<'a>(&'a self, name: &str) -> Option<&'a ScopeMember> {
[INFO] [stdout]     |            ^^^^^^^^^^^^^
[INFO] [stdout] 
[INFO] [stdout] 
[INFO] [stdout] warning: variants `TooManyTokensAfterType` and `NoEqualAfterTypeName` are never constructed
[INFO] [stdout]   --> src/parse.rs:29:5
[INFO] [stdout]    |
[INFO] [stdout] 13 | pub enum Error {
[INFO] [stdout]    |          ----- variants in this enum
[INFO] [stdout] ...
[INFO] [stdout] 29 |     TooManyTokensAfterType(Range),
[INFO] [stdout]    |     ^^^^^^^^^^^^^^^^^^^^^^
[INFO] [stdout] 30 |     NoEqualAfterTypeName(Range),
[INFO] [stdout]    |     ^^^^^^^^^^^^^^^^^^^^
[INFO] [stdout]    |
[INFO] [stdout]    = note: `Error` has derived impls for the traits `Clone` and `Debug`, but these are intentionally ignored during dead code analysis
[INFO] [stdout] 
[INFO] [stdout] 
[INFO] [stderr]     Finished `test` profile [unoptimized + debuginfo] target(s) in 2.99s
[INFO] running `Command { std: "docker" "inspect" "fecd0ea91625acd171dfe7e5400125d9e59ec127315af90161d9e6f070f17386", kill_on_drop: false }`
[INFO] running `Command { std: "docker" "rm" "-f" "fecd0ea91625acd171dfe7e5400125d9e59ec127315af90161d9e6f070f17386", kill_on_drop: false }`
[INFO] [stdout] fecd0ea91625acd171dfe7e5400125d9e59ec127315af90161d9e6f070f17386
[INFO] running `Command { std: "docker" "create" "-v" "/var/lib/crater-agent-workspace/builds/worker-2-tc1/target:/opt/rustwide/target:rw,Z" "-v" "/var/lib/crater-agent-workspace/builds/worker-2-tc1/source:/opt/rustwide/workdir:ro,Z" "-v" "/var/lib/crater-agent-workspace/cargo-home:/opt/rustwide/cargo-home:ro,Z" "-v" "/var/lib/crater-agent-workspace/rustup-home:/opt/rustwide/rustup-home:ro,Z" "-e" "SOURCE_DIR=/opt/rustwide/workdir" "-e" "CARGO_TARGET_DIR=/opt/rustwide/target" "-e" "CARGO_INCREMENTAL=0" "-e" "RUST_BACKTRACE=full" "-e" "RUSTFLAGS=--cap-lints=warn" "-e" "RUSTDOCFLAGS=--cap-lints=warn" "-e" "CARGO_HOME=/opt/rustwide/cargo-home" "-e" "RUSTUP_HOME=/opt/rustwide/rustup-home" "-w" "/opt/rustwide/workdir" "-m" "1610612736" "--user" "0:0" "--network" "none" "ghcr.io/rust-lang/crates-build-env/linux@sha256:f3a9d4ad9d972b27faf3965f35b62e55ba32bbce8f20bc8fe909558a86702fde" "/opt/rustwide/cargo-home/bin/cargo" "+1.83.0" "test" "--frozen", kill_on_drop: false }`
[INFO] [stdout] 31af60c179e6bb4e1c1da174b6d80690df54ced33ec884c6528ff1691da0bc18
[INFO] running `Command { std: "docker" "start" "-a" "31af60c179e6bb4e1c1da174b6d80690df54ced33ec884c6528ff1691da0bc18", kill_on_drop: false }`
[INFO] [stderr] warning: unused import: `crate::name::Name`
[INFO] [stderr]  --> src/compile/error.rs:6:5
[INFO] [stderr]   |
[INFO] [stderr] 6 | use crate::name::Name;
[INFO] [stderr]   |     ^^^^^^^^^^^^^^^^^
[INFO] [stderr]   |
[INFO] [stderr]   = note: `#[warn(unused_imports)]` on by default
[INFO] [stderr] 
[INFO] [stderr] warning: unused imports: `Expr` and `TypeExpr`
[INFO] [stderr]  --> src/parse.rs:3:24
[INFO] [stderr]   |
[INFO] [stderr] 3 | use crate::ast::{self, Expr, Statement, TypeExpr};
[INFO] [stderr]   |                        ^^^^             ^^^^^^^^
[INFO] [stderr] 
[INFO] [stderr] warning: unreachable call
[INFO] [stderr]    --> src/compile.rs:905:27
[INFO] [stderr]     |
[INFO] [stderr] 905 |         return Some(state.error(todo!("Wrong number of arguments")));
[INFO] [stderr]     |                           ^^^^^ ---------------------------------- any code following this expression is unreachable
[INFO] [stderr]     |                           |
[INFO] [stderr]     |                           unreachable call
[INFO] [stderr]     |
[INFO] [stderr]     = note: `#[warn(unreachable_code)]` on by default
[INFO] [stderr] 
[INFO] [stderr] warning: unreachable call
[INFO] [stderr]    --> src/compile.rs:918:19
[INFO] [stderr]     |
[INFO] [stderr] 918 |             state.error_and_continue(todo!("len() can only be called on strings and arrays"));
[INFO] [stderr]     |                   ^^^^^^^^^^^^^^^^^^ ------------------------------------------------------- any code following this expression is unreachable
[INFO] [stderr]     |                   |
[INFO] [stderr]     |                   unreachable call
[INFO] [stderr] 
[INFO] [stderr] warning: unreachable call
[INFO] [stderr]    --> src/compile.rs:983:31
[INFO] [stderr]     |
[INFO] [stderr] 983 |         Literal::Len => state.error(todo!("Cannot use a `len` literal outside on application")),
[INFO] [stderr]     |                               ^^^^^ ---------------------------------------------------------- any code following this expression is unreachable
[INFO] [stderr]     |                               |
[INFO] [stderr]     |                               unreachable call
[INFO] [stderr] 
[INFO] [stderr] warning: unreachable call
[INFO] [stderr]     --> src/compile.rs:1155:19
[INFO] [stderr]      |
[INFO] [stderr] 1155 |             state.error_and_continue(todo!());
[INFO] [stderr]      |                   ^^^^^^^^^^^^^^^^^^ ------- any code following this expression is unreachable
[INFO] [stderr]      |                   |
[INFO] [stderr]      |                   unreachable call
[INFO] [stderr] 
[INFO] [stderr] warning: unreachable call
[INFO] [stderr]    --> src/parse.rs:629:19
[INFO] [stderr]     |
[INFO] [stderr] 629 |             state.error_and_continue(todo!());
[INFO] [stderr]     |                   ^^^^^^^^^^^^^^^^^^ ------- any code following this expression is unreachable
[INFO] [stderr]     |                   |
[INFO] [stderr]     |                   unreachable call
[INFO] [stderr] 
[INFO] [stderr] warning: unused variable: `expr`
[INFO] [stderr]    --> src/c.rs:198:28
[INFO] [stderr]     |
[INFO] [stderr] 198 |             Var(typ, name, expr) => (I::line(typ.to_code_with_name(name) + ";"), None),
[INFO] [stderr]     |                            ^^^^ help: if this is intentional, prefix it with an underscore: `_expr`
[INFO] [stderr]     |
[INFO] [stderr]     = note: `#[warn(unused_variables)]` on by default
[INFO] [stderr] 
[INFO] [stderr] warning: unused variable: `ret_type`
[INFO] [stderr]    --> src/compile.rs:290:35
[INFO] [stderr]     |
[INFO] [stderr] 290 |     let (mut body, c_return_expr, ret_type) = compile_block(
[INFO] [stderr]     |                                   ^^^^^^^^ help: if this is intentional, prefix it with an underscore: `_ret_type`
[INFO] [stderr] 
[INFO] [stderr] warning: unused variable: `body_c_expr`
[INFO] [stderr]    --> src/compile.rs:479:34
[INFO] [stderr]     |
[INFO] [stderr] 479 |             let (body_c_prelude, body_c_expr, body_type) = c_body?;
[INFO] [stderr]     |                                  ^^^^^^^^^^^ help: if this is intentional, prefix it with an underscore: `_body_c_expr`
[INFO] [stderr] 
[INFO] [stderr] warning: unused variable: `body_type`
[INFO] [stderr]    --> src/compile.rs:479:47
[INFO] [stderr]     |
[INFO] [stderr] 479 |             let (body_c_prelude, body_c_expr, body_type) = c_body?;
[INFO] [stderr]     |                                               ^^^^^^^^^ help: if this is intentional, prefix it with an underscore: `_body_type`
[INFO] [stderr] 
[INFO] [stderr] warning: variant `Literal` is never constructed
[INFO] [stderr]   --> src/ast.rs:72:5
[INFO] [stderr]    |
[INFO] [stderr] 70 | pub enum Pattern {
[INFO] [stderr]    |          ------- variant in this enum
[INFO] [stderr] 71 |     Var(Name, Range),
[INFO] [stderr] 72 |     Literal(Literal, Range),
[INFO] [stderr]    |     ^^^^^^^
[INFO] [stderr]    |
[INFO] [stderr]    = note: `Pattern` has derived impls for the traits `Clone` and `Debug`, but these are intentionally ignored during dead code analysis
[INFO] [stderr]    = note: `#[warn(dead_code)]` on by default
[INFO] [stderr] 
[INFO] [stderr] warning: methods `arrow`, `dec`, `eq`, `div`, `op`, and `cast` are never used
[INFO] [stderr]   --> src/c/combine_traits.rs:12:8
[INFO] [stderr]    |
[INFO] [stderr] 10 | pub trait CombExpr1: Into<Box<Expr>> {
[INFO] [stderr]    |           --------- methods in this trait
[INFO] [stderr] 11 |     /// Makes an arrow access expression.
[INFO] [stderr] 12 |     fn arrow(self, field: impl Into<Name>) -> Expr {
[INFO] [stderr]    |        ^^^^^
[INFO] [stderr] ...
[INFO] [stderr] 25 |     fn dec(self) -> Expr {
[INFO] [stderr]    |        ^^^
[INFO] [stderr] ...
[INFO] [stderr] 29 |     fn eq(self, other: impl Into<Box<Expr>>) -> Expr {
[INFO] [stderr]    |        ^^
[INFO] [stderr] ...
[INFO] [stderr] 37 |     fn div(self, other: impl Into<Box<Expr>>) -> Expr {
[INFO] [stderr]    |        ^^^
[INFO] [stderr] ...
[INFO] [stderr] 61 |     fn op(self, other: impl Into<Box<Expr>>, op: BinaryOp) -> Expr {
[INFO] [stderr]    |        ^^
[INFO] [stderr] ...
[INFO] [stderr] 71 |     fn cast(self, type_expr: impl Into<PTypeExpr>) -> Expr {
[INFO] [stderr]    |        ^^^^
[INFO] [stderr] 
[INFO] [stderr] warning: method `if_then` is never used
[INFO] [stderr]    --> src/c/combine_traits.rs:111:8
[INFO] [stderr]     |
[INFO] [stderr] 86  | pub trait CombExpr2: Into<Expr> {
[INFO] [stderr]     |           --------- method in this trait
[INFO] [stderr] ...
[INFO] [stderr] 111 |     fn if_then(self, true_block: impl Into<Block>) -> Statement {
[INFO] [stderr]     |        ^^^^^^^
[INFO] [stderr] 
[INFO] [stderr] warning: method `struct_type_var` is never used
[INFO] [stderr]    --> src/c/combine_traits.rs:156:8
[INFO] [stderr]     |
[INFO] [stderr] 147 | pub trait CombName: Into<Name> {
[INFO] [stderr]     |           -------- method in this trait
[INFO] [stderr] ...
[INFO] [stderr] 156 |     fn struct_type_var(self) -> TypeExpr {
[INFO] [stderr]     |        ^^^^^^^^^^^^^^^
[INFO] [stderr] 
[INFO] [stderr] warning: function `total_range` is never used
[INFO] [stderr]     --> src/compile.rs:1195:4
[INFO] [stderr]      |
[INFO] [stderr] 1195 | fn total_range(ranges: impl IntoIterator<Item = Range>, default: Range) -> Range {
[INFO] [stderr]      |    ^^^^^^^^^^^
[INFO] [stderr] 
[INFO] [stderr] warning: variants `WrongArguments`, `IfConditionMustReturnBool`, `AssignTypeMismatch`, and `IndexIsNotInt` are never constructed
[INFO] [stderr]   --> src/compile/error.rs:17:5
[INFO] [stderr]    |
[INFO] [stderr] 12 | pub enum Error {
[INFO] [stderr]    |          ----- variants in this enum
[INFO] [stderr] ...
[INFO] [stderr] 17 |     WrongArguments {
[INFO] [stderr]    |     ^^^^^^^^^^^^^^
[INFO] [stderr] ...
[INFO] [stderr] 22 |     IfConditionMustReturnBool {
[INFO] [stderr]    |     ^^^^^^^^^^^^^^^^^^^^^^^^^
[INFO] [stderr] ...
[INFO] [stderr] 26 |     AssignTypeMismatch {
[INFO] [stderr]    |     ^^^^^^^^^^^^^^^^^^
[INFO] [stderr] ...
[INFO] [stderr] 42 |     IndexIsNotInt {
[INFO] [stderr]    |     ^^^^^^^^^^^^^
[INFO] [stderr]    |
[INFO] [stderr]    = note: `Error` has derived impls for the traits `Clone` and `Debug`, but these are intentionally ignored during dead code analysis
[INFO] [stderr] 
[INFO] [stderr] warning: method `find_in_scope` is never used
[INFO] [stderr]    --> src/compile/state.rs:133:12
[INFO] [stderr]     |
[INFO] [stderr] 70  | impl State {
[INFO] [stderr]     | ---------- method in this implementation
[INFO] [stderr] ...
[INFO] [stderr] 133 |     pub fn find_in_scope<'a>(&'a self, name: &str) -> Option<&'a ScopeMember> {
[INFO] [stderr]     |            ^^^^^^^^^^^^^
[INFO] [stderr] 
[INFO] [stderr] warning: variants `TooManyTokensAfterType` and `NoEqualAfterTypeName` are never constructed
[INFO] [stderr]   --> src/parse.rs:29:5
[INFO] [stderr]    |
[INFO] [stderr] 13 | pub enum Error {
[INFO] [stderr]    |          ----- variants in this enum
[INFO] [stderr] ...
[INFO] [stderr] 29 |     TooManyTokensAfterType(Range),
[INFO] [stderr]    |     ^^^^^^^^^^^^^^^^^^^^^^
[INFO] [stderr] 30 |     NoEqualAfterTypeName(Range),
[INFO] [stderr]    |     ^^^^^^^^^^^^^^^^^^^^
[INFO] [stderr]    |
[INFO] [stderr]    = note: `Error` has derived impls for the traits `Clone` and `Debug`, but these are intentionally ignored during dead code analysis
[INFO] [stderr] 
[INFO] [stderr] warning: `bootstrap` (bin "bootstrap" test) generated 19 warnings (run `cargo fix --bin "bootstrap" --tests` to apply 2 suggestions)
[INFO] [stderr]     Finished `test` profile [unoptimized + debuginfo] target(s) in 0.05s
[INFO] [stderr]      Running unittests src/main.rs (/opt/rustwide/target/debug/deps/bootstrap-5e92f1c9ae9ffd9f)
[INFO] [stdout] 
[INFO] [stdout] running 10 tests
[INFO] [stdout] test lex::tests::lex_empty ... ok
[INFO] [stdout] test compile::tests::test_find_in_scope_nested ... ok
[INFO] [stdout] test lex::tests::test_lex ... ok
[INFO] [stdout] test compile::tests::test_find_in_scope ... ok
[INFO] [stdout] test lex::tests::test_newline_token ... ok
[INFO] [stdout] test parse::token_reader::tests::test_prev_range ... ok
[INFO] [stdout] test parse::token_reader::tests::test_pop ... ok
[INFO] [stdout] test parse::token_reader::tests::test_pop_indent ... ok
[INFO] [stdout] test parse::token_reader::tests::test_pop_newline ... ok
[INFO] [stdout] test compile::tests::test_compile_assignment ... FAILED
[INFO] [stdout] 
[INFO] [stdout] failures:
[INFO] [stdout] 
[INFO] [stdout] ---- compile::tests::test_compile_assignment stdout ----
[INFO] [stdout] thread 'compile::tests::test_compile_assignment' panicked at src/compile.rs:1377:13:
[INFO] [stdout] Expected exactly one declaration
[INFO] [stdout] stack backtrace:
[INFO] [stdout]    0:     0x61c3afc997ba - std::backtrace_rs::backtrace::libunwind::trace::h5a5b8284f2d0c266
[INFO] [stdout]                                at /rustc/90b35a6239c3d8bdabc530a6a0816f7ff89a0aaf/library/std/src/../../backtrace/src/backtrace/libunwind.rs:116:5
[INFO] [stdout]    1:     0x61c3afc997ba - std::backtrace_rs::backtrace::trace_unsynchronized::h76d4f1c9b0b875e3
[INFO] [stdout]                                at /rustc/90b35a6239c3d8bdabc530a6a0816f7ff89a0aaf/library/std/src/../../backtrace/src/backtrace/mod.rs:66:5
[INFO] [stdout]    2:     0x61c3afc997ba - std::sys::backtrace::_print_fmt::hc4546b8364a537c6
[INFO] [stdout]                                at /rustc/90b35a6239c3d8bdabc530a6a0816f7ff89a0aaf/library/std/src/sys/backtrace.rs:66:9
[INFO] [stdout]    3:     0x61c3afc997ba - <std::sys::backtrace::BacktraceLock::print::DisplayBacktrace as core::fmt::Display>::fmt::h5b6bd5631a6d1f6b
[INFO] [stdout]                                at /rustc/90b35a6239c3d8bdabc530a6a0816f7ff89a0aaf/library/std/src/sys/backtrace.rs:39:26
[INFO] [stdout]    4:     0x61c3afcbec63 - core::fmt::rt::Argument::fmt::h270f6602a2b96f62
[INFO] [stdout]                                at /rustc/90b35a6239c3d8bdabc530a6a0816f7ff89a0aaf/library/core/src/fmt/rt.rs:177:76
[INFO] [stdout]    5:     0x61c3afcbec63 - core::fmt::write::h7550c97b06c86515
[INFO] [stdout]                                at /rustc/90b35a6239c3d8bdabc530a6a0816f7ff89a0aaf/library/core/src/fmt/mod.rs:1186:21
[INFO] [stdout]    6:     0x61c3afc96983 - std::io::Write::write_fmt::h509ff860e5956e5e
[INFO] [stdout]                                at /rustc/90b35a6239c3d8bdabc530a6a0816f7ff89a0aaf/library/std/src/io/mod.rs:1839:15
[INFO] [stdout]    7:     0x61c3afc99602 - std::sys::backtrace::BacktraceLock::print::h2395ccd2c84ba3aa
[INFO] [stdout]                                at /rustc/90b35a6239c3d8bdabc530a6a0816f7ff89a0aaf/library/std/src/sys/backtrace.rs:42:9
[INFO] [stdout]    8:     0x61c3afc9ac1a - std::panicking::default_hook::{{closure}}::he19d4c7230e07961
[INFO] [stdout]                                at /rustc/90b35a6239c3d8bdabc530a6a0816f7ff89a0aaf/library/std/src/panicking.rs:268:22
[INFO] [stdout]    9:     0x61c3afc9aa24 - std::panicking::default_hook::hf614597d3c67bbdb
[INFO] [stdout]                                at /rustc/90b35a6239c3d8bdabc530a6a0816f7ff89a0aaf/library/std/src/panicking.rs:292:9
[INFO] [stdout]   10:     0x61c3afc5d089 - <alloc::boxed::Box<F,A> as core::ops::function::Fn<Args>>::call::h39b51ce4599c23d1
[INFO] [stdout]                                at /rustc/90b35a6239c3d8bdabc530a6a0816f7ff89a0aaf/library/alloc/src/boxed.rs:2468:9
[INFO] [stdout]   11:     0x61c3afc5d089 - test::test_main::{{closure}}::he977ae839a582784
[INFO] [stdout]                                at /rustc/90b35a6239c3d8bdabc530a6a0816f7ff89a0aaf/library/test/src/lib.rs:133:21
[INFO] [stdout]   12:     0x61c3afc9b2b8 - <alloc::boxed::Box<F,A> as core::ops::function::Fn<Args>>::call::h9455091b6b06f9fb
[INFO] [stdout]                                at /rustc/90b35a6239c3d8bdabc530a6a0816f7ff89a0aaf/library/alloc/src/boxed.rs:2468:9
[INFO] [stdout]   13:     0x61c3afc9b2b8 - std::panicking::rust_panic_with_hook::h8942133a8b252070
[INFO] [stdout]                                at /rustc/90b35a6239c3d8bdabc530a6a0816f7ff89a0aaf/library/std/src/panicking.rs:809:13
[INFO] [stdout]   14:     0x61c3afc9b046 - std::panicking::begin_panic_handler::{{closure}}::hb5f5963570096b29
[INFO] [stdout]                                at /rustc/90b35a6239c3d8bdabc530a6a0816f7ff89a0aaf/library/std/src/panicking.rs:667:13
[INFO] [stdout]   15:     0x61c3afc99c99 - std::sys::backtrace::__rust_end_short_backtrace::h6208cedc1922feda
[INFO] [stdout]                                at /rustc/90b35a6239c3d8bdabc530a6a0816f7ff89a0aaf/library/std/src/sys/backtrace.rs:170:18
[INFO] [stdout]   16:     0x61c3afc9ad0c - rust_begin_unwind
[INFO] [stdout]                                at /rustc/90b35a6239c3d8bdabc530a6a0816f7ff89a0aaf/library/std/src/panicking.rs:665:5
[INFO] [stdout]   17:     0x61c3afba7a60 - core::panicking::panic_fmt::h0c3082644d1bf418
[INFO] [stdout]                                at /rustc/90b35a6239c3d8bdabc530a6a0816f7ff89a0aaf/library/core/src/panicking.rs:74:14
[INFO] [stdout]   18:     0x61c3afc05b69 - bootstrap::compile::tests::test_compile_assignment::h398c5fc1bd72555e
[INFO] [stdout]                                at /opt/rustwide/workdir/src/compile.rs:1377:13
[INFO] [stdout]   19:     0x61c3afc051a7 - bootstrap::compile::tests::test_compile_assignment::{{closure}}::hf152bf90de190013
[INFO] [stdout]                                at /opt/rustwide/workdir/src/compile.rs:1371:33
[INFO] [stdout]   20:     0x61c3afc1eac6 - core::ops::function::FnOnce::call_once::h4c941fef8387e73a
[INFO] [stdout]                                at /rustc/90b35a6239c3d8bdabc530a6a0816f7ff89a0aaf/library/core/src/ops/function.rs:250:5
[INFO] [stdout]   21:     0x61c3afc61a4b - core::ops::function::FnOnce::call_once::h109cf8051a59b34e
[INFO] [stdout]                                at /rustc/90b35a6239c3d8bdabc530a6a0816f7ff89a0aaf/library/core/src/ops/function.rs:250:5
[INFO] [stdout]   22:     0x61c3afc61a4b - test::__rust_begin_short_backtrace::hf4fff89d377446ba
[INFO] [stdout]                                at /rustc/90b35a6239c3d8bdabc530a6a0816f7ff89a0aaf/library/test/src/lib.rs:621:18
[INFO] [stdout]   23:     0x61c3afc61287 - test::run_test_in_process::{{closure}}::h0e39181dd7ee5a43
[INFO] [stdout]                                at /rustc/90b35a6239c3d8bdabc530a6a0816f7ff89a0aaf/library/test/src/lib.rs:644:60
[INFO] [stdout]   24:     0x61c3afc61287 - <core::panic::unwind_safe::AssertUnwindSafe<F> as core::ops::function::FnOnce<()>>::call_once::hc5a66a30f0bdfd1f
[INFO] [stdout]                                at /rustc/90b35a6239c3d8bdabc530a6a0816f7ff89a0aaf/library/core/src/panic/unwind_safe.rs:272:9
[INFO] [stdout]   25:     0x61c3afc61287 - std::panicking::try::do_call::h873b7cf639554a5e
[INFO] [stdout]                                at /rustc/90b35a6239c3d8bdabc530a6a0816f7ff89a0aaf/library/std/src/panicking.rs:557:40
[INFO] [stdout]   26:     0x61c3afc61287 - std::panicking::try::hdb19862fad9c8bd1
[INFO] [stdout]                                at /rustc/90b35a6239c3d8bdabc530a6a0816f7ff89a0aaf/library/std/src/panicking.rs:520:19
[INFO] [stdout]   27:     0x61c3afc61287 - std::panic::catch_unwind::h281fe732d236d260
[INFO] [stdout]                                at /rustc/90b35a6239c3d8bdabc530a6a0816f7ff89a0aaf/library/std/src/panic.rs:358:14
[INFO] [stdout]   28:     0x61c3afc61287 - test::run_test_in_process::h949b6df8457ed338
[INFO] [stdout]                                at /rustc/90b35a6239c3d8bdabc530a6a0816f7ff89a0aaf/library/test/src/lib.rs:644:27
[INFO] [stdout]   29:     0x61c3afc61287 - test::run_test::{{closure}}::h52c556a6d4740e10
[INFO] [stdout]                                at /rustc/90b35a6239c3d8bdabc530a6a0816f7ff89a0aaf/library/test/src/lib.rs:565:43
[INFO] [stdout]   30:     0x61c3afc26564 - test::run_test::{{closure}}::h4237f6381c45ccb9
[INFO] [stdout]                                at /rustc/90b35a6239c3d8bdabc530a6a0816f7ff89a0aaf/library/test/src/lib.rs:595:41
[INFO] [stdout]   31:     0x61c3afc26564 - std::sys::backtrace::__rust_begin_short_backtrace::h505c97a579eca628
[INFO] [stdout]                                at /rustc/90b35a6239c3d8bdabc530a6a0816f7ff89a0aaf/library/std/src/sys/backtrace.rs:154:18
[INFO] [stdout]   32:     0x61c3afc29c2e - std::thread::Builder::spawn_unchecked_::{{closure}}::{{closure}}::h9e86b2e2bc107ea3
[INFO] [stdout]                                at /rustc/90b35a6239c3d8bdabc530a6a0816f7ff89a0aaf/library/std/src/thread/mod.rs:538:17
[INFO] [stdout]   33:     0x61c3afc29c2e - <core::panic::unwind_safe::AssertUnwindSafe<F> as core::ops::function::FnOnce<()>>::call_once::h8b06ddb275ff4a25
[INFO] [stdout]                                at /rustc/90b35a6239c3d8bdabc530a6a0816f7ff89a0aaf/library/core/src/panic/unwind_safe.rs:272:9
[INFO] [stdout]   34:     0x61c3afc29c2e - std::panicking::try::do_call::hb26ecd7cd9a9355d
[INFO] [stdout]                                at /rustc/90b35a6239c3d8bdabc530a6a0816f7ff89a0aaf/library/std/src/panicking.rs:557:40
[INFO] [stdout]   35:     0x61c3afc29c2e - std::panicking::try::h8ddeca9d705f9069
[INFO] [stdout]                                at /rustc/90b35a6239c3d8bdabc530a6a0816f7ff89a0aaf/library/std/src/panicking.rs:520:19
[INFO] [stdout]   36:     0x61c3afc29c2e - std::panic::catch_unwind::h49e1c33078844c46
[INFO] [stdout]                                at /rustc/90b35a6239c3d8bdabc530a6a0816f7ff89a0aaf/library/std/src/panic.rs:358:14
[INFO] [stdout]   37:     0x61c3afc29c2e - std::thread::Builder::spawn_unchecked_::{{closure}}::h6073db6ff56ad35d
[INFO] [stdout]                                at /rustc/90b35a6239c3d8bdabc530a6a0816f7ff89a0aaf/library/std/src/thread/mod.rs:537:30
[INFO] [stdout]   38:     0x61c3afc29c2e - core::ops::function::FnOnce::call_once{{vtable.shim}}::h2c5a5f3779c774f1
[INFO] [stdout]                                at /rustc/90b35a6239c3d8bdabc530a6a0816f7ff89a0aaf/library/core/src/ops/function.rs:250:5
[INFO] [stdout]   39:     0x61c3afc9f00b - <alloc::boxed::Box<F,A> as core::ops::function::FnOnce<Args>>::call_once::hf75717d9f28faebf
[INFO] [stdout]                                at /rustc/90b35a6239c3d8bdabc530a6a0816f7ff89a0aaf/library/alloc/src/boxed.rs:2454:9
[INFO] [stdout]   40:     0x61c3afc9f00b - <alloc::boxed::Box<F,A> as core::ops::function::FnOnce<Args>>::call_once::h7bd883a5f3c5f3c1
[INFO] [stdout]                                at /rustc/90b35a6239c3d8bdabc530a6a0816f7ff89a0aaf/library/alloc/src/boxed.rs:2454:9
[INFO] [stdout]   41:     0x61c3afc9f00b - std::sys::pal::unix::thread::Thread::new::thread_start::hcc78f3943333fa94
[INFO] [stdout]                                at /rustc/90b35a6239c3d8bdabc530a6a0816f7ff89a0aaf/library/std/src/sys/pal/unix/thread.rs:105:17
[INFO] [stdout]   42:     0x77de862adac3 - <unknown>
[INFO] [stdout]   43:     0x77de8633ea04 - clone
[INFO] [stdout]   44:                0x0 - <unknown>
[INFO] [stdout] 
[INFO] [stdout] 
[INFO] [stdout] failures:
[INFO] [stdout]     compile::tests::test_compile_assignment
[INFO] [stdout] 
[INFO] [stdout] test result: FAILED. 9 passed; 1 failed; 0 ignored; 0 measured; 0 filtered out; finished in 0.07s
[INFO] [stdout] 
[INFO] [stderr] error: test failed, to rerun pass `--bin bootstrap`
[INFO] running `Command { std: "docker" "inspect" "31af60c179e6bb4e1c1da174b6d80690df54ced33ec884c6528ff1691da0bc18", kill_on_drop: false }`
[INFO] running `Command { std: "docker" "rm" "-f" "31af60c179e6bb4e1c1da174b6d80690df54ced33ec884c6528ff1691da0bc18", kill_on_drop: false }`
[INFO] [stdout] 31af60c179e6bb4e1c1da174b6d80690df54ced33ec884c6528ff1691da0bc18
