[INFO] cloning repository https://github.com/nvh0412/envoy-api-rs
[INFO] running `Command { std: "git" "-c" "credential.helper=" "-c" "credential.helper=/workspace/cargo-home/bin/git-credential-null" "clone" "--bare" "https://github.com/nvh0412/envoy-api-rs" "/workspace/cache/git-repos/https%3A%2F%2Fgithub.com%2Fnvh0412%2Fenvoy-api-rs", kill_on_drop: false }`
[INFO] [stderr] Cloning into bare repository '/workspace/cache/git-repos/https%3A%2F%2Fgithub.com%2Fnvh0412%2Fenvoy-api-rs'...
[INFO] running `Command { std: "git" "rev-parse" "HEAD", kill_on_drop: false }`
[INFO] [stdout] 9c72ed707e582084c8c96ab831b1c357ede25c93
[INFO] testing nvh0412/envoy-api-rs against 1.83.0 for beta-1.84.0-4-retry
[INFO] running `Command { std: "git" "clone" "/workspace/cache/git-repos/https%3A%2F%2Fgithub.com%2Fnvh0412%2Fenvoy-api-rs" "/workspace/builds/worker-1-tc1/source", kill_on_drop: false }`
[INFO] [stderr] Cloning into '/workspace/builds/worker-1-tc1/source'...
[INFO] [stderr] done.
[INFO] validating manifest of git repo https://github.com/nvh0412/envoy-api-rs on toolchain 1.83.0
[INFO] running `Command { std: CARGO_HOME="/workspace/cargo-home" RUSTUP_HOME="/workspace/rustup-home" "/workspace/cargo-home/bin/cargo" "+1.83.0" "metadata" "--manifest-path" "Cargo.toml" "--no-deps", kill_on_drop: false }`
[INFO] started tweaking git repo https://github.com/nvh0412/envoy-api-rs
[INFO] finished tweaking git repo https://github.com/nvh0412/envoy-api-rs
[INFO] tweaked toml for git repo https://github.com/nvh0412/envoy-api-rs written to /workspace/builds/worker-1-tc1/source/Cargo.toml
[INFO] crate git repo https://github.com/nvh0412/envoy-api-rs already has a lockfile, it will not be regenerated
[INFO] running `Command { std: CARGO_HOME="/workspace/cargo-home" RUSTUP_HOME="/workspace/rustup-home" "/workspace/cargo-home/bin/cargo" "+1.83.0" "fetch" "--manifest-path" "Cargo.toml", kill_on_drop: false }`
[INFO] [stderr]     Updating crates.io index
[INFO] [stderr]  Downloading crates ...
[INFO] [stderr]   Downloaded pbjson v0.6.0
[INFO] [stderr]   Downloaded pbjson-build v0.6.2
[INFO] [stderr]   Downloaded protobuf-support v3.4.0
[INFO] [stderr]   Downloaded pbjson-types v0.6.0
[INFO] [stderr]   Downloaded protobuf v3.4.0
[INFO] running `Command { std: "docker" "create" "-v" "/var/lib/crater-agent-workspace/builds/worker-1-tc1/target:/opt/rustwide/target:rw,Z" "-v" "/var/lib/crater-agent-workspace/builds/worker-1-tc1/source:/opt/rustwide/workdir:ro,Z" "-v" "/var/lib/crater-agent-workspace/cargo-home:/opt/rustwide/cargo-home:ro,Z" "-v" "/var/lib/crater-agent-workspace/rustup-home:/opt/rustwide/rustup-home:ro,Z" "-e" "SOURCE_DIR=/opt/rustwide/workdir" "-e" "CARGO_TARGET_DIR=/opt/rustwide/target" "-e" "CARGO_HOME=/opt/rustwide/cargo-home" "-e" "RUSTUP_HOME=/opt/rustwide/rustup-home" "-w" "/opt/rustwide/workdir" "-m" "1610612736" "--user" "0:0" "--network" "none" "ghcr.io/rust-lang/crates-build-env/linux@sha256:f3a9d4ad9d972b27faf3965f35b62e55ba32bbce8f20bc8fe909558a86702fde" "/opt/rustwide/cargo-home/bin/cargo" "+1.83.0" "metadata" "--no-deps" "--format-version=1", kill_on_drop: false }`
[INFO] [stdout] cda4f50f020eb3f994b665dda31a367661becb64b11bdf7f47a6ed79ea05a7ff
[INFO] running `Command { std: "docker" "start" "-a" "cda4f50f020eb3f994b665dda31a367661becb64b11bdf7f47a6ed79ea05a7ff", kill_on_drop: false }`
[INFO] running `Command { std: "docker" "inspect" "cda4f50f020eb3f994b665dda31a367661becb64b11bdf7f47a6ed79ea05a7ff", kill_on_drop: false }`
[INFO] running `Command { std: "docker" "rm" "-f" "cda4f50f020eb3f994b665dda31a367661becb64b11bdf7f47a6ed79ea05a7ff", kill_on_drop: false }`
[INFO] [stdout] cda4f50f020eb3f994b665dda31a367661becb64b11bdf7f47a6ed79ea05a7ff
[INFO] running `Command { std: "docker" "create" "-v" "/var/lib/crater-agent-workspace/builds/worker-1-tc1/target:/opt/rustwide/target:rw,Z" "-v" "/var/lib/crater-agent-workspace/builds/worker-1-tc1/source:/opt/rustwide/workdir:ro,Z" "-v" "/var/lib/crater-agent-workspace/cargo-home:/opt/rustwide/cargo-home:ro,Z" "-v" "/var/lib/crater-agent-workspace/rustup-home:/opt/rustwide/rustup-home:ro,Z" "-e" "SOURCE_DIR=/opt/rustwide/workdir" "-e" "CARGO_TARGET_DIR=/opt/rustwide/target" "-e" "CARGO_INCREMENTAL=0" "-e" "RUST_BACKTRACE=full" "-e" "RUSTFLAGS=--cap-lints=warn" "-e" "RUSTDOCFLAGS=--cap-lints=warn" "-e" "CARGO_HOME=/opt/rustwide/cargo-home" "-e" "RUSTUP_HOME=/opt/rustwide/rustup-home" "-w" "/opt/rustwide/workdir" "-m" "1610612736" "--user" "0:0" "--network" "none" "ghcr.io/rust-lang/crates-build-env/linux@sha256:f3a9d4ad9d972b27faf3965f35b62e55ba32bbce8f20bc8fe909558a86702fde" "/opt/rustwide/cargo-home/bin/cargo" "+1.83.0" "build" "--frozen" "--message-format=json", kill_on_drop: false }`
[INFO] [stdout] f8818a47697e4329cfea21808abf2d4e7c81a050f85835344b6a7568a5657fb7
[INFO] running `Command { std: "docker" "start" "-a" "f8818a47697e4329cfea21808abf2d4e7c81a050f85835344b6a7568a5657fb7", kill_on_drop: false }`
[INFO] [stderr]    Compiling proc-macro2 v1.0.84
[INFO] [stderr]    Compiling unicode-ident v1.0.12
[INFO] [stderr]    Compiling libc v0.2.155
[INFO] [stderr]    Compiling autocfg v1.3.0
[INFO] [stderr]    Compiling bytes v1.6.0
[INFO] [stderr]    Compiling pin-project-lite v0.2.14
[INFO] [stderr]    Compiling cfg-if v1.0.0
[INFO] [stderr]    Compiling either v1.12.0
[INFO] [stderr]    Compiling anyhow v1.0.86
[INFO] [stderr]    Compiling once_cell v1.19.0
[INFO] [stderr]    Compiling futures-core v0.3.30
[INFO] [stderr]    Compiling equivalent v1.0.1
[INFO] [stderr]    Compiling itertools v0.12.1
[INFO] [stderr]    Compiling hashbrown v0.14.5
[INFO] [stderr]    Compiling rustversion v1.0.17
[INFO] [stderr]    Compiling slab v0.4.9
[INFO] [stderr]    Compiling pin-utils v0.1.0
[INFO] [stderr]    Compiling itoa v1.0.11
[INFO] [stderr]    Compiling futures-task v0.3.30
[INFO] [stderr]    Compiling fnv v1.0.7
[INFO] [stderr]    Compiling http v0.2.12
[INFO] [stderr]    Compiling futures-util v0.3.30
[INFO] [stderr]    Compiling quote v1.0.36
[INFO] [stderr]    Compiling indexmap v2.2.6
[INFO] [stderr]    Compiling syn v2.0.66
[INFO] [stderr]    Compiling mio v0.8.11
[INFO] [stderr]    Compiling socket2 v0.5.7
[INFO] [stderr]    Compiling tracing-core v0.1.32
[INFO] [stderr]    Compiling rustix v0.38.34
[INFO] [stderr]    Compiling tokio v1.37.0
[INFO] [stderr]    Compiling futures-sink v0.3.30
[INFO] [stderr]    Compiling getrandom v0.2.15
[INFO] [stderr]    Compiling bitflags v2.5.0
[INFO] [stderr]    Compiling serde v1.0.203
[INFO] [stderr]    Compiling httparse v1.8.0
[INFO] [stderr]    Compiling prettyplease v0.2.20
[INFO] [stderr]    Compiling tower-service v0.3.2
[INFO] [stderr]    Compiling regex-syntax v0.8.3
[INFO] [stderr]    Compiling linux-raw-sys v0.4.14
[INFO] [stderr]    Compiling rand_core v0.6.4
[INFO] [stderr]    Compiling http-body v0.4.6
[INFO] [stderr]    Compiling indexmap v1.9.3
[INFO] [stderr]    Compiling fixedbitset v0.4.2
[INFO] [stderr]    Compiling fastrand v2.1.0
[INFO] [stderr]    Compiling try-lock v0.2.5
[INFO] [stderr]    Compiling ppv-lite86 v0.2.17
[INFO] [stderr]    Compiling want v0.3.1
[INFO] [stderr]    Compiling petgraph v0.6.5
[INFO] [stderr]    Compiling axum-core v0.3.4
[INFO] [stderr]    Compiling rand_chacha v0.3.1
[INFO] [stderr]    Compiling num-traits v0.2.19
[INFO] [stderr]    Compiling itertools v0.11.0
[INFO] [stderr]    Compiling futures-channel v0.3.30
[INFO] [stderr]    Compiling httpdate v1.0.3
[INFO] [stderr]    Compiling regex-automata v0.4.6
[INFO] [stderr]    Compiling tower-layer v0.3.2
[INFO] [stderr]    Compiling heck v0.5.0
[INFO] [stderr]    Compiling log v0.4.21
[INFO] [stderr]    Compiling thiserror v1.0.61
[INFO] [stderr]    Compiling hashbrown v0.12.3
[INFO] [stderr]    Compiling multimap v0.10.0
[INFO] [stderr]    Compiling heck v0.4.1
[INFO] [stderr]    Compiling tempfile v3.10.1
[INFO] [stderr]    Compiling rand v0.8.5
[INFO] [stderr]    Compiling axum v0.6.20
[INFO] [stderr]    Compiling base64 v0.21.7
[INFO] [stderr]    Compiling mime v0.3.17
[INFO] [stderr]    Compiling adler v1.0.2
[INFO] [stderr]    Compiling tokio-util v0.7.11
[INFO] [stderr]    Compiling miniz_oxide v0.7.3
[INFO] [stderr]    Compiling tokio-io-timeout v1.2.0
[INFO] [stderr]    Compiling crc32fast v1.4.2
[INFO] [stderr]    Compiling regex v1.10.4
[INFO] [stderr]    Compiling percent-encoding v2.3.1
[INFO] [stderr]    Compiling sync_wrapper v0.1.2
[INFO] [stderr]    Compiling protobuf v3.4.0
[INFO] [stderr]    Compiling bitflags v1.3.2
[INFO] [stderr]    Compiling memchr v2.7.2
[INFO] [stderr]    Compiling matchit v0.7.3
[INFO] [stderr]    Compiling chrono v0.4.38
[INFO] [stderr]    Compiling flate2 v1.0.30
[INFO] [stderr]    Compiling tokio-stream v0.1.15
[INFO] [stderr]    Compiling prost-derive v0.12.6
[INFO] [stderr]    Compiling tracing-attributes v0.1.27
[INFO] [stderr]    Compiling serde_derive v1.0.203
[INFO] [stderr]    Compiling pin-project-internal v1.1.5
[INFO] [stderr]    Compiling thiserror-impl v1.0.61
[INFO] [stderr]    Compiling async-trait v0.1.80
[INFO] [stderr]    Compiling async-stream-impl v0.3.5
[INFO] [stderr]    Compiling async-stream v0.3.5
[INFO] [stderr]    Compiling pin-project v1.1.5
[INFO] [stderr]    Compiling prost v0.12.6
[INFO] [stderr]    Compiling protobuf-support v3.4.0
[INFO] [stderr]    Compiling prost-types v0.12.6
[INFO] [stderr]    Compiling tracing v0.1.40
[INFO] [stderr]    Compiling h2 v0.3.26
[INFO] [stderr]    Compiling tower v0.4.13
[INFO] [stderr]    Compiling pbjson-build v0.6.2
[INFO] [stderr]    Compiling prost-build v0.12.6
[INFO] [stderr]    Compiling pbjson-types v0.6.0
[INFO] [stderr]    Compiling hyper v0.14.28
[INFO] [stderr]    Compiling pbjson v0.6.0
[INFO] [stderr]    Compiling hyper-timeout v0.4.1
[INFO] [stderr]    Compiling tonic v0.11.0
[INFO] [stderr]    Compiling envoy-api-rs v0.1.0 (/opt/rustwide/workdir)
[INFO] [stderr]     Finished `dev` profile [unoptimized + debuginfo] target(s) in 1m 56s
[INFO] running `Command { std: "docker" "inspect" "f8818a47697e4329cfea21808abf2d4e7c81a050f85835344b6a7568a5657fb7", kill_on_drop: false }`
[INFO] running `Command { std: "docker" "rm" "-f" "f8818a47697e4329cfea21808abf2d4e7c81a050f85835344b6a7568a5657fb7", kill_on_drop: false }`
[INFO] [stdout] f8818a47697e4329cfea21808abf2d4e7c81a050f85835344b6a7568a5657fb7
[INFO] running `Command { std: "docker" "create" "-v" "/var/lib/crater-agent-workspace/builds/worker-1-tc1/target:/opt/rustwide/target:rw,Z" "-v" "/var/lib/crater-agent-workspace/builds/worker-1-tc1/source:/opt/rustwide/workdir:ro,Z" "-v" "/var/lib/crater-agent-workspace/cargo-home:/opt/rustwide/cargo-home:ro,Z" "-v" "/var/lib/crater-agent-workspace/rustup-home:/opt/rustwide/rustup-home:ro,Z" "-e" "SOURCE_DIR=/opt/rustwide/workdir" "-e" "CARGO_TARGET_DIR=/opt/rustwide/target" "-e" "CARGO_INCREMENTAL=0" "-e" "RUST_BACKTRACE=full" "-e" "RUSTFLAGS=--cap-lints=warn" "-e" "RUSTDOCFLAGS=--cap-lints=warn" "-e" "CARGO_HOME=/opt/rustwide/cargo-home" "-e" "RUSTUP_HOME=/opt/rustwide/rustup-home" "-w" "/opt/rustwide/workdir" "-m" "1610612736" "--user" "0:0" "--network" "none" "ghcr.io/rust-lang/crates-build-env/linux@sha256:f3a9d4ad9d972b27faf3965f35b62e55ba32bbce8f20bc8fe909558a86702fde" "/opt/rustwide/cargo-home/bin/cargo" "+1.83.0" "test" "--frozen" "--no-run" "--message-format=json", kill_on_drop: false }`
[INFO] [stdout] 0311d675703aaa2ff30bbc3eba8ad3b0fa747f1b09df4b38fb5899cc077c2f32
[INFO] running `Command { std: "docker" "start" "-a" "0311d675703aaa2ff30bbc3eba8ad3b0fa747f1b09df4b38fb5899cc077c2f32", kill_on_drop: false }`
[INFO] [stderr]    Compiling envoy-api-rs v0.1.0 (/opt/rustwide/workdir)
[INFO] [stderr]     Finished `test` profile [unoptimized + debuginfo] target(s) in 5.44s
[INFO] running `Command { std: "docker" "inspect" "0311d675703aaa2ff30bbc3eba8ad3b0fa747f1b09df4b38fb5899cc077c2f32", kill_on_drop: false }`
[INFO] running `Command { std: "docker" "rm" "-f" "0311d675703aaa2ff30bbc3eba8ad3b0fa747f1b09df4b38fb5899cc077c2f32", kill_on_drop: false }`
[INFO] [stdout] 0311d675703aaa2ff30bbc3eba8ad3b0fa747f1b09df4b38fb5899cc077c2f32
[INFO] running `Command { std: "docker" "create" "-v" "/var/lib/crater-agent-workspace/builds/worker-1-tc1/target:/opt/rustwide/target:rw,Z" "-v" "/var/lib/crater-agent-workspace/builds/worker-1-tc1/source:/opt/rustwide/workdir:ro,Z" "-v" "/var/lib/crater-agent-workspace/cargo-home:/opt/rustwide/cargo-home:ro,Z" "-v" "/var/lib/crater-agent-workspace/rustup-home:/opt/rustwide/rustup-home:ro,Z" "-e" "SOURCE_DIR=/opt/rustwide/workdir" "-e" "CARGO_TARGET_DIR=/opt/rustwide/target" "-e" "CARGO_INCREMENTAL=0" "-e" "RUST_BACKTRACE=full" "-e" "RUSTFLAGS=--cap-lints=warn" "-e" "RUSTDOCFLAGS=--cap-lints=warn" "-e" "CARGO_HOME=/opt/rustwide/cargo-home" "-e" "RUSTUP_HOME=/opt/rustwide/rustup-home" "-w" "/opt/rustwide/workdir" "-m" "1610612736" "--user" "0:0" "--network" "none" "ghcr.io/rust-lang/crates-build-env/linux@sha256:f3a9d4ad9d972b27faf3965f35b62e55ba32bbce8f20bc8fe909558a86702fde" "/opt/rustwide/cargo-home/bin/cargo" "+1.83.0" "test" "--frozen", kill_on_drop: false }`
[INFO] [stdout] 2cb7a6cdea1bf755f8ad524289372edd74413403e4b6354a6424034112f2c26d
[INFO] running `Command { std: "docker" "start" "-a" "2cb7a6cdea1bf755f8ad524289372edd74413403e4b6354a6424034112f2c26d", kill_on_drop: false }`
[INFO] [stderr]     Finished `test` profile [unoptimized + debuginfo] target(s) in 0.16s
[INFO] [stderr]      Running unittests src/lib.rs (/opt/rustwide/target/debug/deps/envoy_api_rs-b2ae1f4bd024583a)
[INFO] [stdout] 
[INFO] [stdout] running 0 tests
[INFO] [stdout] 
[INFO] [stdout] test result: ok. 0 passed; 0 failed; 0 ignored; 0 measured; 0 filtered out; finished in 0.00s
[INFO] [stdout] 
[INFO] [stderr]    Doc-tests envoy_api_rs
[INFO] [stdout] 
[INFO] [stdout] running 18 tests
[INFO] [stdout] test src/envoy/envoy.config.core.v3.rs - envoy::config::core::v3::grpc_service::GoogleGrpc::stat_prefix (line 1168) ... FAILED
[INFO] [stdout] test src/envoy/envoy.config.core.v3.rs - envoy::config::core::v3::HttpUri::uri (line 372) ... FAILED
[INFO] [stdout] test src/envoy/envoy.type.matcher.rs - envoy::r#type::matcher::StructMatcher (line 379) ... FAILED
[INFO] [stdout] test src/envoy/envoy.type.matcher.rs - envoy::r#type::matcher::StructMatcher (line 346) ... FAILED
[INFO] [stdout] test src/envoy/envoy.config.core.v3.rs - envoy::config::core::v3::HttpService::http_uri (line 2288) ... FAILED
[INFO] [stdout] test src/envoy/envoy.type.matcher.v3.rs - envoy::r#type::matcher::v3::StructMatcher (line 450) ... FAILED
[INFO] [stdout] test src/envoy/envoy.type.matcher.rs - envoy::r#type::matcher::StructMatcher (line 366) ... FAILED
[INFO] [stdout] test src/envoy/envoy.type.matcher.v3.rs - envoy::r#type::matcher::v3::StructMatcher (line 470) ... FAILED
[INFO] [stdout] test src/envoy/envoy.config.core.v3.rs - envoy::config::core::v3::http_uri::HttpUpstreamType::Cluster (line 402) ... FAILED
[INFO] [stdout] test src/envoy/envoy.type.metadata.v2.rs - envoy::r#type::metadata::v2::MetadataKey (line 23) ... FAILED
[INFO] [stdout] test src/envoy/envoy.type.metadata.v3.rs - envoy::r#type::metadata::v3::MetadataKey (line 23) ... FAILED
[INFO] [stdout] test src/envoy/envoy.type.metadata.v2.rs - envoy::r#type::metadata::v2::MetadataKey (line 12) ... FAILED
[INFO] [stdout] test src/google/google.rpc.context.rs - google::rpc::context::attribute_context::Auth::claims (line 150) ... FAILED
[INFO] [stdout] test src/google/google.rpc.rs - google::rpc::ErrorInfo (line 206) ... FAILED
[INFO] [stdout] test src/google/google.rpc.rs - google::rpc::ErrorInfo (line 219) ... FAILED
[INFO] [stdout] test src/google/google.rpc.rs - google::rpc::bad_request::FieldViolation::field (line 383) ... FAILED
[INFO] [stdout] test src/envoy/envoy.type.matcher.v3.rs - envoy::r#type::matcher::v3::StructMatcher (line 483) ... FAILED
[INFO] [stdout] test src/envoy/envoy.type.metadata.v3.rs - envoy::r#type::metadata::v3::MetadataKey (line 12) ... FAILED
[INFO] [stdout] 
[INFO] [stdout] failures:
[INFO] [stdout] 
[INFO] [stdout] ---- src/envoy/envoy.config.core.v3.rs - envoy::config::core::v3::grpc_service::GoogleGrpc::stat_prefix (line 1168) stdout ----
[INFO] [stdout] error: expected one of `!`, `.`, `::`, `;`, `?`, `{`, `}`, or an operator, found `,`
[INFO] [stdout]  --> src/envoy/envoy.config.core.v3.rs:1169:14
[INFO] [stdout]   |
[INFO] [stdout] 3 | streams_total, Counter, Total number of streams opened
[INFO] [stdout]   |              ^ expected one of 8 possible tokens
[INFO] [stdout] 
[INFO] [stdout] error: aborting due to 1 previous error
[INFO] [stdout] 
[INFO] [stdout] Couldn't compile the test.
[INFO] [stdout] ---- src/envoy/envoy.config.core.v3.rs - envoy::config::core::v3::HttpUri::uri (line 372) stdout ----
[INFO] [stdout] error: expected one of `!`, `.`, `::`, `;`, `?`, `{`, `}`, or an operator, found `:`
[INFO] [stdout]  --> src/envoy/envoy.config.core.v3.rs:373:4
[INFO] [stdout]   |
[INFO] [stdout] 3 | uri: <https://www.googleapis.com/oauth2/v1/certs>
[INFO] [stdout]   |    ^ expected one of 8 possible tokens
[INFO] [stdout] 
[INFO] [stdout] error: aborting due to 1 previous error
[INFO] [stdout] 
[INFO] [stdout] Couldn't compile the test.
[INFO] [stdout] ---- src/envoy/envoy.type.matcher.rs - envoy::r#type::matcher::StructMatcher (line 379) stdout ----
[INFO] [stdout] error: statements are terminated with a semicolon
[INFO] [stdout]  --> src/envoy/envoy.type.matcher.rs:380:5
[INFO] [stdout]   |
[INFO] [stdout] 3 | path:
[INFO] [stdout]   |     ^
[INFO] [stdout]   |
[INFO] [stdout] help: use a semicolon instead
[INFO] [stdout]   |
[INFO] [stdout] 3 | path;
[INFO] [stdout]   |     ~
[INFO] [stdout] 
[INFO] [stdout] error: expected identifier, found `:`
[INFO] [stdout]  --> src/envoy/envoy.type.matcher.rs:381:6
[INFO] [stdout]   |
[INFO] [stdout] 4 | - key: a
[INFO] [stdout]   |      ^ expected identifier
[INFO] [stdout] 
[INFO] [stdout] error: aborting due to 2 previous errors
[INFO] [stdout] 
[INFO] [stdout] Couldn't compile the test.
[INFO] [stdout] ---- src/envoy/envoy.type.matcher.rs - envoy::r#type::matcher::StructMatcher (line 346) stdout ----
[INFO] [stdout] error: expected identifier, found `:`
[INFO] [stdout]  --> src/envoy/envoy.type.matcher.rs:347:7
[INFO] [stdout]   |
[INFO] [stdout] 3 | fields:
[INFO] [stdout]   |       ^ expected identifier
[INFO] [stdout] 
[INFO] [stdout] error: aborting due to 1 previous error
[INFO] [stdout] 
[INFO] [stdout] Couldn't compile the test.
[INFO] [stdout] ---- src/envoy/envoy.config.core.v3.rs - envoy::config::core::v3::HttpService::http_uri (line 2288) stdout ----
[INFO] [stdout] error: expected identifier, found `:`
[INFO] [stdout]  --> src/envoy/envoy.config.core.v3.rs:2289:9
[INFO] [stdout]   |
[INFO] [stdout] 3 | http_uri:
[INFO] [stdout]   |         ^ expected identifier
[INFO] [stdout] 
[INFO] [stdout] error: aborting due to 1 previous error
[INFO] [stdout] 
[INFO] [stdout] Couldn't compile the test.
[INFO] [stdout] ---- src/envoy/envoy.type.matcher.v3.rs - envoy::r#type::matcher::v3::StructMatcher (line 450) stdout ----
[INFO] [stdout] error: expected identifier, found `:`
[INFO] [stdout]  --> src/envoy/envoy.type.matcher.v3.rs:451:7
[INFO] [stdout]   |
[INFO] [stdout] 3 | fields:
[INFO] [stdout]   |       ^ expected identifier
[INFO] [stdout] 
[INFO] [stdout] error: aborting due to 1 previous error
[INFO] [stdout] 
[INFO] [stdout] Couldn't compile the test.
[INFO] [stdout] ---- src/envoy/envoy.type.matcher.rs - envoy::r#type::matcher::StructMatcher (line 366) stdout ----
[INFO] [stdout] error: statements are terminated with a semicolon
[INFO] [stdout]  --> src/envoy/envoy.type.matcher.rs:367:5
[INFO] [stdout]   |
[INFO] [stdout] 3 | path:
[INFO] [stdout]   |     ^
[INFO] [stdout]   |
[INFO] [stdout] help: use a semicolon instead
[INFO] [stdout]   |
[INFO] [stdout] 3 | path;
[INFO] [stdout]   |     ~
[INFO] [stdout] 
[INFO] [stdout] error: expected identifier, found `:`
[INFO] [stdout]  --> src/envoy/envoy.type.matcher.rs:368:6
[INFO] [stdout]   |
[INFO] [stdout] 4 | - key: a
[INFO] [stdout]   |      ^ expected identifier
[INFO] [stdout] 
[INFO] [stdout] error: aborting due to 2 previous errors
[INFO] [stdout] 
[INFO] [stdout] Couldn't compile the test.
[INFO] [stdout] ---- src/envoy/envoy.type.matcher.v3.rs - envoy::r#type::matcher::v3::StructMatcher (line 470) stdout ----
[INFO] [stdout] error: statements are terminated with a semicolon
[INFO] [stdout]  --> src/envoy/envoy.type.matcher.v3.rs:471:5
[INFO] [stdout]   |
[INFO] [stdout] 3 | path:
[INFO] [stdout]   |     ^
[INFO] [stdout]   |
[INFO] [stdout] help: use a semicolon instead
[INFO] [stdout]   |
[INFO] [stdout] 3 | path;
[INFO] [stdout]   |     ~
[INFO] [stdout] 
[INFO] [stdout] error: expected identifier, found `:`
[INFO] [stdout]  --> src/envoy/envoy.type.matcher.v3.rs:472:6
[INFO] [stdout]   |
[INFO] [stdout] 4 | - key: a
[INFO] [stdout]   |      ^ expected identifier
[INFO] [stdout] 
[INFO] [stdout] error: aborting due to 2 previous errors
[INFO] [stdout] 
[INFO] [stdout] Couldn't compile the test.
[INFO] [stdout] ---- src/envoy/envoy.config.core.v3.rs - envoy::config::core::v3::http_uri::HttpUpstreamType::Cluster (line 402) stdout ----
[INFO] [stdout] error: struct literal body without path
[INFO] [stdout]  --> src/envoy/envoy.config.core.v3.rs:402:97
[INFO] [stdout]   |
[INFO] [stdout] 2 |   fn main() { #[allow(non_snake_case)] fn _doctest_main_src_envoy_envoy_config_core_v3_rs_402_0() {
[INFO] [stdout]   |  _________________________________________________________________________________________________^
[INFO] [stdout] 3 | | cluster: jwks_cluster
[INFO] [stdout] 4 | | } _doctest_main_src_envoy_envoy_config_core_v3_rs_402_0() }
[INFO] [stdout]   | |_^
[INFO] [stdout]   |
[INFO] [stdout] help: you might have forgotten to add the struct literal inside the block
[INFO] [stdout]   |
[INFO] [stdout] 2 ~ fn main() { #[allow(non_snake_case)] fn _doctest_main_src_envoy_envoy_config_core_v3_rs_402_0() { SomeStruct {
[INFO] [stdout] 3 | cluster: jwks_cluster
[INFO] [stdout] 4 ~ } } _doctest_main_src_envoy_envoy_config_core_v3_rs_402_0() }
[INFO] [stdout]   |
[INFO] [stdout] 
[INFO] [stdout] error: aborting due to 1 previous error
[INFO] [stdout] 
[INFO] [stdout] Couldn't compile the test.
[INFO] [stdout] ---- src/envoy/envoy.type.metadata.v2.rs - envoy::r#type::metadata::v2::MetadataKey (line 23) stdout ----
[INFO] [stdout] error: expected identifier, found `:`
[INFO] [stdout]  --> src/envoy/envoy.type.metadata.v2.rs:24:4
[INFO] [stdout]   |
[INFO] [stdout] 3 | key: envoy.xxx
[INFO] [stdout]   |    ^ expected identifier
[INFO] [stdout] 
[INFO] [stdout] error: aborting due to 1 previous error
[INFO] [stdout] 
[INFO] [stdout] Couldn't compile the test.
[INFO] [stdout] ---- src/envoy/envoy.type.metadata.v3.rs - envoy::r#type::metadata::v3::MetadataKey (line 23) stdout ----
[INFO] [stdout] error: expected identifier, found `:`
[INFO] [stdout]  --> src/envoy/envoy.type.metadata.v3.rs:24:4
[INFO] [stdout]   |
[INFO] [stdout] 3 | key: envoy.xxx
[INFO] [stdout]   |    ^ expected identifier
[INFO] [stdout] 
[INFO] [stdout] error: aborting due to 1 previous error
[INFO] [stdout] 
[INFO] [stdout] Couldn't compile the test.
[INFO] [stdout] ---- src/envoy/envoy.type.metadata.v2.rs - envoy::r#type::metadata::v2::MetadataKey (line 12) stdout ----
[INFO] [stdout] error: expected identifier, found `:`
[INFO] [stdout]  --> src/envoy/envoy.type.metadata.v2.rs:13:16
[INFO] [stdout]   |
[INFO] [stdout] 3 | filter_metadata:
[INFO] [stdout]   |                ^ expected identifier
[INFO] [stdout] 
[INFO] [stdout] error: aborting due to 1 previous error
[INFO] [stdout] 
[INFO] [stdout] Couldn't compile the test.
[INFO] [stdout] ---- src/google/google.rpc.context.rs - google::rpc::context::attribute_context::Auth::claims (line 150) stdout ----
[INFO] [stdout] error: character literal may only contain one codepoint
[INFO] [stdout]  --> src/google/google.rpc.context.rs:151:2
[INFO] [stdout]   |
[INFO] [stdout] 1 | {'iss': 'accounts.google.com',
[INFO] [stdout]   |  ^^^^^
[INFO] [stdout]   |
[INFO] [stdout] help: if you meant to write a string literal, use double quotes
[INFO] [stdout]   |
[INFO] [stdout] 1 | {"iss": 'accounts.google.com',
[INFO] [stdout]   |  ~   ~
[INFO] [stdout] 
[INFO] [stdout] error: prefix `com` is unknown
[INFO] [stdout]  --> src/google/google.rpc.context.rs:151:26
[INFO] [stdout]   |
[INFO] [stdout] 1 | {'iss': 'accounts.google.com',
[INFO] [stdout]   |                          ^^^ unknown prefix
[INFO] [stdout]   |
[INFO] [stdout]   = note: prefixed identifiers and literals are reserved since Rust 2021
[INFO] [stdout] help: if you meant to write a string literal, use double quotes
[INFO] [stdout]   |
[INFO] [stdout] 1 | {'iss': "accounts.google.com",
[INFO] [stdout]   |         ~                   ~
[INFO] [stdout] 
[INFO] [stdout] error[E0762]: unterminated character literal
[INFO] [stdout]  --> src/google/google.rpc.context.rs:151:29
[INFO] [stdout]   |
[INFO] [stdout] 1 | {'iss': 'accounts.google.com',
[INFO] [stdout]   |                             ^^
[INFO] [stdout]   |
[INFO] [stdout] help: if you meant to write a string literal, use double quotes
[INFO] [stdout]   |
[INFO] [stdout] 1 | {'iss': "accounts.google.com",
[INFO] [stdout]   |         ~                   ~
[INFO] [stdout] 
[INFO] [stdout] error: aborting due to 3 previous errors
[INFO] [stdout] 
[INFO] [stdout] For more information about this error, try `rustc --explain E0762`.
[INFO] [stdout] Couldn't compile the test.
[INFO] [stdout] ---- src/google/google.rpc.rs - google::rpc::ErrorInfo (line 206) stdout ----
[INFO] [stdout] error: expected one of `.`, `;`, `?`, `}`, or an operator, found `:`
[INFO] [stdout]  --> src/google/google.rpc.rs:207:11
[INFO] [stdout]   |
[INFO] [stdout] 3 | { "reason": "API_DISABLED"
[INFO] [stdout]   |           ^ expected one of `.`, `;`, `?`, `}`, or an operator
[INFO] [stdout] 
[INFO] [stdout] error: aborting due to 1 previous error
[INFO] [stdout] 
[INFO] [stdout] Couldn't compile the test.
[INFO] [stdout] ---- src/google/google.rpc.rs - google::rpc::ErrorInfo (line 219) stdout ----
[INFO] [stdout] error: expected one of `.`, `;`, `?`, `}`, or an operator, found `:`
[INFO] [stdout]  --> src/google/google.rpc.rs:220:11
[INFO] [stdout]   |
[INFO] [stdout] 3 | { "reason": "STOCKOUT"
[INFO] [stdout]   |           ^ expected one of `.`, `;`, `?`, `}`, or an operator
[INFO] [stdout] 
[INFO] [stdout] error: aborting due to 1 previous error
[INFO] [stdout] 
[INFO] [stdout] Couldn't compile the test.
[INFO] [stdout] ---- src/google/google.rpc.rs - google::rpc::bad_request::FieldViolation::field (line 383) stdout ----
[INFO] [stdout] error: expected one of `!`, `.`, `::`, `;`, `?`, `{`, `}`, or an operator, found `CreateContactRequest`
[INFO] [stdout]  --> src/google/google.rpc.rs:384:9
[INFO] [stdout]   |
[INFO] [stdout] 3 | message CreateContactRequest {
[INFO] [stdout]   |         ^^^^^^^^^^^^^^^^^^^^ expected one of 8 possible tokens
[INFO] [stdout] 
[INFO] [stdout] error: aborting due to 1 previous error
[INFO] [stdout] 
[INFO] [stdout] Couldn't compile the test.
[INFO] [stdout] ---- src/envoy/envoy.type.matcher.v3.rs - envoy::r#type::matcher::v3::StructMatcher (line 483) stdout ----
[INFO] [stdout] error: statements are terminated with a semicolon
[INFO] [stdout]  --> src/envoy/envoy.type.matcher.v3.rs:484:5
[INFO] [stdout]   |
[INFO] [stdout] 3 | path:
[INFO] [stdout]   |     ^
[INFO] [stdout]   |
[INFO] [stdout] help: use a semicolon instead
[INFO] [stdout]   |
[INFO] [stdout] 3 | path;
[INFO] [stdout]   |     ~
[INFO] [stdout] 
[INFO] [stdout] error: expected identifier, found `:`
[INFO] [stdout]  --> src/envoy/envoy.type.matcher.v3.rs:485:6
[INFO] [stdout]   |
[INFO] [stdout] 4 | - key: a
[INFO] [stdout]   |      ^ expected identifier
[INFO] [stdout] 
[INFO] [stdout] error: aborting due to 2 previous errors
[INFO] [stdout] 
[INFO] [stdout] Couldn't compile the test.
[INFO] [stdout] ---- src/envoy/envoy.type.metadata.v3.rs - envoy::r#type::metadata::v3::MetadataKey (line 12) stdout ----
[INFO] [stdout] error: expected identifier, found `:`
[INFO] [stdout]  --> src/envoy/envoy.type.metadata.v3.rs:13:16
[INFO] [stdout]   |
[INFO] [stdout] 3 | filter_metadata:
[INFO] [stdout]   |                ^ expected identifier
[INFO] [stdout] 
[INFO] [stdout] error: aborting due to 1 previous error
[INFO] [stdout] 
[INFO] [stdout] Couldn't compile the test.
[INFO] [stdout] 
[INFO] [stdout] failures:
[INFO] [stdout]     src/envoy/envoy.config.core.v3.rs - envoy::config::core::v3::HttpService::http_uri (line 2288)
[INFO] [stdout]     src/envoy/envoy.config.core.v3.rs - envoy::config::core::v3::HttpUri::uri (line 372)
[INFO] [stdout]     src/envoy/envoy.config.core.v3.rs - envoy::config::core::v3::grpc_service::GoogleGrpc::stat_prefix (line 1168)
[INFO] [stdout]     src/envoy/envoy.config.core.v3.rs - envoy::config::core::v3::http_uri::HttpUpstreamType::Cluster (line 402)
[INFO] [stdout]     src/envoy/envoy.type.matcher.rs - envoy::r#type::matcher::StructMatcher (line 346)
[INFO] [stdout]     src/envoy/envoy.type.matcher.rs - envoy::r#type::matcher::StructMatcher (line 366)
[INFO] [stdout]     src/envoy/envoy.type.matcher.rs - envoy::r#type::matcher::StructMatcher (line 379)
[INFO] [stdout]     src/envoy/envoy.type.matcher.v3.rs - envoy::r#type::matcher::v3::StructMatcher (line 450)
[INFO] [stdout]     src/envoy/envoy.type.matcher.v3.rs - envoy::r#type::matcher::v3::StructMatcher (line 470)
[INFO] [stdout]     src/envoy/envoy.type.matcher.v3.rs - envoy::r#type::matcher::v3::StructMatcher (line 483)
[INFO] [stdout]     src/envoy/envoy.type.metadata.v2.rs - envoy::r#type::metadata::v2::MetadataKey (line 12)
[INFO] [stdout]     src/envoy/envoy.type.metadata.v2.rs - envoy::r#type::metadata::v2::MetadataKey (line 23)
[INFO] [stdout]     src/envoy/envoy.type.metadata.v3.rs - envoy::r#type::metadata::v3::MetadataKey (line 12)
[INFO] [stdout]     src/envoy/envoy.type.metadata.v3.rs - envoy::r#type::metadata::v3::MetadataKey (line 23)
[INFO] [stdout]     src/google/google.rpc.context.rs - google::rpc::context::attribute_context::Auth::claims (line 150)
[INFO] [stdout]     src/google/google.rpc.rs - google::rpc::ErrorInfo (line 206)
[INFO] [stdout]     src/google/google.rpc.rs - google::rpc::ErrorInfo (line 219)
[INFO] [stdout]     src/google/google.rpc.rs - google::rpc::bad_request::FieldViolation::field (line 383)
[INFO] [stdout] 
[INFO] [stdout] test result: FAILED. 0 passed; 18 failed; 0 ignored; 0 measured; 0 filtered out; finished in 0.57s
[INFO] [stdout] 
[INFO] [stderr] error: doctest failed, to rerun pass `--doc`
[INFO] running `Command { std: "docker" "inspect" "2cb7a6cdea1bf755f8ad524289372edd74413403e4b6354a6424034112f2c26d", kill_on_drop: false }`
[INFO] running `Command { std: "docker" "rm" "-f" "2cb7a6cdea1bf755f8ad524289372edd74413403e4b6354a6424034112f2c26d", kill_on_drop: false }`
[INFO] [stdout] 2cb7a6cdea1bf755f8ad524289372edd74413403e4b6354a6424034112f2c26d
