[INFO] cloning repository https://github.com/nurmohammed840/serde-derive-next
[INFO] running `Command { std: "git" "-c" "credential.helper=" "-c" "credential.helper=/workspace/cargo-home/bin/git-credential-null" "clone" "--bare" "https://github.com/nurmohammed840/serde-derive-next" "/workspace/cache/git-repos/https%3A%2F%2Fgithub.com%2Fnurmohammed840%2Fserde-derive-next", kill_on_drop: false }`
[INFO] [stderr] Cloning into bare repository '/workspace/cache/git-repos/https%3A%2F%2Fgithub.com%2Fnurmohammed840%2Fserde-derive-next'...
[INFO] running `Command { std: "git" "rev-parse" "HEAD", kill_on_drop: false }`
[INFO] [stdout] 04eba26da10d73ad6c15776badb65637ee63749a
[INFO] testing nurmohammed840/serde-derive-next against 1.83.0 for beta-1.84.0-4-retry
[INFO] running `Command { std: "git" "clone" "/workspace/cache/git-repos/https%3A%2F%2Fgithub.com%2Fnurmohammed840%2Fserde-derive-next" "/workspace/builds/worker-6-tc1/source", kill_on_drop: false }`
[INFO] [stderr] Cloning into '/workspace/builds/worker-6-tc1/source'...
[INFO] [stderr] done.
[INFO] validating manifest of git repo https://github.com/nurmohammed840/serde-derive-next on toolchain 1.83.0
[INFO] running `Command { std: CARGO_HOME="/workspace/cargo-home" RUSTUP_HOME="/workspace/rustup-home" "/workspace/cargo-home/bin/cargo" "+1.83.0" "metadata" "--manifest-path" "Cargo.toml" "--no-deps", kill_on_drop: false }`
[INFO] removed /workspace/builds/worker-6-tc1/source/.cargo/config.toml
[INFO] started tweaking git repo https://github.com/nurmohammed840/serde-derive-next
[INFO] finished tweaking git repo https://github.com/nurmohammed840/serde-derive-next
[INFO] tweaked toml for git repo https://github.com/nurmohammed840/serde-derive-next written to /workspace/builds/worker-6-tc1/source/Cargo.toml
[INFO] crate git repo https://github.com/nurmohammed840/serde-derive-next already has a lockfile, it will not be regenerated
[INFO] running `Command { std: CARGO_HOME="/workspace/cargo-home" RUSTUP_HOME="/workspace/rustup-home" "/workspace/cargo-home/bin/cargo" "+1.83.0" "fetch" "--manifest-path" "Cargo.toml", kill_on_drop: false }`
[INFO] [stderr]     Updating crates.io index
[INFO] [stderr]  Downloading crates ...
[INFO] [stderr]   Downloaded quote2 v0.9.0
[INFO] [stderr]   Downloaded quote2-macros v0.9.0
[INFO] running `Command { std: "docker" "create" "-v" "/var/lib/crater-agent-workspace/builds/worker-6-tc1/target:/opt/rustwide/target:rw,Z" "-v" "/var/lib/crater-agent-workspace/builds/worker-6-tc1/source:/opt/rustwide/workdir:ro,Z" "-v" "/var/lib/crater-agent-workspace/cargo-home:/opt/rustwide/cargo-home:ro,Z" "-v" "/var/lib/crater-agent-workspace/rustup-home:/opt/rustwide/rustup-home:ro,Z" "-e" "SOURCE_DIR=/opt/rustwide/workdir" "-e" "CARGO_TARGET_DIR=/opt/rustwide/target" "-e" "CARGO_HOME=/opt/rustwide/cargo-home" "-e" "RUSTUP_HOME=/opt/rustwide/rustup-home" "-w" "/opt/rustwide/workdir" "-m" "1610612736" "--user" "0:0" "--network" "none" "ghcr.io/rust-lang/crates-build-env/linux@sha256:f3a9d4ad9d972b27faf3965f35b62e55ba32bbce8f20bc8fe909558a86702fde" "/opt/rustwide/cargo-home/bin/cargo" "+1.83.0" "metadata" "--no-deps" "--format-version=1", kill_on_drop: false }`
[INFO] [stdout] e7668c698d5fc06624ae27c2237a7b111064c15e117ff5ca2859d817db4769ca
[INFO] running `Command { std: "docker" "start" "-a" "e7668c698d5fc06624ae27c2237a7b111064c15e117ff5ca2859d817db4769ca", kill_on_drop: false }`
[INFO] running `Command { std: "docker" "inspect" "e7668c698d5fc06624ae27c2237a7b111064c15e117ff5ca2859d817db4769ca", kill_on_drop: false }`
[INFO] running `Command { std: "docker" "rm" "-f" "e7668c698d5fc06624ae27c2237a7b111064c15e117ff5ca2859d817db4769ca", kill_on_drop: false }`
[INFO] [stdout] e7668c698d5fc06624ae27c2237a7b111064c15e117ff5ca2859d817db4769ca
[INFO] running `Command { std: "docker" "create" "-v" "/var/lib/crater-agent-workspace/builds/worker-6-tc1/target:/opt/rustwide/target:rw,Z" "-v" "/var/lib/crater-agent-workspace/builds/worker-6-tc1/source:/opt/rustwide/workdir:ro,Z" "-v" "/var/lib/crater-agent-workspace/cargo-home:/opt/rustwide/cargo-home:ro,Z" "-v" "/var/lib/crater-agent-workspace/rustup-home:/opt/rustwide/rustup-home:ro,Z" "-e" "SOURCE_DIR=/opt/rustwide/workdir" "-e" "CARGO_TARGET_DIR=/opt/rustwide/target" "-e" "CARGO_INCREMENTAL=0" "-e" "RUST_BACKTRACE=full" "-e" "RUSTFLAGS=--cap-lints=warn" "-e" "RUSTDOCFLAGS=--cap-lints=warn" "-e" "CARGO_HOME=/opt/rustwide/cargo-home" "-e" "RUSTUP_HOME=/opt/rustwide/rustup-home" "-w" "/opt/rustwide/workdir" "-m" "1610612736" "--user" "0:0" "--network" "none" "ghcr.io/rust-lang/crates-build-env/linux@sha256:f3a9d4ad9d972b27faf3965f35b62e55ba32bbce8f20bc8fe909558a86702fde" "/opt/rustwide/cargo-home/bin/cargo" "+1.83.0" "build" "--frozen" "--message-format=json", kill_on_drop: false }`
[INFO] [stdout] b415f346f16fd1949b296fb60c119d0dfe4323f1f8f02df9460cab238b36a0a2
[INFO] running `Command { std: "docker" "start" "-a" "b415f346f16fd1949b296fb60c119d0dfe4323f1f8f02df9460cab238b36a0a2", kill_on_drop: false }`
[INFO] [stderr]    Compiling proc-macro2 v1.0.86
[INFO] [stderr]    Compiling unicode-ident v1.0.13
[INFO] [stderr]    Compiling serde_derive_impl v1.0.210 (/opt/rustwide/workdir/crates/serde_derive_impl)
[INFO] [stderr]    Compiling serde_derive_next_impl v1.0.210 (/opt/rustwide/workdir/crates/serde_derive_next_impl)
[INFO] [stderr]    Compiling quote2-macros v0.9.0
[INFO] [stderr]    Compiling serde_derive v1.0.210 (/opt/rustwide/workdir/crates/serde_derive)
[INFO] [stderr]    Compiling serde_derive_next v1.0.210 (/opt/rustwide/workdir/crates/serde_derive_next)
[INFO] [stderr]    Compiling serde v1.0.210
[INFO] [stderr]    Compiling quote v1.0.37
[INFO] [stderr]    Compiling syn v2.0.79
[INFO] [stderr]    Compiling quote2 v0.9.0
[INFO] [stderr]    Compiling example v0.1.0 (/opt/rustwide/workdir/example)
[INFO] [stderr]    Compiling bench v0.1.0 (/opt/rustwide/workdir/bench)
[INFO] [stderr]     Finished `dev` profile [optimized + debuginfo] target(s) in 47.41s
[INFO] running `Command { std: "docker" "inspect" "b415f346f16fd1949b296fb60c119d0dfe4323f1f8f02df9460cab238b36a0a2", kill_on_drop: false }`
[INFO] running `Command { std: "docker" "rm" "-f" "b415f346f16fd1949b296fb60c119d0dfe4323f1f8f02df9460cab238b36a0a2", kill_on_drop: false }`
[INFO] [stdout] b415f346f16fd1949b296fb60c119d0dfe4323f1f8f02df9460cab238b36a0a2
[INFO] running `Command { std: "docker" "create" "-v" "/var/lib/crater-agent-workspace/builds/worker-6-tc1/target:/opt/rustwide/target:rw,Z" "-v" "/var/lib/crater-agent-workspace/builds/worker-6-tc1/source:/opt/rustwide/workdir:ro,Z" "-v" "/var/lib/crater-agent-workspace/cargo-home:/opt/rustwide/cargo-home:ro,Z" "-v" "/var/lib/crater-agent-workspace/rustup-home:/opt/rustwide/rustup-home:ro,Z" "-e" "SOURCE_DIR=/opt/rustwide/workdir" "-e" "CARGO_TARGET_DIR=/opt/rustwide/target" "-e" "CARGO_INCREMENTAL=0" "-e" "RUST_BACKTRACE=full" "-e" "RUSTFLAGS=--cap-lints=warn" "-e" "RUSTDOCFLAGS=--cap-lints=warn" "-e" "CARGO_HOME=/opt/rustwide/cargo-home" "-e" "RUSTUP_HOME=/opt/rustwide/rustup-home" "-w" "/opt/rustwide/workdir" "-m" "1610612736" "--user" "0:0" "--network" "none" "ghcr.io/rust-lang/crates-build-env/linux@sha256:f3a9d4ad9d972b27faf3965f35b62e55ba32bbce8f20bc8fe909558a86702fde" "/opt/rustwide/cargo-home/bin/cargo" "+1.83.0" "test" "--frozen" "--no-run" "--message-format=json", kill_on_drop: false }`
[INFO] [stdout] 1ad118228fb663991b66b1173d116a9607763b839afd05d4c2ae1ae7b5588412
[INFO] running `Command { std: "docker" "start" "-a" "1ad118228fb663991b66b1173d116a9607763b839afd05d4c2ae1ae7b5588412", kill_on_drop: false }`
[INFO] [stderr]    Compiling serde_derive_impl v1.0.210 (/opt/rustwide/workdir/crates/serde_derive_impl)
[INFO] [stderr]    Compiling serde_derive_next_impl v1.0.210 (/opt/rustwide/workdir/crates/serde_derive_next_impl)
[INFO] [stderr]    Compiling serde_derive v1.0.210 (/opt/rustwide/workdir/crates/serde_derive)
[INFO] [stderr]    Compiling serde_derive_next v1.0.210 (/opt/rustwide/workdir/crates/serde_derive_next)
[INFO] [stderr]    Compiling bench v0.1.0 (/opt/rustwide/workdir/bench)
[INFO] [stderr]    Compiling example v0.1.0 (/opt/rustwide/workdir/example)
[INFO] [stderr]     Finished `test` profile [optimized + debuginfo] target(s) in 4.10s
[INFO] running `Command { std: "docker" "inspect" "1ad118228fb663991b66b1173d116a9607763b839afd05d4c2ae1ae7b5588412", kill_on_drop: false }`
[INFO] running `Command { std: "docker" "rm" "-f" "1ad118228fb663991b66b1173d116a9607763b839afd05d4c2ae1ae7b5588412", kill_on_drop: false }`
[INFO] [stdout] 1ad118228fb663991b66b1173d116a9607763b839afd05d4c2ae1ae7b5588412
[INFO] running `Command { std: "docker" "create" "-v" "/var/lib/crater-agent-workspace/builds/worker-6-tc1/target:/opt/rustwide/target:rw,Z" "-v" "/var/lib/crater-agent-workspace/builds/worker-6-tc1/source:/opt/rustwide/workdir:ro,Z" "-v" "/var/lib/crater-agent-workspace/cargo-home:/opt/rustwide/cargo-home:ro,Z" "-v" "/var/lib/crater-agent-workspace/rustup-home:/opt/rustwide/rustup-home:ro,Z" "-e" "SOURCE_DIR=/opt/rustwide/workdir" "-e" "CARGO_TARGET_DIR=/opt/rustwide/target" "-e" "CARGO_INCREMENTAL=0" "-e" "RUST_BACKTRACE=full" "-e" "RUSTFLAGS=--cap-lints=warn" "-e" "RUSTDOCFLAGS=--cap-lints=warn" "-e" "CARGO_HOME=/opt/rustwide/cargo-home" "-e" "RUSTUP_HOME=/opt/rustwide/rustup-home" "-w" "/opt/rustwide/workdir" "-m" "1610612736" "--user" "0:0" "--network" "none" "ghcr.io/rust-lang/crates-build-env/linux@sha256:f3a9d4ad9d972b27faf3965f35b62e55ba32bbce8f20bc8fe909558a86702fde" "/opt/rustwide/cargo-home/bin/cargo" "+1.83.0" "test" "--frozen", kill_on_drop: false }`
[INFO] [stdout] 95f76b9e84986555c318cdc83090303db20c4821eedbaa1e7d5b20c0736b89b7
[INFO] running `Command { std: "docker" "start" "-a" "95f76b9e84986555c318cdc83090303db20c4821eedbaa1e7d5b20c0736b89b7", kill_on_drop: false }`
[INFO] [stderr]     Finished `test` profile [optimized + debuginfo] target(s) in 0.03s
[INFO] [stderr]      Running unittests src/main.rs (/opt/rustwide/target/debug/deps/bench-fbb0da2112267a8e)
[INFO] [stdout] 
[INFO] [stdout] running 0 tests
[INFO] [stdout] 
[INFO] [stdout] test result: ok. 0 passed; 0 failed; 0 ignored; 0 measured; 0 filtered out; finished in 0.00s
[INFO] [stdout] 
[INFO] [stderr]      Running unittests src/main.rs (/opt/rustwide/target/debug/deps/example-08a00a29dd469902)
[INFO] [stdout] 
[INFO] [stdout] running 0 tests
[INFO] [stdout] 
[INFO] [stdout] test result: ok. 0 passed; 0 failed; 0 ignored; 0 measured; 0 filtered out; finished in 0.00s
[INFO] [stdout] 
[INFO] [stderr]      Running unittests src/lib.rs (/opt/rustwide/target/debug/deps/serde_derive-17c6db3f28b91e8b)
[INFO] [stdout] 
[INFO] [stdout] running 0 tests
[INFO] [stdout] 
[INFO] [stdout] test result: ok. 0 passed; 0 failed; 0 ignored; 0 measured; 0 filtered out; finished in 0.00s
[INFO] [stdout] 
[INFO] [stderr]      Running unittests src/lib.rs (/opt/rustwide/target/debug/deps/serde_derive_impl-a1e3e5e4ed1d5719)
[INFO] [stdout] 
[INFO] [stdout] running 2 tests
[INFO] [stdout] test internals::case::rename_fields ... ok
[INFO] [stdout] test internals::case::rename_variants ... ok
[INFO] [stdout] 
[INFO] [stdout] test result: ok. 2 passed; 0 failed; 0 ignored; 0 measured; 0 filtered out; finished in 0.00s
[INFO] [stdout] 
[INFO] [stderr]      Running unittests src/lib.rs (/opt/rustwide/target/debug/deps/serde_derive_next-66d0d880f608f1a0)
[INFO] [stdout] 
[INFO] [stderr]      Running unittests src/lib.rs (/opt/rustwide/target/debug/deps/serde_derive_next_impl-e888baa3494a181a)
[INFO] [stdout] running 0 tests
[INFO] [stdout] 
[INFO] [stdout] test result: ok. 0 passed; 0 failed; 0 ignored; 0 measured; 0 filtered out; finished in 0.00s
[INFO] [stdout] 
[INFO] [stdout] 
[INFO] [stdout] running 2 tests
[INFO] [stdout] test internals::case::rename_variants ... ok
[INFO] [stdout] test internals::case::rename_fields ... ok
[INFO] [stdout] 
[INFO] [stdout] test result: ok. 2 passed; 0 failed; 0 ignored; 0 measured; 0 filtered out; finished in 0.00s
[INFO] [stdout] 
[INFO] [stderr]    Doc-tests serde_derive
[INFO] [stdout] 
[INFO] [stdout] running 0 tests
[INFO] [stderr]    Doc-tests serde_derive_impl
[INFO] [stdout] 
[INFO] [stdout] test result: ok. 0 passed; 0 failed; 0 ignored; 0 measured; 0 filtered out; finished in 0.00s
[INFO] [stdout] 
[INFO] [stdout] 
[INFO] [stdout] running 1 test
[INFO] [stdout] test crates/serde_derive_impl/src/lib.rs - (line 3) ... FAILED
[INFO] [stdout] 
[INFO] [stdout] failures:
[INFO] [stdout] 
[INFO] [stdout] ---- crates/serde_derive_impl/src/lib.rs - (line 3) stdout ----
[INFO] [stdout] error[E0432]: unresolved import `serde_derive`
[INFO] [stdout]  --> crates/serde_derive_impl/src/lib.rs:4:5
[INFO] [stdout]   |
[INFO] [stdout] 2 | use serde_derive::{Deserialize, Serialize};
[INFO] [stdout]   |     ^^^^^^^^^^^^ use of undeclared crate or module `serde_derive`
[INFO] [stdout] 
[INFO] [stdout] error: aborting due to 1 previous error
[INFO] [stdout] 
[INFO] [stdout] For more information about this error, try `rustc --explain E0432`.
[INFO] [stdout] Couldn't compile the test.
[INFO] [stdout] 
[INFO] [stdout] failures:
[INFO] [stdout]     crates/serde_derive_impl/src/lib.rs - (line 3)
[INFO] [stdout] 
[INFO] [stdout] test result: FAILED. 0 passed; 1 failed; 0 ignored; 0 measured; 0 filtered out; finished in 0.08s
[INFO] [stdout] 
[INFO] [stderr] error: doctest failed, to rerun pass `-p serde_derive_impl --doc`
[INFO] running `Command { std: "docker" "inspect" "95f76b9e84986555c318cdc83090303db20c4821eedbaa1e7d5b20c0736b89b7", kill_on_drop: false }`
[INFO] running `Command { std: "docker" "rm" "-f" "95f76b9e84986555c318cdc83090303db20c4821eedbaa1e7d5b20c0736b89b7", kill_on_drop: false }`
[INFO] [stdout] 95f76b9e84986555c318cdc83090303db20c4821eedbaa1e7d5b20c0736b89b7
