[INFO] cloning repository https://github.com/nucleus-labs/Crest
[INFO] running `Command { std: "git" "-c" "credential.helper=" "-c" "credential.helper=/workspace/cargo-home/bin/git-credential-null" "clone" "--bare" "https://github.com/nucleus-labs/Crest" "/workspace/cache/git-repos/https%3A%2F%2Fgithub.com%2Fnucleus-labs%2FCrest", kill_on_drop: false }`
[INFO] [stderr] Cloning into bare repository '/workspace/cache/git-repos/https%3A%2F%2Fgithub.com%2Fnucleus-labs%2FCrest'...
[INFO] running `Command { std: "git" "rev-parse" "HEAD", kill_on_drop: false }`
[INFO] [stdout] 54288834e897484236432df2fd6750905706464d
[INFO] testing nucleus-labs/Crest against beta-2024-12-08 for beta-1.84.0-4-retry
[INFO] running `Command { std: "git" "clone" "/workspace/cache/git-repos/https%3A%2F%2Fgithub.com%2Fnucleus-labs%2FCrest" "/workspace/builds/worker-0-tc2/source", kill_on_drop: false }`
[INFO] [stderr] Cloning into '/workspace/builds/worker-0-tc2/source'...
[INFO] [stderr] done.
[INFO] validating manifest of git repo https://github.com/nucleus-labs/Crest on toolchain beta-2024-12-08
[INFO] running `Command { std: CARGO_HOME="/workspace/cargo-home" RUSTUP_HOME="/workspace/rustup-home" "/workspace/cargo-home/bin/cargo" "+beta-2024-12-08" "metadata" "--manifest-path" "Cargo.toml" "--no-deps", kill_on_drop: false }`
[INFO] started tweaking git repo https://github.com/nucleus-labs/Crest
[INFO] finished tweaking git repo https://github.com/nucleus-labs/Crest
[INFO] tweaked toml for git repo https://github.com/nucleus-labs/Crest written to /workspace/builds/worker-0-tc2/source/Cargo.toml
[INFO] crate git repo https://github.com/nucleus-labs/Crest already has a lockfile, it will not be regenerated
[INFO] running `Command { std: CARGO_HOME="/workspace/cargo-home" RUSTUP_HOME="/workspace/rustup-home" "/workspace/cargo-home/bin/cargo" "+beta-2024-12-08" "fetch" "--manifest-path" "Cargo.toml", kill_on_drop: false }`
[INFO] [stderr]     Updating crates.io index
[INFO] [stderr]      Locking 5 packages to latest compatible versions
[INFO] [stderr]       Adding bitmask-enum v2.2.5
[INFO] [stderr]       Adding derive_more v1.0.0
[INFO] [stderr]       Adding derive_more-impl v1.0.0
[INFO] [stderr]     Updating once_cell v1.20.1 -> v1.20.2
[INFO] [stderr]       Adding unicode-xid v0.2.6
[INFO] running `Command { std: "docker" "create" "-v" "/var/lib/crater-agent-workspace/builds/worker-0-tc2/target:/opt/rustwide/target:rw,Z" "-v" "/var/lib/crater-agent-workspace/builds/worker-0-tc2/source:/opt/rustwide/workdir:ro,Z" "-v" "/var/lib/crater-agent-workspace/cargo-home:/opt/rustwide/cargo-home:ro,Z" "-v" "/var/lib/crater-agent-workspace/rustup-home:/opt/rustwide/rustup-home:ro,Z" "-e" "SOURCE_DIR=/opt/rustwide/workdir" "-e" "CARGO_TARGET_DIR=/opt/rustwide/target" "-e" "CARGO_HOME=/opt/rustwide/cargo-home" "-e" "RUSTUP_HOME=/opt/rustwide/rustup-home" "-w" "/opt/rustwide/workdir" "-m" "1610612736" "--user" "0:0" "--network" "none" "ghcr.io/rust-lang/crates-build-env/linux@sha256:f3a9d4ad9d972b27faf3965f35b62e55ba32bbce8f20bc8fe909558a86702fde" "/opt/rustwide/cargo-home/bin/cargo" "+beta-2024-12-08" "metadata" "--no-deps" "--format-version=1", kill_on_drop: false }`
[INFO] [stdout] 4692848acca30a530ee833741909859c3cc97e0d0ad7436a1e01a49562f04bc3
[INFO] running `Command { std: "docker" "start" "-a" "4692848acca30a530ee833741909859c3cc97e0d0ad7436a1e01a49562f04bc3", kill_on_drop: false }`
[INFO] running `Command { std: "docker" "inspect" "4692848acca30a530ee833741909859c3cc97e0d0ad7436a1e01a49562f04bc3", kill_on_drop: false }`
[INFO] running `Command { std: "docker" "rm" "-f" "4692848acca30a530ee833741909859c3cc97e0d0ad7436a1e01a49562f04bc3", kill_on_drop: false }`
[INFO] [stdout] 4692848acca30a530ee833741909859c3cc97e0d0ad7436a1e01a49562f04bc3
[INFO] running `Command { std: "docker" "create" "-v" "/var/lib/crater-agent-workspace/builds/worker-0-tc2/target:/opt/rustwide/target:rw,Z" "-v" "/var/lib/crater-agent-workspace/builds/worker-0-tc2/source:/opt/rustwide/workdir:ro,Z" "-v" "/var/lib/crater-agent-workspace/cargo-home:/opt/rustwide/cargo-home:ro,Z" "-v" "/var/lib/crater-agent-workspace/rustup-home:/opt/rustwide/rustup-home:ro,Z" "-e" "SOURCE_DIR=/opt/rustwide/workdir" "-e" "CARGO_TARGET_DIR=/opt/rustwide/target" "-e" "CARGO_INCREMENTAL=0" "-e" "RUST_BACKTRACE=full" "-e" "RUSTFLAGS=--cap-lints=warn" "-e" "RUSTDOCFLAGS=--cap-lints=warn" "-e" "CARGO_HOME=/opt/rustwide/cargo-home" "-e" "RUSTUP_HOME=/opt/rustwide/rustup-home" "-w" "/opt/rustwide/workdir" "-m" "1610612736" "--user" "0:0" "--network" "none" "ghcr.io/rust-lang/crates-build-env/linux@sha256:f3a9d4ad9d972b27faf3965f35b62e55ba32bbce8f20bc8fe909558a86702fde" "/opt/rustwide/cargo-home/bin/cargo" "+beta-2024-12-08" "build" "--frozen" "--message-format=json", kill_on_drop: false }`
[INFO] [stdout] f083e82c61431f4da52035d252776e17e3a4e3f572056e57d7f1416f5e445119
[INFO] running `Command { std: "docker" "start" "-a" "f083e82c61431f4da52035d252776e17e3a4e3f572056e57d7f1416f5e445119", kill_on_drop: false }`
[INFO] [stderr]    Compiling proc-macro2 v1.0.86
[INFO] [stderr]    Compiling unicode-ident v1.0.13
[INFO] [stderr]    Compiling thiserror v1.0.64
[INFO] [stderr]    Compiling ucd-trie v0.1.7
[INFO] [stderr]    Compiling memchr v2.7.4
[INFO] [stderr]    Compiling rustversion v1.0.17
[INFO] [stderr]    Compiling once_cell v1.20.2
[INFO] [stderr]    Compiling unicode-xid v0.2.6
[INFO] [stderr]    Compiling heck v0.5.0
[INFO] [stderr]    Compiling strum v0.26.3
[INFO] [stderr]    Compiling quote v1.0.37
[INFO] [stderr]    Compiling syn v2.0.79
[INFO] [stderr]    Compiling thiserror-impl v1.0.64
[INFO] [stderr]    Compiling derive_more-impl v1.0.0
[INFO] [stderr]    Compiling strum_macros v0.26.4
[INFO] [stderr]    Compiling bitmask-enum v2.2.5
[INFO] [stderr]    Compiling pest v2.7.13
[INFO] [stderr]    Compiling derive_more v1.0.0
[INFO] [stderr]    Compiling pest_meta v2.7.13
[INFO] [stderr]    Compiling pest_generator v2.7.13
[INFO] [stderr]    Compiling pest_derive v2.7.13
[INFO] [stderr]    Compiling peacock-crest v0.1.0 (/opt/rustwide/workdir)
[INFO] [stderr]     Finished `dev` profile [unoptimized + debuginfo] target(s) in 16.62s
[INFO] running `Command { std: "docker" "inspect" "f083e82c61431f4da52035d252776e17e3a4e3f572056e57d7f1416f5e445119", kill_on_drop: false }`
[INFO] running `Command { std: "docker" "rm" "-f" "f083e82c61431f4da52035d252776e17e3a4e3f572056e57d7f1416f5e445119", kill_on_drop: false }`
[INFO] [stdout] f083e82c61431f4da52035d252776e17e3a4e3f572056e57d7f1416f5e445119
[INFO] running `Command { std: "docker" "create" "-v" "/var/lib/crater-agent-workspace/builds/worker-0-tc2/target:/opt/rustwide/target:rw,Z" "-v" "/var/lib/crater-agent-workspace/builds/worker-0-tc2/source:/opt/rustwide/workdir:ro,Z" "-v" "/var/lib/crater-agent-workspace/cargo-home:/opt/rustwide/cargo-home:ro,Z" "-v" "/var/lib/crater-agent-workspace/rustup-home:/opt/rustwide/rustup-home:ro,Z" "-e" "SOURCE_DIR=/opt/rustwide/workdir" "-e" "CARGO_TARGET_DIR=/opt/rustwide/target" "-e" "CARGO_INCREMENTAL=0" "-e" "RUST_BACKTRACE=full" "-e" "RUSTFLAGS=--cap-lints=warn" "-e" "RUSTDOCFLAGS=--cap-lints=warn" "-e" "CARGO_HOME=/opt/rustwide/cargo-home" "-e" "RUSTUP_HOME=/opt/rustwide/rustup-home" "-w" "/opt/rustwide/workdir" "-m" "1610612736" "--user" "0:0" "--network" "none" "ghcr.io/rust-lang/crates-build-env/linux@sha256:f3a9d4ad9d972b27faf3965f35b62e55ba32bbce8f20bc8fe909558a86702fde" "/opt/rustwide/cargo-home/bin/cargo" "+beta-2024-12-08" "test" "--frozen" "--no-run" "--message-format=json", kill_on_drop: false }`
[INFO] [stdout] e5a99974ff6c3e6729b47bd88159a3606e75986dc66d45ab8cdc4459c9f3e2bd
[INFO] running `Command { std: "docker" "start" "-a" "e5a99974ff6c3e6729b47bd88159a3606e75986dc66d45ab8cdc4459c9f3e2bd", kill_on_drop: false }`
[INFO] [stderr]    Compiling peacock-crest v0.1.0 (/opt/rustwide/workdir)
[INFO] [stderr]     Finished `test` profile [unoptimized + debuginfo] target(s) in 1.17s
[INFO] running `Command { std: "docker" "inspect" "e5a99974ff6c3e6729b47bd88159a3606e75986dc66d45ab8cdc4459c9f3e2bd", kill_on_drop: false }`
[INFO] running `Command { std: "docker" "rm" "-f" "e5a99974ff6c3e6729b47bd88159a3606e75986dc66d45ab8cdc4459c9f3e2bd", kill_on_drop: false }`
[INFO] [stdout] e5a99974ff6c3e6729b47bd88159a3606e75986dc66d45ab8cdc4459c9f3e2bd
[INFO] running `Command { std: "docker" "create" "-v" "/var/lib/crater-agent-workspace/builds/worker-0-tc2/target:/opt/rustwide/target:rw,Z" "-v" "/var/lib/crater-agent-workspace/builds/worker-0-tc2/source:/opt/rustwide/workdir:ro,Z" "-v" "/var/lib/crater-agent-workspace/cargo-home:/opt/rustwide/cargo-home:ro,Z" "-v" "/var/lib/crater-agent-workspace/rustup-home:/opt/rustwide/rustup-home:ro,Z" "-e" "SOURCE_DIR=/opt/rustwide/workdir" "-e" "CARGO_TARGET_DIR=/opt/rustwide/target" "-e" "CARGO_INCREMENTAL=0" "-e" "RUST_BACKTRACE=full" "-e" "RUSTFLAGS=--cap-lints=warn" "-e" "RUSTDOCFLAGS=--cap-lints=warn" "-e" "CARGO_HOME=/opt/rustwide/cargo-home" "-e" "RUSTUP_HOME=/opt/rustwide/rustup-home" "-w" "/opt/rustwide/workdir" "-m" "1610612736" "--user" "0:0" "--network" "none" "ghcr.io/rust-lang/crates-build-env/linux@sha256:f3a9d4ad9d972b27faf3965f35b62e55ba32bbce8f20bc8fe909558a86702fde" "/opt/rustwide/cargo-home/bin/cargo" "+beta-2024-12-08" "test" "--frozen", kill_on_drop: false }`
[INFO] [stdout] 98cab344912a3342413d01d314790c2f75a032fa2fb22c803a138520207da3a2
[INFO] running `Command { std: "docker" "start" "-a" "98cab344912a3342413d01d314790c2f75a032fa2fb22c803a138520207da3a2", kill_on_drop: false }`
[INFO] [stderr]     Finished `test` profile [unoptimized + debuginfo] target(s) in 0.04s
[INFO] [stderr]      Running unittests src/lib.rs (/opt/rustwide/target/debug/deps/peacock_crest-775c345ff01dd37e)
[INFO] [stdout] 
[INFO] [stdout] running 0 tests
[INFO] [stdout] 
[INFO] [stdout] test result: ok. 0 passed; 0 failed; 0 ignored; 0 measured; 0 filtered out; finished in 0.00s
[INFO] [stdout] 
[INFO] [stderr]    Doc-tests peacock_crest
[INFO] [stdout] 
[INFO] [stdout] running 3 tests
[INFO] [stdout] test src/boo.rs - boo::Boo (line 18) ... FAILED
[INFO] [stdout] test src/source.rs - source::TokenTracker (line 87) ... FAILED
[INFO] [stdout] test src/source.rs - source::floored_binary_index (line 130) ... FAILED
[INFO] [stdout] 
[INFO] [stdout] failures:
[INFO] [stdout] 
[INFO] [stdout] ---- src/boo.rs - boo::Boo (line 18) stdout ----
[INFO] [stdout] error[E0433]: failed to resolve: unresolved import
[INFO] [stdout]  --> src/boo.rs:19:12
[INFO] [stdout]   |
[INFO] [stdout] 3 | use crate::parse::boo::Boo;
[INFO] [stdout]   |            ^^^^^
[INFO] [stdout]   |            |
[INFO] [stdout]   |            unresolved import
[INFO] [stdout]   |            help: a similar path exists: `core::num::dec2flt::parse`
[INFO] [stdout] 
[INFO] [stdout] error: aborting due to 1 previous error
[INFO] [stdout] 
[INFO] [stdout] For more information about this error, try `rustc --explain E0433`.
[INFO] [stdout] Couldn't compile the test.
[INFO] [stdout] ---- src/source.rs - source::TokenTracker (line 87) stdout ----
[INFO] [stdout] error[E0433]: failed to resolve: use of undeclared type `CssToken`
[INFO] [stdout]  --> src/source.rs:88:19
[INFO] [stdout]   |
[INFO] [stdout] 3 | let tokens = vec![CssToken::Identifier("example".into())];
[INFO] [stdout]   |                   ^^^^^^^^ use of undeclared type `CssToken`
[INFO] [stdout] 
[INFO] [stdout] error[E0433]: failed to resolve: use of undeclared type `CssTokenTracker`
[INFO] [stdout]  --> src/source.rs:89:15
[INFO] [stdout]   |
[INFO] [stdout] 4 | let tracker = CssTokenTracker::new(Boo::Owned(tokens));
[INFO] [stdout]   |               ^^^^^^^^^^^^^^^ use of undeclared type `CssTokenTracker`
[INFO] [stdout] 
[INFO] [stdout] error[E0433]: failed to resolve: use of undeclared type `Boo`
[INFO] [stdout]  --> src/source.rs:89:36
[INFO] [stdout]   |
[INFO] [stdout] 4 | let tracker = CssTokenTracker::new(Boo::Owned(tokens));
[INFO] [stdout]   |                                    ^^^
[INFO] [stdout]   |                                    |
[INFO] [stdout]   |                                    use of undeclared type `Boo`
[INFO] [stdout]   |                                    help: a struct with a similar name exists: `Box`
[INFO] [stdout] 
[INFO] [stdout] error: aborting due to 3 previous errors
[INFO] [stdout] 
[INFO] [stdout] For more information about this error, try `rustc --explain E0433`.
[INFO] [stdout] Couldn't compile the test.
[INFO] [stdout] ---- src/source.rs - source::floored_binary_index (line 130) stdout ----
[INFO] [stdout] error[E0425]: cannot find function `floored_binary_index` in this scope
[INFO] [stdout]  --> src/source.rs:131:9
[INFO] [stdout]   |
[INFO] [stdout] 3 | assert!(floored_binary_index(&[1, 3, 5, 9, 15], 0).is_none(), "Should fail because 0 is out of the range 0-15");
[INFO] [stdout]   |         ^^^^^^^^^^^^^^^^^^^^ not found in this scope
[INFO] [stdout] 
[INFO] [stdout] error[E0425]: cannot find function `floored_binary_index` in this scope
[INFO] [stdout]  --> src/source.rs:132:9
[INFO] [stdout]   |
[INFO] [stdout] 4 | assert!(floored_binary_index(&[1, 3, 5, 9, 15], 16).is_none(), "Should fail because 16 is out of the range 0-15");
[INFO] [stdout]   |         ^^^^^^^^^^^^^^^^^^^^ not found in this scope
[INFO] [stdout] 
[INFO] [stdout] error[E0425]: cannot find function `floored_binary_index` in this scope
[INFO] [stdout]  --> src/source.rs:134:12
[INFO] [stdout]   |
[INFO] [stdout] 6 | assert_eq!(floored_binary_index(&[1, 3, 5, 9, 15], 2).unwrap(), 0);
[INFO] [stdout]   |            ^^^^^^^^^^^^^^^^^^^^ not found in this scope
[INFO] [stdout] 
[INFO] [stdout] error[E0425]: cannot find function `floored_binary_index` in this scope
[INFO] [stdout]  --> src/source.rs:137:12
[INFO] [stdout]   |
[INFO] [stdout] 9 | assert_eq!(floored_binary_index(&[1, 3, 5, 9, 15], 4).unwrap(), 1);
[INFO] [stdout]   |            ^^^^^^^^^^^^^^^^^^^^ not found in this scope
[INFO] [stdout] 
[INFO] [stdout] error[E0425]: cannot find function `floored_binary_index` in this scope
[INFO] [stdout]   --> src/source.rs:140:12
[INFO] [stdout]    |
[INFO] [stdout] 12 | assert_eq!(floored_binary_index(&[1, 3, 5, 9, 15], 6).unwrap(), 2);
[INFO] [stdout]    |            ^^^^^^^^^^^^^^^^^^^^ not found in this scope
[INFO] [stdout] 
[INFO] [stdout] error[E0425]: cannot find function `floored_binary_index` in this scope
[INFO] [stdout]   --> src/source.rs:143:12
[INFO] [stdout]    |
[INFO] [stdout] 15 | assert_eq!(floored_binary_index(&[1, 3, 5, 9, 15], 8).unwrap(), 2);
[INFO] [stdout]    |            ^^^^^^^^^^^^^^^^^^^^ not found in this scope
[INFO] [stdout] 
[INFO] [stdout] error[E0425]: cannot find function `floored_binary_index` in this scope
[INFO] [stdout]   --> src/source.rs:146:12
[INFO] [stdout]    |
[INFO] [stdout] 18 | assert_eq!(floored_binary_index(&[1, 3, 5, 9, 15], 14).unwrap(), 3);
[INFO] [stdout]    |            ^^^^^^^^^^^^^^^^^^^^ not found in this scope
[INFO] [stdout] 
[INFO] [stdout] error[E0425]: cannot find function `floored_binary_index` in this scope
[INFO] [stdout]   --> src/source.rs:149:12
[INFO] [stdout]    |
[INFO] [stdout] 21 | assert_eq!(floored_binary_index(&[1, 3, 5, 9, 15], 15).unwrap(), 4);
[INFO] [stdout]    |            ^^^^^^^^^^^^^^^^^^^^ not found in this scope
[INFO] [stdout] 
[INFO] [stdout] error: aborting due to 8 previous errors
[INFO] [stdout] 
[INFO] [stdout] For more information about this error, try `rustc --explain E0425`.
[INFO] [stdout] Couldn't compile the test.
[INFO] [stdout] 
[INFO] [stdout] failures:
[INFO] [stdout]     src/boo.rs - boo::Boo (line 18)
[INFO] [stdout]     src/source.rs - source::TokenTracker (line 87)
[INFO] [stdout]     src/source.rs - source::floored_binary_index (line 130)
[INFO] [stdout] 
[INFO] [stdout] test result: FAILED. 0 passed; 3 failed; 0 ignored; 0 measured; 0 filtered out; finished in 0.16s
[INFO] [stdout] 
[INFO] [stderr] error: doctest failed, to rerun pass `--doc`
[INFO] running `Command { std: "docker" "inspect" "98cab344912a3342413d01d314790c2f75a032fa2fb22c803a138520207da3a2", kill_on_drop: false }`
[INFO] running `Command { std: "docker" "rm" "-f" "98cab344912a3342413d01d314790c2f75a032fa2fb22c803a138520207da3a2", kill_on_drop: false }`
[INFO] [stdout] 98cab344912a3342413d01d314790c2f75a032fa2fb22c803a138520207da3a2
