[INFO] cloning repository https://github.com/ntalbs/euler-rs
[INFO] running `Command { std: "git" "-c" "credential.helper=" "-c" "credential.helper=/workspace/cargo-home/bin/git-credential-null" "clone" "--bare" "https://github.com/ntalbs/euler-rs" "/workspace/cache/git-repos/https%3A%2F%2Fgithub.com%2Fntalbs%2Feuler-rs", kill_on_drop: false }`
[INFO] [stderr] Cloning into bare repository '/workspace/cache/git-repos/https%3A%2F%2Fgithub.com%2Fntalbs%2Feuler-rs'...
[INFO] running `Command { std: "git" "rev-parse" "HEAD", kill_on_drop: false }`
[INFO] [stdout] 7a36705b6a4fc49830d4e4eb5fe17edff146af52
[INFO] testing ntalbs/euler-rs against 1.83.0 for beta-1.84.0-4-retry
[INFO] running `Command { std: "git" "clone" "/workspace/cache/git-repos/https%3A%2F%2Fgithub.com%2Fntalbs%2Feuler-rs" "/workspace/builds/worker-4-tc1/source", kill_on_drop: false }`
[INFO] [stderr] Cloning into '/workspace/builds/worker-4-tc1/source'...
[INFO] [stderr] done.
[INFO] validating manifest of git repo https://github.com/ntalbs/euler-rs on toolchain 1.83.0
[INFO] running `Command { std: CARGO_HOME="/workspace/cargo-home" RUSTUP_HOME="/workspace/rustup-home" "/workspace/cargo-home/bin/cargo" "+1.83.0" "metadata" "--manifest-path" "Cargo.toml" "--no-deps", kill_on_drop: false }`
[INFO] started tweaking git repo https://github.com/ntalbs/euler-rs
[INFO] finished tweaking git repo https://github.com/ntalbs/euler-rs
[INFO] tweaked toml for git repo https://github.com/ntalbs/euler-rs written to /workspace/builds/worker-4-tc1/source/Cargo.toml
[INFO] running `Command { std: CARGO_HOME="/workspace/cargo-home" RUSTUP_HOME="/workspace/rustup-home" "/workspace/cargo-home/bin/cargo" "+1.83.0" "generate-lockfile" "--manifest-path" "Cargo.toml", kill_on_drop: false }`
[INFO] [stderr]     Updating crates.io index
[INFO] [stderr]      Locking 11 packages to latest compatible versions
[INFO] running `Command { std: CARGO_HOME="/workspace/cargo-home" RUSTUP_HOME="/workspace/rustup-home" "/workspace/cargo-home/bin/cargo" "+1.83.0" "fetch" "--manifest-path" "Cargo.toml", kill_on_drop: false }`
[INFO] [stderr]     Blocking waiting for file lock on package cache
[INFO] [stderr]     Blocking waiting for file lock on package cache
[INFO] running `Command { std: "docker" "create" "-v" "/var/lib/crater-agent-workspace/builds/worker-4-tc1/target:/opt/rustwide/target:rw,Z" "-v" "/var/lib/crater-agent-workspace/builds/worker-4-tc1/source:/opt/rustwide/workdir:ro,Z" "-v" "/var/lib/crater-agent-workspace/cargo-home:/opt/rustwide/cargo-home:ro,Z" "-v" "/var/lib/crater-agent-workspace/rustup-home:/opt/rustwide/rustup-home:ro,Z" "-e" "SOURCE_DIR=/opt/rustwide/workdir" "-e" "CARGO_TARGET_DIR=/opt/rustwide/target" "-e" "CARGO_HOME=/opt/rustwide/cargo-home" "-e" "RUSTUP_HOME=/opt/rustwide/rustup-home" "-w" "/opt/rustwide/workdir" "-m" "1610612736" "--user" "0:0" "--network" "none" "ghcr.io/rust-lang/crates-build-env/linux@sha256:f3a9d4ad9d972b27faf3965f35b62e55ba32bbce8f20bc8fe909558a86702fde" "/opt/rustwide/cargo-home/bin/cargo" "+1.83.0" "metadata" "--no-deps" "--format-version=1", kill_on_drop: false }`
[INFO] [stdout] eff541bed697a1411cf25fdd16572121ee023ac3c79f1a6df9c82cdcd85257b4
[INFO] running `Command { std: "docker" "start" "-a" "eff541bed697a1411cf25fdd16572121ee023ac3c79f1a6df9c82cdcd85257b4", kill_on_drop: false }`
[INFO] running `Command { std: "docker" "inspect" "eff541bed697a1411cf25fdd16572121ee023ac3c79f1a6df9c82cdcd85257b4", kill_on_drop: false }`
[INFO] running `Command { std: "docker" "rm" "-f" "eff541bed697a1411cf25fdd16572121ee023ac3c79f1a6df9c82cdcd85257b4", kill_on_drop: false }`
[INFO] [stdout] eff541bed697a1411cf25fdd16572121ee023ac3c79f1a6df9c82cdcd85257b4
[INFO] running `Command { std: "docker" "create" "-v" "/var/lib/crater-agent-workspace/builds/worker-4-tc1/target:/opt/rustwide/target:rw,Z" "-v" "/var/lib/crater-agent-workspace/builds/worker-4-tc1/source:/opt/rustwide/workdir:ro,Z" "-v" "/var/lib/crater-agent-workspace/cargo-home:/opt/rustwide/cargo-home:ro,Z" "-v" "/var/lib/crater-agent-workspace/rustup-home:/opt/rustwide/rustup-home:ro,Z" "-e" "SOURCE_DIR=/opt/rustwide/workdir" "-e" "CARGO_TARGET_DIR=/opt/rustwide/target" "-e" "CARGO_INCREMENTAL=0" "-e" "RUST_BACKTRACE=full" "-e" "RUSTFLAGS=--cap-lints=warn" "-e" "RUSTDOCFLAGS=--cap-lints=warn" "-e" "CARGO_HOME=/opt/rustwide/cargo-home" "-e" "RUSTUP_HOME=/opt/rustwide/rustup-home" "-w" "/opt/rustwide/workdir" "-m" "1610612736" "--user" "0:0" "--network" "none" "ghcr.io/rust-lang/crates-build-env/linux@sha256:f3a9d4ad9d972b27faf3965f35b62e55ba32bbce8f20bc8fe909558a86702fde" "/opt/rustwide/cargo-home/bin/cargo" "+1.83.0" "build" "--frozen" "--message-format=json", kill_on_drop: false }`
[INFO] [stdout] 232a1e0f97eddbbba4641605af349e5673e0e24e58c4cb3dabc87fcb49c267eb
[INFO] running `Command { std: "docker" "start" "-a" "232a1e0f97eddbbba4641605af349e5673e0e24e58c4cb3dabc87fcb49c267eb", kill_on_drop: false }`
[INFO] [stderr]    Compiling num-traits v0.2.19
[INFO] [stderr]    Compiling either v1.13.0
[INFO] [stderr]    Compiling lazy_static v1.5.0
[INFO] [stderr]    Compiling itertools v0.13.0
[INFO] [stderr]    Compiling num-integer v0.1.46
[INFO] [stderr]    Compiling num-complex v0.4.6
[INFO] [stderr]    Compiling num-bigint v0.4.6
[INFO] [stderr]    Compiling num-iter v0.1.45
[INFO] [stderr]    Compiling num-rational v0.4.2
[INFO] [stderr]    Compiling num v0.4.3
[INFO] [stderr]    Compiling euler-rs v0.1.0 (/opt/rustwide/workdir)
[INFO] [stdout] warning: function `last_2_digits` is never used
[INFO] [stdout]   --> src/ps/p061.rs:33:4
[INFO] [stdout]    |
[INFO] [stdout] 33 | fn last_2_digits(n: i64) -> i64 {
[INFO] [stdout]    |    ^^^^^^^^^^^^^
[INFO] [stdout]    |
[INFO] [stdout]    = note: `#[warn(dead_code)]` on by default
[INFO] [stdout] 
[INFO] [stdout] 
[INFO] [stdout] warning: function `chain` is never used
[INFO] [stdout]   --> src/ps/p061.rs:37:4
[INFO] [stdout]    |
[INFO] [stdout] 37 | fn chain(m: &HashMap<i64, Vec<(i64, i64)>>, ps: Vec<Vec<(i64, i64)>>) -> Vec<Vec<(i64, i64)>> {
[INFO] [stdout]    |    ^^^^^
[INFO] [stdout] 
[INFO] [stdout] 
[INFO] [stderr]     Finished `dev` profile [unoptimized + debuginfo] target(s) in 8.15s
[INFO] running `Command { std: "docker" "inspect" "232a1e0f97eddbbba4641605af349e5673e0e24e58c4cb3dabc87fcb49c267eb", kill_on_drop: false }`
[INFO] running `Command { std: "docker" "rm" "-f" "232a1e0f97eddbbba4641605af349e5673e0e24e58c4cb3dabc87fcb49c267eb", kill_on_drop: false }`
[INFO] [stdout] 232a1e0f97eddbbba4641605af349e5673e0e24e58c4cb3dabc87fcb49c267eb
[INFO] running `Command { std: "docker" "create" "-v" "/var/lib/crater-agent-workspace/builds/worker-4-tc1/target:/opt/rustwide/target:rw,Z" "-v" "/var/lib/crater-agent-workspace/builds/worker-4-tc1/source:/opt/rustwide/workdir:ro,Z" "-v" "/var/lib/crater-agent-workspace/cargo-home:/opt/rustwide/cargo-home:ro,Z" "-v" "/var/lib/crater-agent-workspace/rustup-home:/opt/rustwide/rustup-home:ro,Z" "-e" "SOURCE_DIR=/opt/rustwide/workdir" "-e" "CARGO_TARGET_DIR=/opt/rustwide/target" "-e" "CARGO_INCREMENTAL=0" "-e" "RUST_BACKTRACE=full" "-e" "RUSTFLAGS=--cap-lints=warn" "-e" "RUSTDOCFLAGS=--cap-lints=warn" "-e" "CARGO_HOME=/opt/rustwide/cargo-home" "-e" "RUSTUP_HOME=/opt/rustwide/rustup-home" "-w" "/opt/rustwide/workdir" "-m" "1610612736" "--user" "0:0" "--network" "none" "ghcr.io/rust-lang/crates-build-env/linux@sha256:f3a9d4ad9d972b27faf3965f35b62e55ba32bbce8f20bc8fe909558a86702fde" "/opt/rustwide/cargo-home/bin/cargo" "+1.83.0" "test" "--frozen" "--no-run" "--message-format=json", kill_on_drop: false }`
[INFO] [stdout] fd294e8f4c1ba1dcb6b96a72300de0bcc577703ebd1eef91a37a6e062a65f5c8
[INFO] running `Command { std: "docker" "start" "-a" "fd294e8f4c1ba1dcb6b96a72300de0bcc577703ebd1eef91a37a6e062a65f5c8", kill_on_drop: false }`
[INFO] [stderr]    Compiling euler-rs v0.1.0 (/opt/rustwide/workdir)
[INFO] [stdout] warning: function `last_2_digits` is never used
[INFO] [stdout]   --> src/ps/p061.rs:33:4
[INFO] [stdout]    |
[INFO] [stdout] 33 | fn last_2_digits(n: i64) -> i64 {
[INFO] [stdout]    |    ^^^^^^^^^^^^^
[INFO] [stdout]    |
[INFO] [stdout]    = note: `#[warn(dead_code)]` on by default
[INFO] [stdout] 
[INFO] [stdout] 
[INFO] [stdout] warning: function `chain` is never used
[INFO] [stdout]   --> src/ps/p061.rs:37:4
[INFO] [stdout]    |
[INFO] [stdout] 37 | fn chain(m: &HashMap<i64, Vec<(i64, i64)>>, ps: Vec<Vec<(i64, i64)>>) -> Vec<Vec<(i64, i64)>> {
[INFO] [stdout]    |    ^^^^^
[INFO] [stdout] 
[INFO] [stdout] 
[INFO] [stderr]     Finished `test` profile [unoptimized + debuginfo] target(s) in 3.58s
[INFO] running `Command { std: "docker" "inspect" "fd294e8f4c1ba1dcb6b96a72300de0bcc577703ebd1eef91a37a6e062a65f5c8", kill_on_drop: false }`
[INFO] running `Command { std: "docker" "rm" "-f" "fd294e8f4c1ba1dcb6b96a72300de0bcc577703ebd1eef91a37a6e062a65f5c8", kill_on_drop: false }`
[INFO] [stdout] fd294e8f4c1ba1dcb6b96a72300de0bcc577703ebd1eef91a37a6e062a65f5c8
[INFO] running `Command { std: "docker" "create" "-v" "/var/lib/crater-agent-workspace/builds/worker-4-tc1/target:/opt/rustwide/target:rw,Z" "-v" "/var/lib/crater-agent-workspace/builds/worker-4-tc1/source:/opt/rustwide/workdir:ro,Z" "-v" "/var/lib/crater-agent-workspace/cargo-home:/opt/rustwide/cargo-home:ro,Z" "-v" "/var/lib/crater-agent-workspace/rustup-home:/opt/rustwide/rustup-home:ro,Z" "-e" "SOURCE_DIR=/opt/rustwide/workdir" "-e" "CARGO_TARGET_DIR=/opt/rustwide/target" "-e" "CARGO_INCREMENTAL=0" "-e" "RUST_BACKTRACE=full" "-e" "RUSTFLAGS=--cap-lints=warn" "-e" "RUSTDOCFLAGS=--cap-lints=warn" "-e" "CARGO_HOME=/opt/rustwide/cargo-home" "-e" "RUSTUP_HOME=/opt/rustwide/rustup-home" "-w" "/opt/rustwide/workdir" "-m" "1610612736" "--user" "0:0" "--network" "none" "ghcr.io/rust-lang/crates-build-env/linux@sha256:f3a9d4ad9d972b27faf3965f35b62e55ba32bbce8f20bc8fe909558a86702fde" "/opt/rustwide/cargo-home/bin/cargo" "+1.83.0" "test" "--frozen", kill_on_drop: false }`
[INFO] [stdout] 1f3943e1b8e2fe12b369c033de99c51e806715eb87c616e3ad55fe6d133bee39
[INFO] running `Command { std: "docker" "start" "-a" "1f3943e1b8e2fe12b369c033de99c51e806715eb87c616e3ad55fe6d133bee39", kill_on_drop: false }`
[INFO] [stderr] warning: function `last_2_digits` is never used
[INFO] [stderr]   --> src/ps/p061.rs:33:4
[INFO] [stderr]    |
[INFO] [stderr] 33 | fn last_2_digits(n: i64) -> i64 {
[INFO] [stderr]    |    ^^^^^^^^^^^^^
[INFO] [stderr]    |
[INFO] [stderr]    = note: `#[warn(dead_code)]` on by default
[INFO] [stderr] 
[INFO] [stderr] warning: function `chain` is never used
[INFO] [stderr]   --> src/ps/p061.rs:37:4
[INFO] [stderr]    |
[INFO] [stderr] 37 | fn chain(m: &HashMap<i64, Vec<(i64, i64)>>, ps: Vec<Vec<(i64, i64)>>) -> Vec<Vec<(i64, i64)>> {
[INFO] [stderr]    |    ^^^^^
[INFO] [stderr] 
[INFO] [stderr] warning: `euler-rs` (bin "euler-rs" test) generated 2 warnings
[INFO] [stderr]     Finished `test` profile [unoptimized + debuginfo] target(s) in 0.02s
[INFO] [stderr]      Running unittests src/main.rs (/opt/rustwide/target/debug/deps/euler_rs-303d3e08c028a38d)
[INFO] [stdout] 
[INFO] [stdout] running 94 tests
[INFO] [stdout] test ps::p001::test ... ok
[INFO] [stdout] test ps::p006::test ... ok
[INFO] [stdout] test ps::p002::test ... ok
[INFO] [stdout] test ps::p003::test ... ok
[INFO] [stdout] test ps::p011::test ... ok
[INFO] [stdout] test ps::p008::test ... ok
[INFO] [stdout] test ps::p013::test ... ok
[INFO] [stdout] test ps::p018::test_find_max ... ok
[INFO] [stdout] test ps::p005::test ... ok
[INFO] [stdout] test ps::p019::test ... ok
[INFO] [stdout] test ps::p020::test ... ok
[INFO] [stdout] test ps::p018::test ... ok
[INFO] [stdout] test ps::p015::test ... ok
[INFO] [stdout] test ps::p009::test ... ok
[INFO] [stdout] test ps::p016::test ... ok
[INFO] [stdout] test ps::p017::test ... ok
[INFO] [stdout] test ps::p028::test ... ok
[INFO] [stdout] test ps::p022::test ... ok
[INFO] [stdout] test ps::p033::test ... ok
[INFO] [stdout] test ps::p007::test ... ok
[INFO] [stdout] test ps::p027::test ... ok
[INFO] [stdout] test ps::p031::test ... ok
[INFO] [stdout] test ps::p029::test ... ok
[INFO] [stdout] test ps::p037::test_r ... ok
[INFO] [stdout] test ps::p038::test ... ok
[INFO] [stdout] test ps::p039::test ... ok
[INFO] [stdout] test ps::p021::test ... ok
[INFO] [stdout] test ps::p004::test ... ok
[INFO] [stdout] test ps::p042::test ... ok
[INFO] [stdout] test ps::p036::test ... ok
[INFO] [stdout] test ps::p026::test ... ok
[INFO] [stdout] test ps::p045::test ... ok
[INFO] [stdout] test ps::p025::test ... ok
[INFO] [stdout] test ps::p044::test ... ok
[INFO] [stdout] test ps::p034::test ... ok
[INFO] [stdout] test ps::p049::test ... ok
[INFO] [stdout] test ps::p046::test ... ok
[INFO] [stdout] test ps::p035::test ... ok
[INFO] [stdout] test ps::p048::test ... ok
[INFO] [stdout] test ps::p053::test_c ... ok
[INFO] [stdout] test ps::p037::test ... ok
[INFO] [stdout] test ps::p055::test ... ok
[INFO] [stdout] test ps::p054::test ... ok
[INFO] [stdout] test ps::p030::test ... ok
[INFO] [stdout] test ps::p012::test ... ok
[INFO] [stdout] test ps::p050::test ... ok
[INFO] [stdout] test ps::p053::test ... ok
[INFO] [stdout] test ps::p061::test ... FAILED
[INFO] [stdout] test ps::p061::test_1 ... ok
[INFO] [stdout] test ps::p058::test ... ok
[INFO] [stdout] test ps::p063::test ... ok
[INFO] [stdout] test ps::p064::test ... ok
[INFO] [stdout] test ps::p065::test ... ok
[INFO] [stdout] test ps::p067::test ... ok
[INFO] [stdout] test ps::p041::test ... ok
[INFO] [stdout] test ps::p056::test ... ok
[INFO] [stdout] test ps::p097::test ... ok
[INFO] [stdout] test ps::p099::test ... ok
[INFO] [stdout] test ps::p100::test ... ok
[INFO] [stdout] test util::test_count_digits ... ok
[INFO] [stdout] test util::test_count_digits_1 ... ok
[INFO] [stdout] test util::test_count_digits_2 ... ok
[INFO] [stdout] test ps::p062::test ... ok
[INFO] [stdout] test util::test_digits ... ok
[INFO] [stdout] test util::test_factorial ... ok
[INFO] [stdout] test util::test_fibonacci_biguint ... ok
[INFO] [stdout] test util::test_fibonacci_i64 ... ok
[INFO] [stdout] test ps::p085::test ... ok
[INFO] [stdout] test util::test_factorize ... ok
[INFO] [stdout] test util::test_from_digits ... ok
[INFO] [stdout] test util::test_gcd_x_0 - should panic ... ok
[INFO] [stdout] test util::test_gcd ... ok
[INFO] [stdout] test util::test_gcd_0_x - should panic ... ok
[INFO] [stdout] test util::test_is_prime ... ok
[INFO] [stdout] test util::test_is_palindrome ... ok
[INFO] [stdout] test util::test_is_pentagonal ... ok
[INFO] [stdout] test util::test_lcm ... ok
[INFO] [stdout] test util::test_prime_iter ... ok
[INFO] [stdout] test util::test_prime_iter_with_sieve ... ok
[INFO] [stdout] test util::test_prime_sieve ... ok
[INFO] [stdout] test util::test_reverse ... ok
[INFO] [stdout] test ps::p040::test ... ok
[INFO] [stdout] test ps::p024::test ... ok
[INFO] [stdout] test ps::p032::test ... ok
[INFO] [stdout] test ps::p059::test ... ok
[INFO] [stdout] test ps::p052::test ... ok
[INFO] [stdout] test ps::p060::test ... ok
[INFO] [stdout] test ps::p010::test ... ok
[INFO] [stdout] test ps::p047::test ... ok
[INFO] [stdout] test ps::p014::test ... ok
[INFO] [stdout] test ps::p068::test ... ok
[INFO] [stdout] test ps::p043::test ... ok
[INFO] [stdout] test ps::p057::test ... ok
[INFO] [stdout] test ps::p023::test ... ok
[INFO] [stdout] 
[INFO] [stdout] failures:
[INFO] [stdout] 
[INFO] [stdout] ---- ps::p061::test stdout ----
[INFO] [stdout] {47: [(8, 4720), (3, 4753), (6, 4753), (4, 4761), (7, 4774)], 45: [(5, 4510), (7, 4558), (3, 4560), (6, 4560)], 83: [(8, 8321), (7, 8323), (3, 8385), (6, 8385)], 27: [(3, 2701), (6, 2701), (4, 2704), (5, 2752), (3, 2775)], 87: [(3, 8778)], 88: [(4, 8836), (5, 8855)], 72: [(7, 7209), (4, 7225), (3, 7260)], 93: [(3, 9316), (5, 9322)], 94: [(4, 9409), (3, 9453), (6, 9453)], 97: [(3, 9730), (6, 9730)], 84: [(5, 8400), (4, 8464)], 71: [(8, 7105), (5, 7107), (3, 7140), (6, 7140)], 68: [(8, 6816), (4, 6889)], 64: [(4, 6400), (7, 6426), (3, 6441), (6, 6441)], 18: [(5, 1820), (8, 1825), (3, 1830), (4, 1849), (3, 1891), (6, 1891)], 23: [(4, 2304), (3, 2346), (7, 2356), (5, 2380)], 22: [(7, 2205), (4, 2209), (3, 2211), (5, 2262), (3, 2278), (6, 2278), (8, 2296)], 44: [(3, 4465), (8, 4485), (4, 4489)], 14: [(7, 1404), (8, 1408), (5, 1426), (3, 1431), (6, 1431), (4, 1444), (3, 1485)], 52: [(8, 5208), (7, 5221), (3, 5253)], 20: [(3, 2016), (6, 2016), (4, 2025), (5, 2035), (7, 2059), (3, 2080)], 74: [(8, 7400), (7, 7480)], 39: [(3, 3916), (7, 3940), (4, 3969)], 54: [(7, 5452), (3, 5460), (8, 5461), (4, 5476)], 56: [(4, 5625), (3, 5671), (7, 5688)], 21: [(4, 2116), (8, 2133), (3, 2145), (6, 2145), (5, 2147)], 67: [(5, 6700), (4, 6724), (3, 6786)], 62: [(3, 6216), (6, 6216), (4, 6241), (8, 6256)], 10: [(5, 1001), (4, 1024), (3, 1035), (6, 1035), (8, 1045), (7, 1071), (5, 1080), (3, 1081), (4, 1089)], 59: [(5, 5922), (4, 5929), (7, 5929), (8, 5985), (3, 5995), (6, 5995)], 76: [(3, 7626), (6, 7626)], 81: [(4, 8100), (3, 8128), (6, 8128), (5, 8177)], 24: [(4, 2401), (3, 2415), (6, 2415), (8, 2465), (3, 2485)], 26: [(4, 2601), (5, 2625), (3, 2628), (8, 2640), (7, 2673)], 53: [(4, 5329), (3, 5356), (6, 5356), (5, 5370)], 16: [(4, 1600), (5, 1617), (7, 1651), (3, 1653), (6, 1653), (8, 1680), (4, 1681)], 49: [(4, 4900), (3, 4950), (6, 4950), (8, 4961), (7, 4995)], 38: [(8, 3816), (3, 3828), (6, 3828), (4, 3844), (5, 3876)], 13: [(3, 1326), (6, 1326), (5, 1335), (4, 1369), (3, 1378)], 34: [(8, 3400), (3, 3403), (5, 3432), (4, 3481), (3, 3486), (6, 3486)], 48: [(5, 4845), (3, 4851)], 40: [(3, 4005), (6, 4005), (5, 4030), (8, 4033), (3, 4095), (4, 4096)], 33: [(3, 3321), (6, 3321), (4, 3364), (7, 3367)], 28: [(4, 2809), (8, 2821), (7, 2839), (3, 2850), (6, 2850), (5, 2882)], 41: [(7, 4141), (3, 4186), (6, 4186), (5, 4187)], 78: [(3, 7875), (6, 7875)], 82: [(3, 8256), (4, 8281)], 86: [(7, 8614), (5, 8626), (8, 8640), (3, 8646), (6, 8646), (4, 8649)], 90: [(4, 9025), (3, 9045), (5, 9087)], 36: [(4, 3600), (8, 3605), (3, 3655), (6, 3655)], 89: [(7, 8910), (3, 8911), (6, 8911), (8, 8965)], 43: [(5, 4347), (7, 4347), (4, 4356), (3, 4371), (6, 4371)], 61: [(3, 6105), (5, 6112), (7, 6175)], 51: [(3, 5151), (6, 5151), (4, 5184), (5, 5192)], 79: [(4, 7921), (5, 7957)], 58: [(3, 5886)], 96: [(4, 9604), (8, 9633)], 35: [(7, 3553), (3, 3570), (5, 3577)], 50: [(5, 5017), (4, 5041), (3, 5050)], 92: [(7, 9211), (4, 9216), (8, 9296)], 73: [(5, 7315), (3, 7381), (6, 7381), (4, 7396)], 42: [(4, 4225), (8, 4256), (3, 4278)], 69: [(5, 6902), (3, 6903), (6, 6903), (7, 6943)], 37: [(4, 3721), (5, 3725), (3, 3741), (7, 3744)], 95: [(7, 9517), (5, 9560), (3, 9591)], 19: [(7, 1918), (5, 1926), (4, 1936), (3, 1953), (8, 1976)], 30: [(3, 3003), (6, 3003), (8, 3008), (7, 3010), (5, 3015), (4, 3025), (3, 3081)], 32: [(8, 3201), (3, 3240), (4, 3249), (5, 3290)], 80: [(3, 8001), (8, 8008), (7, 8037)], 63: [(5, 6305), (3, 6328)], 70: [(3, 7021), (4, 7056)], 91: [(3, 9180), (6, 9180)], 60: [(4, 6084)], 46: [(4, 4624), (3, 4656), (5, 4676)], 98: [(4, 9801), (5, 9801), (7, 9828), (3, 9870)], 57: [(8, 5720), (5, 5735), (4, 5776), (3, 5778), (6, 5778)], 29: [(4, 2916), (3, 2926)], 66: [(3, 6670), (6, 6670), (7, 6682)], 77: [(8, 7701), (5, 7740), (4, 7744), (3, 7750), (7, 7756)], 85: [(3, 8515)], 99: [(8, 9976)], 15: [(5, 1520), (4, 1521), (7, 1525), (3, 1540), (6, 1540), (8, 1541), (3, 1596)], 11: [(3, 1128), (6, 1128), (4, 1156), (8, 1160), (5, 1162), (3, 1176), (7, 1177)], 31: [(4, 3136), (5, 3151), (3, 3160), (6, 3160), (7, 3186)], 55: [(5, 5551), (3, 5565), (6, 5565)], 12: [(3, 1225), (4, 1225), (6, 1225), (5, 1247), (3, 1275), (8, 1281), (7, 1288), (4, 1296)], 17: [(3, 1711), (5, 1717), (4, 1764), (3, 1770), (6, 1770), (7, 1782)], 25: [(4, 2500), (5, 2501), (7, 2512), (3, 2556), (6, 2556)], 65: [(5, 6501), (8, 6533), (3, 6555), (4, 6561)], 75: [(3, 7503), (5, 7526), (4, 7569)]}
[INFO] [stdout] thread 'ps::p061::test' panicked at src/ps/p061.rs:64:5:
[INFO] [stdout] assertion `left == right` failed
[INFO] [stdout]   left: 0
[INFO] [stdout]  right: 28684
[INFO] [stdout] stack backtrace:
[INFO] [stdout]    0:     0x62bf060ce61a - std::backtrace_rs::backtrace::libunwind::trace::h5a5b8284f2d0c266
[INFO] [stdout]                                at /rustc/90b35a6239c3d8bdabc530a6a0816f7ff89a0aaf/library/std/src/../../backtrace/src/backtrace/libunwind.rs:116:5
[INFO] [stdout]    1:     0x62bf060ce61a - std::backtrace_rs::backtrace::trace_unsynchronized::h76d4f1c9b0b875e3
[INFO] [stdout]                                at /rustc/90b35a6239c3d8bdabc530a6a0816f7ff89a0aaf/library/std/src/../../backtrace/src/backtrace/mod.rs:66:5
[INFO] [stdout]    2:     0x62bf060ce61a - std::sys::backtrace::_print_fmt::hc4546b8364a537c6
[INFO] [stdout]                                at /rustc/90b35a6239c3d8bdabc530a6a0816f7ff89a0aaf/library/std/src/sys/backtrace.rs:66:9
[INFO] [stdout]    3:     0x62bf060ce61a - <std::sys::backtrace::BacktraceLock::print::DisplayBacktrace as core::fmt::Display>::fmt::h5b6bd5631a6d1f6b
[INFO] [stdout]                                at /rustc/90b35a6239c3d8bdabc530a6a0816f7ff89a0aaf/library/std/src/sys/backtrace.rs:39:26
[INFO] [stdout]    4:     0x62bf060f5343 - core::fmt::rt::Argument::fmt::h270f6602a2b96f62
[INFO] [stdout]                                at /rustc/90b35a6239c3d8bdabc530a6a0816f7ff89a0aaf/library/core/src/fmt/rt.rs:177:76
[INFO] [stdout]    5:     0x62bf060f5343 - core::fmt::write::h7550c97b06c86515
[INFO] [stdout]                                at /rustc/90b35a6239c3d8bdabc530a6a0816f7ff89a0aaf/library/core/src/fmt/mod.rs:1186:21
[INFO] [stdout]    6:     0x62bf060cb7e3 - std::io::Write::write_fmt::h509ff860e5956e5e
[INFO] [stdout]                                at /rustc/90b35a6239c3d8bdabc530a6a0816f7ff89a0aaf/library/std/src/io/mod.rs:1839:15
[INFO] [stdout]    7:     0x62bf060ce462 - std::sys::backtrace::BacktraceLock::print::h2395ccd2c84ba3aa
[INFO] [stdout]                                at /rustc/90b35a6239c3d8bdabc530a6a0816f7ff89a0aaf/library/std/src/sys/backtrace.rs:42:9
[INFO] [stdout]    8:     0x62bf060cfa7a - std::panicking::default_hook::{{closure}}::he19d4c7230e07961
[INFO] [stdout]                                at /rustc/90b35a6239c3d8bdabc530a6a0816f7ff89a0aaf/library/std/src/panicking.rs:268:22
[INFO] [stdout]    9:     0x62bf060cf884 - std::panicking::default_hook::hf614597d3c67bbdb
[INFO] [stdout]                                at /rustc/90b35a6239c3d8bdabc530a6a0816f7ff89a0aaf/library/std/src/panicking.rs:292:9
[INFO] [stdout]   10:     0x62bf0606ea89 - <alloc::boxed::Box<F,A> as core::ops::function::Fn<Args>>::call::h39b51ce4599c23d1
[INFO] [stdout]                                at /rustc/90b35a6239c3d8bdabc530a6a0816f7ff89a0aaf/library/alloc/src/boxed.rs:2468:9
[INFO] [stdout]   11:     0x62bf0606ea89 - test::test_main::{{closure}}::he977ae839a582784
[INFO] [stdout]                                at /rustc/90b35a6239c3d8bdabc530a6a0816f7ff89a0aaf/library/test/src/lib.rs:133:21
[INFO] [stdout]   12:     0x62bf060d0118 - <alloc::boxed::Box<F,A> as core::ops::function::Fn<Args>>::call::h9455091b6b06f9fb
[INFO] [stdout]                                at /rustc/90b35a6239c3d8bdabc530a6a0816f7ff89a0aaf/library/alloc/src/boxed.rs:2468:9
[INFO] [stdout]   13:     0x62bf060d0118 - std::panicking::rust_panic_with_hook::h8942133a8b252070
[INFO] [stdout]                                at /rustc/90b35a6239c3d8bdabc530a6a0816f7ff89a0aaf/library/std/src/panicking.rs:809:13
[INFO] [stdout]   14:     0x62bf060cfeda - std::panicking::begin_panic_handler::{{closure}}::hb5f5963570096b29
[INFO] [stdout]                                at /rustc/90b35a6239c3d8bdabc530a6a0816f7ff89a0aaf/library/std/src/panicking.rs:674:13
[INFO] [stdout]   15:     0x62bf060ceaf9 - std::sys::backtrace::__rust_end_short_backtrace::h6208cedc1922feda
[INFO] [stdout]                                at /rustc/90b35a6239c3d8bdabc530a6a0816f7ff89a0aaf/library/std/src/sys/backtrace.rs:170:18
[INFO] [stdout]   16:     0x62bf060cfb6c - rust_begin_unwind
[INFO] [stdout]                                at /rustc/90b35a6239c3d8bdabc530a6a0816f7ff89a0aaf/library/std/src/panicking.rs:665:5
[INFO] [stdout]   17:     0x62bf05f39aa0 - core::panicking::panic_fmt::h0c3082644d1bf418
[INFO] [stdout]                                at /rustc/90b35a6239c3d8bdabc530a6a0816f7ff89a0aaf/library/core/src/panicking.rs:74:14
[INFO] [stdout]   18:     0x62bf05f39ecc - core::panicking::assert_failed_inner::h2ddf1fcc067fa858
[INFO] [stdout]   19:     0x62bf05ff4b14 - core::panicking::assert_failed::ha2a0d3f3ee8f3406
[INFO] [stdout]                                at /rustc/90b35a6239c3d8bdabc530a6a0816f7ff89a0aaf/library/core/src/panicking.rs:367:5
[INFO] [stdout]   20:     0x62bf0601b512 - euler_rs::ps::p061::test::h5edf1c38f9d938b3
[INFO] [stdout]                                at /opt/rustwide/workdir/src/ps/p061.rs:64:5
[INFO] [stdout]   21:     0x62bf0601b497 - euler_rs::ps::p061::test::{{closure}}::h76e85176f674eec8
[INFO] [stdout]                                at /opt/rustwide/workdir/src/ps/p061.rs:63:10
[INFO] [stdout]   22:     0x62bf05f75a96 - core::ops::function::FnOnce::call_once::h259640c2ecf47b97
[INFO] [stdout]                                at /rustc/90b35a6239c3d8bdabc530a6a0816f7ff89a0aaf/library/core/src/ops/function.rs:250:5
[INFO] [stdout]   23:     0x62bf0607344b - core::ops::function::FnOnce::call_once::h109cf8051a59b34e
[INFO] [stdout]                                at /rustc/90b35a6239c3d8bdabc530a6a0816f7ff89a0aaf/library/core/src/ops/function.rs:250:5
[INFO] [stdout]   24:     0x62bf0607344b - test::__rust_begin_short_backtrace::hf4fff89d377446ba
[INFO] [stdout]                                at /rustc/90b35a6239c3d8bdabc530a6a0816f7ff89a0aaf/library/test/src/lib.rs:621:18
[INFO] [stdout]   25:     0x62bf06072c87 - test::run_test_in_process::{{closure}}::h0e39181dd7ee5a43
[INFO] [stdout]                                at /rustc/90b35a6239c3d8bdabc530a6a0816f7ff89a0aaf/library/test/src/lib.rs:644:60
[INFO] [stdout]   26:     0x62bf06072c87 - <core::panic::unwind_safe::AssertUnwindSafe<F> as core::ops::function::FnOnce<()>>::call_once::hc5a66a30f0bdfd1f
[INFO] [stdout]                                at /rustc/90b35a6239c3d8bdabc530a6a0816f7ff89a0aaf/library/core/src/panic/unwind_safe.rs:272:9
[INFO] [stdout]   27:     0x62bf06072c87 - std::panicking::try::do_call::h873b7cf639554a5e
[INFO] [stdout]                                at /rustc/90b35a6239c3d8bdabc530a6a0816f7ff89a0aaf/library/std/src/panicking.rs:557:40
[INFO] [stdout]   28:     0x62bf06072c87 - std::panicking::try::hdb19862fad9c8bd1
[INFO] [stdout]                                at /rustc/90b35a6239c3d8bdabc530a6a0816f7ff89a0aaf/library/std/src/panicking.rs:520:19
[INFO] [stdout]   29:     0x62bf06072c87 - std::panic::catch_unwind::h281fe732d236d260
[INFO] [stdout]                                at /rustc/90b35a6239c3d8bdabc530a6a0816f7ff89a0aaf/library/std/src/panic.rs:358:14
[INFO] [stdout]   30:     0x62bf06072c87 - test::run_test_in_process::h949b6df8457ed338
[INFO] [stdout]                                at /rustc/90b35a6239c3d8bdabc530a6a0816f7ff89a0aaf/library/test/src/lib.rs:644:27
[INFO] [stdout]   31:     0x62bf06072c87 - test::run_test::{{closure}}::h52c556a6d4740e10
[INFO] [stdout]                                at /rustc/90b35a6239c3d8bdabc530a6a0816f7ff89a0aaf/library/test/src/lib.rs:565:43
[INFO] [stdout]   32:     0x62bf06037f64 - test::run_test::{{closure}}::h4237f6381c45ccb9
[INFO] [stdout]                                at /rustc/90b35a6239c3d8bdabc530a6a0816f7ff89a0aaf/library/test/src/lib.rs:595:41
[INFO] [stdout]   33:     0x62bf06037f64 - std::sys::backtrace::__rust_begin_short_backtrace::h505c97a579eca628
[INFO] [stdout]                                at /rustc/90b35a6239c3d8bdabc530a6a0816f7ff89a0aaf/library/std/src/sys/backtrace.rs:154:18
[INFO] [stdout]   34:     0x62bf0603b62e - std::thread::Builder::spawn_unchecked_::{{closure}}::{{closure}}::h9e86b2e2bc107ea3
[INFO] [stdout]                                at /rustc/90b35a6239c3d8bdabc530a6a0816f7ff89a0aaf/library/std/src/thread/mod.rs:538:17
[INFO] [stdout]   35:     0x62bf0603b62e - <core::panic::unwind_safe::AssertUnwindSafe<F> as core::ops::function::FnOnce<()>>::call_once::h8b06ddb275ff4a25
[INFO] [stdout]                                at /rustc/90b35a6239c3d8bdabc530a6a0816f7ff89a0aaf/library/core/src/panic/unwind_safe.rs:272:9
[INFO] [stdout]   36:     0x62bf0603b62e - std::panicking::try::do_call::hb26ecd7cd9a9355d
[INFO] [stdout]                                at /rustc/90b35a6239c3d8bdabc530a6a0816f7ff89a0aaf/library/std/src/panicking.rs:557:40
[INFO] [stdout]   37:     0x62bf0603b62e - std::panicking::try::h8ddeca9d705f9069
[INFO] [stdout]                                at /rustc/90b35a6239c3d8bdabc530a6a0816f7ff89a0aaf/library/std/src/panicking.rs:520:19
[INFO] [stdout]   38:     0x62bf0603b62e - std::panic::catch_unwind::h49e1c33078844c46
[INFO] [stdout]                                at /rustc/90b35a6239c3d8bdabc530a6a0816f7ff89a0aaf/library/std/src/panic.rs:358:14
[INFO] [stdout]   39:     0x62bf0603b62e - std::thread::Builder::spawn_unchecked_::{{closure}}::h6073db6ff56ad35d
[INFO] [stdout]                                at /rustc/90b35a6239c3d8bdabc530a6a0816f7ff89a0aaf/library/std/src/thread/mod.rs:537:30
[INFO] [stdout]   40:     0x62bf0603b62e - core::ops::function::FnOnce::call_once{{vtable.shim}}::h2c5a5f3779c774f1
[INFO] [stdout]                                at /rustc/90b35a6239c3d8bdabc530a6a0816f7ff89a0aaf/library/core/src/ops/function.rs:250:5
[INFO] [stdout]   41:     0x62bf060d3e7b - <alloc::boxed::Box<F,A> as core::ops::function::FnOnce<Args>>::call_once::hf75717d9f28faebf
[INFO] [stdout]                                at /rustc/90b35a6239c3d8bdabc530a6a0816f7ff89a0aaf/library/alloc/src/boxed.rs:2454:9
[INFO] [stdout]   42:     0x62bf060d3e7b - <alloc::boxed::Box<F,A> as core::ops::function::FnOnce<Args>>::call_once::h7bd883a5f3c5f3c1
[INFO] [stdout]                                at /rustc/90b35a6239c3d8bdabc530a6a0816f7ff89a0aaf/library/alloc/src/boxed.rs:2454:9
[INFO] [stdout]   43:     0x62bf060d3e7b - std::sys::pal::unix::thread::Thread::new::thread_start::hcc78f3943333fa94
[INFO] [stdout]                                at /rustc/90b35a6239c3d8bdabc530a6a0816f7ff89a0aaf/library/std/src/sys/pal/unix/thread.rs:105:17
[INFO] [stdout]   44:     0x753d041e9ac3 - <unknown>
[INFO] [stdout]   45:     0x753d0427aa04 - clone
[INFO] [stdout]   46:                0x0 - <unknown>
[INFO] [stdout] 
[INFO] [stdout] 
[INFO] [stdout] failures:
[INFO] [stdout]     ps::p061::test
[INFO] [stdout] 
[INFO] [stdout] test result: FAILED. 93 passed; 1 failed; 0 ignored; 0 measured; 0 filtered out; finished in 10.07s
[INFO] [stdout] 
[INFO] [stderr] error: test failed, to rerun pass `--bin euler-rs`
[INFO] running `Command { std: "docker" "inspect" "1f3943e1b8e2fe12b369c033de99c51e806715eb87c616e3ad55fe6d133bee39", kill_on_drop: false }`
[INFO] running `Command { std: "docker" "rm" "-f" "1f3943e1b8e2fe12b369c033de99c51e806715eb87c616e3ad55fe6d133bee39", kill_on_drop: false }`
[INFO] [stdout] 1f3943e1b8e2fe12b369c033de99c51e806715eb87c616e3ad55fe6d133bee39
