[INFO] cloning repository https://github.com/noxasaxon/songwhip-bot-rs
[INFO] running `Command { std: "git" "-c" "credential.helper=" "-c" "credential.helper=/workspace/cargo-home/bin/git-credential-null" "clone" "--bare" "https://github.com/noxasaxon/songwhip-bot-rs" "/workspace/cache/git-repos/https%3A%2F%2Fgithub.com%2Fnoxasaxon%2Fsongwhip-bot-rs", kill_on_drop: false }`
[INFO] [stderr] Cloning into bare repository '/workspace/cache/git-repos/https%3A%2F%2Fgithub.com%2Fnoxasaxon%2Fsongwhip-bot-rs'...
[INFO] running `Command { std: "git" "rev-parse" "HEAD", kill_on_drop: false }`
[INFO] [stdout] 33564cc86d4deabe9fb48ef69b85c7b15319a2dc
[INFO] testing noxasaxon/songwhip-bot-rs against 1.83.0 for beta-1.84.0-4-retry
[INFO] running `Command { std: "git" "clone" "/workspace/cache/git-repos/https%3A%2F%2Fgithub.com%2Fnoxasaxon%2Fsongwhip-bot-rs" "/workspace/builds/worker-3-tc1/source", kill_on_drop: false }`
[INFO] [stderr] Cloning into '/workspace/builds/worker-3-tc1/source'...
[INFO] [stderr] done.
[INFO] validating manifest of git repo https://github.com/noxasaxon/songwhip-bot-rs on toolchain 1.83.0
[INFO] running `Command { std: CARGO_HOME="/workspace/cargo-home" RUSTUP_HOME="/workspace/rustup-home" "/workspace/cargo-home/bin/cargo" "+1.83.0" "metadata" "--manifest-path" "Cargo.toml" "--no-deps", kill_on_drop: false }`
[INFO] removed /workspace/builds/worker-3-tc1/source/.cargo/config
[INFO] started tweaking git repo https://github.com/noxasaxon/songwhip-bot-rs
[INFO] finished tweaking git repo https://github.com/noxasaxon/songwhip-bot-rs
[INFO] tweaked toml for git repo https://github.com/noxasaxon/songwhip-bot-rs written to /workspace/builds/worker-3-tc1/source/Cargo.toml
[INFO] crate git repo https://github.com/noxasaxon/songwhip-bot-rs already has a lockfile, it will not be regenerated
[INFO] running `Command { std: CARGO_HOME="/workspace/cargo-home" RUSTUP_HOME="/workspace/rustup-home" "/workspace/cargo-home/bin/cargo" "+1.83.0" "fetch" "--manifest-path" "Cargo.toml", kill_on_drop: false }`
[INFO] [stderr] warning: virtual workspace defaulting to `resolver = "1"` despite one or more workspace members being on edition 2021 which implies `resolver = "2"`
[INFO] [stderr] note: to keep the current resolver, specify `workspace.resolver = "1"` in the workspace root's manifest
[INFO] [stderr] note: to use the edition 2021 resolver, specify `workspace.resolver = "2"` in the workspace root's manifest
[INFO] [stderr] note: for more details see https://doc.rust-lang.org/cargo/reference/resolver.html#resolver-versions
[INFO] [stderr]     Updating git repository `https://github.com/testcontainers/testcontainers-rs`
[INFO] [stderr]     Updating crates.io index
[INFO] [stderr]  Downloading crates ...
[INFO] [stderr]   Downloaded rsb_derive v0.5.0
[INFO] [stderr]   Downloaded rvs_derive v0.3.0
[INFO] [stderr]   Downloaded rvstruct v0.3.0
[INFO] [stderr]   Downloaded tracing-subscriber v0.3.7
[INFO] [stderr]   Downloaded async-recursion v1.0.0
[INFO] [stderr]   Downloaded shiplift v0.7.0
[INFO] [stderr]   Downloaded slack-morphism v0.27.0
[INFO] [stderr]   Downloaded slack-morphism-hyper v0.27.0
[INFO] [stderr]   Downloaded tower-http v0.2.1
[INFO] [stderr]   Downloaded axum v0.4.4
[INFO] [stderr]   Downloaded slack-morphism-models v0.27.0
[INFO] [stderr]   Downloaded signal-hook-tokio v0.3.1
[INFO] running `Command { std: "docker" "create" "-v" "/var/lib/crater-agent-workspace/builds/worker-3-tc1/target:/opt/rustwide/target:rw,Z" "-v" "/var/lib/crater-agent-workspace/builds/worker-3-tc1/source:/opt/rustwide/workdir:ro,Z" "-v" "/var/lib/crater-agent-workspace/cargo-home:/opt/rustwide/cargo-home:ro,Z" "-v" "/var/lib/crater-agent-workspace/rustup-home:/opt/rustwide/rustup-home:ro,Z" "-e" "SOURCE_DIR=/opt/rustwide/workdir" "-e" "CARGO_TARGET_DIR=/opt/rustwide/target" "-e" "CARGO_HOME=/opt/rustwide/cargo-home" "-e" "RUSTUP_HOME=/opt/rustwide/rustup-home" "-w" "/opt/rustwide/workdir" "-m" "1610612736" "--user" "0:0" "--network" "none" "ghcr.io/rust-lang/crates-build-env/linux@sha256:f3a9d4ad9d972b27faf3965f35b62e55ba32bbce8f20bc8fe909558a86702fde" "/opt/rustwide/cargo-home/bin/cargo" "+1.83.0" "metadata" "--no-deps" "--format-version=1", kill_on_drop: false }`
[INFO] [stdout] 61964e1d94c3ecb4907394c6764285b71e73700fb0f915db2612d72446241192
[INFO] running `Command { std: "docker" "start" "-a" "61964e1d94c3ecb4907394c6764285b71e73700fb0f915db2612d72446241192", kill_on_drop: false }`
[INFO] running `Command { std: "docker" "inspect" "61964e1d94c3ecb4907394c6764285b71e73700fb0f915db2612d72446241192", kill_on_drop: false }`
[INFO] running `Command { std: "docker" "rm" "-f" "61964e1d94c3ecb4907394c6764285b71e73700fb0f915db2612d72446241192", kill_on_drop: false }`
[INFO] [stdout] 61964e1d94c3ecb4907394c6764285b71e73700fb0f915db2612d72446241192
[INFO] running `Command { std: "docker" "create" "-v" "/var/lib/crater-agent-workspace/builds/worker-3-tc1/target:/opt/rustwide/target:rw,Z" "-v" "/var/lib/crater-agent-workspace/builds/worker-3-tc1/source:/opt/rustwide/workdir:ro,Z" "-v" "/var/lib/crater-agent-workspace/cargo-home:/opt/rustwide/cargo-home:ro,Z" "-v" "/var/lib/crater-agent-workspace/rustup-home:/opt/rustwide/rustup-home:ro,Z" "-e" "SOURCE_DIR=/opt/rustwide/workdir" "-e" "CARGO_TARGET_DIR=/opt/rustwide/target" "-e" "CARGO_INCREMENTAL=0" "-e" "RUST_BACKTRACE=full" "-e" "RUSTFLAGS=--cap-lints=warn" "-e" "RUSTDOCFLAGS=--cap-lints=warn" "-e" "CARGO_HOME=/opt/rustwide/cargo-home" "-e" "RUSTUP_HOME=/opt/rustwide/rustup-home" "-w" "/opt/rustwide/workdir" "-m" "1610612736" "--user" "0:0" "--network" "none" "ghcr.io/rust-lang/crates-build-env/linux@sha256:f3a9d4ad9d972b27faf3965f35b62e55ba32bbce8f20bc8fe909558a86702fde" "/opt/rustwide/cargo-home/bin/cargo" "+1.83.0" "build" "--frozen" "--message-format=json", kill_on_drop: false }`
[INFO] [stdout] 91e06fa7f14125e6b2d93c728fea44aeb10a8b3c71fa6be28e772190f11104d7
[INFO] running `Command { std: "docker" "start" "-a" "91e06fa7f14125e6b2d93c728fea44aeb10a8b3c71fa6be28e772190f11104d7", kill_on_drop: false }`
[INFO] [stderr] warning: virtual workspace defaulting to `resolver = "1"` despite one or more workspace members being on edition 2021 which implies `resolver = "2"`
[INFO] [stderr] note: to keep the current resolver, specify `workspace.resolver = "1"` in the workspace root's manifest
[INFO] [stderr] note: to use the edition 2021 resolver, specify `workspace.resolver = "2"` in the workspace root's manifest
[INFO] [stderr] note: for more details see https://doc.rust-lang.org/cargo/reference/resolver.html#resolver-versions
[INFO] [stderr]    Compiling proc-macro2 v1.0.36
[INFO] [stderr]    Compiling unicode-xid v0.2.2
[INFO] [stderr]    Compiling syn v1.0.86
[INFO] [stderr]    Compiling libc v0.2.114
[INFO] [stderr]    Compiling cfg-if v1.0.0
[INFO] [stderr]    Compiling log v0.4.14
[INFO] [stderr]    Compiling memchr v2.4.1
[INFO] [stderr]    Compiling pin-project-lite v0.2.8
[INFO] [stderr]    Compiling once_cell v1.9.0
[INFO] [stderr]    Compiling futures-core v0.3.19
[INFO] [stderr]    Compiling bytes v1.1.0
[INFO] [stderr]    Compiling fnv v1.0.7
[INFO] [stderr]    Compiling autocfg v1.0.1
[INFO] [stderr]    Compiling cc v1.0.72
[INFO] [stderr]    Compiling parking_lot_core v0.8.5
[INFO] [stderr]    Compiling futures-task v0.3.19
[INFO] [stderr]    Compiling futures-channel v0.3.19
[INFO] [stderr]    Compiling itoa v1.0.1
[INFO] [stderr]    Compiling smallvec v1.8.0
[INFO] [stderr]    Compiling futures-sink v0.3.19
[INFO] [stderr]    Compiling instant v0.1.12
[INFO] [stderr]    Compiling scopeguard v1.1.0
[INFO] [stderr]    Compiling futures-util v0.3.19
[INFO] [stderr]    Compiling pin-utils v0.1.0
[INFO] [stderr]    Compiling lock_api v0.4.5
[INFO] [stderr]    Compiling lazy_static v1.4.0
[INFO] [stderr]    Compiling slab v0.4.5
[INFO] [stderr]    Compiling futures-io v0.3.19
[INFO] [stderr]    Compiling tracing-core v0.1.21
[INFO] [stderr]    Compiling http v0.2.6
[INFO] [stderr]    Compiling serde_derive v1.0.136
[INFO] [stderr]    Compiling untrusted v0.7.1
[INFO] [stderr]    Compiling spin v0.5.2
[INFO] [stderr]    Compiling serde v1.0.136
[INFO] [stderr]    Compiling version_check v0.9.4
[INFO] [stderr]    Compiling typenum v1.15.0
[INFO] [stderr]    Compiling matches v0.1.9
[INFO] [stderr]    Compiling ident_case v1.0.1
[INFO] [stderr]    Compiling percent-encoding v2.1.0
[INFO] [stderr]    Compiling httparse v1.5.1
[INFO] [stderr]    Compiling tinyvec_macros v0.1.0
[INFO] [stderr]    Compiling strsim v0.10.0
[INFO] [stderr]    Compiling num-traits v0.2.14
[INFO] [stderr]    Compiling indexmap v1.8.0
[INFO] [stderr]    Compiling tinyvec v1.5.1
[INFO] [stderr]    Compiling form_urlencoded v1.0.1
[INFO] [stderr]    Compiling base64 v0.13.0
[INFO] [stderr]    Compiling generic-array v0.14.5
[INFO] [stderr]    Compiling num-integer v0.1.44
[INFO] [stderr]    Compiling ppv-lite86 v0.2.16
[INFO] [stderr]    Compiling quote v1.0.15
[INFO] [stderr]    Compiling signal-hook-registry v1.4.0
[INFO] [stderr]    Compiling mio v0.7.14
[INFO] [stderr]    Compiling num_cpus v1.13.1
[INFO] [stderr]    Compiling getrandom v0.2.4
[INFO] [stderr]    Compiling rustversion v1.0.6
[INFO] [stderr]    Compiling parking_lot v0.11.2
[INFO] [stderr]    Compiling ring v0.16.20
[INFO] [stderr]    Compiling ryu v1.0.9
[INFO] [stderr]    Compiling rand_core v0.6.3
[INFO] [stderr]    Compiling tower-service v0.3.1
[INFO] [stderr]    Compiling unicode-bidi v0.3.7
[INFO] [stderr]    Compiling unicode-normalization v0.1.19
[INFO] [stderr]    Compiling serde_json v1.0.78
[INFO] [stderr]    Compiling hashbrown v0.11.2
[INFO] [stderr]    Compiling async-trait v0.1.52
[INFO] [stderr]    Compiling rand_chacha v0.3.1
[INFO] [stderr]    Compiling try-lock v0.2.3
[INFO] [stderr]    Compiling signal-hook v0.3.13
[INFO] [stderr]    Compiling want v0.3.0
[INFO] [stderr]    Compiling rustls-pemfile v0.2.1
[INFO] [stderr]    Compiling rand v0.8.4
[INFO] [stderr]    Compiling socket2 v0.4.3
[INFO] [stderr]    Compiling time v0.1.43
[INFO] [stderr]    Compiling itoa v0.4.8
[INFO] [stderr]    Compiling opaque-debug v0.3.0
[INFO] [stderr]    Compiling openssl-probe v0.1.5
[INFO] [stderr]    Compiling httpdate v1.0.2
[INFO] [stderr]    Compiling regex-syntax v0.6.25
[INFO] [stderr]    Compiling http-body v0.4.4
[INFO] [stderr]    Compiling idna v0.2.3
[INFO] [stderr]    Compiling cpufeatures v0.2.1
[INFO] [stderr]    Compiling rustls-native-certs v0.6.1
[INFO] [stderr]    Compiling mime v0.3.16
[INFO] [stderr]    Compiling block-buffer v0.9.0
[INFO] [stderr]    Compiling digest v0.9.0
[INFO] [stderr]    Compiling utf-8 v0.7.6
[INFO] [stderr]    Compiling tower-layer v0.3.1
[INFO] [stderr]    Compiling sha-1 v0.9.8
[INFO] [stderr]    Compiling byteorder v1.4.3
[INFO] [stderr]    Compiling aho-corasick v0.7.18
[INFO] [stderr]    Compiling http-range-header v0.3.0
[INFO] [stderr]    Compiling url v2.2.2
[INFO] [stderr]    Compiling anyhow v1.0.53
[INFO] [stderr]    Compiling bitflags v1.3.2
[INFO] [stderr]    Compiling hex v0.4.3
[INFO] [stderr]    Compiling tracing-log v0.1.2
[INFO] [stderr]    Compiling sharded-slab v0.1.4
[INFO] [stderr]    Compiling thread_local v1.1.4
[INFO] [stderr]    Compiling matchit v0.4.4
[INFO] [stderr]    Compiling either v1.13.0
[INFO] [stderr]    Compiling sync_wrapper v0.1.1
[INFO] [stderr]    Compiling nanoid v0.4.0
[INFO] [stderr]    Compiling dotenv v0.15.0
[INFO] [stderr]    Compiling itertools v0.13.0
[INFO] [stderr]    Compiling regex-automata v0.1.10
[INFO] [stderr]    Compiling regex v1.5.4
[INFO] [stderr]    Compiling matchers v0.1.0
[INFO] [stderr]    Compiling darling_core v0.13.1
[INFO] [stderr]    Compiling webpki v0.22.0
[INFO] [stderr]    Compiling sct v0.7.0
[INFO] [stderr]    Compiling rustls v0.20.2
[INFO] [stderr]    Compiling webpki-roots v0.22.2
[INFO] [stderr]    Compiling futures-macro v0.3.19
[INFO] [stderr]    Compiling tokio-macros v1.7.0
[INFO] [stderr]    Compiling tracing-attributes v0.1.18
[INFO] [stderr]    Compiling rvs_derive v0.3.0
[INFO] [stderr]    Compiling thiserror-impl v1.0.30
[INFO] [stderr]    Compiling pin-project-internal v1.0.10
[INFO] [stderr]    Compiling rsb_derive v0.5.0
[INFO] [stderr]    Compiling async-recursion v1.0.0
[INFO] [stderr]    Compiling darling_macro v0.13.1
[INFO] [stderr]    Compiling rvstruct v0.3.0
[INFO] [stderr]    Compiling tokio v1.16.1
[INFO] [stderr]    Compiling thiserror v1.0.30
[INFO] [stderr]    Compiling darling v0.13.1
[INFO] [stderr]    Compiling tracing v0.1.29
[INFO] [stderr]    Compiling serde_with_macros v1.5.1
[INFO] [stderr]    Compiling tracing-subscriber v0.3.7
[INFO] [stderr]    Compiling pin-project v1.0.10
[INFO] [stderr]    Compiling tungstenite v0.16.0
[INFO] [stderr]    Compiling futures-executor v0.3.19
[INFO] [stderr]    Compiling tower-http v0.2.1
[INFO] [stderr]    Compiling axum-core v0.1.1
[INFO] [stderr]    Compiling futures v0.3.19
[INFO] [stderr]    Compiling tokio-util v0.6.9
[INFO] [stderr]    Compiling tokio-rustls v0.23.2
[INFO] [stderr]    Compiling signal-hook-tokio v0.3.1
[INFO] [stderr]    Compiling tokio-stream v0.1.8
[INFO] [stderr]    Compiling tokio-tungstenite v0.16.1
[INFO] [stderr]    Compiling h2 v0.3.10
[INFO] [stderr]    Compiling tower v0.4.11
[INFO] [stderr]    Compiling chrono v0.4.19
[INFO] [stderr]    Compiling serde_with v1.11.0
[INFO] [stderr]    Compiling serde_urlencoded v0.7.1
[INFO] [stderr]    Compiling slack-morphism-models v0.27.0
[INFO] [stderr]    Compiling hyper v0.14.16
[INFO] [stderr]    Compiling slack-morphism v0.27.0
[INFO] [stderr]    Compiling hyper-rustls v0.23.0
[INFO] [stderr]    Compiling axum v0.4.4
[INFO] [stderr]    Compiling slack-morphism-hyper v0.27.0
[INFO] [stderr]    Compiling songwhip_bot v0.1.0 (/opt/rustwide/workdir/crates/songwhip_bot)
[INFO] [stdout] warning: unused imports: `Value` and `json`
[INFO] [stdout]  --> crates/songwhip_bot/src/songlink.rs:9:18
[INFO] [stdout]   |
[INFO] [stdout] 9 | use serde_json::{json, Value};
[INFO] [stdout]   |                  ^^^^  ^^^^^
[INFO] [stdout]   |
[INFO] [stdout]   = note: `#[warn(unused_imports)]` on by default
[INFO] [stdout] 
[INFO] [stdout] 
[INFO] [stdout] warning: unused import: `url::Url`
[INFO] [stdout]   --> crates/songwhip_bot/src/songlink.rs:12:5
[INFO] [stdout]    |
[INFO] [stdout] 12 | use url::Url;
[INFO] [stdout]    |     ^^^^^^^^
[INFO] [stdout] 
[INFO] [stdout] 
[INFO] [stdout] warning: constant `SONGWHIP_URL` is never used
[INFO] [stdout]   --> crates/songwhip_bot/src/songwhip.rs:11:7
[INFO] [stdout]    |
[INFO] [stdout] 11 | const SONGWHIP_URL: &str = "https://songwhip.com/";
[INFO] [stdout]    |       ^^^^^^^^^^^^
[INFO] [stdout]    |
[INFO] [stdout]    = note: `#[warn(dead_code)]` on by default
[INFO] [stdout] 
[INFO] [stdout] 
[INFO] [stdout] warning: static `SW_CLIENT` is never used
[INFO] [stdout]   --> crates/songwhip_bot/src/songwhip.rs:12:8
[INFO] [stdout]    |
[INFO] [stdout] 12 | static SW_CLIENT: OnceCell<Client<HttpsConnector<HttpConnector>>> = OnceCell::const_new();
[INFO] [stdout]    |        ^^^^^^^^^
[INFO] [stdout] 
[INFO] [stdout] 
[INFO] [stdout] warning: function `get_or_init_songwhip_client` is never used
[INFO] [stdout]   --> crates/songwhip_bot/src/songwhip.rs:13:14
[INFO] [stdout]    |
[INFO] [stdout] 13 | pub async fn get_or_init_songwhip_client() -> &'static Client<HttpsConnector<HttpConnector>> {
[INFO] [stdout]    |              ^^^^^^^^^^^^^^^^^^^^^^^^^^^
[INFO] [stdout] 
[INFO] [stdout] 
[INFO] [stdout] warning: function `new_songwhip_client` is never used
[INFO] [stdout]   --> crates/songwhip_bot/src/songwhip.rs:19:8
[INFO] [stdout]    |
[INFO] [stdout] 19 | pub fn new_songwhip_client() -> Client<HttpsConnector<HttpConnector>> {
[INFO] [stdout]    |        ^^^^^^^^^^^^^^^^^^^
[INFO] [stdout] 
[INFO] [stdout] 
[INFO] [stdout] warning: function `build_songwhip_request` is never used
[INFO] [stdout]   --> crates/songwhip_bot/src/songwhip.rs:34:8
[INFO] [stdout]    |
[INFO] [stdout] 34 | pub fn build_songwhip_request(url: &str) -> Request<Body> {
[INFO] [stdout]    |        ^^^^^^^^^^^^^^^^^^^^^^
[INFO] [stdout] 
[INFO] [stdout] 
[INFO] [stdout] warning: function `songwhip_query` is never used
[INFO] [stdout]   --> crates/songwhip_bot/src/songwhip.rs:42:14
[INFO] [stdout]    |
[INFO] [stdout] 42 | pub async fn songwhip_query(data: &str) -> Result<Option<SongwhipResponseBody>> {
[INFO] [stdout]    |              ^^^^^^^^^^^^^^
[INFO] [stdout] 
[INFO] [stdout] 
[INFO] [stderr]    Compiling bot_server v0.1.0 (/opt/rustwide/workdir/crates/bot_server)
[INFO] [stderr]     Finished `dev` profile [unoptimized + debuginfo] target(s) in 1m 19s
[INFO] running `Command { std: "docker" "inspect" "91e06fa7f14125e6b2d93c728fea44aeb10a8b3c71fa6be28e772190f11104d7", kill_on_drop: false }`
[INFO] running `Command { std: "docker" "rm" "-f" "91e06fa7f14125e6b2d93c728fea44aeb10a8b3c71fa6be28e772190f11104d7", kill_on_drop: false }`
[INFO] [stdout] 91e06fa7f14125e6b2d93c728fea44aeb10a8b3c71fa6be28e772190f11104d7
[INFO] running `Command { std: "docker" "create" "-v" "/var/lib/crater-agent-workspace/builds/worker-3-tc1/target:/opt/rustwide/target:rw,Z" "-v" "/var/lib/crater-agent-workspace/builds/worker-3-tc1/source:/opt/rustwide/workdir:ro,Z" "-v" "/var/lib/crater-agent-workspace/cargo-home:/opt/rustwide/cargo-home:ro,Z" "-v" "/var/lib/crater-agent-workspace/rustup-home:/opt/rustwide/rustup-home:ro,Z" "-e" "SOURCE_DIR=/opt/rustwide/workdir" "-e" "CARGO_TARGET_DIR=/opt/rustwide/target" "-e" "CARGO_INCREMENTAL=0" "-e" "RUST_BACKTRACE=full" "-e" "RUSTFLAGS=--cap-lints=warn" "-e" "RUSTDOCFLAGS=--cap-lints=warn" "-e" "CARGO_HOME=/opt/rustwide/cargo-home" "-e" "RUSTUP_HOME=/opt/rustwide/rustup-home" "-w" "/opt/rustwide/workdir" "-m" "1610612736" "--user" "0:0" "--network" "none" "ghcr.io/rust-lang/crates-build-env/linux@sha256:f3a9d4ad9d972b27faf3965f35b62e55ba32bbce8f20bc8fe909558a86702fde" "/opt/rustwide/cargo-home/bin/cargo" "+1.83.0" "test" "--frozen" "--no-run" "--message-format=json", kill_on_drop: false }`
[INFO] [stdout] fa141517ec47557acdbbd5bbcceb36e4c1b9887b3ed1b013dd2b2d6a6b84ac5a
[INFO] running `Command { std: "docker" "start" "-a" "fa141517ec47557acdbbd5bbcceb36e4c1b9887b3ed1b013dd2b2d6a6b84ac5a", kill_on_drop: false }`
[INFO] [stderr] warning: virtual workspace defaulting to `resolver = "1"` despite one or more workspace members being on edition 2021 which implies `resolver = "2"`
[INFO] [stderr] note: to keep the current resolver, specify `workspace.resolver = "1"` in the workspace root's manifest
[INFO] [stderr] note: to use the edition 2021 resolver, specify `workspace.resolver = "2"` in the workspace root's manifest
[INFO] [stderr] note: for more details see https://doc.rust-lang.org/cargo/reference/resolver.html#resolver-versions
[INFO] [stderr]    Compiling pkg-config v0.3.24
[INFO] [stderr]    Compiling openssl v0.10.38
[INFO] [stderr]    Compiling foreign-types-shared v0.1.1
[INFO] [stderr]    Compiling pin-project-internal v0.4.29
[INFO] [stderr]    Compiling miniz_oxide v0.4.4
[INFO] [stderr]    Compiling crc32fast v1.3.1
[INFO] [stderr]    Compiling native-tls v0.2.8
[INFO] [stderr]    Compiling adler v1.0.2
[INFO] [stderr]    Compiling filetime v0.2.15
[INFO] [stderr]    Compiling xattr v0.2.2
[INFO] [stderr]    Compiling bytes v0.5.6
[INFO] [stderr]    Compiling subtle v2.4.1
[INFO] [stderr]    Compiling encoding_rs v0.8.30
[INFO] [stderr]    Compiling hyperlocal v0.8.0
[INFO] [stdout] warning: unused imports: `Value` and `json`
[INFO] [stdout]  --> crates/songwhip_bot/src/songlink.rs:9:18
[INFO] [stdout]   |
[INFO] [stdout] 9 | use serde_json::{json, Value};
[INFO] [stdout]   |                  ^^^^  ^^^^^
[INFO] [stdout]   |
[INFO] [stdout]   = note: `#[warn(unused_imports)]` on by default
[INFO] [stdout] 
[INFO] [stdout] 
[INFO] [stdout] warning: unused import: `url::Url`
[INFO] [stdout]   --> crates/songwhip_bot/src/songlink.rs:12:5
[INFO] [stdout]    |
[INFO] [stdout] 12 | use url::Url;
[INFO] [stdout]    |     ^^^^^^^^
[INFO] [stdout] 
[INFO] [stdout] 
[INFO] [stdout] warning: constant `SONGWHIP_URL` is never used
[INFO] [stdout]   --> crates/songwhip_bot/src/songwhip.rs:11:7
[INFO] [stdout]    |
[INFO] [stdout] 11 | const SONGWHIP_URL: &str = "https://songwhip.com/";
[INFO] [stdout]    |       ^^^^^^^^^^^^
[INFO] [stdout]    |
[INFO] [stdout]    = note: `#[warn(dead_code)]` on by default
[INFO] [stdout] 
[INFO] [stdout] 
[INFO] [stdout] warning: static `SW_CLIENT` is never used
[INFO] [stdout]   --> crates/songwhip_bot/src/songwhip.rs:12:8
[INFO] [stdout]    |
[INFO] [stdout] 12 | static SW_CLIENT: OnceCell<Client<HttpsConnector<HttpConnector>>> = OnceCell::const_new();
[INFO] [stdout]    |        ^^^^^^^^^
[INFO] [stdout] 
[INFO] [stdout] 
[INFO] [stderr]    Compiling sha2 v0.9.9
[INFO] [stdout] warning: function `get_or_init_songwhip_client` is never used
[INFO] [stdout]   --> crates/songwhip_bot/src/songwhip.rs:13:14
[INFO] [stdout]    |
[INFO] [stdout] 13 | pub async fn get_or_init_songwhip_client() -> &'static Client<HttpsConnector<HttpConnector>> {
[INFO] [stdout]    |              ^^^^^^^^^^^^^^^^^^^^^^^^^^^
[INFO] [stdout] 
[INFO] [stdout] 
[INFO] [stdout] warning: function `new_songwhip_client` is never used
[INFO] [stdout]   --> crates/songwhip_bot/src/songwhip.rs:19:8
[INFO] [stdout]    |
[INFO] [stdout] 19 | pub fn new_songwhip_client() -> Client<HttpsConnector<HttpConnector>> {
[INFO] [stdout]    |        ^^^^^^^^^^^^^^^^^^^
[INFO] [stdout] 
[INFO] [stdout] 
[INFO] [stdout] warning: function `build_songwhip_request` is never used
[INFO] [stdout]   --> crates/songwhip_bot/src/songwhip.rs:34:8
[INFO] [stdout]    |
[INFO] [stdout] 34 | pub fn build_songwhip_request(url: &str) -> Request<Body> {
[INFO] [stdout]    |        ^^^^^^^^^^^^^^^^^^^^^^
[INFO] [stdout] 
[INFO] [stdout] 
[INFO] [stdout] warning: function `songwhip_query` is never used
[INFO] [stdout]   --> crates/songwhip_bot/src/songwhip.rs:42:14
[INFO] [stdout]    |
[INFO] [stdout] 42 | pub async fn songwhip_query(data: &str) -> Result<Option<SongwhipResponseBody>> {
[INFO] [stdout]    |              ^^^^^^^^^^^^^^
[INFO] [stdout] 
[INFO] [stdout] 
[INFO] [stderr]    Compiling ipnet v2.3.1
[INFO] [stderr]    Compiling foreign-types v0.3.2
[INFO] [stderr]    Compiling songwhip_bot v0.1.0 (/opt/rustwide/workdir/crates/songwhip_bot)
[INFO] [stderr]    Compiling crypto-mac v0.10.1
[INFO] [stderr]    Compiling tar v0.4.38
[INFO] [stderr]    Compiling hmac v0.10.1
[INFO] [stdout] warning: unused imports: `Value` and `json`
[INFO] [stdout]  --> crates/songwhip_bot/src/songlink.rs:9:18
[INFO] [stdout]   |
[INFO] [stdout] 9 | use serde_json::{json, Value};
[INFO] [stdout]   |                  ^^^^  ^^^^^
[INFO] [stdout]   |
[INFO] [stdout]   = note: `#[warn(unused_imports)]` on by default
[INFO] [stdout] 
[INFO] [stdout] 
[INFO] [stdout] warning: unused import: `url::Url`
[INFO] [stdout]   --> crates/songwhip_bot/src/songlink.rs:12:5
[INFO] [stdout]    |
[INFO] [stdout] 12 | use url::Url;
[INFO] [stdout]    |     ^^^^^^^^
[INFO] [stdout] 
[INFO] [stdout] 
[INFO] [stderr]    Compiling openssl-sys v0.9.72
[INFO] [stderr]    Compiling flate2 v1.0.22
[INFO] [stdout] warning: constant `SONGWHIP_URL` is never used
[INFO] [stdout]   --> crates/songwhip_bot/src/songwhip.rs:11:7
[INFO] [stdout]    |
[INFO] [stdout] 11 | const SONGWHIP_URL: &str = "https://songwhip.com/";
[INFO] [stdout]    |       ^^^^^^^^^^^^
[INFO] [stdout]    |
[INFO] [stdout]    = note: `#[warn(dead_code)]` on by default
[INFO] [stdout] 
[INFO] [stdout] 
[INFO] [stdout] warning: static `SW_CLIENT` is never used
[INFO] [stdout]   --> crates/songwhip_bot/src/songwhip.rs:12:8
[INFO] [stdout]    |
[INFO] [stdout] 12 | static SW_CLIENT: OnceCell<Client<HttpsConnector<HttpConnector>>> = OnceCell::const_new();
[INFO] [stdout]    |        ^^^^^^^^^
[INFO] [stdout] 
[INFO] [stdout] 
[INFO] [stdout] warning: function `get_or_init_songwhip_client` is never used
[INFO] [stdout]   --> crates/songwhip_bot/src/songwhip.rs:13:14
[INFO] [stdout]    |
[INFO] [stdout] 13 | pub async fn get_or_init_songwhip_client() -> &'static Client<HttpsConnector<HttpConnector>> {
[INFO] [stdout]    |              ^^^^^^^^^^^^^^^^^^^^^^^^^^^
[INFO] [stdout] 
[INFO] [stdout] 
[INFO] [stdout] warning: function `new_songwhip_client` is never used
[INFO] [stdout]   --> crates/songwhip_bot/src/songwhip.rs:19:8
[INFO] [stdout]    |
[INFO] [stdout] 19 | pub fn new_songwhip_client() -> Client<HttpsConnector<HttpConnector>> {
[INFO] [stdout]    |        ^^^^^^^^^^^^^^^^^^^
[INFO] [stdout] 
[INFO] [stdout] 
[INFO] [stdout] warning: function `build_songwhip_request` is never used
[INFO] [stdout]   --> crates/songwhip_bot/src/songwhip.rs:34:8
[INFO] [stdout]    |
[INFO] [stdout] 34 | pub fn build_songwhip_request(url: &str) -> Request<Body> {
[INFO] [stdout]    |        ^^^^^^^^^^^^^^^^^^^^^^
[INFO] [stdout] 
[INFO] [stdout] 
[INFO] [stdout] warning: function `songwhip_query` is never used
[INFO] [stdout]   --> crates/songwhip_bot/src/songwhip.rs:42:14
[INFO] [stdout]    |
[INFO] [stdout] 42 | pub async fn songwhip_query(data: &str) -> Result<Option<SongwhipResponseBody>> {
[INFO] [stdout]    |              ^^^^^^^^^^^^^^
[INFO] [stdout] 
[INFO] [stdout] 
[INFO] [stdout] warning: constant `songlink_output` should have an upper case name
[INFO] [stdout]    --> crates/songwhip_bot/src/slack/events_api.rs:180:11
[INFO] [stdout]     |
[INFO] [stdout] 180 |     const songlink_output: &str = r#"{"entityUniqueId":"ITUNES_SONG::44733632","userCountry":"US","pageUrl":"https://song.link/us/i/44733...
[INFO] [stdout]     |           ^^^^^^^^^^^^^^^ help: convert the identifier to upper case: `SONGLINK_OUTPUT`
[INFO] [stdout]     |
[INFO] [stdout]     = note: `#[warn(non_upper_case_globals)]` on by default
[INFO] [stdout] 
[INFO] [stdout] 
[INFO] [stdout] warning: constant `songlink_output` should have an upper case name
[INFO] [stdout]    --> crates/songwhip_bot/src/songlink.rs:121:11
[INFO] [stdout]     |
[INFO] [stdout] 121 |     const songlink_output: &str = r#"{"entityUniqueId":"ITUNES_SONG::44733632","userCountry":"US","pageUrl":"https://song.link/us/i/44733...
[INFO] [stdout]     |           ^^^^^^^^^^^^^^^ help: convert the identifier to upper case: `SONGLINK_OUTPUT`
[INFO] [stdout] 
[INFO] [stdout] 
[INFO] [stderr]    Compiling pin-project v0.4.29
[INFO] [stderr]    Compiling futures_codec v0.4.1
[INFO] [stderr]    Compiling shiplift v0.7.0
[INFO] [stderr]    Compiling tokio-native-tls v0.3.0
[INFO] [stderr]    Compiling hyper-tls v0.5.0
[INFO] [stderr]    Compiling reqwest v0.11.9
[INFO] [stderr]    Compiling testcontainers v0.12.0 (https://github.com/testcontainers/testcontainers-rs?rev=bec5196f120c112da696be7c9053f63d5811e8c6#bec5196f)
[INFO] [stderr]    Compiling bot_server v0.1.0 (/opt/rustwide/workdir/crates/bot_server)
[INFO] [stderr]     Finished `test` profile [unoptimized + debuginfo] target(s) in 19.33s
[INFO] running `Command { std: "docker" "inspect" "fa141517ec47557acdbbd5bbcceb36e4c1b9887b3ed1b013dd2b2d6a6b84ac5a", kill_on_drop: false }`
[INFO] running `Command { std: "docker" "rm" "-f" "fa141517ec47557acdbbd5bbcceb36e4c1b9887b3ed1b013dd2b2d6a6b84ac5a", kill_on_drop: false }`
[INFO] [stdout] fa141517ec47557acdbbd5bbcceb36e4c1b9887b3ed1b013dd2b2d6a6b84ac5a
[INFO] running `Command { std: "docker" "create" "-v" "/var/lib/crater-agent-workspace/builds/worker-3-tc1/target:/opt/rustwide/target:rw,Z" "-v" "/var/lib/crater-agent-workspace/builds/worker-3-tc1/source:/opt/rustwide/workdir:ro,Z" "-v" "/var/lib/crater-agent-workspace/cargo-home:/opt/rustwide/cargo-home:ro,Z" "-v" "/var/lib/crater-agent-workspace/rustup-home:/opt/rustwide/rustup-home:ro,Z" "-e" "SOURCE_DIR=/opt/rustwide/workdir" "-e" "CARGO_TARGET_DIR=/opt/rustwide/target" "-e" "CARGO_INCREMENTAL=0" "-e" "RUST_BACKTRACE=full" "-e" "RUSTFLAGS=--cap-lints=warn" "-e" "RUSTDOCFLAGS=--cap-lints=warn" "-e" "CARGO_HOME=/opt/rustwide/cargo-home" "-e" "RUSTUP_HOME=/opt/rustwide/rustup-home" "-w" "/opt/rustwide/workdir" "-m" "1610612736" "--user" "0:0" "--network" "none" "ghcr.io/rust-lang/crates-build-env/linux@sha256:f3a9d4ad9d972b27faf3965f35b62e55ba32bbce8f20bc8fe909558a86702fde" "/opt/rustwide/cargo-home/bin/cargo" "+1.83.0" "test" "--frozen", kill_on_drop: false }`
[INFO] [stdout] ac406b7362a7b4a2e0e4b6e3571188291ee9fde0bf05b84155d208c55c198faf
[INFO] running `Command { std: "docker" "start" "-a" "ac406b7362a7b4a2e0e4b6e3571188291ee9fde0bf05b84155d208c55c198faf", kill_on_drop: false }`
[INFO] [stderr] warning: virtual workspace defaulting to `resolver = "1"` despite one or more workspace members being on edition 2021 which implies `resolver = "2"`
[INFO] [stderr] note: to keep the current resolver, specify `workspace.resolver = "1"` in the workspace root's manifest
[INFO] [stderr] note: to use the edition 2021 resolver, specify `workspace.resolver = "2"` in the workspace root's manifest
[INFO] [stderr] note: for more details see https://doc.rust-lang.org/cargo/reference/resolver.html#resolver-versions
[INFO] [stderr] warning: unused imports: `Value` and `json`
[INFO] [stderr]  --> crates/songwhip_bot/src/songlink.rs:9:18
[INFO] [stderr]   |
[INFO] [stderr] 9 | use serde_json::{json, Value};
[INFO] [stderr]   |                  ^^^^  ^^^^^
[INFO] [stderr]   |
[INFO] [stderr]   = note: `#[warn(unused_imports)]` on by default
[INFO] [stderr] 
[INFO] [stderr] warning: unused import: `url::Url`
[INFO] [stderr]   --> crates/songwhip_bot/src/songlink.rs:12:5
[INFO] [stderr]    |
[INFO] [stderr] 12 | use url::Url;
[INFO] [stderr]    |     ^^^^^^^^
[INFO] [stderr] 
[INFO] [stderr] warning: constant `SONGWHIP_URL` is never used
[INFO] [stderr]   --> crates/songwhip_bot/src/songwhip.rs:11:7
[INFO] [stderr]    |
[INFO] [stderr] 11 | const SONGWHIP_URL: &str = "https://songwhip.com/";
[INFO] [stderr]    |       ^^^^^^^^^^^^
[INFO] [stderr]    |
[INFO] [stderr]    = note: `#[warn(dead_code)]` on by default
[INFO] [stderr] 
[INFO] [stderr] warning: static `SW_CLIENT` is never used
[INFO] [stderr]   --> crates/songwhip_bot/src/songwhip.rs:12:8
[INFO] [stderr]    |
[INFO] [stderr] 12 | static SW_CLIENT: OnceCell<Client<HttpsConnector<HttpConnector>>> = OnceCell::const_new();
[INFO] [stderr]    |        ^^^^^^^^^
[INFO] [stderr] 
[INFO] [stderr] warning: function `get_or_init_songwhip_client` is never used
[INFO] [stderr]   --> crates/songwhip_bot/src/songwhip.rs:13:14
[INFO] [stderr]    |
[INFO] [stderr] 13 | pub async fn get_or_init_songwhip_client() -> &'static Client<HttpsConnector<HttpConnector>> {
[INFO] [stderr]    |              ^^^^^^^^^^^^^^^^^^^^^^^^^^^
[INFO] [stderr] 
[INFO] [stderr] warning: function `new_songwhip_client` is never used
[INFO] [stderr]   --> crates/songwhip_bot/src/songwhip.rs:19:8
[INFO] [stderr]    |
[INFO] [stderr] 19 | pub fn new_songwhip_client() -> Client<HttpsConnector<HttpConnector>> {
[INFO] [stderr]    |        ^^^^^^^^^^^^^^^^^^^
[INFO] [stderr] 
[INFO] [stderr] warning: function `build_songwhip_request` is never used
[INFO] [stderr]   --> crates/songwhip_bot/src/songwhip.rs:34:8
[INFO] [stderr]    |
[INFO] [stderr] 34 | pub fn build_songwhip_request(url: &str) -> Request<Body> {
[INFO] [stderr]    |        ^^^^^^^^^^^^^^^^^^^^^^
[INFO] [stderr] 
[INFO] [stderr] warning: function `songwhip_query` is never used
[INFO] [stderr]   --> crates/songwhip_bot/src/songwhip.rs:42:14
[INFO] [stderr]    |
[INFO] [stderr] 42 | pub async fn songwhip_query(data: &str) -> Result<Option<SongwhipResponseBody>> {
[INFO] [stderr]    |              ^^^^^^^^^^^^^^
[INFO] [stderr] 
[INFO] [stderr] warning: constant `songlink_output` should have an upper case name
[INFO] [stderr]    --> crates/songwhip_bot/src/slack/events_api.rs:180:11
[INFO] [stderr]     |
[INFO] [stderr] 180 |     const songlink_output: &str = r#"{"entityUniqueId":"ITUNES_SONG::44733632","userCountry":"US","pageUrl":"https://song.link/us/i/44733...
[INFO] [stderr]     |           ^^^^^^^^^^^^^^^ help: convert the identifier to upper case: `SONGLINK_OUTPUT`
[INFO] [stderr]     |
[INFO] [stderr]     = note: `#[warn(non_upper_case_globals)]` on by default
[INFO] [stderr] 
[INFO] [stderr] warning: constant `songlink_output` should have an upper case name
[INFO] [stderr]    --> crates/songwhip_bot/src/songlink.rs:121:11
[INFO] [stderr]     |
[INFO] [stderr] 121 |     const songlink_output: &str = r#"{"entityUniqueId":"ITUNES_SONG::44733632","userCountry":"US","pageUrl":"https://song.link/us/i/44733...
[INFO] [stderr]     |           ^^^^^^^^^^^^^^^ help: convert the identifier to upper case: `SONGLINK_OUTPUT`
[INFO] [stderr] 
[INFO] [stderr] warning: `songwhip_bot` (lib) generated 8 warnings (run `cargo fix --lib -p songwhip_bot` to apply 2 suggestions)
[INFO] [stderr] warning: `songwhip_bot` (lib test) generated 10 warnings (8 duplicates)
[INFO] [stderr]     Finished `test` profile [unoptimized + debuginfo] target(s) in 0.23s
[INFO] [stderr]      Running unittests src/main.rs (/opt/rustwide/target/debug/deps/bot_server-46dd95ff7880bf92)
[INFO] [stdout] 
[INFO] [stderr]      Running unittests src/lib.rs (/opt/rustwide/target/debug/deps/songwhip_bot-d73cf2bfd8385af7)
[INFO] [stdout] running 0 tests
[INFO] [stdout] 
[INFO] [stdout] test result: ok. 0 passed; 0 failed; 0 ignored; 0 measured; 0 filtered out; finished in 0.00s
[INFO] [stdout] 
[INFO] [stdout] 
[INFO] [stdout] running 6 tests
[INFO] [stdout] test songlink::tests::test_deserialize_songlink_body ... ok
[INFO] [stdout] test slack::events_api::tests::test_build_msg ... ok
[INFO] [stdout] test songlink::tests::test_songlink_url ... ok
[INFO] [stdout] test slack::utils::tests::test_add_emoji_colons ... ok
[INFO] [stdout] test slack::events_api::tests::test_build_lines ... ok
[INFO] [stdout] test slack::events_api::tests::test_build_full_msg ... FAILED
[INFO] [stdout] 
[INFO] [stdout] failures:
[INFO] [stdout] 
[INFO] [stdout] ---- slack::events_api::tests::test_build_full_msg stdout ----
[INFO] [stdout] thread 'slack::events_api::tests::test_build_full_msg' panicked at crates/songwhip_bot/src/utils.rs:8:34:
[INFO] [stdout] unable to create file: Os { code: 30, kind: ReadOnlyFilesystem, message: "Read-only file system" }
[INFO] [stdout] stack backtrace:
[INFO] [stdout]    0:     0x6399e5ddce6a - std::backtrace_rs::backtrace::libunwind::trace::h5a5b8284f2d0c266
[INFO] [stdout]                                at /rustc/90b35a6239c3d8bdabc530a6a0816f7ff89a0aaf/library/std/src/../../backtrace/src/backtrace/libunwind.rs:116:5
[INFO] [stdout]    1:     0x6399e5ddce6a - std::backtrace_rs::backtrace::trace_unsynchronized::h76d4f1c9b0b875e3
[INFO] [stdout]                                at /rustc/90b35a6239c3d8bdabc530a6a0816f7ff89a0aaf/library/std/src/../../backtrace/src/backtrace/mod.rs:66:5
[INFO] [stdout]    2:     0x6399e5ddce6a - std::sys::backtrace::_print_fmt::hc4546b8364a537c6
[INFO] [stdout]                                at /rustc/90b35a6239c3d8bdabc530a6a0816f7ff89a0aaf/library/std/src/sys/backtrace.rs:66:9
[INFO] [stdout]    3:     0x6399e5ddce6a - <std::sys::backtrace::BacktraceLock::print::DisplayBacktrace as core::fmt::Display>::fmt::h5b6bd5631a6d1f6b
[INFO] [stdout]                                at /rustc/90b35a6239c3d8bdabc530a6a0816f7ff89a0aaf/library/std/src/sys/backtrace.rs:39:26
[INFO] [stdout]    4:     0x6399e5e02ac3 - core::fmt::rt::Argument::fmt::h270f6602a2b96f62
[INFO] [stdout]                                at /rustc/90b35a6239c3d8bdabc530a6a0816f7ff89a0aaf/library/core/src/fmt/rt.rs:177:76
[INFO] [stdout]    5:     0x6399e5e02ac3 - core::fmt::write::h7550c97b06c86515
[INFO] [stdout]                                at /rustc/90b35a6239c3d8bdabc530a6a0816f7ff89a0aaf/library/core/src/fmt/mod.rs:1186:21
[INFO] [stdout]    6:     0x6399e5dd9fb3 - std::io::Write::write_fmt::h509ff860e5956e5e
[INFO] [stdout]                                at /rustc/90b35a6239c3d8bdabc530a6a0816f7ff89a0aaf/library/std/src/io/mod.rs:1839:15
[INFO] [stdout]    7:     0x6399e5ddccb2 - std::sys::backtrace::BacktraceLock::print::h2395ccd2c84ba3aa
[INFO] [stdout]                                at /rustc/90b35a6239c3d8bdabc530a6a0816f7ff89a0aaf/library/std/src/sys/backtrace.rs:42:9
[INFO] [stdout]    8:     0x6399e5dde2ca - std::panicking::default_hook::{{closure}}::he19d4c7230e07961
[INFO] [stdout]                                at /rustc/90b35a6239c3d8bdabc530a6a0816f7ff89a0aaf/library/std/src/panicking.rs:268:22
[INFO] [stdout]    9:     0x6399e5dde0d4 - std::panicking::default_hook::hf614597d3c67bbdb
[INFO] [stdout]                                at /rustc/90b35a6239c3d8bdabc530a6a0816f7ff89a0aaf/library/std/src/panicking.rs:292:9
[INFO] [stdout]   10:     0x6399e5d029e9 - <alloc::boxed::Box<F,A> as core::ops::function::Fn<Args>>::call::h39b51ce4599c23d1
[INFO] [stdout]                                at /rustc/90b35a6239c3d8bdabc530a6a0816f7ff89a0aaf/library/alloc/src/boxed.rs:2468:9
[INFO] [stdout]   11:     0x6399e5d029e9 - test::test_main::{{closure}}::he977ae839a582784
[INFO] [stdout]                                at /rustc/90b35a6239c3d8bdabc530a6a0816f7ff89a0aaf/library/test/src/lib.rs:133:21
[INFO] [stdout]   12:     0x6399e5dde968 - <alloc::boxed::Box<F,A> as core::ops::function::Fn<Args>>::call::h9455091b6b06f9fb
[INFO] [stdout]                                at /rustc/90b35a6239c3d8bdabc530a6a0816f7ff89a0aaf/library/alloc/src/boxed.rs:2468:9
[INFO] [stdout]   13:     0x6399e5dde968 - std::panicking::rust_panic_with_hook::h8942133a8b252070
[INFO] [stdout]                                at /rustc/90b35a6239c3d8bdabc530a6a0816f7ff89a0aaf/library/std/src/panicking.rs:809:13
[INFO] [stdout]   14:     0x6399e5dde72a - std::panicking::begin_panic_handler::{{closure}}::hb5f5963570096b29
[INFO] [stdout]                                at /rustc/90b35a6239c3d8bdabc530a6a0816f7ff89a0aaf/library/std/src/panicking.rs:674:13
[INFO] [stdout]   15:     0x6399e5ddd349 - std::sys::backtrace::__rust_end_short_backtrace::h6208cedc1922feda
[INFO] [stdout]                                at /rustc/90b35a6239c3d8bdabc530a6a0816f7ff89a0aaf/library/std/src/sys/backtrace.rs:170:18
[INFO] [stdout]   16:     0x6399e5dde3bc - rust_begin_unwind
[INFO] [stdout]                                at /rustc/90b35a6239c3d8bdabc530a6a0816f7ff89a0aaf/library/std/src/panicking.rs:665:5
[INFO] [stdout]   17:     0x6399e5c54b60 - core::panicking::panic_fmt::h0c3082644d1bf418
[INFO] [stdout]                                at /rustc/90b35a6239c3d8bdabc530a6a0816f7ff89a0aaf/library/core/src/panicking.rs:74:14
[INFO] [stdout]   18:     0x6399e5c54fe6 - core::result::unwrap_failed::hd20b4aa073bda1e2
[INFO] [stdout]                                at /rustc/90b35a6239c3d8bdabc530a6a0816f7ff89a0aaf/library/core/src/result.rs:1700:5
[INFO] [stdout]   19:     0x6399e5cb43fd - core::result::Result<T,E>::expect::hd8a7ec8fda8fbb66
[INFO] [stdout]                                at /rustc/90b35a6239c3d8bdabc530a6a0816f7ff89a0aaf/library/core/src/result.rs:1061:23
[INFO] [stdout]   20:     0x6399e5cb621f - songwhip_bot::utils::write_serde_struct_to_file::h345382a298ff0299
[INFO] [stdout]                                at /opt/rustwide/workdir/crates/songwhip_bot/src/utils.rs:8:10
[INFO] [stdout]   21:     0x6399e5cb2f8a - songwhip_bot::slack::events_api::tests::test_build_full_msg::hb5cae7f5272f6b3e
[INFO] [stdout]                                at /opt/rustwide/workdir/crates/songwhip_bot/src/slack/events_api.rs:203:9
[INFO] [stdout]   22:     0x6399e5cb2e37 - songwhip_bot::slack::events_api::tests::test_build_full_msg::{{closure}}::h10c098d92cacc664
[INFO] [stdout]                                at /opt/rustwide/workdir/crates/songwhip_bot/src/slack/events_api.rs:199:29
[INFO] [stdout]   23:     0x6399e5ca5db6 - core::ops::function::FnOnce::call_once::h73d1c2da7d8bda01
[INFO] [stdout]                                at /rustc/90b35a6239c3d8bdabc530a6a0816f7ff89a0aaf/library/core/src/ops/function.rs:250:5
[INFO] [stdout]   24:     0x6399e5d073ab - core::ops::function::FnOnce::call_once::h109cf8051a59b34e
[INFO] [stdout]                                at /rustc/90b35a6239c3d8bdabc530a6a0816f7ff89a0aaf/library/core/src/ops/function.rs:250:5
[INFO] [stdout]   25:     0x6399e5d073ab - test::__rust_begin_short_backtrace::hf4fff89d377446ba
[INFO] [stdout]                                at /rustc/90b35a6239c3d8bdabc530a6a0816f7ff89a0aaf/library/test/src/lib.rs:621:18
[INFO] [stdout]   26:     0x6399e5d06be7 - test::run_test_in_process::{{closure}}::h0e39181dd7ee5a43
[INFO] [stdout]                                at /rustc/90b35a6239c3d8bdabc530a6a0816f7ff89a0aaf/library/test/src/lib.rs:644:60
[INFO] [stdout]   27:     0x6399e5d06be7 - <core::panic::unwind_safe::AssertUnwindSafe<F> as core::ops::function::FnOnce<()>>::call_once::hc5a66a30f0bdfd1f
[INFO] [stdout]                                at /rustc/90b35a6239c3d8bdabc530a6a0816f7ff89a0aaf/library/core/src/panic/unwind_safe.rs:272:9
[INFO] [stdout]   28:     0x6399e5d06be7 - std::panicking::try::do_call::h873b7cf639554a5e
[INFO] [stdout]                                at /rustc/90b35a6239c3d8bdabc530a6a0816f7ff89a0aaf/library/std/src/panicking.rs:557:40
[INFO] [stdout]   29:     0x6399e5d06be7 - std::panicking::try::hdb19862fad9c8bd1
[INFO] [stdout]                                at /rustc/90b35a6239c3d8bdabc530a6a0816f7ff89a0aaf/library/std/src/panicking.rs:520:19
[INFO] [stdout]   30:     0x6399e5d06be7 - std::panic::catch_unwind::h281fe732d236d260
[INFO] [stdout]                                at /rustc/90b35a6239c3d8bdabc530a6a0816f7ff89a0aaf/library/std/src/panic.rs:358:14
[INFO] [stdout]   31:     0x6399e5d06be7 - test::run_test_in_process::h949b6df8457ed338
[INFO] [stdout]                                at /rustc/90b35a6239c3d8bdabc530a6a0816f7ff89a0aaf/library/test/src/lib.rs:644:27
[INFO] [stdout]   32:     0x6399e5d06be7 - test::run_test::{{closure}}::h52c556a6d4740e10
[INFO] [stdout]                                at /rustc/90b35a6239c3d8bdabc530a6a0816f7ff89a0aaf/library/test/src/lib.rs:565:43
[INFO] [stdout]   33:     0x6399e5ccbec4 - test::run_test::{{closure}}::h4237f6381c45ccb9
[INFO] [stdout]                                at /rustc/90b35a6239c3d8bdabc530a6a0816f7ff89a0aaf/library/test/src/lib.rs:595:41
[INFO] [stdout]   34:     0x6399e5ccbec4 - std::sys::backtrace::__rust_begin_short_backtrace::h505c97a579eca628
[INFO] [stdout]                                at /rustc/90b35a6239c3d8bdabc530a6a0816f7ff89a0aaf/library/std/src/sys/backtrace.rs:154:18
[INFO] [stdout]   35:     0x6399e5ccf58e - std::thread::Builder::spawn_unchecked_::{{closure}}::{{closure}}::h9e86b2e2bc107ea3
[INFO] [stdout]                                at /rustc/90b35a6239c3d8bdabc530a6a0816f7ff89a0aaf/library/std/src/thread/mod.rs:538:17
[INFO] [stdout]   36:     0x6399e5ccf58e - <core::panic::unwind_safe::AssertUnwindSafe<F> as core::ops::function::FnOnce<()>>::call_once::h8b06ddb275ff4a25
[INFO] [stdout]                                at /rustc/90b35a6239c3d8bdabc530a6a0816f7ff89a0aaf/library/core/src/panic/unwind_safe.rs:272:9
[INFO] [stdout]   37:     0x6399e5ccf58e - std::panicking::try::do_call::hb26ecd7cd9a9355d
[INFO] [stdout]                                at /rustc/90b35a6239c3d8bdabc530a6a0816f7ff89a0aaf/library/std/src/panicking.rs:557:40
[INFO] [stdout]   38:     0x6399e5ccf58e - std::panicking::try::h8ddeca9d705f9069
[INFO] [stdout]                                at /rustc/90b35a6239c3d8bdabc530a6a0816f7ff89a0aaf/library/std/src/panicking.rs:520:19
[INFO] [stdout]   39:     0x6399e5ccf58e - std::panic::catch_unwind::h49e1c33078844c46
[INFO] [stdout]                                at /rustc/90b35a6239c3d8bdabc530a6a0816f7ff89a0aaf/library/std/src/panic.rs:358:14
[INFO] [stdout]   40:     0x6399e5ccf58e - std::thread::Builder::spawn_unchecked_::{{closure}}::h6073db6ff56ad35d
[INFO] [stdout]                                at /rustc/90b35a6239c3d8bdabc530a6a0816f7ff89a0aaf/library/std/src/thread/mod.rs:537:30
[INFO] [stdout]   41:     0x6399e5ccf58e - core::ops::function::FnOnce::call_once{{vtable.shim}}::h2c5a5f3779c774f1
[INFO] [stdout]                                at /rustc/90b35a6239c3d8bdabc530a6a0816f7ff89a0aaf/library/core/src/ops/function.rs:250:5
[INFO] [stdout]   42:     0x6399e5de26cb - <alloc::boxed::Box<F,A> as core::ops::function::FnOnce<Args>>::call_once::hf75717d9f28faebf
[INFO] [stdout]                                at /rustc/90b35a6239c3d8bdabc530a6a0816f7ff89a0aaf/library/alloc/src/boxed.rs:2454:9
[INFO] [stdout]   43:     0x6399e5de26cb - <alloc::boxed::Box<F,A> as core::ops::function::FnOnce<Args>>::call_once::h7bd883a5f3c5f3c1
[INFO] [stdout]                                at /rustc/90b35a6239c3d8bdabc530a6a0816f7ff89a0aaf/library/alloc/src/boxed.rs:2454:9
[INFO] [stdout]   44:     0x6399e5de26cb - std::sys::pal::unix::thread::Thread::new::thread_start::hcc78f3943333fa94
[INFO] [stdout]                                at /rustc/90b35a6239c3d8bdabc530a6a0816f7ff89a0aaf/library/std/src/sys/pal/unix/thread.rs:105:17
[INFO] [stdout]   45:     0x7f30d1a27ac3 - <unknown>
[INFO] [stdout]   46:     0x7f30d1ab8a04 - clone
[INFO] [stdout]   47:                0x0 - <unknown>
[INFO] [stdout] 
[INFO] [stdout] 
[INFO] [stdout] failures:
[INFO] [stdout]     slack::events_api::tests::test_build_full_msg
[INFO] [stdout] 
[INFO] [stdout] test result: FAILED. 5 passed; 1 failed; 0 ignored; 0 measured; 0 filtered out; finished in 0.08s
[INFO] [stdout] 
[INFO] [stderr] error: test failed, to rerun pass `-p songwhip_bot --lib`
[INFO] running `Command { std: "docker" "inspect" "ac406b7362a7b4a2e0e4b6e3571188291ee9fde0bf05b84155d208c55c198faf", kill_on_drop: false }`
[INFO] running `Command { std: "docker" "rm" "-f" "ac406b7362a7b4a2e0e4b6e3571188291ee9fde0bf05b84155d208c55c198faf", kill_on_drop: false }`
[INFO] [stdout] ac406b7362a7b4a2e0e4b6e3571188291ee9fde0bf05b84155d208c55c198faf
